{"version":"1.0","provider_name":"Legislapp","provider_url":"https:\/\/www.legislapp.com.br","author_name":"admin","author_url":"https:\/\/www.legislapp.com.br\/index.php\/author\/admin\/","title":"PL 2903\/2025 - Jo\u00e3o Paulo Costa - Legislapp","type":"rich","width":600,"height":338,"html":"<blockquote class=\"wp-embedded-content\" data-secret=\"XjjxzUp41X\"><a href=\"https:\/\/www.legislapp.com.br\/index.php\/cam-legislativa-de-pe-pl-2903-2025-2\/\">PL 2903\/2025 &#8211; Jo\u00e3o Paulo Costa<\/a><\/blockquote><iframe sandbox=\"allow-scripts\" security=\"restricted\" src=\"https:\/\/www.legislapp.com.br\/index.php\/cam-legislativa-de-pe-pl-2903-2025-2\/embed\/#?secret=XjjxzUp41X\" width=\"600\" height=\"338\" title=\"&#8220;PL 2903\/2025 &#8211; Jo\u00e3o Paulo Costa&#8221; &#8212; Legislapp\" data-secret=\"XjjxzUp41X\" frameborder=\"0\" marginwidth=\"0\" marginheight=\"0\" scrolling=\"no\" class=\"wp-embedded-content\"><\/iframe><script type=\"text\/javascript\">\n\/* <![CDATA[ *\/\n\/*! This file is auto-generated *\/\n!function(d,l){\"use strict\";l.querySelector&&d.addEventListener&&\"undefined\"!=typeof URL&&(d.wp=d.wp||{},d.wp.receiveEmbedMessage||(d.wp.receiveEmbedMessage=function(e){var t=e.data;if((t||t.secret||t.message||t.value)&&!\/[^a-zA-Z0-9]\/.test(t.secret)){for(var s,r,n,a=l.querySelectorAll('iframe[data-secret=\"'+t.secret+'\"]'),o=l.querySelectorAll('blockquote[data-secret=\"'+t.secret+'\"]'),c=new RegExp(\"^https?:$\",\"i\"),i=0;i<o.length;i++)o[i].style.display=\"none\";for(i=0;i<a.length;i++)s=a[i],e.source===s.contentWindow&&(s.removeAttribute(\"style\"),\"height\"===t.message?(1e3<(r=parseInt(t.value,10))?r=1e3:~~r<200&&(r=200),s.height=r):\"link\"===t.message&&(r=new URL(s.getAttribute(\"src\")),n=new URL(t.value),c.test(n.protocol))&&n.host===r.host&&l.activeElement===s&&(d.top.location.href=t.value))}},d.addEventListener(\"message\",d.wp.receiveEmbedMessage,!1),l.addEventListener(\"DOMContentLoaded\",function(){for(var e,t,s=l.querySelectorAll(\"iframe.wp-embedded-content\"),r=0;r<s.length;r++)(t=(e=s[r]).getAttribute(\"data-secret\"))||(t=Math.random().toString(36).substring(2,12),e.src+=\"#?secret=\"+t,e.setAttribute(\"data-secret\",t)),e.contentWindow.postMessage({message:\"ready\",secret:t},\"*\")},!1)))}(window,document);\n\/* ]]> *\/\n<\/script>\n","description":"C\u00e2m. Legislativa de PE &#8211; Autoria de Jo\u00e3o Paulo Costa O ingresso de jovens no mercado de trabalho por meio de programas de est\u00e1gio, aprendizagem e capacita\u00e7\u00e3o \u00e9 uma ferramenta essencial para a forma\u00e7\u00e3o cidad\u00e3 e profissional, proporcionando viv\u00eancia pr\u00e1tica, desenvolvimento de compet\u00eancias e oportunidade de inser\u00e7\u00e3o social. Contudo, \u00e9 indispens\u00e1vel que essa forma\u00e7\u00e3o ocorra [&hellip;]","thumbnail_url":"https:\/\/www.alepe.pe.gov.br\/\/wp-content\/uploads\/2019\/02\/JOAO-PAULO-DA-COSTA-scaled-e1675860456891.jpg"}

PL 2903/2025 - João Paulo Costa - Legislapp

<blockquote class="wp-embedded-content" data-secret="XjjxzUp41X"><a href="https://www.legislapp.com.br/index.php/cam-legislativa-de-pe-pl-2903-2025-2/">PL 2903/2025 &#8211; João Paulo Costa</a></blockquote><iframe sandbox="allow-scripts" security="restricted" src="https://www.legislapp.com.br/index.php/cam-legislativa-de-pe-pl-2903-2025-2/embed/#?secret=XjjxzUp41X" width="600" height="338" title="&#8220;PL 2903/2025 &#8211; João Paulo Costa&#8221; &#8212; Legislapp" data-secret="XjjxzUp41X" frameborder="0" marginwidth="0" marginheight="0" scrolling="no" class="wp-embedded-content"></iframe><script type="text/javascript">
/* <![CDATA[ */
/*! This file is auto-generated */
!function(d,l){"use strict";l.querySelector&&d.addEventListener&&"undefined"!=typeof URL&&(d.wp=d.wp||{},d.wp.receiveEmbedMessage||(d.wp.receiveEmbedMessage=function(e){var t=e.data;if((t||t.secret||t.message||t.value)&&!/[^a-zA-Z0-9]/.test(t.secret)){for(var s,r,n,a=l.querySelectorAll('iframe[data-secret="'+t.secret+'"]'),o=l.querySelectorAll('blockquote[data-secret="'+t.secret+'"]'),c=new RegExp("^https?:$","i"),i=0;i<o.length;i++)o[i].style.display="none";for(i=0;i<a.length;i++)s=a[i],e.source===s.contentWindow&&(s.removeAttribute("style"),"height"===t.message?(1e3<(r=parseInt(t.value,10))?r=1e3:~~r<200&&(r=200),s.height=r):"link"===t.message&&(r=new URL(s.getAttribute("src")),n=new URL(t.value),c.test(n.protocol))&&n.host===r.host&&l.activeElement===s&&(d.top.location.href=t.value))}},d.addEventListener("message",d.wp.receiveEmbedMessage,!1),l.addEventListener("DOMContentLoaded",function(){for(var e,t,s=l.querySelectorAll("iframe.wp-embedded-content"),r=0;r<s.length;r++)(t=(e=s[r]).getAttribute("data-secret"))||(t=Math.random().toString(36).substring(2,12),e.src+="#?secret="+t,e.setAttribute("data-secret",t)),e.contentWindow.postMessage({message:"ready",secret:t},"*")},!1)))}(window,document);
/* ]]> */
</script>

Câm. Legislativa de PE &#8211; Autoria de João Paulo Costa O ingresso de jovens no mercado de trabalho por meio de programas de estágio, aprendizagem e capacitação é uma ferramenta essencial para a formação cidadã e profissional, proporcionando vivência prática, desenvolvimento de competências e oportunidade de inserção social. Contudo, é indispensável que essa formação ocorra [&hellip;]
