{"id":10013,"date":"2025-12-01T10:56:39","date_gmt":"2025-12-01T13:56:39","guid":{"rendered":"https:\/\/www.legislapp.com.br\/index.php\/avulso-inicial-pl-424-2015-camara\/"},"modified":"2025-12-01T10:56:39","modified_gmt":"2025-12-01T13:56:39","slug":"avulso-inicial-pl-424-2015-camara","status":"publish","type":"page","link":"https:\/\/www.legislapp.com.br\/index.php\/avulso-inicial-pl-424-2015-camara\/","title":{"rendered":"Avulso Inicial &#8211; PL 424\/2015 &#8211; C\u00e2mara"},"content":{"rendered":"<h1 style='text-align: center;'>Avulso Inicial &#8211; Autoria de Jorge Solla<\/h3>\n<p><\/p>\n<article>PROJETO DE LEI N\u00ba , de 2015<br \/>\n(Do Sr. Jorge Solla) <\/p>\n<p>Acrescenta o Inciso XXXII ao art. 24 da<br \/>\nLei n\u00ba 8.666, de 21 de junho de 1993, e<br \/>\naltera o art. 3\u00ba da Lei n\u00ba 10.972, de 2 de<br \/>\ndezembro de 2004, permitindo a dispensa<br \/>\nde licita\u00e7\u00e3o para aquisi\u00e7\u00e3o de<br \/>\nhemoderivados pelo Sistema \u00danico de<br \/>\nSa\u00fade \u2013 SUS.  <\/p>\n<p>O CONGRESSO NACIONAL decreta:  <\/p>\n<p>Art. 1\u00ba Acrescente-se o inciso XXXII ao art. 24 da Lei n\u00ba 8.666, de 21 de<br \/>\njunho de 1993:  <\/p>\n<p>Art. 24&#8230;&#8230;&#8230;&#8230;&#8230;&#8230;&#8230;&#8230;&#8230;&#8230;&#8230;&#8230;&#8230;&#8230;&#8230;&#8230;&#8230;&#8230;&#8230;&#8230;&#8230;&#8230;&#8230;&#8230;&#8230;&#8230;&#8230;&#8230;&#8230;&#8230;&#8230;&#8230;&#8230;&#8230;&#8230;.<br \/>\n&#8230;&#8230;&#8230;&#8230;&#8230;&#8230;&#8230;&#8230;&#8230;&#8230;&#8230;&#8230;&#8230;&#8230;&#8230;&#8230;&#8230;&#8230;&#8230;&#8230;&#8230;&#8230;&#8230;&#8230;&#8230;&#8230;&#8230;&#8230;&#8230;&#8230;&#8230;&#8230;&#8230;&#8230;&#8230;&#8230;&#8230;&#8230;&#8230;&#8230;&#8230;&#8230;.<br \/>\nXXXII \u2013 para a aquisi\u00e7\u00e3o de medicamentos hemoderivados ou produzidos por<br \/>\nbiotecnologia a serem usados em pacientes do Sistema \u00danico de Sa\u00fade \u2013<br \/>\nSUS, por empresa p\u00fablica criada para essa finalidade.<br \/>\n&#8230;&#8230;&#8230;&#8230;&#8230;&#8230;&#8230;&#8230;&#8230;&#8230;&#8230;&#8230;&#8230;&#8230;&#8230;&#8230;&#8230;&#8230;&#8230;&#8230;&#8230;&#8230;&#8230;&#8230;&#8230;&#8230;&#8230;&#8230;&#8230;&#8230;&#8230;&#8230;&#8230;&#8230;&#8230;&#8230;&#8230;&#8230;&#8230;.(NR).  <\/p>\n<p>Art. 2\u00ba O art. 3\u00ba da Lei 10.972, de 2 de dezembro de 2004, passa a viger<br \/>\ncom a seguinte reda\u00e7\u00e3o:  <\/p>\n<p>Art. 3\u00ba &#8230;&#8230;&#8230;&#8230;&#8230;&#8230;&#8230;&#8230;&#8230;&#8230;&#8230;&#8230;&#8230;&#8230;&#8230;&#8230;&#8230;&#8230;&#8230;&#8230;&#8230;&#8230;&#8230;&#8230;&#8230;&#8230;&#8230;&#8230;&#8230;&#8230;&#8230;&#8230;&#8230;&#8230;&#8230;.<br \/>\n&#8230;&#8230;&#8230;&#8230;&#8230;&#8230;&#8230;&#8230;&#8230;&#8230;&#8230;&#8230;&#8230;&#8230;&#8230;&#8230;&#8230;&#8230;&#8230;&#8230;&#8230;&#8230;&#8230;&#8230;&#8230;&#8230;&#8230;&#8230;&#8230;&#8230;&#8230;&#8230;&#8230;&#8230;&#8230;&#8230;&#8230;&#8230;&#8230;&#8230;&#8230;&#8230;.  <\/p>\n<p>XI \u2013 celebrar contrato de fornecimento de medicamentos hemoderivados<br \/>\nou produzidos por biotecnologia com \u00f3rg\u00e3os ou entidades que integrem a<br \/>\nAdministra\u00e7\u00e3o P\u00fablica, para as atividades contempladas no art. 1\u00ba, \u00a71\u00ba e art. 2\u00ba<br \/>\ndesta Lei, dispensada a licita\u00e7\u00e3o;  <\/p>\n<p>XII \u2013 exercer outras atividades inerentes \u00e0s suas finalidades.<br \/>\n&#8230;&#8230;&#8230;&#8230;&#8230;&#8230;&#8230;&#8230;&#8230;&#8230;&#8230;&#8230;&#8230;&#8230;&#8230;&#8230;&#8230;&#8230;&#8230;&#8230;&#8230;&#8230;&#8230;&#8230;&#8230;&#8230;&#8230;&#8230;&#8230;&#8230;&#8230;&#8230;&#8230;&#8230;&#8230;&#8230;.(NR) <br \/>Art. 3\u00ba Esta Lei entra em vigor na data de sua publica\u00e7\u00e3o. <\/p>\n<p>JUSTIFICATIVA <\/p>\n<p> Na legislatura anterior, o nobre colega Deputado Rog\u00e9rio Carvalho<br \/>\nsubmeteu \u00e0 aprecia\u00e7\u00e3o desta Casa o projeto em tela que, agora, tenho a honra<br \/>\nde reapresentar. <\/p>\n<p>O objetivo central do Projeto \u00e9 facilitar e viabilizar aos pacientes do<br \/>\nSistema \u00danico de Sa\u00fade (SUS) acesso desburocratizado aos medicamentos<br \/>\nhemoderivados ou produzidos por biotecnologia. <\/p>\n<p>Sabemos que os grandes passos para essa medida j\u00e1 foram dados, por<br \/>\nmeio da edi\u00e7\u00e3o da Lei n\u00ba 10.205, de 21 de mar\u00e7o de 2001, que regulamenta o<br \/>\n\u00a74\u00ba, do art. 199 da Constitui\u00e7\u00e3o Federal, relativo \u00e0 coleta, processamento,<br \/>\nestocagem, distribui\u00e7\u00e3o e aplica\u00e7\u00e3o do sangue, seus componentes e<br \/>\nderivados; bem como pela cria\u00e7\u00e3o da Empresa Brasileira de Hemoderivados e<br \/>\nBiotecnologia (HEMOBR\u00c1S), via Lei n\u00ba 10.972, de 2 de dezembro de 2004, que<br \/>\ndisp\u00f5e:<br \/>\n\u201cA fun\u00e7\u00e3o social da HEMOBR\u00c1S \u00e9 garantir aos pacientes do Sistema<br \/>\n\u00danico de Sa\u00fade &#8211; SUS o fornecimento de medicamentos hemoderivados ou<br \/>\nproduzidos por biotecnologia\u201d (art. 1\u00ba, \u00a71\u00ba). <\/p>\n<p>Os contratos administrativos, na maior parte dos casos, representam<br \/>\numa forma da Administra\u00e7\u00e3o adquirir bens e servi\u00e7os, de maneira que a<br \/>\ncontrata\u00e7\u00e3o administrativa exige resolutividade quanto ao uso dos recursos<br \/>\np\u00fablicos escassos e cuja titularidade \u00e9 do Poder P\u00fablico \u2013 e, em \u00faltima<br \/>\ninst\u00e2ncia, da coletividade. Logo, h\u00e1 uma obriga\u00e7\u00e3o dela adotar a escolha mais<br \/>\neficiente, de modo que a licita\u00e7\u00e3o busca trazer para a Administra\u00e7\u00e3o P\u00fablica o<br \/>\ncontrato mais vantajoso.  <\/p>\n<p>Com efeito, \u00e9 preciso considerar que \u201cvantagem\u201d n\u00e3o colaciona apenas<br \/>\ne t\u00e3o somente uma dimens\u00e3o econ\u00f4mica restrita. Em decorr\u00eancia da<br \/>\npluralidade de finalidades a cargo do Estado brasileiro, este deve assegurar<br \/>\nservi\u00e7os p\u00fablicos de qualidade e eficaz.  <\/p>\n<p>Ali\u00e1s, no caso espec\u00edfico do objetivo deste Projeto sequer haver\u00e1 maior<br \/>\n\u00f4nus para a Administra\u00e7\u00e3o P\u00fablica, ou com muito mais raz\u00e3o sequer se pode<br \/>\nfalar em disputa comercial a ser alcan\u00e7ada via processo licitat\u00f3rio. Ora, deve-<br \/>\nse lembrar da proibi\u00e7\u00e3o de comercializa\u00e7\u00e3o do sangue do povo brasileiro (art.<br \/>\n199, \u00a74\u00ba da Constitui\u00e7\u00e3o de 1988), de modo que o Projeto se harmoniza com a<br \/>\nprevis\u00e3o constitucional, uma vez que n\u00e3o se admite a presta\u00e7\u00e3o do servi\u00e7o de<br \/>\nhomoderivados na condi\u00e7\u00e3o de atividade empresarial.<br \/>\n2<br \/>\n <br \/>Regra geral, o processo licitat\u00f3rio \u00e9 marcado quando o Estado busca<br \/>\nsatisfazer suas necessidades adquirindo bens e servi\u00e7os decorrentes das<br \/>\natividades empresariais, da\u00ed a exist\u00eancia de disputa para a melhor escolha por<br \/>\nparte da Administra\u00e7\u00e3o P\u00fablica.  <\/p>\n<p>Por sua vez, a atividade empresarial \u00e9 financiada por poupan\u00e7as, por<br \/>\nelas carregada; deve gerar valor, tendo como objetivo primeiro a maximiza\u00e7\u00e3o<br \/>\nda riqueza dos s\u00f3cios ou acionistas. A\u00ed reside a diferen\u00e7a entre a atividade<br \/>\nexercida por empresa p\u00fablica e a atividade empresarial \u2013 o objetivo do lucro.<br \/>\nAssim, ao se admitir que os servi\u00e7os ou atividades para o SUS sejam<br \/>\nprestados pela HEMOBR\u00c1S, diferenciando-se da condi\u00e7\u00e3o de atividade<br \/>\nempresarial, nesta subentendida a ideia de lucro, o Projeto que ora<br \/>\nreapresento, coaduna-se com a previs\u00e3o constitucional j\u00e1 mencionada no \u00a74\u00ba<br \/>\ndo art. 199 da Carta Magna, devendo, por essa raz\u00e3o, ser acolhido.  <\/p>\n<p>Por outro lado, o presente Projeto, ao propor a dispensa de licita\u00e7\u00e3o<br \/>\npara o fornecimento de medicamentos hemoderivados oriundos da<br \/>\nHEMOBR\u00c1S pretende que o Estado brasileiro use o seu poder de compra para<br \/>\ndirecionar seus recursos para encomendar fabrica\u00e7\u00e3o de produtos nessa<br \/>\nempresa. Apoiados em desenvolvimento tecnol\u00f3gico nacional, tais bens e<br \/>\nservi\u00e7os s\u00e3o imprescind\u00edveis para dotar nosso setor de Sa\u00fade de uma<br \/>\ncapacidade eficaz e de qualidade, sem a qual o Brasil n\u00e3o poder\u00e1 garantir a<br \/>\ncontinuidade de sua pol\u00edtica de defesa da sa\u00fade e do desenvolvimento<br \/>\nnacional. <\/p>\n<p>\u00c9 imperiosa a necessidade de uma pol\u00edtica de medicamentos<br \/>\nhemoderivados e de biotecnologia que d\u00ea autonomia ao Brasil, produzindo em<br \/>\nterrit\u00f3rio nacional os instrumentos para assegurar a sa\u00fade da popula\u00e7\u00e3o.<br \/>\nL\u00f3gico, que quando necess\u00e1rio h\u00e1 o uso de outros mecanismos por parte do<br \/>\nEstado. Disp\u00f5e o art. 200, inciso V da Constitui\u00e7\u00e3o: \u201cao sistema \u00fanico de sa\u00fade<br \/>\ncompete, al\u00e9m de outras atribui\u00e7\u00f5es, nos termos da lei: incrementar em sua<br \/>\n\u00e1rea de atua\u00e7\u00e3o o desenvolvimento cient\u00edfico e tecnol\u00f3gico\u201d. <\/p>\n<p>Logo, estou convencido de que o presente Projeto \u00e9 indispens\u00e1vel para<br \/>\natender a essa pol\u00edtica que, a meu ju\u00edzo, deve ser uma pol\u00edtica de Estado, n\u00e3o<br \/>\nde um ou outro partido, da situa\u00e7\u00e3o ou oposi\u00e7\u00e3o, ou mesmo desse ou do futuro<br \/>\nGoverno. <\/p>\n<p>Isto posto, solicito o apoio dos ilustres Pares para sua aprova\u00e7\u00e3o. <\/p>\n<p>Sala das Sess\u00f5es, em             de fevereiro de 2015. <\/p>\n<p>Deputado JORGE SOLLA<br \/>\n3<br \/>\n <\/article>\n<p><a href='https:\/\/app.legislapp.com.br\/#\/busca?termo=Altera\u00e7\u00e3o'>Altera\u00e7\u00e3o<\/a>, <a href='https:\/\/app.legislapp.com.br\/#\/busca?termo=Lei das Licita\u00e7\u00f5es'>Lei das Licita\u00e7\u00f5es<\/a>, <a href='https:\/\/app.legislapp.com.br\/#\/busca?termo=dispensa'>dispensa<\/a>, <a href='https:\/\/app.legislapp.com.br\/#\/busca?termo=licita\u00e7\u00e3o'>licita\u00e7\u00e3o<\/a>, <a href='https:\/\/app.legislapp.com.br\/#\/busca?termo=aquisi\u00e7\u00e3o'>aquisi\u00e7\u00e3o<\/a>, <a href='https:\/\/app.legislapp.com.br\/#\/busca?termo=medicamento hemoderivado'>medicamento hemoderivado<\/a>, <a href='https:\/\/app.legislapp.com.br\/#\/busca?termo=medicamento'>medicamento<\/a>, <a href='https:\/\/app.legislapp.com.br\/#\/busca?termo=biotecnologia'>biotecnologia<\/a>, <a href='https:\/\/app.legislapp.com.br\/#\/busca?termo=utiliza\u00e7\u00e3o'>utiliza\u00e7\u00e3o<\/a>, <a href='https:\/\/app.legislapp.com.br\/#\/busca?termo=Sistema \u00danico de Sa\u00fade (SUS).\n_ Altera\u00e7\u00e3o'>Sistema \u00danico de Sa\u00fade (SUS).<br \/>\n_ Altera\u00e7\u00e3o<\/a>, <a href='https:\/\/app.legislapp.com.br\/#\/busca?termo=Lei da Hemobr\u00e1s'>Lei da Hemobr\u00e1s<\/a>, <a href='https:\/\/app.legislapp.com.br\/#\/busca?termo=compet\u00eancia'>compet\u00eancia<\/a>, <a href='https:\/\/app.legislapp.com.br\/#\/busca?termo=celebra\u00e7\u00e3o'>celebra\u00e7\u00e3o<\/a>, <a href='https:\/\/app.legislapp.com.br\/#\/busca?termo=contrato'>contrato<\/a>, <a href='https:\/\/app.legislapp.com.br\/#\/busca?termo=fornecimento'>fornecimento<\/a>, <a href='https:\/\/app.legislapp.com.br\/#\/busca?termo=medicamento hemoderivado'>medicamento hemoderivado<\/a>, <a href='https:\/\/app.legislapp.com.br\/#\/busca?termo=medicamento'>medicamento<\/a>, <a href='https:\/\/app.legislapp.com.br\/#\/busca?termo=biotecnologia'>biotecnologia<\/a>, <a href='https:\/\/app.legislapp.com.br\/#\/busca?termo=dispensa'>dispensa<\/a>, <a href='https:\/\/app.legislapp.com.br\/#\/busca?termo=licita\u00e7\u00e3o'>licita\u00e7\u00e3o<\/a>, <a href='https:\/\/app.legislapp.com.br\/#\/busca?termo=utiliza\u00e7\u00e3o'>utiliza\u00e7\u00e3o<\/a>, <a href='https:\/\/app.legislapp.com.br\/#\/busca?termo=Sistema \u00danico de Sa\u00fade (SUS).'>Sistema \u00danico de Sa\u00fade (SUS).<\/a><\/p>\n<div style=\"text-align: center\">\n      <img decoding=\"async\" style=\"width: 14%;\" src=\"https:\/\/www.legislapp.com.br\/wp-content\/uploads\/2021\/07\/Logo-Legislapp-1-03-1.png\"><br \/>\n      <\/p>\n<div style=\"margin-bottom: 20px;\" class=\"et_pb_button_module_wrapper et_pb_button_5_tb_body_wrapper et_pb_button_alignment_center et_pb_module \">\n         <a class=\"et_pb_button et_pb_button_5_tb_body et_hover_enabled et_pb_bg_layout_dark\" style=\"width: 50%;background-color: black;\" href=\"https:\/\/app.legislapp.com.br\" target=\"_blank\" rel=\"noopener\">Visualizar completo na nossa plataforma (30 dias gr\u00e1tis)<\/a><\/p><\/div>\n<p>      <a href=\"https:\/\/play.google.com\/store\/apps\/details?id=br.com.legislapp\"><img decoding=\"async\" style=\"width: 15%; min-width: 130px;\" src=\"https:\/\/www.legislapp.com.br\/wp-content\/uploads\/google-play.png\"><\/a><br \/>\n      <a href=\"https:\/\/apps.apple.com\/us\/app\/legislapp\/id1568929859\"><img decoding=\"async\" style=\"width: 15%; min-width: 130px\" src=\"https:\/\/www.legislapp.com.br\/wp-content\/uploads\/apple-store.png\"><\/a>\n   <\/div>\n","protected":false},"excerpt":{"rendered":"<p>Avulso Inicial &#8211; Autoria de Jorge Solla PROJETO DE LEI N\u00ba , de 2015 (Do Sr. Jorge Solla) Acrescenta o Inciso XXXII ao art. 24 da Lei n\u00ba 8.666, de 21 de junho de 1993, e altera o art. 3\u00ba da Lei n\u00ba 10.972, de 2 de dezembro de 2004, permitindo a dispensa de licita\u00e7\u00e3o [&hellip;]<\/p>\n","protected":false},"author":1,"featured_media":0,"parent":0,"menu_order":0,"comment_status":"closed","ping_status":"closed","template":"page-template-blank.php","meta":{"_et_pb_use_builder":"","_et_pb_old_content":"","_et_gb_content_width":"1080","ngg_post_thumbnail":0,"footnotes":""},"class_list":["post-10013","page","type-page","status-publish","hentry"],"yoast_head":"<!-- This site is optimized with the Yoast SEO plugin v24.4 - https:\/\/yoast.com\/wordpress\/plugins\/seo\/ -->\n<title>Avulso Inicial - PL 424\/2015 - C\u00e2mara - Legislapp<\/title>\n<meta name=\"robots\" content=\"index, follow, max-snippet:-1, max-image-preview:large, max-video-preview:-1\" \/>\n<link rel=\"canonical\" href=\"https:\/\/www.legislapp.com.br\/index.php\/avulso-inicial-pl-424-2015-camara\/\" \/>\n<meta property=\"og:locale\" content=\"pt_BR\" \/>\n<meta property=\"og:type\" content=\"article\" \/>\n<meta property=\"og:title\" content=\"Avulso Inicial - PL 424\/2015 - C\u00e2mara - Legislapp\" \/>\n<meta property=\"og:description\" content=\"Avulso Inicial &#8211; Autoria de Jorge Solla PROJETO DE LEI N\u00ba , de 2015 (Do Sr. Jorge Solla) Acrescenta o Inciso XXXII ao art. 24 da Lei n\u00ba 8.666, de 21 de junho de 1993, e altera o art. 3\u00ba da Lei n\u00ba 10.972, de 2 de dezembro de 2004, permitindo a dispensa de licita\u00e7\u00e3o [&hellip;]\" \/>\n<meta property=\"og:url\" content=\"https:\/\/www.legislapp.com.br\/index.php\/avulso-inicial-pl-424-2015-camara\/\" \/>\n<meta property=\"og:site_name\" content=\"Legislapp\" \/>\n<meta property=\"article:publisher\" content=\"https:\/\/www.instagram.com\/legislapp\/\" \/>\n<meta property=\"og:image\" content=\"https:\/\/www.legislapp.com.br\/wp-content\/uploads\/2021\/07\/Logo-Legislapp-1-03-1.png\" \/>\n<meta name=\"twitter:card\" content=\"summary_large_image\" \/>\n<meta name=\"twitter:label1\" content=\"Est. tempo de leitura\" \/>\n\t<meta name=\"twitter:data1\" content=\"5 minutos\" \/>\n<script type=\"application\/ld+json\" class=\"yoast-schema-graph\">{\"@context\":\"https:\/\/schema.org\",\"@graph\":[{\"@type\":\"WebPage\",\"@id\":\"https:\/\/www.legislapp.com.br\/index.php\/avulso-inicial-pl-424-2015-camara\/\",\"url\":\"https:\/\/www.legislapp.com.br\/index.php\/avulso-inicial-pl-424-2015-camara\/\",\"name\":\"Avulso Inicial - PL 424\/2015 - C\u00e2mara - Legislapp\",\"isPartOf\":{\"@id\":\"https:\/\/www.legislapp.com.br\/#website\"},\"primaryImageOfPage\":{\"@id\":\"https:\/\/www.legislapp.com.br\/index.php\/avulso-inicial-pl-424-2015-camara\/#primaryimage\"},\"image\":{\"@id\":\"https:\/\/www.legislapp.com.br\/index.php\/avulso-inicial-pl-424-2015-camara\/#primaryimage\"},\"thumbnailUrl\":\"https:\/\/www.legislapp.com.br\/wp-content\/uploads\/2021\/07\/Logo-Legislapp-1-03-1.png\",\"datePublished\":\"2025-12-01T13:56:39+00:00\",\"breadcrumb\":{\"@id\":\"https:\/\/www.legislapp.com.br\/index.php\/avulso-inicial-pl-424-2015-camara\/#breadcrumb\"},\"inLanguage\":\"pt-BR\",\"potentialAction\":[{\"@type\":\"ReadAction\",\"target\":[\"https:\/\/www.legislapp.com.br\/index.php\/avulso-inicial-pl-424-2015-camara\/\"]}]},{\"@type\":\"ImageObject\",\"inLanguage\":\"pt-BR\",\"@id\":\"https:\/\/www.legislapp.com.br\/index.php\/avulso-inicial-pl-424-2015-camara\/#primaryimage\",\"url\":\"https:\/\/www.legislapp.com.br\/wp-content\/uploads\/2021\/07\/Logo-Legislapp-1-03-1.png\",\"contentUrl\":\"https:\/\/www.legislapp.com.br\/wp-content\/uploads\/2021\/07\/Logo-Legislapp-1-03-1.png\",\"width\":2679,\"height\":2697},{\"@type\":\"BreadcrumbList\",\"@id\":\"https:\/\/www.legislapp.com.br\/index.php\/avulso-inicial-pl-424-2015-camara\/#breadcrumb\",\"itemListElement\":[{\"@type\":\"ListItem\",\"position\":1,\"name\":\"In\u00edcio\",\"item\":\"https:\/\/www.legislapp.com.br\/\"},{\"@type\":\"ListItem\",\"position\":2,\"name\":\"Avulso Inicial &#8211; PL 424\/2015 &#8211; C\u00e2mara\"}]},{\"@type\":\"WebSite\",\"@id\":\"https:\/\/www.legislapp.com.br\/#website\",\"url\":\"https:\/\/www.legislapp.com.br\/\",\"name\":\"Legislapp\",\"description\":\"Intelig\u00eancia governamental em tempo real\",\"publisher\":{\"@id\":\"https:\/\/www.legislapp.com.br\/#organization\"},\"potentialAction\":[{\"@type\":\"SearchAction\",\"target\":{\"@type\":\"EntryPoint\",\"urlTemplate\":\"https:\/\/www.legislapp.com.br\/?s={search_term_string}\"},\"query-input\":{\"@type\":\"PropertyValueSpecification\",\"valueRequired\":true,\"valueName\":\"search_term_string\"}}],\"inLanguage\":\"pt-BR\"},{\"@type\":\"Organization\",\"@id\":\"https:\/\/www.legislapp.com.br\/#organization\",\"name\":\"Legislapp Monitoramento e Intelig\u00eancia Governamental\",\"url\":\"https:\/\/www.legislapp.com.br\/\",\"logo\":{\"@type\":\"ImageObject\",\"inLanguage\":\"pt-BR\",\"@id\":\"https:\/\/www.legislapp.com.br\/#\/schema\/logo\/image\/\",\"url\":\"https:\/\/www.legislapp.com.br\/wp-content\/uploads\/icon.png\",\"contentUrl\":\"https:\/\/www.legislapp.com.br\/wp-content\/uploads\/icon.png\",\"width\":1024,\"height\":1024,\"caption\":\"Legislapp Monitoramento e Intelig\u00eancia Governamental\"},\"image\":{\"@id\":\"https:\/\/www.legislapp.com.br\/#\/schema\/logo\/image\/\"},\"sameAs\":[\"https:\/\/www.instagram.com\/legislapp\/\"]}]}<\/script>\n<!-- \/ Yoast SEO plugin. -->","yoast_head_json":{"title":"Avulso Inicial - PL 424\/2015 - C\u00e2mara - Legislapp","robots":{"index":"index","follow":"follow","max-snippet":"max-snippet:-1","max-image-preview":"max-image-preview:large","max-video-preview":"max-video-preview:-1"},"canonical":"https:\/\/www.legislapp.com.br\/index.php\/avulso-inicial-pl-424-2015-camara\/","og_locale":"pt_BR","og_type":"article","og_title":"Avulso Inicial - PL 424\/2015 - C\u00e2mara - Legislapp","og_description":"Avulso Inicial &#8211; Autoria de Jorge Solla PROJETO DE LEI N\u00ba , de 2015 (Do Sr. Jorge Solla) Acrescenta o Inciso XXXII ao art. 24 da Lei n\u00ba 8.666, de 21 de junho de 1993, e altera o art. 3\u00ba da Lei n\u00ba 10.972, de 2 de dezembro de 2004, permitindo a dispensa de licita\u00e7\u00e3o [&hellip;]","og_url":"https:\/\/www.legislapp.com.br\/index.php\/avulso-inicial-pl-424-2015-camara\/","og_site_name":"Legislapp","article_publisher":"https:\/\/www.instagram.com\/legislapp\/","og_image":[{"url":"https:\/\/www.legislapp.com.br\/wp-content\/uploads\/2021\/07\/Logo-Legislapp-1-03-1.png","type":"","width":"","height":""}],"twitter_card":"summary_large_image","twitter_misc":{"Est. tempo de leitura":"5 minutos"},"schema":{"@context":"https:\/\/schema.org","@graph":[{"@type":"WebPage","@id":"https:\/\/www.legislapp.com.br\/index.php\/avulso-inicial-pl-424-2015-camara\/","url":"https:\/\/www.legislapp.com.br\/index.php\/avulso-inicial-pl-424-2015-camara\/","name":"Avulso Inicial - PL 424\/2015 - C\u00e2mara - Legislapp","isPartOf":{"@id":"https:\/\/www.legislapp.com.br\/#website"},"primaryImageOfPage":{"@id":"https:\/\/www.legislapp.com.br\/index.php\/avulso-inicial-pl-424-2015-camara\/#primaryimage"},"image":{"@id":"https:\/\/www.legislapp.com.br\/index.php\/avulso-inicial-pl-424-2015-camara\/#primaryimage"},"thumbnailUrl":"https:\/\/www.legislapp.com.br\/wp-content\/uploads\/2021\/07\/Logo-Legislapp-1-03-1.png","datePublished":"2025-12-01T13:56:39+00:00","breadcrumb":{"@id":"https:\/\/www.legislapp.com.br\/index.php\/avulso-inicial-pl-424-2015-camara\/#breadcrumb"},"inLanguage":"pt-BR","potentialAction":[{"@type":"ReadAction","target":["https:\/\/www.legislapp.com.br\/index.php\/avulso-inicial-pl-424-2015-camara\/"]}]},{"@type":"ImageObject","inLanguage":"pt-BR","@id":"https:\/\/www.legislapp.com.br\/index.php\/avulso-inicial-pl-424-2015-camara\/#primaryimage","url":"https:\/\/www.legislapp.com.br\/wp-content\/uploads\/2021\/07\/Logo-Legislapp-1-03-1.png","contentUrl":"https:\/\/www.legislapp.com.br\/wp-content\/uploads\/2021\/07\/Logo-Legislapp-1-03-1.png","width":2679,"height":2697},{"@type":"BreadcrumbList","@id":"https:\/\/www.legislapp.com.br\/index.php\/avulso-inicial-pl-424-2015-camara\/#breadcrumb","itemListElement":[{"@type":"ListItem","position":1,"name":"In\u00edcio","item":"https:\/\/www.legislapp.com.br\/"},{"@type":"ListItem","position":2,"name":"Avulso Inicial &#8211; PL 424\/2015 &#8211; C\u00e2mara"}]},{"@type":"WebSite","@id":"https:\/\/www.legislapp.com.br\/#website","url":"https:\/\/www.legislapp.com.br\/","name":"Legislapp","description":"Intelig\u00eancia governamental em tempo real","publisher":{"@id":"https:\/\/www.legislapp.com.br\/#organization"},"potentialAction":[{"@type":"SearchAction","target":{"@type":"EntryPoint","urlTemplate":"https:\/\/www.legislapp.com.br\/?s={search_term_string}"},"query-input":{"@type":"PropertyValueSpecification","valueRequired":true,"valueName":"search_term_string"}}],"inLanguage":"pt-BR"},{"@type":"Organization","@id":"https:\/\/www.legislapp.com.br\/#organization","name":"Legislapp Monitoramento e Intelig\u00eancia Governamental","url":"https:\/\/www.legislapp.com.br\/","logo":{"@type":"ImageObject","inLanguage":"pt-BR","@id":"https:\/\/www.legislapp.com.br\/#\/schema\/logo\/image\/","url":"https:\/\/www.legislapp.com.br\/wp-content\/uploads\/icon.png","contentUrl":"https:\/\/www.legislapp.com.br\/wp-content\/uploads\/icon.png","width":1024,"height":1024,"caption":"Legislapp Monitoramento e Intelig\u00eancia Governamental"},"image":{"@id":"https:\/\/www.legislapp.com.br\/#\/schema\/logo\/image\/"},"sameAs":["https:\/\/www.instagram.com\/legislapp\/"]}]}},"_links":{"self":[{"href":"https:\/\/www.legislapp.com.br\/index.php\/wp-json\/wp\/v2\/pages\/10013","targetHints":{"allow":["GET"]}}],"collection":[{"href":"https:\/\/www.legislapp.com.br\/index.php\/wp-json\/wp\/v2\/pages"}],"about":[{"href":"https:\/\/www.legislapp.com.br\/index.php\/wp-json\/wp\/v2\/types\/page"}],"author":[{"embeddable":true,"href":"https:\/\/www.legislapp.com.br\/index.php\/wp-json\/wp\/v2\/users\/1"}],"replies":[{"embeddable":true,"href":"https:\/\/www.legislapp.com.br\/index.php\/wp-json\/wp\/v2\/comments?post=10013"}],"version-history":[{"count":0,"href":"https:\/\/www.legislapp.com.br\/index.php\/wp-json\/wp\/v2\/pages\/10013\/revisions"}],"wp:attachment":[{"href":"https:\/\/www.legislapp.com.br\/index.php\/wp-json\/wp\/v2\/media?parent=10013"}],"curies":[{"name":"wp","href":"https:\/\/api.w.org\/{rel}","templated":true}]}}