{"id":10021,"date":"2025-12-01T10:56:59","date_gmt":"2025-12-01T13:56:59","guid":{"rendered":"https:\/\/www.legislapp.com.br\/index.php\/avulso-inicial-pl-3960-2025-camara\/"},"modified":"2025-12-01T10:56:59","modified_gmt":"2025-12-01T13:56:59","slug":"avulso-inicial-pl-3960-2025-camara","status":"publish","type":"page","link":"https:\/\/www.legislapp.com.br\/index.php\/avulso-inicial-pl-3960-2025-camara\/","title":{"rendered":"Avulso Inicial &#8211; PL 3960\/2025 &#8211; C\u00e2mara"},"content":{"rendered":"<h1 style='text-align: center;'>Avulso Inicial &#8211; Autoria de Fausto Santos Jr.<\/h3>\n<p><\/p>\n<article>PROJETO DE LEI N\u00ba                         , DE 2025<br \/>\n(Do Senhor DEPUTADO FAUSTO SANTOS JR).<br \/>\nAltera o artigo 241-B da Lei n\u00ba 8.069, de 13 de julho<br \/>\nde 1990 \u2013 Estatuto da Crian\u00e7a e do Adolescente,<br \/>\npara aumentar a pena do crime de que trata, proibir a<br \/>\nmonetiza\u00e7\u00e3o de conte\u00fados que envolvam explora\u00e7\u00e3o<br \/>\nou sexualiza\u00e7\u00e3o infantil, refor\u00e7ar a prote\u00e7\u00e3o integral<br \/>\ncontra a viol\u00eancia sexual f\u00edsica e virtual, e<br \/>\nestabelecer mecanismos de coopera\u00e7\u00e3o entre<br \/>\nautoridades e provedores de internet.<br \/>\nO CONGRESSO NACIONAL decreta:<br \/>\nArt. 1\u00ba. O artigo 241-B da Lei n\u00ba 8.069, de 13 de julho de 1990 \u2013 Estatuto da<br \/>\nCrian\u00e7a e do Adolescente \u2013 passa a vigorar com a seguinte reda\u00e7\u00e3o:<br \/>\n\u201cArt. 241-B. Adquirir, possuir, armazenar, acessar, guardar, por<br \/>\nqualquer meio, fotografia, v\u00eddeo, \u00e1udio ou qualquer outra forma de registro que<br \/>\ncontenha cena de sexo expl\u00edcito, pornogr\u00e1fica ou de cunho sexualizada<br \/>\nenvolvendo crian\u00e7a ou adolescente, real ou simulada.<br \/>\nPena \u2013 reclus\u00e3o, de 5 (cinco) a 10 (dez) anos, e multa.<br \/>\n\u00a7 1\u00ba Incorre na mesma pena quem, por qualquer meio, ainda que<br \/>\ngratuito, produz, disponibiliza, transmite, distribui, publica, divulga ou<br \/>\ncompartilha tais conte\u00fados.<br \/>\n\u00a7 2 \u00ba Para fins deste artigo, considera-se conte\u00fado sexualizado aquele<br \/>\nque, mesmo sem nudez ou ato sexual expl\u00edcito, submeta a crian\u00e7a ou adolescente<br \/>\na representa\u00e7\u00e3o er\u00f3tica, sugestiva ou adultizada.\u201d<br \/>\nArt. 2\u00ba. Fica vedada, em qualquer meio f\u00edsico ou digital, a monetiza\u00e7\u00e3o direta ou<br \/>\nindireta de conte\u00fados que contenham ou explorem, de forma sexualizada ou adultizada, a<br \/>\nimagem, a voz ou a atua\u00e7\u00e3o de crian\u00e7as e adolescentes, ainda que de forma disfar\u00e7ada,<br \/>\nsimulada ou aparentemente consentida.<br \/>\n\u00a7 1\u00ba Considera-se monetiza\u00e7\u00e3o, para os fins desta lei, toda forma de obten\u00e7\u00e3o de<br \/>\nlucro, patroc\u00ednio, doa\u00e7\u00e3o, publicidade, assinatura, venda, permuta, benef\u00edcio econ\u00f4mico<br \/>\nou vantagem material decorrente da veicula\u00e7\u00e3o do conte\u00fado.<br \/>\n\u00a7 2\u00ba Provedores de aplica\u00e7\u00e3o, redes sociais, plataformas de v\u00eddeo, streaming,<br \/>\nhospedagem ou an\u00fancios, sediados no Brasil ou que ofere\u00e7am servi\u00e7o no territ\u00f3rio<br \/>\nnacional, devem adotar mecanismos de detec\u00e7\u00e3o, preven\u00e7\u00e3o e bloqueio de monetiza\u00e7\u00e3o<br \/>\nPara verificar a assinatura, acesse https:\/\/infoleg-autenticidade-assinatura.camara.leg.br\/CD252373110300<br \/>\nAssinado eletronicamente pelo(a) Dep. Fausto Santos Jr.<br \/>\nApresenta\u00e7\u00e3o: 12\/08\/2025 19:54:14.027 &#8211; Mesa<br \/>\n*CD252373110300* PL n.3960\/2025<br \/>de conte\u00fados vedados por esta lei, sob pena de responsabilidade administrativa, civil e<br \/>\npenal.<br \/>\nArt. 3\u00ba Os provedores de aplica\u00e7\u00e3o e conex\u00e3o \u00e0 internet dever\u00e3o:<br \/>\nI \u2013 manter canais permanentes de den\u00fancia de conte\u00fados vedados, de f\u00e1cil<br \/>\nacesso e amplamente divulgados;<br \/>\nII \u2013 remover, de forma c\u00e9lere e definitiva, qualquer conte\u00fado que viole esta lei,<br \/>\nno prazo m\u00e1ximo de 24 (vinte e quatro) horas a contar da notifica\u00e7\u00e3o judicial ou<br \/>\nadministrativa;<br \/>\nIII \u2013 comunicar, de forma imediata, \u00e0s autoridades competentes, a identifica\u00e7\u00e3o<br \/>\ndos respons\u00e1veis pela publica\u00e7\u00e3o, transmiss\u00e3o ou armazenamento do conte\u00fado il\u00edcito.<br \/>\nArt. 4\u00ba O Poder P\u00fablico, em articula\u00e7\u00e3o com \u00f3rg\u00e3os de seguran\u00e7a, Minist\u00e9rio<br \/>\nP\u00fablico, Conselhos Tutelares e organiza\u00e7\u00f5es da sociedade civil, promover\u00e1 campanhas<br \/>\npermanentes de conscientiza\u00e7\u00e3o e preven\u00e7\u00e3o da explora\u00e7\u00e3o sexual de crian\u00e7as e<br \/>\nadolescentes, com foco no ambiente digital.<br \/>\nArt. 5\u00ba. Esta Lei entra em vigor na data de sua publica\u00e7\u00e3o.<br \/>\nJUSTIFICATIVA<br \/>\nO Brasil fez uma escolha hist\u00f3rica e inegoci\u00e1vel em sua Constitui\u00e7\u00e3o de 1988:<br \/>\ncrian\u00e7as e adolescentes s\u00e3o prioridade absoluta da na\u00e7\u00e3o. Isso n\u00e3o \u00e9 ret\u00f3rica, \u00e9 um pacto<br \/>\nmoral e jur\u00eddico firmado no artigo 227 da Carta Magna, que imp\u00f5e \u00e0 fam\u00edlia, \u00e0<br \/>\nsociedade e ao Estado o dever de mant\u00ea-los a salvo de toda forma de neglig\u00eancia,<br \/>\ndiscrimina\u00e7\u00e3o, explora\u00e7\u00e3o, viol\u00eancia, crueldade e opress\u00e3o.<br \/>\nDessa forma, reconhece que a crian\u00e7a e o adolescente s\u00e3o sujeitos de direito, em<br \/>\nespecial condi\u00e7\u00e3o de desenvolvimento, dignos de receber prote\u00e7\u00e3o integral e de ter<br \/>\ngarantido seu melhor interesse.<br \/>\nMas a realidade grita: estamos falhando.<br \/>\nVivemos uma epidemia silenciosa de viol\u00eancia sexual e adultiza\u00e7\u00e3o precoce,<br \/>\npotencializada pela internet e pela cultura digital. Nossas crian\u00e7as, antes protegidas<br \/>\npelos muros das escolas e das fam\u00edlias, agora est\u00e3o expostas em tempo real a predadores<br \/>\nque se escondem atr\u00e1s de telas.<br \/>\nSegundo a Ouvidoria Nacional dos Direitos Humanos, apenas no primeiro<br \/>\nsemestre de 2022 houve mais de 78 mil den\u00fancias de crimes sexuais contra crian\u00e7as e<br \/>\nadolescentes. No ambiente virtual, o aumento foi estarrecedor: 97,6% a mais que em<br \/>\nPara verificar a assinatura, acesse https:\/\/infoleg-autenticidade-assinatura.camara.leg.br\/CD252373110300<br \/>\nAssinado eletronicamente pelo(a) Dep. Fausto Santos Jr.<br \/>\nApresenta\u00e7\u00e3o: 12\/08\/2025 19:54:14.027 &#8211; Mesa<br \/>\n*CD252373110300* PL n.3960\/2025<br \/>2020. Todos os dias, cerca de 366 crimes cibern\u00e9ticos contra menores s\u00e3o denunciados<br \/>\n1<br \/>\nno Brasil, e as v\u00edtimas mais frequentes s\u00e3o as mais vulner\u00e1veis .<br \/>\nEssa viol\u00eancia se apresenta em duas faces igualmente perversas:<br \/>\n1. O abuso sexual direto, f\u00edsico ou virtual, que destro\u00e7a a sa\u00fade emocional e f\u00edsica<br \/>\nde nossas crian\u00e7as, deixando cicatrizes invis\u00edveis que podem perdurar por toda a<br \/>\nvida.<br \/>\n2. A explora\u00e7\u00e3o sexual disfar\u00e7ada, que se mascara como entretenimento,<br \/>\n\u201cconte\u00fado digital\u201d ou \u201cparticipa\u00e7\u00e3o art\u00edstica\u201d, mas que, na pr\u00e1tica, exp\u00f5e<br \/>\ncrian\u00e7as a contextos sexualizados, lucrando com sua imagem e destruindo sua<br \/>\ninoc\u00eancia.<br \/>\nH\u00e1 um mercado obscuro e milion\u00e1rio que alimenta essa viol\u00eancia. E este mercado s\u00f3<br \/>\nexiste porque h\u00e1 consumidores e porque h\u00e1 quem lucre com ele. N\u00e3o basta punir quem<br \/>\nproduz ou vende \u2014 \u00e9 preciso punir com o mesmo rigor quem compra, consome,<br \/>\narmazena ou financia este crime.<br \/>\nO atual artigo 241-B do ECA prev\u00ea pena de apenas 1 a 4 anos para quem adquire,<br \/>\npossui ou armazena material pornogr\u00e1fico infantil. Isso \u00e9 desproporcional \u00e0 gravidade<br \/>\ndo dano. Hoje, a legisla\u00e7\u00e3o pune mais severamente quem comercializa, mas trata com<br \/>\nbrandura o consumidor, como se sem ele n\u00e3o houvesse crime.<br \/>\nO presente projeto corrige essa distor\u00e7\u00e3o e avan\u00e7a ainda mais:<br \/>\n\uf0b7 Aumenta a pena para 5 a 10 anos, equiparando-a \u00e0 de quem vende ou exp\u00f5e \u00e0<br \/>\nvenda esse material.<br \/>\n\uf0b7 Pro\u00edbe expressamente a monetiza\u00e7\u00e3o de qualquer conte\u00fado que envolva a<br \/>\nexplora\u00e7\u00e3o ou adultiza\u00e7\u00e3o sexual de crian\u00e7as e adolescentes, f\u00edsica ou<br \/>\nvirtualmente, ainda que de forma simulada, sugerida ou \u201cconsentida\u201d \u2014 pois<br \/>\nconsentimento n\u00e3o existe em rela\u00e7\u00f5es assim\u00e9tricas.<br \/>\n\uf0b7 Fecha brechas para impedir que plataformas digitais, produtores de conte\u00fado e<br \/>\nat\u00e9 familiares transformem a inf\u00e2ncia em produto.<br \/>\nN\u00e3o se trata apenas de punir. Trata-se de dizer, como na\u00e7\u00e3o, que nenhum lucro,<br \/>\nnenhuma audi\u00eancia, nenhum clique vale a dignidade e a seguran\u00e7a de uma crian\u00e7a.<br \/>\nA viol\u00eancia sexual infantil \u00e9 um crime que rouba o futuro, corrompe o presente e<br \/>\ndestr\u00f3i a confian\u00e7a no mundo adulto. N\u00e3o podemos permitir que a impunidade \u2014 ou a<br \/>\npena branda \u2014 siga sendo um incentivo.<br \/>\n1<br \/>\n https:\/\/www.gov.br\/mdh\/pt-br\/assuntos\/noticias\/2022\/eleicoes-2022-periodo-<br \/>\neleitoral\/populacao-mais-informada-faz-aumentar-denuncias-de-crimes-sexuais-<br \/>\ncontra-criancas-e-adolescentes-na-internet<br \/>\nPara verificar a assinatura, acesse https:\/\/infoleg-autenticidade-assinatura.camara.leg.br\/CD252373110300<br \/>\nAssinado eletronicamente pelo(a) Dep. Fausto Santos Jr.<br \/>\nApresenta\u00e7\u00e3o: 12\/08\/2025 19:54:14.027 &#8211; Mesa<br \/>\n*CD252373110300* PL n.3960\/2025<br \/>Senhoras e Senhores, aprovar este projeto \u00e9 assumir a responsabilidade que a<br \/>\nConstitui\u00e7\u00e3o nos imp\u00f5e. \u00c9 proteger quem n\u00e3o pode se proteger sozinho. \u00c9 reafirmar que<br \/>\no Brasil n\u00e3o tolerar\u00e1 que a inf\u00e2ncia seja mercadoria.<br \/>\nPe\u00e7o, portanto, o apoio irrestrito de todos nesta Casa. Por nossas crian\u00e7as. Pela<br \/>\nnossa humanidade. Pelo futuro que queremos construir.<br \/>\n                                Sala das Sess\u00f5es, em 12 de agosto de 2025.<br \/>\nFAUSTO SANTOS JR.<br \/>\nDEPUTADO FEDERAL<br \/>\nUNI\u00c3O\/AM<br \/>\nPara verificar a assinatura, acesse https:\/\/infoleg-autenticidade-assinatura.camara.leg.br\/CD252373110300<br \/>\nAssinado eletronicamente pelo(a) Dep. Fausto Santos Jr.<br \/>\nApresenta\u00e7\u00e3o: 12\/08\/2025 19:54:14.027 &#8211; Mesa<br \/>\n*CD252373110300* PL n.3960\/2025<\/article>\n<p><a href='https:\/\/app.legislapp.com.br\/#\/busca?termo='><\/a><\/p>\n<div style=\"text-align: center\">\n      <img decoding=\"async\" style=\"width: 14%;\" src=\"https:\/\/www.legislapp.com.br\/wp-content\/uploads\/2021\/07\/Logo-Legislapp-1-03-1.png\"><br \/>\n      <\/p>\n<div style=\"margin-bottom: 20px;\" class=\"et_pb_button_module_wrapper et_pb_button_5_tb_body_wrapper et_pb_button_alignment_center et_pb_module \">\n         <a class=\"et_pb_button et_pb_button_5_tb_body et_hover_enabled et_pb_bg_layout_dark\" style=\"width: 50%;background-color: black;\" href=\"https:\/\/app.legislapp.com.br\" target=\"_blank\" rel=\"noopener\">Visualizar completo na nossa plataforma (30 dias gr\u00e1tis)<\/a><\/p><\/div>\n<p>      <a href=\"https:\/\/play.google.com\/store\/apps\/details?id=br.com.legislapp\"><img decoding=\"async\" style=\"width: 15%; min-width: 130px;\" src=\"https:\/\/www.legislapp.com.br\/wp-content\/uploads\/google-play.png\"><\/a><br \/>\n      <a href=\"https:\/\/apps.apple.com\/us\/app\/legislapp\/id1568929859\"><img decoding=\"async\" style=\"width: 15%; min-width: 130px\" src=\"https:\/\/www.legislapp.com.br\/wp-content\/uploads\/apple-store.png\"><\/a>\n   <\/div>\n","protected":false},"excerpt":{"rendered":"<p>Avulso Inicial &#8211; Autoria de Fausto Santos Jr. PROJETO DE LEI N\u00ba , DE 2025 (Do Senhor DEPUTADO FAUSTO SANTOS JR). Altera o artigo 241-B da Lei n\u00ba 8.069, de 13 de julho de 1990 \u2013 Estatuto da Crian\u00e7a e do Adolescente, para aumentar a pena do crime de que trata, proibir a monetiza\u00e7\u00e3o de [&hellip;]<\/p>\n","protected":false},"author":1,"featured_media":0,"parent":0,"menu_order":0,"comment_status":"closed","ping_status":"closed","template":"page-template-blank.php","meta":{"_et_pb_use_builder":"","_et_pb_old_content":"","_et_gb_content_width":"1080","ngg_post_thumbnail":0,"footnotes":""},"class_list":["post-10021","page","type-page","status-publish","hentry"],"yoast_head":"<!-- This site is optimized with the Yoast SEO plugin v24.4 - https:\/\/yoast.com\/wordpress\/plugins\/seo\/ -->\n<title>Avulso Inicial - PL 3960\/2025 - C\u00e2mara - Legislapp<\/title>\n<meta name=\"robots\" content=\"index, follow, max-snippet:-1, max-image-preview:large, max-video-preview:-1\" \/>\n<link rel=\"canonical\" href=\"https:\/\/www.legislapp.com.br\/index.php\/avulso-inicial-pl-3960-2025-camara\/\" \/>\n<meta property=\"og:locale\" content=\"pt_BR\" \/>\n<meta property=\"og:type\" content=\"article\" \/>\n<meta property=\"og:title\" content=\"Avulso Inicial - PL 3960\/2025 - C\u00e2mara - Legislapp\" \/>\n<meta property=\"og:description\" content=\"Avulso Inicial &#8211; Autoria de Fausto Santos Jr. PROJETO DE LEI N\u00ba , DE 2025 (Do Senhor DEPUTADO FAUSTO SANTOS JR). Altera o artigo 241-B da Lei n\u00ba 8.069, de 13 de julho de 1990 \u2013 Estatuto da Crian\u00e7a e do Adolescente, para aumentar a pena do crime de que trata, proibir a monetiza\u00e7\u00e3o de [&hellip;]\" \/>\n<meta property=\"og:url\" content=\"https:\/\/www.legislapp.com.br\/index.php\/avulso-inicial-pl-3960-2025-camara\/\" \/>\n<meta property=\"og:site_name\" content=\"Legislapp\" \/>\n<meta property=\"article:publisher\" content=\"https:\/\/www.instagram.com\/legislapp\/\" \/>\n<meta property=\"og:image\" content=\"https:\/\/www.legislapp.com.br\/wp-content\/uploads\/2021\/07\/Logo-Legislapp-1-03-1.png\" \/>\n<meta name=\"twitter:card\" content=\"summary_large_image\" \/>\n<meta name=\"twitter:label1\" content=\"Est. tempo de leitura\" \/>\n\t<meta name=\"twitter:data1\" content=\"6 minutos\" \/>\n<script type=\"application\/ld+json\" class=\"yoast-schema-graph\">{\"@context\":\"https:\/\/schema.org\",\"@graph\":[{\"@type\":\"WebPage\",\"@id\":\"https:\/\/www.legislapp.com.br\/index.php\/avulso-inicial-pl-3960-2025-camara\/\",\"url\":\"https:\/\/www.legislapp.com.br\/index.php\/avulso-inicial-pl-3960-2025-camara\/\",\"name\":\"Avulso Inicial - PL 3960\/2025 - C\u00e2mara - Legislapp\",\"isPartOf\":{\"@id\":\"https:\/\/www.legislapp.com.br\/#website\"},\"primaryImageOfPage\":{\"@id\":\"https:\/\/www.legislapp.com.br\/index.php\/avulso-inicial-pl-3960-2025-camara\/#primaryimage\"},\"image\":{\"@id\":\"https:\/\/www.legislapp.com.br\/index.php\/avulso-inicial-pl-3960-2025-camara\/#primaryimage\"},\"thumbnailUrl\":\"https:\/\/www.legislapp.com.br\/wp-content\/uploads\/2021\/07\/Logo-Legislapp-1-03-1.png\",\"datePublished\":\"2025-12-01T13:56:59+00:00\",\"breadcrumb\":{\"@id\":\"https:\/\/www.legislapp.com.br\/index.php\/avulso-inicial-pl-3960-2025-camara\/#breadcrumb\"},\"inLanguage\":\"pt-BR\",\"potentialAction\":[{\"@type\":\"ReadAction\",\"target\":[\"https:\/\/www.legislapp.com.br\/index.php\/avulso-inicial-pl-3960-2025-camara\/\"]}]},{\"@type\":\"ImageObject\",\"inLanguage\":\"pt-BR\",\"@id\":\"https:\/\/www.legislapp.com.br\/index.php\/avulso-inicial-pl-3960-2025-camara\/#primaryimage\",\"url\":\"https:\/\/www.legislapp.com.br\/wp-content\/uploads\/2021\/07\/Logo-Legislapp-1-03-1.png\",\"contentUrl\":\"https:\/\/www.legislapp.com.br\/wp-content\/uploads\/2021\/07\/Logo-Legislapp-1-03-1.png\",\"width\":2679,\"height\":2697},{\"@type\":\"BreadcrumbList\",\"@id\":\"https:\/\/www.legislapp.com.br\/index.php\/avulso-inicial-pl-3960-2025-camara\/#breadcrumb\",\"itemListElement\":[{\"@type\":\"ListItem\",\"position\":1,\"name\":\"In\u00edcio\",\"item\":\"https:\/\/www.legislapp.com.br\/\"},{\"@type\":\"ListItem\",\"position\":2,\"name\":\"Avulso Inicial &#8211; PL 3960\/2025 &#8211; C\u00e2mara\"}]},{\"@type\":\"WebSite\",\"@id\":\"https:\/\/www.legislapp.com.br\/#website\",\"url\":\"https:\/\/www.legislapp.com.br\/\",\"name\":\"Legislapp\",\"description\":\"Intelig\u00eancia governamental em tempo real\",\"publisher\":{\"@id\":\"https:\/\/www.legislapp.com.br\/#organization\"},\"potentialAction\":[{\"@type\":\"SearchAction\",\"target\":{\"@type\":\"EntryPoint\",\"urlTemplate\":\"https:\/\/www.legislapp.com.br\/?s={search_term_string}\"},\"query-input\":{\"@type\":\"PropertyValueSpecification\",\"valueRequired\":true,\"valueName\":\"search_term_string\"}}],\"inLanguage\":\"pt-BR\"},{\"@type\":\"Organization\",\"@id\":\"https:\/\/www.legislapp.com.br\/#organization\",\"name\":\"Legislapp Monitoramento e Intelig\u00eancia Governamental\",\"url\":\"https:\/\/www.legislapp.com.br\/\",\"logo\":{\"@type\":\"ImageObject\",\"inLanguage\":\"pt-BR\",\"@id\":\"https:\/\/www.legislapp.com.br\/#\/schema\/logo\/image\/\",\"url\":\"https:\/\/www.legislapp.com.br\/wp-content\/uploads\/icon.png\",\"contentUrl\":\"https:\/\/www.legislapp.com.br\/wp-content\/uploads\/icon.png\",\"width\":1024,\"height\":1024,\"caption\":\"Legislapp Monitoramento e Intelig\u00eancia Governamental\"},\"image\":{\"@id\":\"https:\/\/www.legislapp.com.br\/#\/schema\/logo\/image\/\"},\"sameAs\":[\"https:\/\/www.instagram.com\/legislapp\/\"]}]}<\/script>\n<!-- \/ Yoast SEO plugin. -->","yoast_head_json":{"title":"Avulso Inicial - PL 3960\/2025 - C\u00e2mara - Legislapp","robots":{"index":"index","follow":"follow","max-snippet":"max-snippet:-1","max-image-preview":"max-image-preview:large","max-video-preview":"max-video-preview:-1"},"canonical":"https:\/\/www.legislapp.com.br\/index.php\/avulso-inicial-pl-3960-2025-camara\/","og_locale":"pt_BR","og_type":"article","og_title":"Avulso Inicial - PL 3960\/2025 - C\u00e2mara - Legislapp","og_description":"Avulso Inicial &#8211; Autoria de Fausto Santos Jr. PROJETO DE LEI N\u00ba , DE 2025 (Do Senhor DEPUTADO FAUSTO SANTOS JR). Altera o artigo 241-B da Lei n\u00ba 8.069, de 13 de julho de 1990 \u2013 Estatuto da Crian\u00e7a e do Adolescente, para aumentar a pena do crime de que trata, proibir a monetiza\u00e7\u00e3o de [&hellip;]","og_url":"https:\/\/www.legislapp.com.br\/index.php\/avulso-inicial-pl-3960-2025-camara\/","og_site_name":"Legislapp","article_publisher":"https:\/\/www.instagram.com\/legislapp\/","og_image":[{"url":"https:\/\/www.legislapp.com.br\/wp-content\/uploads\/2021\/07\/Logo-Legislapp-1-03-1.png","type":"","width":"","height":""}],"twitter_card":"summary_large_image","twitter_misc":{"Est. tempo de leitura":"6 minutos"},"schema":{"@context":"https:\/\/schema.org","@graph":[{"@type":"WebPage","@id":"https:\/\/www.legislapp.com.br\/index.php\/avulso-inicial-pl-3960-2025-camara\/","url":"https:\/\/www.legislapp.com.br\/index.php\/avulso-inicial-pl-3960-2025-camara\/","name":"Avulso Inicial - PL 3960\/2025 - C\u00e2mara - Legislapp","isPartOf":{"@id":"https:\/\/www.legislapp.com.br\/#website"},"primaryImageOfPage":{"@id":"https:\/\/www.legislapp.com.br\/index.php\/avulso-inicial-pl-3960-2025-camara\/#primaryimage"},"image":{"@id":"https:\/\/www.legislapp.com.br\/index.php\/avulso-inicial-pl-3960-2025-camara\/#primaryimage"},"thumbnailUrl":"https:\/\/www.legislapp.com.br\/wp-content\/uploads\/2021\/07\/Logo-Legislapp-1-03-1.png","datePublished":"2025-12-01T13:56:59+00:00","breadcrumb":{"@id":"https:\/\/www.legislapp.com.br\/index.php\/avulso-inicial-pl-3960-2025-camara\/#breadcrumb"},"inLanguage":"pt-BR","potentialAction":[{"@type":"ReadAction","target":["https:\/\/www.legislapp.com.br\/index.php\/avulso-inicial-pl-3960-2025-camara\/"]}]},{"@type":"ImageObject","inLanguage":"pt-BR","@id":"https:\/\/www.legislapp.com.br\/index.php\/avulso-inicial-pl-3960-2025-camara\/#primaryimage","url":"https:\/\/www.legislapp.com.br\/wp-content\/uploads\/2021\/07\/Logo-Legislapp-1-03-1.png","contentUrl":"https:\/\/www.legislapp.com.br\/wp-content\/uploads\/2021\/07\/Logo-Legislapp-1-03-1.png","width":2679,"height":2697},{"@type":"BreadcrumbList","@id":"https:\/\/www.legislapp.com.br\/index.php\/avulso-inicial-pl-3960-2025-camara\/#breadcrumb","itemListElement":[{"@type":"ListItem","position":1,"name":"In\u00edcio","item":"https:\/\/www.legislapp.com.br\/"},{"@type":"ListItem","position":2,"name":"Avulso Inicial &#8211; PL 3960\/2025 &#8211; C\u00e2mara"}]},{"@type":"WebSite","@id":"https:\/\/www.legislapp.com.br\/#website","url":"https:\/\/www.legislapp.com.br\/","name":"Legislapp","description":"Intelig\u00eancia governamental em tempo real","publisher":{"@id":"https:\/\/www.legislapp.com.br\/#organization"},"potentialAction":[{"@type":"SearchAction","target":{"@type":"EntryPoint","urlTemplate":"https:\/\/www.legislapp.com.br\/?s={search_term_string}"},"query-input":{"@type":"PropertyValueSpecification","valueRequired":true,"valueName":"search_term_string"}}],"inLanguage":"pt-BR"},{"@type":"Organization","@id":"https:\/\/www.legislapp.com.br\/#organization","name":"Legislapp Monitoramento e Intelig\u00eancia Governamental","url":"https:\/\/www.legislapp.com.br\/","logo":{"@type":"ImageObject","inLanguage":"pt-BR","@id":"https:\/\/www.legislapp.com.br\/#\/schema\/logo\/image\/","url":"https:\/\/www.legislapp.com.br\/wp-content\/uploads\/icon.png","contentUrl":"https:\/\/www.legislapp.com.br\/wp-content\/uploads\/icon.png","width":1024,"height":1024,"caption":"Legislapp Monitoramento e Intelig\u00eancia Governamental"},"image":{"@id":"https:\/\/www.legislapp.com.br\/#\/schema\/logo\/image\/"},"sameAs":["https:\/\/www.instagram.com\/legislapp\/"]}]}},"_links":{"self":[{"href":"https:\/\/www.legislapp.com.br\/index.php\/wp-json\/wp\/v2\/pages\/10021","targetHints":{"allow":["GET"]}}],"collection":[{"href":"https:\/\/www.legislapp.com.br\/index.php\/wp-json\/wp\/v2\/pages"}],"about":[{"href":"https:\/\/www.legislapp.com.br\/index.php\/wp-json\/wp\/v2\/types\/page"}],"author":[{"embeddable":true,"href":"https:\/\/www.legislapp.com.br\/index.php\/wp-json\/wp\/v2\/users\/1"}],"replies":[{"embeddable":true,"href":"https:\/\/www.legislapp.com.br\/index.php\/wp-json\/wp\/v2\/comments?post=10021"}],"version-history":[{"count":0,"href":"https:\/\/www.legislapp.com.br\/index.php\/wp-json\/wp\/v2\/pages\/10021\/revisions"}],"wp:attachment":[{"href":"https:\/\/www.legislapp.com.br\/index.php\/wp-json\/wp\/v2\/media?parent=10021"}],"curies":[{"name":"wp","href":"https:\/\/api.w.org\/{rel}","templated":true}]}}