{"id":10224,"date":"2025-12-01T11:06:57","date_gmt":"2025-12-01T14:06:57","guid":{"rendered":"https:\/\/www.legislapp.com.br\/index.php\/avulso-inicial-pl-2947-2025-camara\/"},"modified":"2025-12-01T11:06:57","modified_gmt":"2025-12-01T14:06:57","slug":"avulso-inicial-pl-2947-2025-camara","status":"publish","type":"page","link":"https:\/\/www.legislapp.com.br\/index.php\/avulso-inicial-pl-2947-2025-camara\/","title":{"rendered":"Avulso Inicial &#8211; PL 2947\/2025 &#8211; C\u00e2mara"},"content":{"rendered":"<h1 style='text-align: center;'>Avulso Inicial &#8211; Autoria de Tal\u00edria Petrone<\/h3>\n<p><\/p>\n<article>PROJETO DE LEI N\u00ba          , DE 2025<br \/>\n(Da Sra. TAL\u00cdRIA PETRONE)<br \/>\nAltera a Consolida\u00e7\u00e3o das Leis do<br \/>\nTrabalho (CLT), aprovada pelo Decreto-Lei<br \/>\nn\u00ba 5.452, de 1\u00ba de maio de 1943, para<br \/>\natribuir \u00e0 Comiss\u00e3o Interna de Preven\u00e7\u00e3o de<br \/>\nAcidentes e de Ass\u00e9dio (Cipa) o dever de<br \/>\npromover a educa\u00e7\u00e3o clim\u00e1tica voltada \u00e0<br \/>\npreven\u00e7\u00e3o e \u00e0 resposta a desastres.<br \/>\nO Congresso Nacional decreta:<br \/>\nArt. 1\u00ba Esta Lei altera a Consolida\u00e7\u00e3o das Leis do Trabalho<br \/>\n(CLT), aprovada pelo Decreto-Lei n\u00ba 5.452, de 1\u00ba de maio de 1943, para incluir<br \/>\nentre as atribui\u00e7\u00f5es da Cipa a promo\u00e7\u00e3o de educa\u00e7\u00e3o clim\u00e1tica relacionada \u00e0<br \/>\npreven\u00e7\u00e3o de desastres e \u00e0 atua\u00e7\u00e3o em situa\u00e7\u00f5es de emerg\u00eancia.<br \/>\nArt. 2\u00ba O art. 163 da Consolida\u00e7\u00e3o das Leis do Trabalho passa<br \/>\na vigorar acrescido do seguinte \u00a7 2\u00ba:<br \/>\n&#8220;Art. 163. &#8230;&#8230;&#8230;&#8230;&#8230;&#8230;&#8230;&#8230;&#8230;&#8230;&#8230;&#8230;&#8230;&#8230;&#8230;&#8230;&#8230;&#8230;&#8230;&#8230;&#8230;&#8230;&#8230;&#8230;&#8230;&#8230;&#8230;&#8230;..<br \/>\n&#8230;&#8230;&#8230;&#8230;&#8230;&#8230;&#8230;&#8230;&#8230;&#8230;&#8230;&#8230;&#8230;&#8230;&#8230;&#8230;&#8230;&#8230;&#8230;&#8230;&#8230;&#8230;&#8230;&#8230;&#8230;&#8230;&#8230;&#8230;&#8230;&#8230;&#8230;&#8230;&#8230;..<br \/>\n.<br \/>\n\u00a7 1\u00ba &#8211; O Minist\u00e9rio do Trabalho regulamentar\u00e1 as atribui\u00e7\u00f5es, a<br \/>\ncomposi\u00e7\u00e3o e o funcionamento das CIPA(s).<br \/>\n\u00a7 2\u00ba -Entre as atribui\u00e7\u00f5es da CIPA, ser\u00e1 garantido a promo\u00e7\u00e3o,<br \/>\nno \u00e2mbito do ambiente de trabalho, da educa\u00e7\u00e3o clim\u00e1tica<br \/>\nvoltada \u00e0 preven\u00e7\u00e3o de desastres e \u00e0 atua\u00e7\u00e3o em situa\u00e7\u00f5es de<br \/>\nemerg\u00eancia, incluindo:<br \/>\nPara verificar a assinatura, acesse https:\/\/infoleg-autenticidade-assinatura.camara.leg.br\/CD250903818900<br \/>\nAssinado eletronicamente pelo(a) Dep. Tal\u00edria Petrone<br \/>\nApresenta\u00e7\u00e3o: 17\/06\/2025 16:22:13.687 &#8211; Mesa<br \/>\n*CD250903818900* PL n.2947\/2025<br \/>2<br \/>\nI \u2013 a promo\u00e7\u00e3o de campanhas educativas relacionadas a<br \/>\neventos clim\u00e1ticos extremos e seus efeitos sobre o ambiente<br \/>\nde trabalho.<br \/>\nII \u2013 a dissemina\u00e7\u00e3o de informa\u00e7\u00f5es sobre a suscetibilidade do<br \/>\nambiente de trabalho a eventos extremos;<br \/>\nIII \u2013 treinamentos e simula\u00e7\u00f5es sobre procedimentos de<br \/>\nemerg\u00eancia e rotas de fuga.\u201d (NR)<br \/>\nArt. 3\u00ba Esta Lei entra em vigor na data de sua publica\u00e7\u00e3o.<br \/>\nJUSTIFICA\u00c7\u00c3O<br \/>\nO presente Projeto de Lei prop\u00f5e a altera\u00e7\u00e3o da Consolida\u00e7\u00e3o<br \/>\ndas Leis do Trabalho (CLT), aprovada pelo Decreto-Lei n\u00ba 5.452, de 1943, a fim<br \/>\nde incluir entre as atribui\u00e7\u00f5es da Comiss\u00e3o Interna de Preven\u00e7\u00e3o de Acidentes<br \/>\ne de Ass\u00e9dio (Cipa) o dever de promover a educa\u00e7\u00e3o clim\u00e1tica voltada \u00e0<br \/>\npreven\u00e7\u00e3o de desastres e \u00e0 atua\u00e7\u00e3o em situa\u00e7\u00f5es de emerg\u00eancia no ambiente<br \/>\nde trabalho.<br \/>\nA crescente frequ\u00eancia e intensidade de desastres ambientais<br \/>\ndemandam a integra\u00e7\u00e3o do mundo do trabalho aos esfor\u00e7os nacionais de<br \/>\npreven\u00e7\u00e3o, mitiga\u00e7\u00e3o e resposta a tais eventos. As mudan\u00e7as clim\u00e1ticas, os<br \/>\neventos clim\u00e1ticos extremos e os acidentes socioambientais t\u00eam impactado<br \/>\ndiretamente ambientes laborais, exigindo medidas educativas e preventivas<br \/>\nespec\u00edficas para a prote\u00e7\u00e3o dos trabalhadores.<br \/>\nDados oficiais indicam que, somente em 2023, cerca de dois<br \/>\nmilh\u00f5es de pessoas foram afetadas por calamidades p\u00fablicas reconhecidas<br \/>\npela Uni\u00e3o. Nesse per\u00edodo, aproximadamente 75 mil brasileiros ficaram<br \/>\ndesabrigados, cerca de 550 mil foram desalojados, 4.944 ficaram feridos e 126<br \/>\nvieram a \u00f3bito. Esses n\u00fameros n\u00e3o traduzem, em sua totalidade, a gravidade<br \/>\ndas trag\u00e9dias socioambientais, como aquelas que atingiram o Estado do Rio<br \/>\nGrande do Sul em 2024, evidenciando a urg\u00eancia de mecanismos de prote\u00e7\u00e3o<br \/>\ne educa\u00e7\u00e3o preventiva no ambiente de trabalho.<br \/>\nA proposta est\u00e1 em conson\u00e2ncia com a Pol\u00edtica Nacional de<br \/>\nEduca\u00e7\u00e3o Ambiental, institu\u00edda pela Lei n\u00ba 9.795, de 1999, que reconhece a<br \/>\nPara verificar a assinatura, acesse https:\/\/infoleg-autenticidade-assinatura.camara.leg.br\/CD250903818900<br \/>\nAssinado eletronicamente pelo(a) Dep. Tal\u00edria Petrone<br \/>\nApresenta\u00e7\u00e3o: 17\/06\/2025 16:22:13.687 &#8211; Mesa<br \/>\n*CD250903818900* PL n.2947\/2025<br \/>3<br \/>\neduca\u00e7\u00e3o ambiental como um processo essencial e permanente, devendo ser<br \/>\npromovida em car\u00e1ter formal e n\u00e3o-formal, inclusive no ambiente de trabalho<br \/>\n(art. 2\u00ba e art. 3\u00ba, inciso V). A Cipa, ao incorporar a\u00e7\u00f5es educativas voltadas \u00e0<br \/>\npreven\u00e7\u00e3o de desastres, estar\u00e1 cumprindo a fun\u00e7\u00e3o de capacita\u00e7\u00e3o dos<br \/>\ntrabalhadores e fortalecendo a aten\u00e7\u00e3o aos riscos ambientais, conforme<br \/>\ndisposto no art. 8\u00ba da referida Lei.<br \/>\nA Comiss\u00e3o Interna de Preven\u00e7\u00e3o de Acidentes e de Ass\u00e9dio<br \/>\n(CIPA) \u00e9 um instrumento fundamental de promo\u00e7\u00e3o da sa\u00fade e seguran\u00e7a no<br \/>\nambiente de trabalho, com papel destacado na preven\u00e7\u00e3o de acidentes, na<br \/>\nmedia\u00e7\u00e3o de conflitos e na constru\u00e7\u00e3o de uma cultura de preven\u00e7\u00e3o. Sua<br \/>\natua\u00e7\u00e3o se alinha \u00e0 miss\u00e3o institucional do Minist\u00e9rio P\u00fablico do Trabalho<br \/>\n(MPT), que \u00e9 a defesa dos direitos fundamentais dos trabalhadores e a<br \/>\npromo\u00e7\u00e3o de condi\u00e7\u00f5es laborais dignas e seguras. O fortalecimento das<br \/>\nCIPAs, por meio da amplia\u00e7\u00e3o de suas atribui\u00e7\u00f5es \u2014 como a inclus\u00e3o da<br \/>\neduca\u00e7\u00e3o clim\u00e1tica voltada \u00e0 preven\u00e7\u00e3o de desastres \u2014 representa uma<br \/>\nestrat\u00e9gia essencial para enfrentar os novos desafios do mundo do trabalho<br \/>\ndiante das mudan\u00e7as clim\u00e1ticas, contribuindo para a prote\u00e7\u00e3o da vida e da<br \/>\nintegridade f\u00edsica dos trabalhadores.<br \/>\nO Brasil pode e deve inspirar-se em exemplos internacionais,<br \/>\ncomo o Jap\u00e3o, que, ap\u00f3s sofrer trag\u00e9dias naturais de grande escala,<br \/>\ndesenvolveu uma cultura s\u00f3lida de preven\u00e7\u00e3o e resposta eficaz a desastres,<br \/>\nincluindo a educa\u00e7\u00e3o clim\u00e1tica e a prepara\u00e7\u00e3o de trabalhadores para situa\u00e7\u00f5es<br \/>\nde emerg\u00eancia.<br \/>\nDo ponto de vista jur\u00eddico, a proposta tamb\u00e9m encontra<br \/>\nrespaldo nos princ\u00edpios do direito ambiental da preven\u00e7\u00e3o e da precau\u00e7\u00e3o, bem<br \/>\ncomo no mandamento do Art. 225 da Constitui\u00e7\u00e3o Federal, que imp\u00f5e ao<br \/>\nPoder P\u00fablico e \u00e0 coletividade o dever de defender e preservar o meio<br \/>\nambiente para as presentes e futuras gera\u00e7\u00f5es, sendo o ambiente de trabalho<br \/>\nparte essencial desse contexto.<br \/>\nAl\u00e9m disso, a proposta refor\u00e7a a articula\u00e7\u00e3o entre as pol\u00edticas<br \/>\nde sa\u00fade e seguran\u00e7a do trabalho e as pol\u00edticas ambientais, fortalecendo a<br \/>\nintegra\u00e7\u00e3o institucional entre os \u00f3rg\u00e3os de fiscaliza\u00e7\u00e3o, como o Minist\u00e9rio do<br \/>\nPara verificar a assinatura, acesse https:\/\/infoleg-autenticidade-assinatura.camara.leg.br\/CD250903818900<br \/>\nAssinado eletronicamente pelo(a) Dep. Tal\u00edria Petrone<br \/>\nApresenta\u00e7\u00e3o: 17\/06\/2025 16:22:13.687 &#8211; Mesa<br \/>\n*CD250903818900* PL n.2947\/2025<br \/>4<br \/>\nTrabalho e o Minist\u00e9rio P\u00fablico do Trabalho, e os sujeitos coletivos da rela\u00e7\u00e3o<br \/>\nde trabalho.<br \/>\n\u00c0 vista do exposto, conclamo o apoio dos Nobres Pares para a<br \/>\naprova\u00e7\u00e3o deste Projeto de Lei, a fim de promover um ambiente laboral mais<br \/>\nseguro, consciente e preparado para enfrentar os desafios impostos pelas<br \/>\nmudan\u00e7as clim\u00e1ticas e pelos desastres socioambientais.<br \/>\nSala das Sess\u00f5es, em        de                     de 2025.<br \/>\nDeputada TAL\u00cdRIA PETRONE<br \/>\nPara verificar a assinatura, acesse https:\/\/infoleg-autenticidade-assinatura.camara.leg.br\/CD250903818900<br \/>\nAssinado eletronicamente pelo(a) Dep. Tal\u00edria Petrone<br \/>\nApresenta\u00e7\u00e3o: 17\/06\/2025 16:22:13.687 &#8211; Mesa<br \/>\n*CD250903818900* PL n.2947\/2025<\/article>\n<p><a href='https:\/\/app.legislapp.com.br\/#\/busca?termo='><\/a><\/p>\n<div style=\"text-align: center\">\n      <img decoding=\"async\" style=\"width: 14%;\" src=\"https:\/\/www.legislapp.com.br\/wp-content\/uploads\/2021\/07\/Logo-Legislapp-1-03-1.png\"><br \/>\n      <\/p>\n<div style=\"margin-bottom: 20px;\" class=\"et_pb_button_module_wrapper et_pb_button_5_tb_body_wrapper et_pb_button_alignment_center et_pb_module \">\n         <a class=\"et_pb_button et_pb_button_5_tb_body et_hover_enabled et_pb_bg_layout_dark\" style=\"width: 50%;background-color: black;\" href=\"https:\/\/app.legislapp.com.br\" target=\"_blank\" rel=\"noopener\">Visualizar completo na nossa plataforma (30 dias gr\u00e1tis)<\/a><\/p><\/div>\n<p>      <a href=\"https:\/\/play.google.com\/store\/apps\/details?id=br.com.legislapp\"><img decoding=\"async\" style=\"width: 15%; min-width: 130px;\" src=\"https:\/\/www.legislapp.com.br\/wp-content\/uploads\/google-play.png\"><\/a><br \/>\n      <a href=\"https:\/\/apps.apple.com\/us\/app\/legislapp\/id1568929859\"><img decoding=\"async\" style=\"width: 15%; min-width: 130px\" src=\"https:\/\/www.legislapp.com.br\/wp-content\/uploads\/apple-store.png\"><\/a>\n   <\/div>\n","protected":false},"excerpt":{"rendered":"<p>Avulso Inicial &#8211; Autoria de Tal\u00edria Petrone PROJETO DE LEI N\u00ba , DE 2025 (Da Sra. TAL\u00cdRIA PETRONE) Altera a Consolida\u00e7\u00e3o das Leis do Trabalho (CLT), aprovada pelo Decreto-Lei n\u00ba 5.452, de 1\u00ba de maio de 1943, para atribuir \u00e0 Comiss\u00e3o Interna de Preven\u00e7\u00e3o de Acidentes e de Ass\u00e9dio (Cipa) o dever de promover a [&hellip;]<\/p>\n","protected":false},"author":1,"featured_media":0,"parent":0,"menu_order":0,"comment_status":"closed","ping_status":"closed","template":"page-template-blank.php","meta":{"_et_pb_use_builder":"","_et_pb_old_content":"","_et_gb_content_width":"1080","ngg_post_thumbnail":0,"footnotes":""},"class_list":["post-10224","page","type-page","status-publish","hentry"],"yoast_head":"<!-- This site is optimized with the Yoast SEO plugin v24.4 - https:\/\/yoast.com\/wordpress\/plugins\/seo\/ -->\n<title>Avulso Inicial - PL 2947\/2025 - C\u00e2mara - Legislapp<\/title>\n<meta name=\"robots\" content=\"index, follow, max-snippet:-1, max-image-preview:large, max-video-preview:-1\" \/>\n<link rel=\"canonical\" href=\"https:\/\/www.legislapp.com.br\/index.php\/avulso-inicial-pl-2947-2025-camara\/\" \/>\n<meta property=\"og:locale\" content=\"pt_BR\" \/>\n<meta property=\"og:type\" content=\"article\" \/>\n<meta property=\"og:title\" content=\"Avulso Inicial - PL 2947\/2025 - C\u00e2mara - Legislapp\" \/>\n<meta property=\"og:description\" content=\"Avulso Inicial &#8211; Autoria de Tal\u00edria Petrone PROJETO DE LEI N\u00ba , DE 2025 (Da Sra. TAL\u00cdRIA PETRONE) Altera a Consolida\u00e7\u00e3o das Leis do Trabalho (CLT), aprovada pelo Decreto-Lei n\u00ba 5.452, de 1\u00ba de maio de 1943, para atribuir \u00e0 Comiss\u00e3o Interna de Preven\u00e7\u00e3o de Acidentes e de Ass\u00e9dio (Cipa) o dever de promover a [&hellip;]\" \/>\n<meta property=\"og:url\" content=\"https:\/\/www.legislapp.com.br\/index.php\/avulso-inicial-pl-2947-2025-camara\/\" \/>\n<meta property=\"og:site_name\" content=\"Legislapp\" \/>\n<meta property=\"article:publisher\" content=\"https:\/\/www.instagram.com\/legislapp\/\" \/>\n<meta property=\"og:image\" content=\"https:\/\/www.legislapp.com.br\/wp-content\/uploads\/2021\/07\/Logo-Legislapp-1-03-1.png\" \/>\n<meta name=\"twitter:card\" content=\"summary_large_image\" \/>\n<meta name=\"twitter:label1\" content=\"Est. tempo de leitura\" \/>\n\t<meta name=\"twitter:data1\" content=\"5 minutos\" \/>\n<script type=\"application\/ld+json\" class=\"yoast-schema-graph\">{\"@context\":\"https:\/\/schema.org\",\"@graph\":[{\"@type\":\"WebPage\",\"@id\":\"https:\/\/www.legislapp.com.br\/index.php\/avulso-inicial-pl-2947-2025-camara\/\",\"url\":\"https:\/\/www.legislapp.com.br\/index.php\/avulso-inicial-pl-2947-2025-camara\/\",\"name\":\"Avulso Inicial - PL 2947\/2025 - C\u00e2mara - Legislapp\",\"isPartOf\":{\"@id\":\"https:\/\/www.legislapp.com.br\/#website\"},\"primaryImageOfPage\":{\"@id\":\"https:\/\/www.legislapp.com.br\/index.php\/avulso-inicial-pl-2947-2025-camara\/#primaryimage\"},\"image\":{\"@id\":\"https:\/\/www.legislapp.com.br\/index.php\/avulso-inicial-pl-2947-2025-camara\/#primaryimage\"},\"thumbnailUrl\":\"https:\/\/www.legislapp.com.br\/wp-content\/uploads\/2021\/07\/Logo-Legislapp-1-03-1.png\",\"datePublished\":\"2025-12-01T14:06:57+00:00\",\"breadcrumb\":{\"@id\":\"https:\/\/www.legislapp.com.br\/index.php\/avulso-inicial-pl-2947-2025-camara\/#breadcrumb\"},\"inLanguage\":\"pt-BR\",\"potentialAction\":[{\"@type\":\"ReadAction\",\"target\":[\"https:\/\/www.legislapp.com.br\/index.php\/avulso-inicial-pl-2947-2025-camara\/\"]}]},{\"@type\":\"ImageObject\",\"inLanguage\":\"pt-BR\",\"@id\":\"https:\/\/www.legislapp.com.br\/index.php\/avulso-inicial-pl-2947-2025-camara\/#primaryimage\",\"url\":\"https:\/\/www.legislapp.com.br\/wp-content\/uploads\/2021\/07\/Logo-Legislapp-1-03-1.png\",\"contentUrl\":\"https:\/\/www.legislapp.com.br\/wp-content\/uploads\/2021\/07\/Logo-Legislapp-1-03-1.png\",\"width\":2679,\"height\":2697},{\"@type\":\"BreadcrumbList\",\"@id\":\"https:\/\/www.legislapp.com.br\/index.php\/avulso-inicial-pl-2947-2025-camara\/#breadcrumb\",\"itemListElement\":[{\"@type\":\"ListItem\",\"position\":1,\"name\":\"In\u00edcio\",\"item\":\"https:\/\/www.legislapp.com.br\/\"},{\"@type\":\"ListItem\",\"position\":2,\"name\":\"Avulso Inicial &#8211; PL 2947\/2025 &#8211; C\u00e2mara\"}]},{\"@type\":\"WebSite\",\"@id\":\"https:\/\/www.legislapp.com.br\/#website\",\"url\":\"https:\/\/www.legislapp.com.br\/\",\"name\":\"Legislapp\",\"description\":\"Intelig\u00eancia governamental em tempo real\",\"publisher\":{\"@id\":\"https:\/\/www.legislapp.com.br\/#organization\"},\"potentialAction\":[{\"@type\":\"SearchAction\",\"target\":{\"@type\":\"EntryPoint\",\"urlTemplate\":\"https:\/\/www.legislapp.com.br\/?s={search_term_string}\"},\"query-input\":{\"@type\":\"PropertyValueSpecification\",\"valueRequired\":true,\"valueName\":\"search_term_string\"}}],\"inLanguage\":\"pt-BR\"},{\"@type\":\"Organization\",\"@id\":\"https:\/\/www.legislapp.com.br\/#organization\",\"name\":\"Legislapp Monitoramento e Intelig\u00eancia Governamental\",\"url\":\"https:\/\/www.legislapp.com.br\/\",\"logo\":{\"@type\":\"ImageObject\",\"inLanguage\":\"pt-BR\",\"@id\":\"https:\/\/www.legislapp.com.br\/#\/schema\/logo\/image\/\",\"url\":\"https:\/\/www.legislapp.com.br\/wp-content\/uploads\/icon.png\",\"contentUrl\":\"https:\/\/www.legislapp.com.br\/wp-content\/uploads\/icon.png\",\"width\":1024,\"height\":1024,\"caption\":\"Legislapp Monitoramento e Intelig\u00eancia Governamental\"},\"image\":{\"@id\":\"https:\/\/www.legislapp.com.br\/#\/schema\/logo\/image\/\"},\"sameAs\":[\"https:\/\/www.instagram.com\/legislapp\/\"]}]}<\/script>\n<!-- \/ Yoast SEO plugin. -->","yoast_head_json":{"title":"Avulso Inicial - PL 2947\/2025 - C\u00e2mara - Legislapp","robots":{"index":"index","follow":"follow","max-snippet":"max-snippet:-1","max-image-preview":"max-image-preview:large","max-video-preview":"max-video-preview:-1"},"canonical":"https:\/\/www.legislapp.com.br\/index.php\/avulso-inicial-pl-2947-2025-camara\/","og_locale":"pt_BR","og_type":"article","og_title":"Avulso Inicial - PL 2947\/2025 - C\u00e2mara - Legislapp","og_description":"Avulso Inicial &#8211; Autoria de Tal\u00edria Petrone PROJETO DE LEI N\u00ba , DE 2025 (Da Sra. TAL\u00cdRIA PETRONE) Altera a Consolida\u00e7\u00e3o das Leis do Trabalho (CLT), aprovada pelo Decreto-Lei n\u00ba 5.452, de 1\u00ba de maio de 1943, para atribuir \u00e0 Comiss\u00e3o Interna de Preven\u00e7\u00e3o de Acidentes e de Ass\u00e9dio (Cipa) o dever de promover a [&hellip;]","og_url":"https:\/\/www.legislapp.com.br\/index.php\/avulso-inicial-pl-2947-2025-camara\/","og_site_name":"Legislapp","article_publisher":"https:\/\/www.instagram.com\/legislapp\/","og_image":[{"url":"https:\/\/www.legislapp.com.br\/wp-content\/uploads\/2021\/07\/Logo-Legislapp-1-03-1.png","type":"","width":"","height":""}],"twitter_card":"summary_large_image","twitter_misc":{"Est. tempo de leitura":"5 minutos"},"schema":{"@context":"https:\/\/schema.org","@graph":[{"@type":"WebPage","@id":"https:\/\/www.legislapp.com.br\/index.php\/avulso-inicial-pl-2947-2025-camara\/","url":"https:\/\/www.legislapp.com.br\/index.php\/avulso-inicial-pl-2947-2025-camara\/","name":"Avulso Inicial - PL 2947\/2025 - C\u00e2mara - Legislapp","isPartOf":{"@id":"https:\/\/www.legislapp.com.br\/#website"},"primaryImageOfPage":{"@id":"https:\/\/www.legislapp.com.br\/index.php\/avulso-inicial-pl-2947-2025-camara\/#primaryimage"},"image":{"@id":"https:\/\/www.legislapp.com.br\/index.php\/avulso-inicial-pl-2947-2025-camara\/#primaryimage"},"thumbnailUrl":"https:\/\/www.legislapp.com.br\/wp-content\/uploads\/2021\/07\/Logo-Legislapp-1-03-1.png","datePublished":"2025-12-01T14:06:57+00:00","breadcrumb":{"@id":"https:\/\/www.legislapp.com.br\/index.php\/avulso-inicial-pl-2947-2025-camara\/#breadcrumb"},"inLanguage":"pt-BR","potentialAction":[{"@type":"ReadAction","target":["https:\/\/www.legislapp.com.br\/index.php\/avulso-inicial-pl-2947-2025-camara\/"]}]},{"@type":"ImageObject","inLanguage":"pt-BR","@id":"https:\/\/www.legislapp.com.br\/index.php\/avulso-inicial-pl-2947-2025-camara\/#primaryimage","url":"https:\/\/www.legislapp.com.br\/wp-content\/uploads\/2021\/07\/Logo-Legislapp-1-03-1.png","contentUrl":"https:\/\/www.legislapp.com.br\/wp-content\/uploads\/2021\/07\/Logo-Legislapp-1-03-1.png","width":2679,"height":2697},{"@type":"BreadcrumbList","@id":"https:\/\/www.legislapp.com.br\/index.php\/avulso-inicial-pl-2947-2025-camara\/#breadcrumb","itemListElement":[{"@type":"ListItem","position":1,"name":"In\u00edcio","item":"https:\/\/www.legislapp.com.br\/"},{"@type":"ListItem","position":2,"name":"Avulso Inicial &#8211; PL 2947\/2025 &#8211; C\u00e2mara"}]},{"@type":"WebSite","@id":"https:\/\/www.legislapp.com.br\/#website","url":"https:\/\/www.legislapp.com.br\/","name":"Legislapp","description":"Intelig\u00eancia governamental em tempo real","publisher":{"@id":"https:\/\/www.legislapp.com.br\/#organization"},"potentialAction":[{"@type":"SearchAction","target":{"@type":"EntryPoint","urlTemplate":"https:\/\/www.legislapp.com.br\/?s={search_term_string}"},"query-input":{"@type":"PropertyValueSpecification","valueRequired":true,"valueName":"search_term_string"}}],"inLanguage":"pt-BR"},{"@type":"Organization","@id":"https:\/\/www.legislapp.com.br\/#organization","name":"Legislapp Monitoramento e Intelig\u00eancia Governamental","url":"https:\/\/www.legislapp.com.br\/","logo":{"@type":"ImageObject","inLanguage":"pt-BR","@id":"https:\/\/www.legislapp.com.br\/#\/schema\/logo\/image\/","url":"https:\/\/www.legislapp.com.br\/wp-content\/uploads\/icon.png","contentUrl":"https:\/\/www.legislapp.com.br\/wp-content\/uploads\/icon.png","width":1024,"height":1024,"caption":"Legislapp Monitoramento e Intelig\u00eancia Governamental"},"image":{"@id":"https:\/\/www.legislapp.com.br\/#\/schema\/logo\/image\/"},"sameAs":["https:\/\/www.instagram.com\/legislapp\/"]}]}},"_links":{"self":[{"href":"https:\/\/www.legislapp.com.br\/index.php\/wp-json\/wp\/v2\/pages\/10224","targetHints":{"allow":["GET"]}}],"collection":[{"href":"https:\/\/www.legislapp.com.br\/index.php\/wp-json\/wp\/v2\/pages"}],"about":[{"href":"https:\/\/www.legislapp.com.br\/index.php\/wp-json\/wp\/v2\/types\/page"}],"author":[{"embeddable":true,"href":"https:\/\/www.legislapp.com.br\/index.php\/wp-json\/wp\/v2\/users\/1"}],"replies":[{"embeddable":true,"href":"https:\/\/www.legislapp.com.br\/index.php\/wp-json\/wp\/v2\/comments?post=10224"}],"version-history":[{"count":0,"href":"https:\/\/www.legislapp.com.br\/index.php\/wp-json\/wp\/v2\/pages\/10224\/revisions"}],"wp:attachment":[{"href":"https:\/\/www.legislapp.com.br\/index.php\/wp-json\/wp\/v2\/media?parent=10224"}],"curies":[{"name":"wp","href":"https:\/\/api.w.org\/{rel}","templated":true}]}}