{"id":10289,"date":"2025-12-01T11:10:26","date_gmt":"2025-12-01T14:10:26","guid":{"rendered":"https:\/\/www.legislapp.com.br\/index.php\/avulso-inicial-pl-3808-2025-camara\/"},"modified":"2025-12-01T11:10:26","modified_gmt":"2025-12-01T14:10:26","slug":"avulso-inicial-pl-3808-2025-camara","status":"publish","type":"page","link":"https:\/\/www.legislapp.com.br\/index.php\/avulso-inicial-pl-3808-2025-camara\/","title":{"rendered":"Avulso Inicial &#8211; PL 3808\/2025 &#8211; C\u00e2mara"},"content":{"rendered":"<h1 style='text-align: center;'>Avulso Inicial &#8211; Autoria de Reimont<\/h3>\n<p><\/p>\n<article>PROJETO DE LEI N\u00ba          , DE 2024<br \/>\n(Do Sr. REIMONT)<br \/>\nDisp\u00f5e sobre a obrigatoriedade de comunica\u00e7\u00e3o,<br \/>\npelos s\u00edndicos dos condom\u00ednios residenciais e<br \/>\ncomerciais, aos \u00f3rg\u00e3os de seguran\u00e7a p\u00fablica<br \/>\nespec\u00edficos, da ocorr\u00eancia de viol\u00eancia<br \/>\ndom\u00e9stica contra mulheres, crian\u00e7as,<br \/>\nadolescentes, pessoas idosas e animais.<br \/>\nO Congresso Nacional decreta:<br \/>\nArt. 1\u00ba Os condom\u00ednios residenciais e comerciais, por meio de seus s\u00edndicos ou<br \/>\nadministradores legalmente constitu\u00eddos, dever\u00e3o comunicar, de forma imediata, \u00e0<br \/>\nDelegacia de Pol\u00edcia Civil ou aos \u00f3rg\u00e3os p\u00fablicos municipais especializados, a<br \/>\nocorr\u00eancia ou a suspeita de viol\u00eancia dom\u00e9stica e familiar contra mulheres, crian\u00e7as,<br \/>\nadolescentes, pessoas idosas e animais, praticada nas unidades aut\u00f4nomas ou nas<br \/>\n\u00e1reas comuns do condom\u00ednio.<br \/>\nPar\u00e1grafo \u00fanico. A comunica\u00e7\u00e3o dever\u00e1 ocorrer:<br \/>\nI \u2013 imediatamente, por telefone ou aplicativo m\u00f3vel, nos casos de viol\u00eancia em<br \/>\nandamento;<br \/>\nII \u2013 por escrito, em meio f\u00edsico ou digital, nas demais situa\u00e7\u00f5es, no prazo m\u00e1ximo de<br \/>\n24 (vinte e quatro) horas ap\u00f3s o conhecimento do fato, contendo, sempre que<br \/>\nposs\u00edvel, informa\u00e7\u00f5es que contribuam para a identifica\u00e7\u00e3o da v\u00edtima e do poss\u00edvel<br \/>\nagressor.<br \/>\nPara verificar a assinatura, acesse https:\/\/infoleg-autenticidade-assinatura.camara.leg.br\/CD252931315700<br \/>\nAssinado eletronicamente pelo(a) Dep. Reimont<br \/>\nApresenta\u00e7\u00e3o: 07\/08\/2025 14:12:10.350 &#8211; Mesa<br \/>\n*CD252931315700* PL n.3808\/2025<br \/>2<br \/>\nArt. 2\u00ba Os condom\u00ednios dever\u00e3o:<br \/>\nI \u2013 afixar, em locais vis\u00edveis das \u00e1reas de uso comum, cartazes, placas ou<br \/>\ncomunicados informando sobre o conte\u00fado desta Lei e incentivando os cond\u00f4minos a<br \/>\ncomunicarem ao s\u00edndico ou administrador a ocorr\u00eancia ou a suspeita de viol\u00eancia;<br \/>\nII \u2013 incluir expressamente em seus regimentos internos a obriga\u00e7\u00e3o de<br \/>\ncomunica\u00e7\u00e3o prevista nesta Lei, bem como o dever dos cond\u00f4minos de informar aos<br \/>\nrespons\u00e1veis pela administra\u00e7\u00e3o condominial quaisquer sinais ou ind\u00edcios de viol\u00eancia.<br \/>\nArt. 3\u00ba O Poder P\u00fablico adotar\u00e1, entre outras, as seguintes diretrizes para a preven\u00e7\u00e3o<br \/>\ne o enfrentamento da viol\u00eancia dom\u00e9stica e familiar contra mulheres, crian\u00e7as,<br \/>\nadolescentes, idosos e animais:<br \/>\nI \u2013 atendimento priorit\u00e1rio e especializado, de forma interdisciplinar e intersetorial,<br \/>\nespecialmente nas \u00e1reas m\u00e9dica, psicol\u00f3gica, jur\u00eddica e de assist\u00eancia social;<br \/>\nII \u2013 incentivo \u00e0 conscientiza\u00e7\u00e3o da sociedade e dos profissionais da rede de<br \/>\natendimento sobre a import\u00e2ncia da den\u00fancia como forma de prevenir e combater a<br \/>\nviol\u00eancia;<br \/>\nIII \u2013 capacita\u00e7\u00e3o continuada dos agentes p\u00fablicos das \u00e1reas de assist\u00eancia social,<br \/>\nsa\u00fade, educa\u00e7\u00e3o, seguran\u00e7a e trabalho, com enfoque nas quest\u00f5es de g\u00eanero, ra\u00e7a e<br \/>\netnia, para garantir um atendimento humanizado;<br \/>\nIV \u2013 promo\u00e7\u00e3o de campanhas educativas e informativas sobre a viol\u00eancia dom\u00e9stica e<br \/>\nfamiliar, com ampla divulga\u00e7\u00e3o da Lei Maria da Penha e de demais legisla\u00e7\u00f5es<br \/>\ncorrelatas;<br \/>\nV \u2013 divulga\u00e7\u00e3o permanente dos canais de den\u00fancia e dos \u00f3rg\u00e3os de atendimento \u00e0s<br \/>\nv\u00edtimas, em especial o Disque 180.<br \/>\nArt. 4\u00ba O descumprimento do disposto nesta Lei sujeitar\u00e1 o condom\u00ednio infrator \u00e0s<br \/>\nseguintes penalidades administrativas, observados o contradit\u00f3rio e a ampla defesa:<br \/>\nI \u2013 advert\u00eancia, na primeira autua\u00e7\u00e3o;<br \/>\nII \u2013 multa, a partir da segunda autua\u00e7\u00e3o, no valor de R$ 1.000,00 (mil reais).<br \/>\nPar\u00e1grafo \u00fanico. A multa prevista no inciso II deste artigo ser\u00e1 fixada em  10<br \/>\n(dez) vezes o valor estabelecido na conven\u00e7\u00e3o ou regimento condominial,<br \/>\ndevendo o montante arrecadado ser destinado a fundos e programas de<br \/>\nprote\u00e7\u00e3o aos direitos da mulher, da crian\u00e7a, do adolescente, da pessoa idosa ou<br \/>\ndos animais.<br \/>\nPara verificar a assinatura, acesse https:\/\/infoleg-autenticidade-assinatura.camara.leg.br\/CD252931315700<br \/>\nAssinado eletronicamente pelo(a) Dep. Reimont<br \/>\nApresenta\u00e7\u00e3o: 07\/08\/2025 14:12:10.350 &#8211; Mesa<br \/>\n*CD252931315700* PL n.3808\/2025<br \/>3<br \/>\nArt. 5\u00ba Esta Lei entra em vigor na data de sua publica\u00e7\u00e3o.<br \/>\nJUSTIFICATIVA<br \/>\nO projeto, ora em tela, pretende contribuir para a preven\u00e7\u00e3o e o<br \/>\nenfrentamento de casos de viol\u00eancia e viola\u00e7\u00e3o de direitos de mulheres, crian\u00e7as,<br \/>\nadolescentes, pessoas idosas e animais, segmentos que v\u00eam sofrendo com o<br \/>\naumento progressivo e preocupante desses crimes no Brasil.<br \/>\nDados da Comiss\u00e3o Econ\u00f4mica para a Am\u00e9rica Latina e o Caribe<br \/>\n(CEPAL) indicam que, em 2023, mais de 3.800 mulheres foram v\u00edtimas de feminic\u00eddio<br \/>\nna regi\u00e3o, o que corresponde a uma m\u00e9dia de 11 casos por dia.<br \/>\nParalelamente, estudos nacionais apontam que at\u00e9 71% dos<br \/>\nagressores de animais tamb\u00e9m cometem viol\u00eancia contra pessoas, evidenciando a<br \/>\nconex\u00e3o direta entre os maus-tratos a animais e a viol\u00eancia dom\u00e9stica. Ao tornar o<br \/>\nrepresentante legal do condom\u00ednio respons\u00e1vel por comunicar \u00e0s autoridades casos<br \/>\nde viol\u00eancia ocorridos nas depend\u00eancias condominiais, o projeto atribui a ele a<br \/>\nresponsabilidade compat\u00edvel com seu papel de zelar pela ordem e pelo bem-estar dos<br \/>\ncond\u00f4minos.<br \/>\nTal medida reconhece o potencial dos condom\u00ednios como espa\u00e7os<br \/>\nestrat\u00e9gicos para a detec\u00e7\u00e3o precoce de situa\u00e7\u00f5es de risco, promovendo uma cultura<br \/>\nde corresponsabilidade na prote\u00e7\u00e3o das v\u00edtimas.<br \/>\nFaz-se necess\u00e1rio, portanto, institucionalizar uma diretriz nacional<br \/>\nque integre as pol\u00edticas de enfrentamento \u00e0 viol\u00eancia dom\u00e9stica e familiar,<br \/>\ncontemplando n\u00e3o apenas mulheres e demais grupos vulner\u00e1veis, mas tamb\u00e9m os<br \/>\nanimais, muitas vezes utilizados como instrumentos de intimida\u00e7\u00e3o ou controle das<br \/>\nv\u00edtimas.<br \/>\nA inclus\u00e3o dessa perspectiva amplia a efic\u00e1cia das a\u00e7\u00f5es preventivas<br \/>\ne oferece respostas mais completas a um problema multifacetado. Por se tratar de<br \/>\numa quest\u00e3o que envolve diretamente o tecido social e exige atua\u00e7\u00e3o proativa do<br \/>\nPoder P\u00fablico, espero contar com o apoio dos nobres membros desta Casa para a<br \/>\naprova\u00e7\u00e3o do presente Projeto de Lei, contribuindo assim para a consolida\u00e7\u00e3o de uma<br \/>\npol\u00edtica de prote\u00e7\u00e3o integral e articulada.<\/p>\n<p>Para verificar a assinatura, acesse https:\/\/infoleg-autenticidade-assinatura.camara.leg.br\/CD252931315700<br \/>\nAssinado eletronicamente pelo(a) Dep. Reimont<br \/>\nApresenta\u00e7\u00e3o: 07\/08\/2025 14:12:10.350 &#8211; Mesa<br \/>\n*CD252931315700* PL n.3808\/2025<br \/>4<br \/>\n                           Diante do exposto, solicito o apoio dos nobres parlamentares<br \/>\npara a aprova\u00e7\u00e3o deste relevante projeto de lei, que visa garantir maior<br \/>\nprote\u00e7\u00e3o \u00e0s mulheres, crian\u00e7as, adolescentes, pessoas idosas e animais.<br \/>\nSala das Sess\u00f5es, em        de                     de 2025.<br \/>\nDeputado REIMONT<br \/>\nPara verificar a assinatura, acesse https:\/\/infoleg-autenticidade-assinatura.camara.leg.br\/CD252931315700<br \/>\nAssinado eletronicamente pelo(a) Dep. Reimont<br \/>\nApresenta\u00e7\u00e3o: 07\/08\/2025 14:12:10.350 &#8211; Mesa<br \/>\n*CD252931315700* PL n.3808\/2025<\/article>\n<p><a href='https:\/\/app.legislapp.com.br\/#\/busca?termo=Obrigatoriedade'>Obrigatoriedade<\/a>, <a href='https:\/\/app.legislapp.com.br\/#\/busca?termo=Comunica\u00e7\u00e3o'>Comunica\u00e7\u00e3o<\/a>, <a href='https:\/\/app.legislapp.com.br\/#\/busca?termo=Ocorr\u00eancia policial'>Ocorr\u00eancia policial<\/a>, <a href='https:\/\/app.legislapp.com.br\/#\/busca?termo=S\u00edndico'>S\u00edndico<\/a>, <a href='https:\/\/app.legislapp.com.br\/#\/busca?termo=S\u00edndico administrador'>S\u00edndico administrador<\/a>, <a href='https:\/\/app.legislapp.com.br\/#\/busca?termo=\u00d3rg\u00e3o de seguran\u00e7a p\u00fablica'>\u00d3rg\u00e3o de seguran\u00e7a p\u00fablica<\/a>, <a href='https:\/\/app.legislapp.com.br\/#\/busca?termo=Viol\u00eancia dom\u00e9stica'>Viol\u00eancia dom\u00e9stica<\/a>, <a href='https:\/\/app.legislapp.com.br\/#\/busca?termo=Viol\u00eancia contra a mulher'>Viol\u00eancia contra a mulher<\/a>, <a href='https:\/\/app.legislapp.com.br\/#\/busca?termo=Crian\u00e7a'>Crian\u00e7a<\/a>, <a href='https:\/\/app.legislapp.com.br\/#\/busca?termo=Adolescente'>Adolescente<\/a>, <a href='https:\/\/app.legislapp.com.br\/#\/busca?termo=Idoso'>Idoso<\/a>, <a href='https:\/\/app.legislapp.com.br\/#\/busca?termo=Animal dom\u00e9stico.'>Animal dom\u00e9stico.<\/a><\/p>\n<div style=\"text-align: center\">\n      <img decoding=\"async\" style=\"width: 14%;\" src=\"https:\/\/www.legislapp.com.br\/wp-content\/uploads\/2021\/07\/Logo-Legislapp-1-03-1.png\"><br \/>\n      <\/p>\n<div style=\"margin-bottom: 20px;\" class=\"et_pb_button_module_wrapper et_pb_button_5_tb_body_wrapper et_pb_button_alignment_center et_pb_module \">\n         <a class=\"et_pb_button et_pb_button_5_tb_body et_hover_enabled et_pb_bg_layout_dark\" style=\"width: 50%;background-color: black;\" href=\"https:\/\/app.legislapp.com.br\" target=\"_blank\" rel=\"noopener\">Visualizar completo na nossa plataforma (30 dias gr\u00e1tis)<\/a><\/p><\/div>\n<p>      <a href=\"https:\/\/play.google.com\/store\/apps\/details?id=br.com.legislapp\"><img decoding=\"async\" style=\"width: 15%; min-width: 130px;\" src=\"https:\/\/www.legislapp.com.br\/wp-content\/uploads\/google-play.png\"><\/a><br \/>\n      <a href=\"https:\/\/apps.apple.com\/us\/app\/legislapp\/id1568929859\"><img decoding=\"async\" style=\"width: 15%; min-width: 130px\" src=\"https:\/\/www.legislapp.com.br\/wp-content\/uploads\/apple-store.png\"><\/a>\n   <\/div>\n","protected":false},"excerpt":{"rendered":"<p>Avulso Inicial &#8211; Autoria de Reimont PROJETO DE LEI N\u00ba , DE 2024 (Do Sr. REIMONT) Disp\u00f5e sobre a obrigatoriedade de comunica\u00e7\u00e3o, pelos s\u00edndicos dos condom\u00ednios residenciais e comerciais, aos \u00f3rg\u00e3os de seguran\u00e7a p\u00fablica espec\u00edficos, da ocorr\u00eancia de viol\u00eancia dom\u00e9stica contra mulheres, crian\u00e7as, adolescentes, pessoas idosas e animais. O Congresso Nacional decreta: Art. 1\u00ba Os [&hellip;]<\/p>\n","protected":false},"author":1,"featured_media":0,"parent":0,"menu_order":0,"comment_status":"closed","ping_status":"closed","template":"page-template-blank.php","meta":{"_et_pb_use_builder":"","_et_pb_old_content":"","_et_gb_content_width":"1080","ngg_post_thumbnail":0,"footnotes":""},"class_list":["post-10289","page","type-page","status-publish","hentry"],"yoast_head":"<!-- This site is optimized with the Yoast SEO plugin v24.4 - https:\/\/yoast.com\/wordpress\/plugins\/seo\/ -->\n<title>Avulso Inicial - PL 3808\/2025 - C\u00e2mara - Legislapp<\/title>\n<meta name=\"robots\" content=\"index, follow, max-snippet:-1, max-image-preview:large, max-video-preview:-1\" \/>\n<link rel=\"canonical\" href=\"https:\/\/www.legislapp.com.br\/index.php\/avulso-inicial-pl-3808-2025-camara\/\" \/>\n<meta property=\"og:locale\" content=\"pt_BR\" \/>\n<meta property=\"og:type\" content=\"article\" \/>\n<meta property=\"og:title\" content=\"Avulso Inicial - PL 3808\/2025 - C\u00e2mara - Legislapp\" \/>\n<meta property=\"og:description\" content=\"Avulso Inicial &#8211; Autoria de Reimont PROJETO DE LEI N\u00ba , DE 2024 (Do Sr. REIMONT) Disp\u00f5e sobre a obrigatoriedade de comunica\u00e7\u00e3o, pelos s\u00edndicos dos condom\u00ednios residenciais e comerciais, aos \u00f3rg\u00e3os de seguran\u00e7a p\u00fablica espec\u00edficos, da ocorr\u00eancia de viol\u00eancia dom\u00e9stica contra mulheres, crian\u00e7as, adolescentes, pessoas idosas e animais. O Congresso Nacional decreta: Art. 1\u00ba Os [&hellip;]\" \/>\n<meta property=\"og:url\" content=\"https:\/\/www.legislapp.com.br\/index.php\/avulso-inicial-pl-3808-2025-camara\/\" \/>\n<meta property=\"og:site_name\" content=\"Legislapp\" \/>\n<meta property=\"article:publisher\" content=\"https:\/\/www.instagram.com\/legislapp\/\" \/>\n<meta property=\"og:image\" content=\"https:\/\/www.legislapp.com.br\/wp-content\/uploads\/2021\/07\/Logo-Legislapp-1-03-1.png\" \/>\n<meta name=\"twitter:card\" content=\"summary_large_image\" \/>\n<meta name=\"twitter:label1\" content=\"Est. tempo de leitura\" \/>\n\t<meta name=\"twitter:data1\" content=\"5 minutos\" \/>\n<script type=\"application\/ld+json\" class=\"yoast-schema-graph\">{\"@context\":\"https:\/\/schema.org\",\"@graph\":[{\"@type\":\"WebPage\",\"@id\":\"https:\/\/www.legislapp.com.br\/index.php\/avulso-inicial-pl-3808-2025-camara\/\",\"url\":\"https:\/\/www.legislapp.com.br\/index.php\/avulso-inicial-pl-3808-2025-camara\/\",\"name\":\"Avulso Inicial - PL 3808\/2025 - C\u00e2mara - Legislapp\",\"isPartOf\":{\"@id\":\"https:\/\/www.legislapp.com.br\/#website\"},\"primaryImageOfPage\":{\"@id\":\"https:\/\/www.legislapp.com.br\/index.php\/avulso-inicial-pl-3808-2025-camara\/#primaryimage\"},\"image\":{\"@id\":\"https:\/\/www.legislapp.com.br\/index.php\/avulso-inicial-pl-3808-2025-camara\/#primaryimage\"},\"thumbnailUrl\":\"https:\/\/www.legislapp.com.br\/wp-content\/uploads\/2021\/07\/Logo-Legislapp-1-03-1.png\",\"datePublished\":\"2025-12-01T14:10:26+00:00\",\"breadcrumb\":{\"@id\":\"https:\/\/www.legislapp.com.br\/index.php\/avulso-inicial-pl-3808-2025-camara\/#breadcrumb\"},\"inLanguage\":\"pt-BR\",\"potentialAction\":[{\"@type\":\"ReadAction\",\"target\":[\"https:\/\/www.legislapp.com.br\/index.php\/avulso-inicial-pl-3808-2025-camara\/\"]}]},{\"@type\":\"ImageObject\",\"inLanguage\":\"pt-BR\",\"@id\":\"https:\/\/www.legislapp.com.br\/index.php\/avulso-inicial-pl-3808-2025-camara\/#primaryimage\",\"url\":\"https:\/\/www.legislapp.com.br\/wp-content\/uploads\/2021\/07\/Logo-Legislapp-1-03-1.png\",\"contentUrl\":\"https:\/\/www.legislapp.com.br\/wp-content\/uploads\/2021\/07\/Logo-Legislapp-1-03-1.png\",\"width\":2679,\"height\":2697},{\"@type\":\"BreadcrumbList\",\"@id\":\"https:\/\/www.legislapp.com.br\/index.php\/avulso-inicial-pl-3808-2025-camara\/#breadcrumb\",\"itemListElement\":[{\"@type\":\"ListItem\",\"position\":1,\"name\":\"In\u00edcio\",\"item\":\"https:\/\/www.legislapp.com.br\/\"},{\"@type\":\"ListItem\",\"position\":2,\"name\":\"Avulso Inicial &#8211; PL 3808\/2025 &#8211; C\u00e2mara\"}]},{\"@type\":\"WebSite\",\"@id\":\"https:\/\/www.legislapp.com.br\/#website\",\"url\":\"https:\/\/www.legislapp.com.br\/\",\"name\":\"Legislapp\",\"description\":\"Intelig\u00eancia governamental em tempo real\",\"publisher\":{\"@id\":\"https:\/\/www.legislapp.com.br\/#organization\"},\"potentialAction\":[{\"@type\":\"SearchAction\",\"target\":{\"@type\":\"EntryPoint\",\"urlTemplate\":\"https:\/\/www.legislapp.com.br\/?s={search_term_string}\"},\"query-input\":{\"@type\":\"PropertyValueSpecification\",\"valueRequired\":true,\"valueName\":\"search_term_string\"}}],\"inLanguage\":\"pt-BR\"},{\"@type\":\"Organization\",\"@id\":\"https:\/\/www.legislapp.com.br\/#organization\",\"name\":\"Legislapp Monitoramento e Intelig\u00eancia Governamental\",\"url\":\"https:\/\/www.legislapp.com.br\/\",\"logo\":{\"@type\":\"ImageObject\",\"inLanguage\":\"pt-BR\",\"@id\":\"https:\/\/www.legislapp.com.br\/#\/schema\/logo\/image\/\",\"url\":\"https:\/\/www.legislapp.com.br\/wp-content\/uploads\/icon.png\",\"contentUrl\":\"https:\/\/www.legislapp.com.br\/wp-content\/uploads\/icon.png\",\"width\":1024,\"height\":1024,\"caption\":\"Legislapp Monitoramento e Intelig\u00eancia Governamental\"},\"image\":{\"@id\":\"https:\/\/www.legislapp.com.br\/#\/schema\/logo\/image\/\"},\"sameAs\":[\"https:\/\/www.instagram.com\/legislapp\/\"]}]}<\/script>\n<!-- \/ Yoast SEO plugin. -->","yoast_head_json":{"title":"Avulso Inicial - PL 3808\/2025 - C\u00e2mara - Legislapp","robots":{"index":"index","follow":"follow","max-snippet":"max-snippet:-1","max-image-preview":"max-image-preview:large","max-video-preview":"max-video-preview:-1"},"canonical":"https:\/\/www.legislapp.com.br\/index.php\/avulso-inicial-pl-3808-2025-camara\/","og_locale":"pt_BR","og_type":"article","og_title":"Avulso Inicial - PL 3808\/2025 - C\u00e2mara - Legislapp","og_description":"Avulso Inicial &#8211; Autoria de Reimont PROJETO DE LEI N\u00ba , DE 2024 (Do Sr. REIMONT) Disp\u00f5e sobre a obrigatoriedade de comunica\u00e7\u00e3o, pelos s\u00edndicos dos condom\u00ednios residenciais e comerciais, aos \u00f3rg\u00e3os de seguran\u00e7a p\u00fablica espec\u00edficos, da ocorr\u00eancia de viol\u00eancia dom\u00e9stica contra mulheres, crian\u00e7as, adolescentes, pessoas idosas e animais. O Congresso Nacional decreta: Art. 1\u00ba Os [&hellip;]","og_url":"https:\/\/www.legislapp.com.br\/index.php\/avulso-inicial-pl-3808-2025-camara\/","og_site_name":"Legislapp","article_publisher":"https:\/\/www.instagram.com\/legislapp\/","og_image":[{"url":"https:\/\/www.legislapp.com.br\/wp-content\/uploads\/2021\/07\/Logo-Legislapp-1-03-1.png","type":"","width":"","height":""}],"twitter_card":"summary_large_image","twitter_misc":{"Est. tempo de leitura":"5 minutos"},"schema":{"@context":"https:\/\/schema.org","@graph":[{"@type":"WebPage","@id":"https:\/\/www.legislapp.com.br\/index.php\/avulso-inicial-pl-3808-2025-camara\/","url":"https:\/\/www.legislapp.com.br\/index.php\/avulso-inicial-pl-3808-2025-camara\/","name":"Avulso Inicial - PL 3808\/2025 - C\u00e2mara - Legislapp","isPartOf":{"@id":"https:\/\/www.legislapp.com.br\/#website"},"primaryImageOfPage":{"@id":"https:\/\/www.legislapp.com.br\/index.php\/avulso-inicial-pl-3808-2025-camara\/#primaryimage"},"image":{"@id":"https:\/\/www.legislapp.com.br\/index.php\/avulso-inicial-pl-3808-2025-camara\/#primaryimage"},"thumbnailUrl":"https:\/\/www.legislapp.com.br\/wp-content\/uploads\/2021\/07\/Logo-Legislapp-1-03-1.png","datePublished":"2025-12-01T14:10:26+00:00","breadcrumb":{"@id":"https:\/\/www.legislapp.com.br\/index.php\/avulso-inicial-pl-3808-2025-camara\/#breadcrumb"},"inLanguage":"pt-BR","potentialAction":[{"@type":"ReadAction","target":["https:\/\/www.legislapp.com.br\/index.php\/avulso-inicial-pl-3808-2025-camara\/"]}]},{"@type":"ImageObject","inLanguage":"pt-BR","@id":"https:\/\/www.legislapp.com.br\/index.php\/avulso-inicial-pl-3808-2025-camara\/#primaryimage","url":"https:\/\/www.legislapp.com.br\/wp-content\/uploads\/2021\/07\/Logo-Legislapp-1-03-1.png","contentUrl":"https:\/\/www.legislapp.com.br\/wp-content\/uploads\/2021\/07\/Logo-Legislapp-1-03-1.png","width":2679,"height":2697},{"@type":"BreadcrumbList","@id":"https:\/\/www.legislapp.com.br\/index.php\/avulso-inicial-pl-3808-2025-camara\/#breadcrumb","itemListElement":[{"@type":"ListItem","position":1,"name":"In\u00edcio","item":"https:\/\/www.legislapp.com.br\/"},{"@type":"ListItem","position":2,"name":"Avulso Inicial &#8211; PL 3808\/2025 &#8211; C\u00e2mara"}]},{"@type":"WebSite","@id":"https:\/\/www.legislapp.com.br\/#website","url":"https:\/\/www.legislapp.com.br\/","name":"Legislapp","description":"Intelig\u00eancia governamental em tempo real","publisher":{"@id":"https:\/\/www.legislapp.com.br\/#organization"},"potentialAction":[{"@type":"SearchAction","target":{"@type":"EntryPoint","urlTemplate":"https:\/\/www.legislapp.com.br\/?s={search_term_string}"},"query-input":{"@type":"PropertyValueSpecification","valueRequired":true,"valueName":"search_term_string"}}],"inLanguage":"pt-BR"},{"@type":"Organization","@id":"https:\/\/www.legislapp.com.br\/#organization","name":"Legislapp Monitoramento e Intelig\u00eancia Governamental","url":"https:\/\/www.legislapp.com.br\/","logo":{"@type":"ImageObject","inLanguage":"pt-BR","@id":"https:\/\/www.legislapp.com.br\/#\/schema\/logo\/image\/","url":"https:\/\/www.legislapp.com.br\/wp-content\/uploads\/icon.png","contentUrl":"https:\/\/www.legislapp.com.br\/wp-content\/uploads\/icon.png","width":1024,"height":1024,"caption":"Legislapp Monitoramento e Intelig\u00eancia Governamental"},"image":{"@id":"https:\/\/www.legislapp.com.br\/#\/schema\/logo\/image\/"},"sameAs":["https:\/\/www.instagram.com\/legislapp\/"]}]}},"_links":{"self":[{"href":"https:\/\/www.legislapp.com.br\/index.php\/wp-json\/wp\/v2\/pages\/10289","targetHints":{"allow":["GET"]}}],"collection":[{"href":"https:\/\/www.legislapp.com.br\/index.php\/wp-json\/wp\/v2\/pages"}],"about":[{"href":"https:\/\/www.legislapp.com.br\/index.php\/wp-json\/wp\/v2\/types\/page"}],"author":[{"embeddable":true,"href":"https:\/\/www.legislapp.com.br\/index.php\/wp-json\/wp\/v2\/users\/1"}],"replies":[{"embeddable":true,"href":"https:\/\/www.legislapp.com.br\/index.php\/wp-json\/wp\/v2\/comments?post=10289"}],"version-history":[{"count":0,"href":"https:\/\/www.legislapp.com.br\/index.php\/wp-json\/wp\/v2\/pages\/10289\/revisions"}],"wp:attachment":[{"href":"https:\/\/www.legislapp.com.br\/index.php\/wp-json\/wp\/v2\/media?parent=10289"}],"curies":[{"name":"wp","href":"https:\/\/api.w.org\/{rel}","templated":true}]}}