{"id":10303,"date":"2025-12-01T11:11:19","date_gmt":"2025-12-01T14:11:19","guid":{"rendered":"https:\/\/www.legislapp.com.br\/index.php\/avulso-inicial-pl-5322-2025-camara\/"},"modified":"2025-12-01T11:11:19","modified_gmt":"2025-12-01T14:11:19","slug":"avulso-inicial-pl-5322-2025-camara","status":"publish","type":"page","link":"https:\/\/www.legislapp.com.br\/index.php\/avulso-inicial-pl-5322-2025-camara\/","title":{"rendered":"Avulso Inicial &#8211; PL 5322\/2025 &#8211; C\u00e2mara"},"content":{"rendered":"<h1 style='text-align: center;'>Avulso Inicial &#8211; Autoria de Rodrigo Gambale<\/h3>\n<p><\/p>\n<article>C\u00c2MARA DOS DEPUTADOS<br \/>\nPROJETO DE LEI N\u00ba     , DE 2025<br \/>\n(Do Sr. Rodrigo Gambale)<br \/>\nInstitui o Sistema Nacional de Rastreabilidade de<br \/>\nBebidas Alco\u00f3licas \u2013 SINARBA, disciplina a<br \/>\ndestina\u00e7\u00e3o e inutiliza\u00e7\u00e3o de garrafas de vidro, e<br \/>\ndisp\u00f5e sobre medidas de preven\u00e7\u00e3o \u00e0 falsifica\u00e7\u00e3o<br \/>\ne \u00e0 intoxica\u00e7\u00e3o por bebidas adulteradas.<br \/>\nO Congresso Nacional decreta:<br \/>\nArt. 1\u00ba Esta Lei institui o Sistema Nacional de Rastreabilidade de Bebidas<br \/>\nAlco\u00f3licas \u2013 SINARBA, com o objetivo de:<br \/>\nI \u2013 Prevenir a falsifica\u00e7\u00e3o e adultera\u00e7\u00e3o de bebidas alco\u00f3licas;<br \/>\nII \u2013 Proteger a sa\u00fade p\u00fablica e o consumidor contra produtos nocivos;<br \/>\nIII \u2013 Assegurar o controle da cadeia produtiva e comercial de bebidas alco\u00f3licas;<br \/>\nIV \u2013 Promover a destina\u00e7\u00e3o ambientalmente adequada das garrafas de vidro e<br \/>\nsua inutiliza\u00e7\u00e3o segura, em conformidade com a Lei n\u00ba 12.305, de 2 de agosto<br \/>\nde 2010.<br \/>\nArt. 2\u00ba O SINARBA ser\u00e1 administrado em regime de coopera\u00e7\u00e3o entre o<br \/>\nMinist\u00e9rio da Fazenda, o Minist\u00e9rio da Sa\u00fade, o Minist\u00e9rio do Meio Ambiente e<br \/>\nMudan\u00e7a do Clima, e os \u00f3rg\u00e3os de seguran\u00e7a p\u00fablica da Uni\u00e3o, dos Estados e do<br \/>\nDistrito Federal.<br \/>\nArt. 3\u00ba Fica criado o Sistema Nacional de Rastreabilidade de Bebidas Alco\u00f3licas<br \/>\n\u2013 SINARBA, de natureza digital, integrado e obrigat\u00f3rio para todos os agentes da<br \/>\ncadeia de produ\u00e7\u00e3o, importa\u00e7\u00e3o, distribui\u00e7\u00e3o, comercializa\u00e7\u00e3o e inutiliza\u00e7\u00e3o de bebidas<br \/>\nalco\u00f3licas.<br \/>\n1<br \/>\nPara verificar a assinatura, acesse https:\/\/infoleg-autenticidade-assinatura.camara.leg.br\/CD252587651600<br \/>\nAssinado eletronicamente pelo(a) Dep. Rodrigo Gambale<br \/>\nApresenta\u00e7\u00e3o: 21\/10\/2025 17:53:34.927 &#8211; Mesa<br \/>\n*CD252587651600* PL n.5322\/2025<br \/>C\u00c2MARA DOS DEPUTADOS<br \/>\nArt. 4\u00ba O SINARBA ser\u00e1 baseado nos seguintes instrumentos:<br \/>\nI \u2013 C\u00f3digo \u00fanico e inviol\u00e1vel em cada garrafa de bebida alco\u00f3lica, na forma de<br \/>\nselo fiscal digital com QR Code ou DataMatrix, contendo informa\u00e7\u00f5es criptografadas<br \/>\nsobre fabricante, lote, data de produ\u00e7\u00e3o, volume e tributos recolhidos;<br \/>\nII \u2013 Plataforma nacional unificada para registro e acompanhamento eletr\u00f4nico de<br \/>\ntodas as movimenta\u00e7\u00f5es da garrafa, desde a produ\u00e7\u00e3o at\u00e9 a inutiliza\u00e7\u00e3o;<br \/>\nIII \u2013 Integra\u00e7\u00e3o em tempo real entre o SINARBA e os sistemas da Receita<br \/>\nFederal, da Anvisa e dos \u00f3rg\u00e3os estaduais de vigil\u00e2ncia sanit\u00e1ria;<br \/>\nIV \u2013 Aplicativo p\u00fablico de verifica\u00e7\u00e3o, gratuito, que permita ao consumidor<br \/>\nverificar a autenticidade da bebida e denunciar suspeitas de falsifica\u00e7\u00e3o;<br \/>\nV \u2013 Banco de dados federal com rastreamento completo de produ\u00e7\u00e3o,<br \/>\ntransporte, revenda e destina\u00e7\u00e3o final.<br \/>\nArt. 5\u00ba O registro no SINARBA ser\u00e1 obrigat\u00f3rio em todas as etapas da cadeia:<br \/>\nI \u2013 Os fabricantes e importadores dever\u00e3o cadastrar cada lote produzido ou<br \/>\nimportado;<br \/>\nII \u2013 Os distribuidores dever\u00e3o registrar a entrada, movimenta\u00e7\u00e3o e sa\u00edda de cada<br \/>\nlote;<br \/>\nIII \u2013 Os comerciantes varejistas e atacadistas dever\u00e3o registrar a entrada e a<br \/>\nbaixa de cada garrafa vendida;<br \/>\nIV \u2013 Os pontos de coleta e unidades de inutiliza\u00e7\u00e3o dever\u00e3o registrar o<br \/>\nrecebimento e o m\u00e9todo de inutiliza\u00e7\u00e3o de cada garrafa de vidro.<br \/>\nArt. 6\u00ba A aus\u00eancia de registro ou inconsist\u00eancia de dados no SINARBA<br \/>\npresumir\u00e1 a irregularidade da origem do produto, sujeitando o infrator \u00e0s penalidades<br \/>\nprevistas nesta Lei e na legisla\u00e7\u00e3o tribut\u00e1ria e sanit\u00e1ria.<br \/>\n2<br \/>\nPara verificar a assinatura, acesse https:\/\/infoleg-autenticidade-assinatura.camara.leg.br\/CD252587651600<br \/>\nAssinado eletronicamente pelo(a) Dep. Rodrigo Gambale<br \/>\nApresenta\u00e7\u00e3o: 21\/10\/2025 17:53:34.927 &#8211; Mesa<br \/>\n*CD252587651600* PL n.5322\/2025<br \/>C\u00c2MARA DOS DEPUTADOS<br \/>\nArt. 7\u00ba O SINARBA dever\u00e1 permitir o cruzamento automatizado de informa\u00e7\u00f5es,<br \/>\na gera\u00e7\u00e3o de relat\u00f3rios de conformidade e alertas para ind\u00edcios de falsifica\u00e7\u00e3o ou<br \/>\nreenchimento ilegal.<br \/>\nArt. 8\u00ba O Poder Executivo regulamentar\u00e1 o funcionamento t\u00e9cnico do SINARBA,<br \/>\nobservando:<br \/>\nI \u2013 Os padr\u00f5es de interoperabilidade e seguran\u00e7a;<br \/>\nII \u2013 O uso de criptografia e autentica\u00e7\u00e3o digital para evitar fraudes;<br \/>\nIII \u2013 A compatibilidade com sistemas estaduais de fiscaliza\u00e7\u00e3o tribut\u00e1ria;<br \/>\nIV \u2013 A prote\u00e7\u00e3o dos dados pessoais nos termos da Lei n\u00ba 13.709, de 2018 (Lei<br \/>\nGeral de Prote\u00e7\u00e3o de Dados).<br \/>\nArt. 9\u00ba Os comerciantes e distribuidores dever\u00e3o garantir a inutiliza\u00e7\u00e3o f\u00edsica das<br \/>\ngarrafas de vidro ap\u00f3s o consumo, por meio de quebra controlada, perfura\u00e7\u00e3o, marca<br \/>\nindel\u00e9vel ou outro m\u00e9todo regulamentado, de modo a impedir o reuso clandestino.<br \/>\nArt. 10. A inutiliza\u00e7\u00e3o ou destina\u00e7\u00e3o dever\u00e1 ser registrada no SINARBA,<br \/>\nvinculando o c\u00f3digo \u00fanico da garrafa ao respectivo registro de descarte.<br \/>\nArt. 11. O Poder Executivo poder\u00e1 autorizar a cria\u00e7\u00e3o de pontos de entrega<br \/>\nvolunt\u00e1ria e unidades de reciclagem conveniadas, devidamente licenciadas e<br \/>\nconectadas ao SINARBA.<br \/>\nArt. 12. Constituem infra\u00e7\u00f5es administrativas, sem preju\u00edzo das san\u00e7\u00f5es civis e<br \/>\npenais cab\u00edveis:<br \/>\nI \u2013 Deixar de registrar, total ou parcialmente, a produ\u00e7\u00e3o, comercializa\u00e7\u00e3o ou<br \/>\ninutiliza\u00e7\u00e3o das garrafas no SINARBA;<br \/>\n3<br \/>\nPara verificar a assinatura, acesse https:\/\/infoleg-autenticidade-assinatura.camara.leg.br\/CD252587651600<br \/>\nAssinado eletronicamente pelo(a) Dep. Rodrigo Gambale<br \/>\nApresenta\u00e7\u00e3o: 21\/10\/2025 17:53:34.927 &#8211; Mesa<br \/>\n*CD252587651600* PL n.5322\/2025<br \/>C\u00c2MARA DOS DEPUTADOS<br \/>\nII \u2013 Comercializar bebidas alco\u00f3licas com c\u00f3digo duplicado, ausente, adulterado<br \/>\nou ileg\u00edvel;<br \/>\nIII \u2013 Descumprir obriga\u00e7\u00f5es de destina\u00e7\u00e3o ou inutiliza\u00e7\u00e3o previstas nesta Lei;<br \/>\nIV \u2013 Obstruir o acesso da fiscaliza\u00e7\u00e3o ao sistema ou \u00e0s informa\u00e7\u00f5es eletr\u00f4nicas;<br \/>\nV \u2013 Falsificar, reproduzir ou vender selos digitais de autenticidade.<br \/>\nArt. 13. As infra\u00e7\u00f5es ser\u00e3o punidas com:<br \/>\nI \u2013 Advert\u00eancia;<br \/>\nII \u2013 Multa proporcional \u00e0 gravidade e ao porte do infrator;<br \/>\nIII \u2013 Multa di\u00e1ria enquanto persistir a infra\u00e7\u00e3o;<br \/>\nIV \u2013 Suspens\u00e3o tempor\u00e1ria da licen\u00e7a de funcionamento;<br \/>\nV \u2013 Cassa\u00e7\u00e3o da autoriza\u00e7\u00e3o para comercializar bebidas alco\u00f3licas;<br \/>\nVI \u2013 Apreens\u00e3o e destrui\u00e7\u00e3o dos produtos irregulares.<br \/>\n\u00a71\u00ba A comercializa\u00e7\u00e3o de bebidas com selo digital falsificado ou reutilizado<br \/>\nconfigurar\u00e1 crime nos termos do art. 272 do C\u00f3digo Penal, sem preju\u00edzo de agravantes<br \/>\nespec\u00edficos.<br \/>\n\u00a72\u00ba As penalidades previstas nesta Lei n\u00e3o excluem aquelas constantes do<br \/>\nDecreto n\u00ba 6.514, de 22 de julho de 2008 (Infra\u00e7\u00f5es Administrativas ao Meio Ambiente)<br \/>\ne da Lei n\u00ba 9.605, de 12 de fevereiro de 1998 (Lei de Crimes Ambientais).<br \/>\nArt. 14. O Poder Executivo federal firmar\u00e1 conv\u00eanios com Estados, Distrito<br \/>\nFederal e Munic\u00edpios para a fiscaliza\u00e7\u00e3o do cumprimento desta Lei e o<br \/>\ncompartilhamento de dados do SINARBA.<br \/>\n4<br \/>\nPara verificar a assinatura, acesse https:\/\/infoleg-autenticidade-assinatura.camara.leg.br\/CD252587651600<br \/>\nAssinado eletronicamente pelo(a) Dep. Rodrigo Gambale<br \/>\nApresenta\u00e7\u00e3o: 21\/10\/2025 17:53:34.927 &#8211; Mesa<br \/>\n*CD252587651600* PL n.5322\/2025<br \/>C\u00c2MARA DOS DEPUTADOS<br \/>\nArt. 15. A Receita Federal, a Anvisa e o Minist\u00e9rio da Justi\u00e7a dever\u00e3o integrar<br \/>\nsuas bases de dados para:<br \/>\nI \u2013 Monitorar a movimenta\u00e7\u00e3o nacional de bebidas alco\u00f3licas;<br \/>\nII \u2013 Detectar anomalias e emitir alertas autom\u00e1ticos;<br \/>\nIII \u2013 Coordenar a\u00e7\u00f5es conjuntas de repress\u00e3o a falsifica\u00e7\u00e3o e contrabando;<br \/>\nIV \u2013 Garantir transpar\u00eancia e interoperabilidade das informa\u00e7\u00f5es.<br \/>\nArt. 16. O consumidor poder\u00e1 verificar a autenticidade de qualquer bebida<br \/>\nalco\u00f3lica por meio do aplicativo oficial do SINARBA, bastando digitalizar o c\u00f3digo<br \/>\nimpresso na garrafa.<br \/>\nArt. 17. O Poder Executivo regulamentar\u00e1 esta Lei em at\u00e9 180 (cento e oitenta)<br \/>\ndias, podendo instituir fases progressivas de implementa\u00e7\u00e3o do SINARBA por tipo de<br \/>\nbebida e volume de produ\u00e7\u00e3o.<br \/>\nArt. 18. Esta Lei entra em vigor 1 (um) ano ap\u00f3s sua publica\u00e7\u00e3o.<br \/>\n5<br \/>\nPara verificar a assinatura, acesse https:\/\/infoleg-autenticidade-assinatura.camara.leg.br\/CD252587651600<br \/>\nAssinado eletronicamente pelo(a) Dep. Rodrigo Gambale<br \/>\nApresenta\u00e7\u00e3o: 21\/10\/2025 17:53:34.927 &#8211; Mesa<br \/>\n*CD252587651600* PL n.5322\/2025<br \/>C\u00c2MARA DOS DEPUTADOS<br \/>\nJUSTIFICA\u00c7\u00c3O<br \/>\nO pa\u00eds tem enfrentado um aumento preocupante de casos de intoxica\u00e7\u00e3o e<br \/>\n\u00f3bitos decorrentes da ingest\u00e3o de bebidas adulteradas com metanol ou solventes<br \/>\nindustriais, comercializadas em embalagens originais reutilizadas de forma criminosa.<br \/>\nEsses epis\u00f3dios, amplamente divulgados pela imprensa nacional, evidenciam falhas na<br \/>\nrastreabilidade e na destina\u00e7\u00e3o final das garrafas de vidro utilizadas para bebidas<br \/>\nalco\u00f3licas.<br \/>\nAtualmente, a Pol\u00edtica Nacional de Res\u00edduos S\u00f3lidos (Lei n\u00ba 12.305\/2010) prev\u00ea<br \/>\na responsabilidade compartilhada pelo ciclo de vida dos produtos, mas n\u00e3o h\u00e1, no<br \/>\nordenamento jur\u00eddico, um sistema espec\u00edfico de controle e rastreamento para<br \/>\nembalagens de bebidas alco\u00f3licas. Essa lacuna facilita a atua\u00e7\u00e3o de falsificadores, que<br \/>\nreutilizam garrafas originais sem qualquer mecanismo de verifica\u00e7\u00e3o de autenticidade.<br \/>\nO SINARBA vem suprir essa defici\u00eancia, criando um mecanismo nacional<br \/>\ninformatizado que permitir\u00e1 o rastreamento individualizado de cada garrafa de bebida<br \/>\nalco\u00f3lica desde sua produ\u00e7\u00e3o at\u00e9 a inutiliza\u00e7\u00e3o final. O sistema prev\u00ea o uso de selos<br \/>\ndigitais \u00fanicos, em formato de QR Code ou DataMatrix, integrados a um banco de<br \/>\ndados nacional administrado de forma cooperada entre a Receita Federal, a Anvisa e<br \/>\nos \u00f3rg\u00e3os de seguran\u00e7a p\u00fablica, de modo a permitir o acompanhamento completo da<br \/>\ncadeia produtiva.<br \/>\nAl\u00e9m disso, o projeto confere protagonismo ao consumidor, que poder\u00e1 verificar<br \/>\na autenticidade do produto por meio de um aplicativo p\u00fablico oficial, semelhante aos<br \/>\nmodelos j\u00e1 adotados em pa\u00edses que se destacam no combate \u00e0 falsifica\u00e7\u00e3o de<br \/>\nbebidas.<br \/>\n6<br \/>\nPara verificar a assinatura, acesse https:\/\/infoleg-autenticidade-assinatura.camara.leg.br\/CD252587651600<br \/>\nAssinado eletronicamente pelo(a) Dep. Rodrigo Gambale<br \/>\nApresenta\u00e7\u00e3o: 21\/10\/2025 17:53:34.927 &#8211; Mesa<br \/>\n*CD252587651600* PL n.5322\/2025<br \/>C\u00c2MARA DOS DEPUTADOS<br \/>\nDo ponto de vista econ\u00f4mico, a falsifica\u00e7\u00e3o de bebidas alco\u00f3licas gera preju\u00edzos<br \/>\nestimados em bilh\u00f5es de reais anuais \u00e0 arrecada\u00e7\u00e3o tribut\u00e1ria e ao setor produtivo<br \/>\nformal, al\u00e9m de comprometer a credibilidade de marcas brasileiras e estrangeiras. A<br \/>\nimplementa\u00e7\u00e3o de um sistema de rastreabilidade digital, portanto, representa um<br \/>\ninvestimento em transpar\u00eancia, seguran\u00e7a e competitividade, com retorno social e<br \/>\nfiscal significativo.<br \/>\nDiante da relev\u00e2ncia social, sanit\u00e1ria e econ\u00f4mica da mat\u00e9ria, submete-se o<br \/>\npresente Projeto de Lei \u00e0 aprecia\u00e7\u00e3o dos nobres Parlamentares, na convic\u00e7\u00e3o de que<br \/>\nsua aprova\u00e7\u00e3o representar\u00e1 um marco na moderniza\u00e7\u00e3o do controle de bebidas<br \/>\nalco\u00f3licas no Brasil e na defesa da vida e da sa\u00fade de milh\u00f5es de consumidore<br \/>\nSala das Sess\u00f5es, em      de outubro de 2025.<br \/>\n Deputado Rodrigo Gambale<br \/>\nPODE\/SP<br \/>\n7<br \/>\nPara verificar a assinatura, acesse https:\/\/infoleg-autenticidade-assinatura.camara.leg.br\/CD252587651600<br \/>\nAssinado eletronicamente pelo(a) Dep. Rodrigo Gambale<br \/>\nApresenta\u00e7\u00e3o: 21\/10\/2025 17:53:34.927 &#8211; Mesa<br \/>\n*CD252587651600* PL n.5322\/2025<\/article>\n<p><a href='https:\/\/app.legislapp.com.br\/#\/busca?termo='><\/a><\/p>\n<div style=\"text-align: center\">\n      <img decoding=\"async\" style=\"width: 14%;\" src=\"https:\/\/www.legislapp.com.br\/wp-content\/uploads\/2021\/07\/Logo-Legislapp-1-03-1.png\"><br \/>\n      <\/p>\n<div style=\"margin-bottom: 20px;\" class=\"et_pb_button_module_wrapper et_pb_button_5_tb_body_wrapper et_pb_button_alignment_center et_pb_module \">\n         <a class=\"et_pb_button et_pb_button_5_tb_body et_hover_enabled et_pb_bg_layout_dark\" style=\"width: 50%;background-color: black;\" href=\"https:\/\/app.legislapp.com.br\" target=\"_blank\" rel=\"noopener\">Visualizar completo na nossa plataforma (30 dias gr\u00e1tis)<\/a><\/p><\/div>\n<p>      <a href=\"https:\/\/play.google.com\/store\/apps\/details?id=br.com.legislapp\"><img decoding=\"async\" style=\"width: 15%; min-width: 130px;\" src=\"https:\/\/www.legislapp.com.br\/wp-content\/uploads\/google-play.png\"><\/a><br \/>\n      <a href=\"https:\/\/apps.apple.com\/us\/app\/legislapp\/id1568929859\"><img decoding=\"async\" style=\"width: 15%; min-width: 130px\" src=\"https:\/\/www.legislapp.com.br\/wp-content\/uploads\/apple-store.png\"><\/a>\n   <\/div>\n","protected":false},"excerpt":{"rendered":"<p>Avulso Inicial &#8211; Autoria de Rodrigo Gambale C\u00c2MARA DOS DEPUTADOS PROJETO DE LEI N\u00ba , DE 2025 (Do Sr. Rodrigo Gambale) Institui o Sistema Nacional de Rastreabilidade de Bebidas Alco\u00f3licas \u2013 SINARBA, disciplina a destina\u00e7\u00e3o e inutiliza\u00e7\u00e3o de garrafas de vidro, e disp\u00f5e sobre medidas de preven\u00e7\u00e3o \u00e0 falsifica\u00e7\u00e3o e \u00e0 intoxica\u00e7\u00e3o por bebidas adulteradas. [&hellip;]<\/p>\n","protected":false},"author":1,"featured_media":0,"parent":0,"menu_order":0,"comment_status":"closed","ping_status":"closed","template":"page-template-blank.php","meta":{"_et_pb_use_builder":"","_et_pb_old_content":"","_et_gb_content_width":"1080","ngg_post_thumbnail":0,"footnotes":""},"class_list":["post-10303","page","type-page","status-publish","hentry"],"yoast_head":"<!-- This site is optimized with the Yoast SEO plugin v24.4 - https:\/\/yoast.com\/wordpress\/plugins\/seo\/ -->\n<title>Avulso Inicial - PL 5322\/2025 - C\u00e2mara - Legislapp<\/title>\n<meta name=\"robots\" content=\"index, follow, max-snippet:-1, max-image-preview:large, max-video-preview:-1\" \/>\n<link rel=\"canonical\" href=\"https:\/\/www.legislapp.com.br\/index.php\/avulso-inicial-pl-5322-2025-camara\/\" \/>\n<meta property=\"og:locale\" content=\"pt_BR\" \/>\n<meta property=\"og:type\" content=\"article\" \/>\n<meta property=\"og:title\" content=\"Avulso Inicial - PL 5322\/2025 - C\u00e2mara - Legislapp\" \/>\n<meta property=\"og:description\" content=\"Avulso Inicial &#8211; Autoria de Rodrigo Gambale C\u00c2MARA DOS DEPUTADOS PROJETO DE LEI N\u00ba , DE 2025 (Do Sr. Rodrigo Gambale) Institui o Sistema Nacional de Rastreabilidade de Bebidas Alco\u00f3licas \u2013 SINARBA, disciplina a destina\u00e7\u00e3o e inutiliza\u00e7\u00e3o de garrafas de vidro, e disp\u00f5e sobre medidas de preven\u00e7\u00e3o \u00e0 falsifica\u00e7\u00e3o e \u00e0 intoxica\u00e7\u00e3o por bebidas adulteradas. [&hellip;]\" \/>\n<meta property=\"og:url\" content=\"https:\/\/www.legislapp.com.br\/index.php\/avulso-inicial-pl-5322-2025-camara\/\" \/>\n<meta property=\"og:site_name\" content=\"Legislapp\" \/>\n<meta property=\"article:publisher\" content=\"https:\/\/www.instagram.com\/legislapp\/\" \/>\n<meta property=\"og:image\" content=\"https:\/\/www.legislapp.com.br\/wp-content\/uploads\/2021\/07\/Logo-Legislapp-1-03-1.png\" \/>\n<meta name=\"twitter:card\" content=\"summary_large_image\" \/>\n<meta name=\"twitter:label1\" content=\"Est. tempo de leitura\" \/>\n\t<meta name=\"twitter:data1\" content=\"8 minutos\" \/>\n<script type=\"application\/ld+json\" class=\"yoast-schema-graph\">{\"@context\":\"https:\/\/schema.org\",\"@graph\":[{\"@type\":\"WebPage\",\"@id\":\"https:\/\/www.legislapp.com.br\/index.php\/avulso-inicial-pl-5322-2025-camara\/\",\"url\":\"https:\/\/www.legislapp.com.br\/index.php\/avulso-inicial-pl-5322-2025-camara\/\",\"name\":\"Avulso Inicial - PL 5322\/2025 - C\u00e2mara - Legislapp\",\"isPartOf\":{\"@id\":\"https:\/\/www.legislapp.com.br\/#website\"},\"primaryImageOfPage\":{\"@id\":\"https:\/\/www.legislapp.com.br\/index.php\/avulso-inicial-pl-5322-2025-camara\/#primaryimage\"},\"image\":{\"@id\":\"https:\/\/www.legislapp.com.br\/index.php\/avulso-inicial-pl-5322-2025-camara\/#primaryimage\"},\"thumbnailUrl\":\"https:\/\/www.legislapp.com.br\/wp-content\/uploads\/2021\/07\/Logo-Legislapp-1-03-1.png\",\"datePublished\":\"2025-12-01T14:11:19+00:00\",\"breadcrumb\":{\"@id\":\"https:\/\/www.legislapp.com.br\/index.php\/avulso-inicial-pl-5322-2025-camara\/#breadcrumb\"},\"inLanguage\":\"pt-BR\",\"potentialAction\":[{\"@type\":\"ReadAction\",\"target\":[\"https:\/\/www.legislapp.com.br\/index.php\/avulso-inicial-pl-5322-2025-camara\/\"]}]},{\"@type\":\"ImageObject\",\"inLanguage\":\"pt-BR\",\"@id\":\"https:\/\/www.legislapp.com.br\/index.php\/avulso-inicial-pl-5322-2025-camara\/#primaryimage\",\"url\":\"https:\/\/www.legislapp.com.br\/wp-content\/uploads\/2021\/07\/Logo-Legislapp-1-03-1.png\",\"contentUrl\":\"https:\/\/www.legislapp.com.br\/wp-content\/uploads\/2021\/07\/Logo-Legislapp-1-03-1.png\",\"width\":2679,\"height\":2697},{\"@type\":\"BreadcrumbList\",\"@id\":\"https:\/\/www.legislapp.com.br\/index.php\/avulso-inicial-pl-5322-2025-camara\/#breadcrumb\",\"itemListElement\":[{\"@type\":\"ListItem\",\"position\":1,\"name\":\"In\u00edcio\",\"item\":\"https:\/\/www.legislapp.com.br\/\"},{\"@type\":\"ListItem\",\"position\":2,\"name\":\"Avulso Inicial &#8211; PL 5322\/2025 &#8211; C\u00e2mara\"}]},{\"@type\":\"WebSite\",\"@id\":\"https:\/\/www.legislapp.com.br\/#website\",\"url\":\"https:\/\/www.legislapp.com.br\/\",\"name\":\"Legislapp\",\"description\":\"Intelig\u00eancia governamental em tempo real\",\"publisher\":{\"@id\":\"https:\/\/www.legislapp.com.br\/#organization\"},\"potentialAction\":[{\"@type\":\"SearchAction\",\"target\":{\"@type\":\"EntryPoint\",\"urlTemplate\":\"https:\/\/www.legislapp.com.br\/?s={search_term_string}\"},\"query-input\":{\"@type\":\"PropertyValueSpecification\",\"valueRequired\":true,\"valueName\":\"search_term_string\"}}],\"inLanguage\":\"pt-BR\"},{\"@type\":\"Organization\",\"@id\":\"https:\/\/www.legislapp.com.br\/#organization\",\"name\":\"Legislapp Monitoramento e Intelig\u00eancia Governamental\",\"url\":\"https:\/\/www.legislapp.com.br\/\",\"logo\":{\"@type\":\"ImageObject\",\"inLanguage\":\"pt-BR\",\"@id\":\"https:\/\/www.legislapp.com.br\/#\/schema\/logo\/image\/\",\"url\":\"https:\/\/www.legislapp.com.br\/wp-content\/uploads\/icon.png\",\"contentUrl\":\"https:\/\/www.legislapp.com.br\/wp-content\/uploads\/icon.png\",\"width\":1024,\"height\":1024,\"caption\":\"Legislapp Monitoramento e Intelig\u00eancia Governamental\"},\"image\":{\"@id\":\"https:\/\/www.legislapp.com.br\/#\/schema\/logo\/image\/\"},\"sameAs\":[\"https:\/\/www.instagram.com\/legislapp\/\"]}]}<\/script>\n<!-- \/ Yoast SEO plugin. -->","yoast_head_json":{"title":"Avulso Inicial - PL 5322\/2025 - C\u00e2mara - Legislapp","robots":{"index":"index","follow":"follow","max-snippet":"max-snippet:-1","max-image-preview":"max-image-preview:large","max-video-preview":"max-video-preview:-1"},"canonical":"https:\/\/www.legislapp.com.br\/index.php\/avulso-inicial-pl-5322-2025-camara\/","og_locale":"pt_BR","og_type":"article","og_title":"Avulso Inicial - PL 5322\/2025 - C\u00e2mara - Legislapp","og_description":"Avulso Inicial &#8211; Autoria de Rodrigo Gambale C\u00c2MARA DOS DEPUTADOS PROJETO DE LEI N\u00ba , DE 2025 (Do Sr. Rodrigo Gambale) Institui o Sistema Nacional de Rastreabilidade de Bebidas Alco\u00f3licas \u2013 SINARBA, disciplina a destina\u00e7\u00e3o e inutiliza\u00e7\u00e3o de garrafas de vidro, e disp\u00f5e sobre medidas de preven\u00e7\u00e3o \u00e0 falsifica\u00e7\u00e3o e \u00e0 intoxica\u00e7\u00e3o por bebidas adulteradas. [&hellip;]","og_url":"https:\/\/www.legislapp.com.br\/index.php\/avulso-inicial-pl-5322-2025-camara\/","og_site_name":"Legislapp","article_publisher":"https:\/\/www.instagram.com\/legislapp\/","og_image":[{"url":"https:\/\/www.legislapp.com.br\/wp-content\/uploads\/2021\/07\/Logo-Legislapp-1-03-1.png","type":"","width":"","height":""}],"twitter_card":"summary_large_image","twitter_misc":{"Est. tempo de leitura":"8 minutos"},"schema":{"@context":"https:\/\/schema.org","@graph":[{"@type":"WebPage","@id":"https:\/\/www.legislapp.com.br\/index.php\/avulso-inicial-pl-5322-2025-camara\/","url":"https:\/\/www.legislapp.com.br\/index.php\/avulso-inicial-pl-5322-2025-camara\/","name":"Avulso Inicial - PL 5322\/2025 - C\u00e2mara - Legislapp","isPartOf":{"@id":"https:\/\/www.legislapp.com.br\/#website"},"primaryImageOfPage":{"@id":"https:\/\/www.legislapp.com.br\/index.php\/avulso-inicial-pl-5322-2025-camara\/#primaryimage"},"image":{"@id":"https:\/\/www.legislapp.com.br\/index.php\/avulso-inicial-pl-5322-2025-camara\/#primaryimage"},"thumbnailUrl":"https:\/\/www.legislapp.com.br\/wp-content\/uploads\/2021\/07\/Logo-Legislapp-1-03-1.png","datePublished":"2025-12-01T14:11:19+00:00","breadcrumb":{"@id":"https:\/\/www.legislapp.com.br\/index.php\/avulso-inicial-pl-5322-2025-camara\/#breadcrumb"},"inLanguage":"pt-BR","potentialAction":[{"@type":"ReadAction","target":["https:\/\/www.legislapp.com.br\/index.php\/avulso-inicial-pl-5322-2025-camara\/"]}]},{"@type":"ImageObject","inLanguage":"pt-BR","@id":"https:\/\/www.legislapp.com.br\/index.php\/avulso-inicial-pl-5322-2025-camara\/#primaryimage","url":"https:\/\/www.legislapp.com.br\/wp-content\/uploads\/2021\/07\/Logo-Legislapp-1-03-1.png","contentUrl":"https:\/\/www.legislapp.com.br\/wp-content\/uploads\/2021\/07\/Logo-Legislapp-1-03-1.png","width":2679,"height":2697},{"@type":"BreadcrumbList","@id":"https:\/\/www.legislapp.com.br\/index.php\/avulso-inicial-pl-5322-2025-camara\/#breadcrumb","itemListElement":[{"@type":"ListItem","position":1,"name":"In\u00edcio","item":"https:\/\/www.legislapp.com.br\/"},{"@type":"ListItem","position":2,"name":"Avulso Inicial &#8211; PL 5322\/2025 &#8211; C\u00e2mara"}]},{"@type":"WebSite","@id":"https:\/\/www.legislapp.com.br\/#website","url":"https:\/\/www.legislapp.com.br\/","name":"Legislapp","description":"Intelig\u00eancia governamental em tempo real","publisher":{"@id":"https:\/\/www.legislapp.com.br\/#organization"},"potentialAction":[{"@type":"SearchAction","target":{"@type":"EntryPoint","urlTemplate":"https:\/\/www.legislapp.com.br\/?s={search_term_string}"},"query-input":{"@type":"PropertyValueSpecification","valueRequired":true,"valueName":"search_term_string"}}],"inLanguage":"pt-BR"},{"@type":"Organization","@id":"https:\/\/www.legislapp.com.br\/#organization","name":"Legislapp Monitoramento e Intelig\u00eancia Governamental","url":"https:\/\/www.legislapp.com.br\/","logo":{"@type":"ImageObject","inLanguage":"pt-BR","@id":"https:\/\/www.legislapp.com.br\/#\/schema\/logo\/image\/","url":"https:\/\/www.legislapp.com.br\/wp-content\/uploads\/icon.png","contentUrl":"https:\/\/www.legislapp.com.br\/wp-content\/uploads\/icon.png","width":1024,"height":1024,"caption":"Legislapp Monitoramento e Intelig\u00eancia Governamental"},"image":{"@id":"https:\/\/www.legislapp.com.br\/#\/schema\/logo\/image\/"},"sameAs":["https:\/\/www.instagram.com\/legislapp\/"]}]}},"_links":{"self":[{"href":"https:\/\/www.legislapp.com.br\/index.php\/wp-json\/wp\/v2\/pages\/10303","targetHints":{"allow":["GET"]}}],"collection":[{"href":"https:\/\/www.legislapp.com.br\/index.php\/wp-json\/wp\/v2\/pages"}],"about":[{"href":"https:\/\/www.legislapp.com.br\/index.php\/wp-json\/wp\/v2\/types\/page"}],"author":[{"embeddable":true,"href":"https:\/\/www.legislapp.com.br\/index.php\/wp-json\/wp\/v2\/users\/1"}],"replies":[{"embeddable":true,"href":"https:\/\/www.legislapp.com.br\/index.php\/wp-json\/wp\/v2\/comments?post=10303"}],"version-history":[{"count":0,"href":"https:\/\/www.legislapp.com.br\/index.php\/wp-json\/wp\/v2\/pages\/10303\/revisions"}],"wp:attachment":[{"href":"https:\/\/www.legislapp.com.br\/index.php\/wp-json\/wp\/v2\/media?parent=10303"}],"curies":[{"name":"wp","href":"https:\/\/api.w.org\/{rel}","templated":true}]}}