{"id":10311,"date":"2025-12-01T11:11:44","date_gmt":"2025-12-01T14:11:44","guid":{"rendered":"https:\/\/www.legislapp.com.br\/index.php\/avulso-inicial-pl-5087-2025-camara\/"},"modified":"2025-12-01T11:11:44","modified_gmt":"2025-12-01T14:11:44","slug":"avulso-inicial-pl-5087-2025-camara","status":"publish","type":"page","link":"https:\/\/www.legislapp.com.br\/index.php\/avulso-inicial-pl-5087-2025-camara\/","title":{"rendered":"Avulso Inicial &#8211; PL 5087\/2025 &#8211; C\u00e2mara"},"content":{"rendered":"<h1 style='text-align: center;'>Avulso Inicial &#8211; Autoria de Ros\u00e2ngela Reis<\/h3>\n<p><\/p>\n<article>PROJETO DE LEI N\u00ba        , DE 2025<br \/>\n(Da Sra. Ros\u00e2ngela Reis)<br \/>\nDisp\u00f5e sobre as condi\u00e7\u00f5es m\u00ednimas<br \/>\nobrigat\u00f3rias para a presta\u00e7\u00e3o de<br \/>\nservi\u00e7os de seguran\u00e7a privada,<br \/>\npreven\u00e7\u00e3o e combate a inc\u00eandios e<br \/>\nprimeiros socorros em<br \/>\nestabelecimentos privados, shows,<br \/>\nfestas e eventos particulares, e d\u00e1<br \/>\noutras provid\u00eancias.<br \/>\nO Congresso Nacional decreta:<br \/>\nArt. 1\u00ba Esta Lei estabelece obriga\u00e7\u00f5es m\u00ednimas para todos os<br \/>\nestabelecimentos privados, casas de show, espa\u00e7os de eventos, edif\u00edcios<br \/>\ncorporativos e residenciais com exig\u00eancia legal de seguran\u00e7a privada, bem<br \/>\ncomo para eventos privados (shows, festas, celebra\u00e7\u00f5es e similares) que<br \/>\ndemandem servi\u00e7os de seguran\u00e7a privada, preven\u00e7\u00e3o e combate a inc\u00eandios<br \/>\ne primeiros socorros.<br \/>\nArt. 2\u00ba Aplica-se esta Lei a qualquer estabelecimento ou evento<br \/>\nprivado, fixo ou itinerante, que, por exig\u00eancia de alvar\u00e1, licen\u00e7a, norma<br \/>\nt\u00e9cnica, legisla\u00e7\u00e3o municipal, estadual ou federal, deva contar com os<br \/>\nprofissionais referidos no art. 1\u00ba.<br \/>\nArt. 3\u00ba Os estabelecimentos e organizadores abrangidos por esta Lei<br \/>\ndever\u00e3o observar as seguintes condi\u00e7\u00f5es obrigat\u00f3rias:<br \/>\nPara verificar a assinatura, acesse https:\/\/infoleg-autenticidade-assinatura.camara.leg.br\/CD252455281600<br \/>\nAssinado eletronicamente pelo(a) Dep. Ros\u00e2ngela Reis<br \/>\nApresenta\u00e7\u00e3o: 10\/10\/2025 14:31:33.103 &#8211; Mesa<br \/>\n*CD252455281600* PL n.5087\/2025<br \/>I \u2013 garantir que todos os profissionais de seguran\u00e7a privada,<br \/>\nbrigadistas e socorristas possuam Carteira Nacional da Seguran\u00e7a Privada<br \/>\n(CNASP) v\u00e1lida, emitida pelo Conselho Nacional da Seguran\u00e7a Privada<br \/>\n(CONASEP);<br \/>\nII \u2013 assegurar o cumprimento integral da Conven\u00e7\u00e3o Coletiva de<br \/>\nTrabalho (CCT) da categoria correspondente, inclusive no que se refere \u00e0<br \/>\nremunera\u00e7\u00e3o proporcional \u00e0 di\u00e1ria e aos adicionais legais;<br \/>\nIII \u2013 comprovar o recolhimento dos encargos trabalhistas e<br \/>\nprevidenci\u00e1rios obrigat\u00f3rios, tais como FGTS, INSS, f\u00e9rias e 13\u00ba sal\u00e1rio<br \/>\nproporcional a Di\u00e1ria estabelecida em Conven\u00e7\u00e3o Coletiva de Trabalho<br \/>\n(CCT);<br \/>\nIV \u2013 incluir, no planejamento do evento ou opera\u00e7\u00e3o do<br \/>\nestabelecimento, o fornecimento de alimenta\u00e7\u00e3o adequada e hidrata\u00e7\u00e3o<br \/>\ncont\u00ednua aos profissionais, especialmente quando o evento ocorrer por<br \/>\nper\u00edodo superior a quatro horas ou em ambiente de alta temperatura ou<br \/>\nesfor\u00e7o f\u00edsico;<br \/>\nV \u2013 dispor de plano de seguran\u00e7a, preven\u00e7\u00e3o e atendimento<br \/>\nemergencial, aprovado pelos \u00f3rg\u00e3os competentes (Corpo de Bombeiros,<br \/>\nVigil\u00e2ncia Sanit\u00e1ria, Defesa Civil ou similar), observadas as legisla\u00e7\u00f5es locais.<br \/>\nArt. 4\u00ba Os \u00f3rg\u00e3os p\u00fablicos municipais e estaduais respons\u00e1veis pela<br \/>\nemiss\u00e3o de alvar\u00e1s de funcionamento, licen\u00e7as de eventos ou autoriza\u00e7\u00f5es<br \/>\nde uso de espa\u00e7os dever\u00e3o exigir, como condi\u00e7\u00e3o para concess\u00e3o ou<br \/>\nrenova\u00e7\u00e3o:<br \/>\nI \u2013 a comprova\u00e7\u00e3o do cumprimento dos requisitos previstos no art. 3\u00ba;<br \/>\nPara verificar a assinatura, acesse https:\/\/infoleg-autenticidade-assinatura.camara.leg.br\/CD252455281600<br \/>\nAssinado eletronicamente pelo(a) Dep. Ros\u00e2ngela Reis<br \/>\nApresenta\u00e7\u00e3o: 10\/10\/2025 14:31:33.103 &#8211; Mesa<br \/>\n*CD252455281600* PL n.5087\/2025<br \/>II \u2013 a apresenta\u00e7\u00e3o de plano de seguran\u00e7a e emerg\u00eancia compat\u00edvel<br \/>\ncom o p\u00fablico estimado e a estrutura f\u00edsica do local;<br \/>\nIII \u2013 a demonstra\u00e7\u00e3o de regularidade junto \u00e0s conven\u00e7\u00f5es coletivas de<br \/>\ntrabalho e \u00e0 CNASP emitida pelo CONASEP.<br \/>\nArt. 5\u00ba O descumprimento das obriga\u00e7\u00f5es desta Lei sujeita o<br \/>\nestabelecimento ou organizador \u00e0s seguintes penalidades, aplic\u00e1veis<br \/>\nconforme regulamenta\u00e7\u00e3o local:<br \/>\nI \u2013 advert\u00eancia;<br \/>\nII \u2013 multa proporcional ao porte do evento ou estabelecimento;<br \/>\nIII \u2013 suspens\u00e3o ou cassa\u00e7\u00e3o do alvar\u00e1 ou licen\u00e7a de funcionamento;<br \/>\nIV \u2013 interdi\u00e7\u00e3o tempor\u00e1ria do evento ou local, em caso de risco \u00e0<br \/>\nseguran\u00e7a ou integridade f\u00edsica de pessoas.<br \/>\nArt. 6\u00ba O Poder Executivo, por meio dos \u00f3rg\u00e3os competentes,<br \/>\nregulamentar\u00e1 esta Lei no prazo de 120 (cento e vinte) dias, estabelecendo:<br \/>\nI \u2013 os procedimentos para comprova\u00e7\u00e3o e fiscaliza\u00e7\u00e3o dos requisitos<br \/>\nprevistos nesta Lei;<br \/>\nII \u2013 os par\u00e2metros de c\u00e1lculo proporcional da di\u00e1ria e dos encargos<br \/>\nsociais;<br \/>\nIII \u2013 as condi\u00e7\u00f5es m\u00ednimas de fornecimento de alimenta\u00e7\u00e3o e<br \/>\nhidrata\u00e7\u00e3o;<br \/>\nIV \u2013 os formul\u00e1rios e relat\u00f3rios padronizados de seguran\u00e7a e<br \/>\nPara verificar a assinatura, acesse https:\/\/infoleg-autenticidade-assinatura.camara.leg.br\/CD252455281600<br \/>\nAssinado eletronicamente pelo(a) Dep. Ros\u00e2ngela Reis<br \/>\nApresenta\u00e7\u00e3o: 10\/10\/2025 14:31:33.103 &#8211; Mesa<br \/>\n*CD252455281600* PL n.5087\/2025<br \/>preven\u00e7\u00e3o exigidos para obten\u00e7\u00e3o de alvar\u00e1s e licen\u00e7as.<br \/>\nArt. 7\u00ba Esta Lei entra em vigor 180 (cento e oitenta) dias ap\u00f3s a data<br \/>\nde sua publica\u00e7\u00e3o.<br \/>\nJUSTIFICATIVA<br \/>\nA presente proposi\u00e7\u00e3o tem como objetivo estabelecer par\u00e2metros<br \/>\nm\u00ednimos de prote\u00e7\u00e3o, valoriza\u00e7\u00e3o profissional e seguran\u00e7a para os servi\u00e7os<br \/>\nde seguran\u00e7a privada, brigadistas e socorristas que atuam em<br \/>\nestabelecimentos e eventos privados.<br \/>\nEmbora a legisla\u00e7\u00e3o atual discipline a atividade de seguran\u00e7a privada e<br \/>\nos requisitos para licenciamento de eventos, observa-se grande disparidade<br \/>\nnos valores pagos, nas condi\u00e7\u00f5es de trabalho e no respeito aos direitos<br \/>\nb\u00e1sicos desses profissionais, essenciais para a preserva\u00e7\u00e3o da vida e do<br \/>\npatrim\u00f4nio em locais de grande circula\u00e7\u00e3o de pessoas.<br \/>\nO Projeto assegura:<br \/>\na observ\u00e2ncia das Conven\u00e7\u00f5es Coletivas de Trabalho (CCT) vigentes,<br \/>\ngarantindo remunera\u00e7\u00e3o justa e compat\u00edvel com o piso da categoria;<br \/>\na exig\u00eancia da Carteira Nacional da Seguran\u00e7a Privada (CNASP),<br \/>\nemitida pelo CONASEP, como documento de habilita\u00e7\u00e3o profissional<br \/>\nreconhecido nacionalmente;<br \/>\nPara verificar a assinatura, acesse https:\/\/infoleg-autenticidade-assinatura.camara.leg.br\/CD252455281600<br \/>\nAssinado eletronicamente pelo(a) Dep. Ros\u00e2ngela Reis<br \/>\nApresenta\u00e7\u00e3o: 10\/10\/2025 14:31:33.103 &#8211; Mesa<br \/>\n*CD252455281600* PL n.5087\/2025<br \/>a obrigatoriedade de alimenta\u00e7\u00e3o e hidrata\u00e7\u00e3o durante o servi\u00e7o,<br \/>\npromovendo condi\u00e7\u00f5es humanas de trabalho e redu\u00e7\u00e3o de riscos;<br \/>\na integra\u00e7\u00e3o da fiscaliza\u00e7\u00e3o municipal e estadual, vinculando a<br \/>\nconcess\u00e3o de alvar\u00e1s e licen\u00e7as ao cumprimento dessas exig\u00eancias.<br \/>\nA medida se fundamenta nos arts. 7\u00ba, 170 e 193 da Constitui\u00e7\u00e3o<br \/>\nFederal, que garantem a valoriza\u00e7\u00e3o do trabalho humano, a dignidade do<br \/>\ntrabalhador e a seguran\u00e7a p\u00fablica como princ\u00edpios da ordem social e<br \/>\necon\u00f4mica.<br \/>\nAo assegurar condi\u00e7\u00f5es justas e padronizadas de atua\u00e7\u00e3o, a proposta<br \/>\nprotege n\u00e3o apenas os profissionais, mas tamb\u00e9m o p\u00fablico e as empresas,<br \/>\nreduzindo acidentes, passivos trabalhistas e falhas operacionais em eventos<br \/>\ne espa\u00e7os privados.<br \/>\nTrata-se, portanto, de uma iniciativa que equilibra responsabilidade<br \/>\nsocial, seguran\u00e7a e valoriza\u00e7\u00e3o profissional, e que deve ser acolhida por esta<br \/>\nCasa Legislativa.<br \/>\nDiante do exposto, conclama-se o apoio dos nobres parlamentares<br \/>\npara a aprova\u00e7\u00e3o desta relevante iniciativa.<br \/>\nSala da Comiss\u00e3o, em de de 2025.<br \/>\n ROS\u00c2NGELA REIS<br \/>\nPL\/MG<br \/>\nDeputada Federal<br \/>\nPara verificar a assinatura, acesse https:\/\/infoleg-autenticidade-assinatura.camara.leg.br\/CD252455281600<br \/>\nAssinado eletronicamente pelo(a) Dep. Ros\u00e2ngela Reis<br \/>\nApresenta\u00e7\u00e3o: 10\/10\/2025 14:31:33.103 &#8211; Mesa<br \/>\n*CD252455281600* PL n.5087\/2025<\/article>\n<p><a href='https:\/\/app.legislapp.com.br\/#\/busca?termo='><\/a><\/p>\n<div style=\"text-align: center\">\n      <img decoding=\"async\" style=\"width: 14%;\" src=\"https:\/\/www.legislapp.com.br\/wp-content\/uploads\/2021\/07\/Logo-Legislapp-1-03-1.png\"><br \/>\n      <\/p>\n<div style=\"margin-bottom: 20px;\" class=\"et_pb_button_module_wrapper et_pb_button_5_tb_body_wrapper et_pb_button_alignment_center et_pb_module \">\n         <a class=\"et_pb_button et_pb_button_5_tb_body et_hover_enabled et_pb_bg_layout_dark\" style=\"width: 50%;background-color: black;\" href=\"https:\/\/app.legislapp.com.br\" target=\"_blank\" rel=\"noopener\">Visualizar completo na nossa plataforma (30 dias gr\u00e1tis)<\/a><\/p><\/div>\n<p>      <a href=\"https:\/\/play.google.com\/store\/apps\/details?id=br.com.legislapp\"><img decoding=\"async\" style=\"width: 15%; min-width: 130px;\" src=\"https:\/\/www.legislapp.com.br\/wp-content\/uploads\/google-play.png\"><\/a><br \/>\n      <a href=\"https:\/\/apps.apple.com\/us\/app\/legislapp\/id1568929859\"><img decoding=\"async\" style=\"width: 15%; min-width: 130px\" src=\"https:\/\/www.legislapp.com.br\/wp-content\/uploads\/apple-store.png\"><\/a>\n   <\/div>\n","protected":false},"excerpt":{"rendered":"<p>Avulso Inicial &#8211; Autoria de Ros\u00e2ngela Reis PROJETO DE LEI N\u00ba , DE 2025 (Da Sra. Ros\u00e2ngela Reis) Disp\u00f5e sobre as condi\u00e7\u00f5es m\u00ednimas obrigat\u00f3rias para a presta\u00e7\u00e3o de servi\u00e7os de seguran\u00e7a privada, preven\u00e7\u00e3o e combate a inc\u00eandios e primeiros socorros em estabelecimentos privados, shows, festas e eventos particulares, e d\u00e1 outras provid\u00eancias. O Congresso Nacional [&hellip;]<\/p>\n","protected":false},"author":1,"featured_media":0,"parent":0,"menu_order":0,"comment_status":"closed","ping_status":"closed","template":"page-template-blank.php","meta":{"_et_pb_use_builder":"","_et_pb_old_content":"","_et_gb_content_width":"1080","ngg_post_thumbnail":0,"footnotes":""},"class_list":["post-10311","page","type-page","status-publish","hentry"],"yoast_head":"<!-- This site is optimized with the Yoast SEO plugin v24.4 - https:\/\/yoast.com\/wordpress\/plugins\/seo\/ -->\n<title>Avulso Inicial - PL 5087\/2025 - C\u00e2mara - Legislapp<\/title>\n<meta name=\"robots\" content=\"index, follow, max-snippet:-1, max-image-preview:large, max-video-preview:-1\" \/>\n<link rel=\"canonical\" href=\"https:\/\/www.legislapp.com.br\/index.php\/avulso-inicial-pl-5087-2025-camara\/\" \/>\n<meta property=\"og:locale\" content=\"pt_BR\" \/>\n<meta property=\"og:type\" content=\"article\" \/>\n<meta property=\"og:title\" content=\"Avulso Inicial - PL 5087\/2025 - C\u00e2mara - Legislapp\" \/>\n<meta property=\"og:description\" content=\"Avulso Inicial &#8211; Autoria de Ros\u00e2ngela Reis PROJETO DE LEI N\u00ba , DE 2025 (Da Sra. Ros\u00e2ngela Reis) Disp\u00f5e sobre as condi\u00e7\u00f5es m\u00ednimas obrigat\u00f3rias para a presta\u00e7\u00e3o de servi\u00e7os de seguran\u00e7a privada, preven\u00e7\u00e3o e combate a inc\u00eandios e primeiros socorros em estabelecimentos privados, shows, festas e eventos particulares, e d\u00e1 outras provid\u00eancias. O Congresso Nacional [&hellip;]\" \/>\n<meta property=\"og:url\" content=\"https:\/\/www.legislapp.com.br\/index.php\/avulso-inicial-pl-5087-2025-camara\/\" \/>\n<meta property=\"og:site_name\" content=\"Legislapp\" \/>\n<meta property=\"article:publisher\" content=\"https:\/\/www.instagram.com\/legislapp\/\" \/>\n<meta property=\"og:image\" content=\"https:\/\/www.legislapp.com.br\/wp-content\/uploads\/2021\/07\/Logo-Legislapp-1-03-1.png\" \/>\n<meta name=\"twitter:card\" content=\"summary_large_image\" \/>\n<meta name=\"twitter:label1\" content=\"Est. tempo de leitura\" \/>\n\t<meta name=\"twitter:data1\" content=\"5 minutos\" \/>\n<script type=\"application\/ld+json\" class=\"yoast-schema-graph\">{\"@context\":\"https:\/\/schema.org\",\"@graph\":[{\"@type\":\"WebPage\",\"@id\":\"https:\/\/www.legislapp.com.br\/index.php\/avulso-inicial-pl-5087-2025-camara\/\",\"url\":\"https:\/\/www.legislapp.com.br\/index.php\/avulso-inicial-pl-5087-2025-camara\/\",\"name\":\"Avulso Inicial - PL 5087\/2025 - C\u00e2mara - Legislapp\",\"isPartOf\":{\"@id\":\"https:\/\/www.legislapp.com.br\/#website\"},\"primaryImageOfPage\":{\"@id\":\"https:\/\/www.legislapp.com.br\/index.php\/avulso-inicial-pl-5087-2025-camara\/#primaryimage\"},\"image\":{\"@id\":\"https:\/\/www.legislapp.com.br\/index.php\/avulso-inicial-pl-5087-2025-camara\/#primaryimage\"},\"thumbnailUrl\":\"https:\/\/www.legislapp.com.br\/wp-content\/uploads\/2021\/07\/Logo-Legislapp-1-03-1.png\",\"datePublished\":\"2025-12-01T14:11:44+00:00\",\"breadcrumb\":{\"@id\":\"https:\/\/www.legislapp.com.br\/index.php\/avulso-inicial-pl-5087-2025-camara\/#breadcrumb\"},\"inLanguage\":\"pt-BR\",\"potentialAction\":[{\"@type\":\"ReadAction\",\"target\":[\"https:\/\/www.legislapp.com.br\/index.php\/avulso-inicial-pl-5087-2025-camara\/\"]}]},{\"@type\":\"ImageObject\",\"inLanguage\":\"pt-BR\",\"@id\":\"https:\/\/www.legislapp.com.br\/index.php\/avulso-inicial-pl-5087-2025-camara\/#primaryimage\",\"url\":\"https:\/\/www.legislapp.com.br\/wp-content\/uploads\/2021\/07\/Logo-Legislapp-1-03-1.png\",\"contentUrl\":\"https:\/\/www.legislapp.com.br\/wp-content\/uploads\/2021\/07\/Logo-Legislapp-1-03-1.png\",\"width\":2679,\"height\":2697},{\"@type\":\"BreadcrumbList\",\"@id\":\"https:\/\/www.legislapp.com.br\/index.php\/avulso-inicial-pl-5087-2025-camara\/#breadcrumb\",\"itemListElement\":[{\"@type\":\"ListItem\",\"position\":1,\"name\":\"In\u00edcio\",\"item\":\"https:\/\/www.legislapp.com.br\/\"},{\"@type\":\"ListItem\",\"position\":2,\"name\":\"Avulso Inicial &#8211; PL 5087\/2025 &#8211; C\u00e2mara\"}]},{\"@type\":\"WebSite\",\"@id\":\"https:\/\/www.legislapp.com.br\/#website\",\"url\":\"https:\/\/www.legislapp.com.br\/\",\"name\":\"Legislapp\",\"description\":\"Intelig\u00eancia governamental em tempo real\",\"publisher\":{\"@id\":\"https:\/\/www.legislapp.com.br\/#organization\"},\"potentialAction\":[{\"@type\":\"SearchAction\",\"target\":{\"@type\":\"EntryPoint\",\"urlTemplate\":\"https:\/\/www.legislapp.com.br\/?s={search_term_string}\"},\"query-input\":{\"@type\":\"PropertyValueSpecification\",\"valueRequired\":true,\"valueName\":\"search_term_string\"}}],\"inLanguage\":\"pt-BR\"},{\"@type\":\"Organization\",\"@id\":\"https:\/\/www.legislapp.com.br\/#organization\",\"name\":\"Legislapp Monitoramento e Intelig\u00eancia Governamental\",\"url\":\"https:\/\/www.legislapp.com.br\/\",\"logo\":{\"@type\":\"ImageObject\",\"inLanguage\":\"pt-BR\",\"@id\":\"https:\/\/www.legislapp.com.br\/#\/schema\/logo\/image\/\",\"url\":\"https:\/\/www.legislapp.com.br\/wp-content\/uploads\/icon.png\",\"contentUrl\":\"https:\/\/www.legislapp.com.br\/wp-content\/uploads\/icon.png\",\"width\":1024,\"height\":1024,\"caption\":\"Legislapp Monitoramento e Intelig\u00eancia Governamental\"},\"image\":{\"@id\":\"https:\/\/www.legislapp.com.br\/#\/schema\/logo\/image\/\"},\"sameAs\":[\"https:\/\/www.instagram.com\/legislapp\/\"]}]}<\/script>\n<!-- \/ Yoast SEO plugin. -->","yoast_head_json":{"title":"Avulso Inicial - PL 5087\/2025 - C\u00e2mara - Legislapp","robots":{"index":"index","follow":"follow","max-snippet":"max-snippet:-1","max-image-preview":"max-image-preview:large","max-video-preview":"max-video-preview:-1"},"canonical":"https:\/\/www.legislapp.com.br\/index.php\/avulso-inicial-pl-5087-2025-camara\/","og_locale":"pt_BR","og_type":"article","og_title":"Avulso Inicial - PL 5087\/2025 - C\u00e2mara - Legislapp","og_description":"Avulso Inicial &#8211; Autoria de Ros\u00e2ngela Reis PROJETO DE LEI N\u00ba , DE 2025 (Da Sra. Ros\u00e2ngela Reis) Disp\u00f5e sobre as condi\u00e7\u00f5es m\u00ednimas obrigat\u00f3rias para a presta\u00e7\u00e3o de servi\u00e7os de seguran\u00e7a privada, preven\u00e7\u00e3o e combate a inc\u00eandios e primeiros socorros em estabelecimentos privados, shows, festas e eventos particulares, e d\u00e1 outras provid\u00eancias. O Congresso Nacional [&hellip;]","og_url":"https:\/\/www.legislapp.com.br\/index.php\/avulso-inicial-pl-5087-2025-camara\/","og_site_name":"Legislapp","article_publisher":"https:\/\/www.instagram.com\/legislapp\/","og_image":[{"url":"https:\/\/www.legislapp.com.br\/wp-content\/uploads\/2021\/07\/Logo-Legislapp-1-03-1.png","type":"","width":"","height":""}],"twitter_card":"summary_large_image","twitter_misc":{"Est. tempo de leitura":"5 minutos"},"schema":{"@context":"https:\/\/schema.org","@graph":[{"@type":"WebPage","@id":"https:\/\/www.legislapp.com.br\/index.php\/avulso-inicial-pl-5087-2025-camara\/","url":"https:\/\/www.legislapp.com.br\/index.php\/avulso-inicial-pl-5087-2025-camara\/","name":"Avulso Inicial - PL 5087\/2025 - C\u00e2mara - Legislapp","isPartOf":{"@id":"https:\/\/www.legislapp.com.br\/#website"},"primaryImageOfPage":{"@id":"https:\/\/www.legislapp.com.br\/index.php\/avulso-inicial-pl-5087-2025-camara\/#primaryimage"},"image":{"@id":"https:\/\/www.legislapp.com.br\/index.php\/avulso-inicial-pl-5087-2025-camara\/#primaryimage"},"thumbnailUrl":"https:\/\/www.legislapp.com.br\/wp-content\/uploads\/2021\/07\/Logo-Legislapp-1-03-1.png","datePublished":"2025-12-01T14:11:44+00:00","breadcrumb":{"@id":"https:\/\/www.legislapp.com.br\/index.php\/avulso-inicial-pl-5087-2025-camara\/#breadcrumb"},"inLanguage":"pt-BR","potentialAction":[{"@type":"ReadAction","target":["https:\/\/www.legislapp.com.br\/index.php\/avulso-inicial-pl-5087-2025-camara\/"]}]},{"@type":"ImageObject","inLanguage":"pt-BR","@id":"https:\/\/www.legislapp.com.br\/index.php\/avulso-inicial-pl-5087-2025-camara\/#primaryimage","url":"https:\/\/www.legislapp.com.br\/wp-content\/uploads\/2021\/07\/Logo-Legislapp-1-03-1.png","contentUrl":"https:\/\/www.legislapp.com.br\/wp-content\/uploads\/2021\/07\/Logo-Legislapp-1-03-1.png","width":2679,"height":2697},{"@type":"BreadcrumbList","@id":"https:\/\/www.legislapp.com.br\/index.php\/avulso-inicial-pl-5087-2025-camara\/#breadcrumb","itemListElement":[{"@type":"ListItem","position":1,"name":"In\u00edcio","item":"https:\/\/www.legislapp.com.br\/"},{"@type":"ListItem","position":2,"name":"Avulso Inicial &#8211; PL 5087\/2025 &#8211; C\u00e2mara"}]},{"@type":"WebSite","@id":"https:\/\/www.legislapp.com.br\/#website","url":"https:\/\/www.legislapp.com.br\/","name":"Legislapp","description":"Intelig\u00eancia governamental em tempo real","publisher":{"@id":"https:\/\/www.legislapp.com.br\/#organization"},"potentialAction":[{"@type":"SearchAction","target":{"@type":"EntryPoint","urlTemplate":"https:\/\/www.legislapp.com.br\/?s={search_term_string}"},"query-input":{"@type":"PropertyValueSpecification","valueRequired":true,"valueName":"search_term_string"}}],"inLanguage":"pt-BR"},{"@type":"Organization","@id":"https:\/\/www.legislapp.com.br\/#organization","name":"Legislapp Monitoramento e Intelig\u00eancia Governamental","url":"https:\/\/www.legislapp.com.br\/","logo":{"@type":"ImageObject","inLanguage":"pt-BR","@id":"https:\/\/www.legislapp.com.br\/#\/schema\/logo\/image\/","url":"https:\/\/www.legislapp.com.br\/wp-content\/uploads\/icon.png","contentUrl":"https:\/\/www.legislapp.com.br\/wp-content\/uploads\/icon.png","width":1024,"height":1024,"caption":"Legislapp Monitoramento e Intelig\u00eancia Governamental"},"image":{"@id":"https:\/\/www.legislapp.com.br\/#\/schema\/logo\/image\/"},"sameAs":["https:\/\/www.instagram.com\/legislapp\/"]}]}},"_links":{"self":[{"href":"https:\/\/www.legislapp.com.br\/index.php\/wp-json\/wp\/v2\/pages\/10311","targetHints":{"allow":["GET"]}}],"collection":[{"href":"https:\/\/www.legislapp.com.br\/index.php\/wp-json\/wp\/v2\/pages"}],"about":[{"href":"https:\/\/www.legislapp.com.br\/index.php\/wp-json\/wp\/v2\/types\/page"}],"author":[{"embeddable":true,"href":"https:\/\/www.legislapp.com.br\/index.php\/wp-json\/wp\/v2\/users\/1"}],"replies":[{"embeddable":true,"href":"https:\/\/www.legislapp.com.br\/index.php\/wp-json\/wp\/v2\/comments?post=10311"}],"version-history":[{"count":0,"href":"https:\/\/www.legislapp.com.br\/index.php\/wp-json\/wp\/v2\/pages\/10311\/revisions"}],"wp:attachment":[{"href":"https:\/\/www.legislapp.com.br\/index.php\/wp-json\/wp\/v2\/media?parent=10311"}],"curies":[{"name":"wp","href":"https:\/\/api.w.org\/{rel}","templated":true}]}}