{"id":10327,"date":"2025-12-01T11:12:44","date_gmt":"2025-12-01T14:12:44","guid":{"rendered":"https:\/\/www.legislapp.com.br\/index.php\/avulso-inicial-pl-3008-2025-camara\/"},"modified":"2025-12-01T11:12:44","modified_gmt":"2025-12-01T14:12:44","slug":"avulso-inicial-pl-3008-2025-camara","status":"publish","type":"page","link":"https:\/\/www.legislapp.com.br\/index.php\/avulso-inicial-pl-3008-2025-camara\/","title":{"rendered":"Avulso Inicial &#8211; PL 3008\/2025 &#8211; C\u00e2mara"},"content":{"rendered":"<h1 style='text-align: center;'>Avulso Inicial &#8211; Autoria de David Soares<\/h3>\n<p><\/p>\n<article>C\u00c2MARA DOS DEPUTADOS<br \/>\nGabinete do Deputado Federal David Soares &#8211; Uni\u00e3o Brasil\/SP<br \/>\nPROJETO DE LEI N\u00ba      ,         de 2025<br \/>\n(Do Deputado Sr. David Soares)<br \/>\nAltera a Lei 14.751, de 12 de<br \/>\ndezembro de 2023, e a Lei n\u00ba 14.735,<br \/>\nde 23 de novembro de 2023, para<br \/>\ndispor sobre a responsabilidade civil<br \/>\npatrimonial de policiais militares e<br \/>\nbombeiros militares.<br \/>\nO Congresso Nacional decreta:<br \/>\nArt. 1\u00ba Altera a Lei n\u00ba 14.751, de 12 de dezembro de 2023, e  a Lei n\u00ba<br \/>\n14.735, de 23 de novembro de 2023, para dispor sobre a responsabilidade<br \/>\ncivil.<br \/>\nArt. 2\u00b0 A Lei n\u00ba 14.751, de 12 de dezembro de 2023, passa a vigorar<br \/>\ncom a presente acrescida altera\u00e7\u00e3o.<br \/>\n\u201cArt. 18\u2026\u2026\u2026\u2026\u2026\u2026\u2026\u2026\u2026\u2026\u2026\u2026\u2026\u2026\u2026\u2026\u2026\u2026\u2026\u2026\u2026\u2026\u2026\u2026\u2026\u2026\u2026\u2026\u2026\u2026<br \/>\n\u2026\u2026\u2026\u2026\u2026\u2026\u2026\u2026\u2026\u2026\u2026\u2026\u2026\u2026\u2026\u2026\u2026\u2026\u2026\u2026\u2026\u2026\u2026\u2026\u2026\u2026\u2026\u2026\u2026\u2026\u2026\u2026\u2026.<br \/>\nXXXVIII &#8211; dispensa de ressarcimento dos preju\u00edzos causados \u00e0 administra\u00e7\u00e3o<br \/>\npor ato comissivo e doloso quando em leg\u00edtimo desempenho da fun\u00e7\u00e3o para<br \/>\nconter terceiros suspeitos ou em flagrante de delito.<br \/>\n\u2026\u2026\u2026\u2026\u2026\u2026\u2026\u2026\u2026\u2026\u2026\u2026\u2026\u2026\u2026\u2026\u2026\u2026\u2026\u2026\u2026\u2026\u2026\u2026\u2026\u2026\u2026\u2026\u2026\u2026\u2026\u2026..(NR)\u201d<br \/>\nArt. 3\u00ba A Lei n\u00ba 14.735, de 23 de novembro de 2023, passa a vigorar<br \/>\ncom a presente acrescida altera\u00e7\u00e3o.<br \/>\n\u201cArt.30\u2026\u2026\u2026\u2026\u2026\u2026\u2026\u2026\u2026\u2026\u2026\u2026\u2026\u2026\u2026\u2026\u2026\u2026\u2026\u2026\u2026\u2026\u2026\u2026\u2026\u2026\u2026\u2026\u2026\u2026\u2026\u2026.<br \/>\n\u2026\u2026\u2026\u2026\u2026\u2026\u2026\u2026\u2026\u2026\u2026\u2026\u2026\u2026\u2026\u2026\u2026\u2026\u2026\u2026\u2026\u2026\u2026\u2026\u2026\u2026\u2026\u2026\u2026\u2026\u2026\u2026\u2026\u2026\u2026.<br \/>\nXXIX &#8211; dispensa de ressarcimento dos preju\u00edzos causados \u00e0 administra\u00e7\u00e3o por<br \/>\nato comissivo e doloso quando em leg\u00edtimo desempenho da fun\u00e7\u00e3o para conter<br \/>\nterceiros suspeitos ou em flagrante de delito.<br \/>\nArt.4\u00ba Esta lei entra em vigor na data de sua publica\u00e7\u00e3o.<br \/>\nJUSTIFICATIVA<br \/>\nAnexo IV \u2013 Gabinete 235 \u2013 Tels: (61) 3215.3235 &#8211;  CEP 70.160-900<br \/>\nBras\u00edlia \u2013 DF \u2013 e-mail: dep.davidsoares@camara.leg.br<br \/>\nPara verificar a assinatura, acesse https:\/\/infoleg-autenticidade-assinatura.camara.leg.br\/CD256497895900<br \/>\nAssinado eletronicamente pelo(a) Dep. David Soares<br \/>\nApresenta\u00e7\u00e3o: 23\/06\/2025 11:28:38.183 &#8211; Mesa<br \/>\n*CD256497895900* PL n.3008\/2025<br \/>C\u00c2MARA DOS DEPUTADOS<br \/>\nGabinete do Deputado Federal David Soares &#8211; Uni\u00e3o Brasil\/SP<br \/>\nA presente proposta legislativa tem como objetivo garantir a dispensa de<br \/>\nressarcimento de preju\u00edzos causados \u00e0 administra\u00e7\u00e3o por policiais militares e<br \/>\nbombeiros militares quando estes atuarem no estrito cumprimento do dever legal,<br \/>\nem situa\u00e7\u00f5es de conten\u00e7\u00e3o de terceiros suspeitos ou em flagrante delito.<br \/>\nOs policiais militares e bombeiros militares exercem fun\u00e7\u00e3o essencial para a<br \/>\nseguran\u00e7a p\u00fablica e a prote\u00e7\u00e3o da sociedade, estando constantemente expostos a<br \/>\nsitua\u00e7\u00f5es de alto risco. Muitas vezes, o uso da for\u00e7a e a tomada de decis\u00f5es r\u00e1pidas<br \/>\ns\u00e3o necess\u00e1rios para conter amea\u00e7as iminentes e garantir a seguran\u00e7a da<br \/>\npopula\u00e7\u00e3o.<br \/>\nTerrito e Vetter (1981), McCreary e Thompson (2006) e Santos (2009) (apud<br \/>\nCorr\u00eaa et al., 2025) abordam que o trabalho policial \u00e9 uma das poucas ocupa\u00e7\u00f5es<br \/>\nem que os funcion\u00e1rios enfrentam perigos f\u00edsicos continuamente, colocando suas<br \/>\npr\u00f3prias vidas em risco a qualquer momento. Embora outras profiss\u00f5es tamb\u00e9m<br \/>\napresentem riscos, estes normalmente s\u00e3o vinculados a falhas t\u00e9cnicas de<br \/>\nequipamentos ou a azares ambientais. No caso do policial, o risco decorre do<br \/>\n1<br \/>\nsimples conv\u00edvio com outras pessoas.<br \/>\nNo entanto, a responsabiliza\u00e7\u00e3o patrimonial desses profissionais por danos<br \/>\nmateriais resultantes de suas a\u00e7\u00f5es pode gerar inseguran\u00e7a jur\u00eddica e comprometer<br \/>\na efic\u00e1cia das atividades operacionais.<br \/>\nA proposi\u00e7\u00e3o visa resguardar esses profissionais de eventuais cobran\u00e7as<br \/>\nindenizat\u00f3rias que possam advir do exerc\u00edcio regular de suas fun\u00e7\u00f5es, desde que<br \/>\nn\u00e3o haja abuso de autoridade ou desvio de finalidade. Dessa forma, busca-se<br \/>\nconferir maior prote\u00e7\u00e3o jur\u00eddica aos agentes de seguran\u00e7a p\u00fablica, permitindo-lhes<br \/>\natuar com maior confian\u00e7a e respaldo legal.<br \/>\nSala das Sess\u00f5es, em   de maio de 2025.<br \/>\nDeputado DAVID SOARES <\/p>\n<p>1 REVISTA BRASILEIRA DE SEGURAN\u00c7A P\u00daBLICA. Rio de Janeiro: Universidade Federal do Rio de<br \/>\nJaneiro, v. 19, n. 1, 6 mar. 2025. Dispon\u00edvel em:<br \/>\nhttps:\/\/revista.forumseguranca.org.br\/rbsp\/issue\/view\/42\/56. Acesso em: 6 mar. 2025.<br \/>\nAnexo IV \u2013 Gabinete 235 \u2013 Tels: (61) 3215.3235 &#8211;  CEP 70.160-900<br \/>\nBras\u00edlia \u2013 DF \u2013 e-mail: dep.davidsoares@camara.leg.br<br \/>\nPara verificar a assinatura, acesse https:\/\/infoleg-autenticidade-assinatura.camara.leg.br\/CD256497895900<br \/>\nAssinado eletronicamente pelo(a) Dep. David Soares<br \/>\nApresenta\u00e7\u00e3o: 23\/06\/2025 11:28:38.183 &#8211; Mesa<br \/>\n*CD256497895900* PL n.3008\/2025<\/article>\n<p><a href='https:\/\/app.legislapp.com.br\/#\/busca?termo=Altera\u00e7\u00e3o'>Altera\u00e7\u00e3o<\/a>, <a href='https:\/\/app.legislapp.com.br\/#\/busca?termo=Lei Org\u00e2nica Nacional das Pol\u00edcias Militares e dos Corpos de Bombeiros Militares dos Estados'>Lei Org\u00e2nica Nacional das Pol\u00edcias Militares e dos Corpos de Bombeiros Militares dos Estados<\/a>, <a href='https:\/\/app.legislapp.com.br\/#\/busca?termo=do Distrito Federal e dos Territ\u00f3rios (2023)\u00b8 Lei Org\u00e2nica Nacional das Pol\u00edcias Civis (2023)'>do Distrito Federal e dos Territ\u00f3rios (2023)\u00b8 Lei Org\u00e2nica Nacional das Pol\u00edcias Civis (2023)<\/a>, <a href='https:\/\/app.legislapp.com.br\/#\/busca?termo=crit\u00e9rio'>crit\u00e9rio<\/a>, <a href='https:\/\/app.legislapp.com.br\/#\/busca?termo=dispensa'>dispensa<\/a>, <a href='https:\/\/app.legislapp.com.br\/#\/busca?termo=policial militar'>policial militar<\/a>, <a href='https:\/\/app.legislapp.com.br\/#\/busca?termo=bombeiro militar'>bombeiro militar<\/a>, <a href='https:\/\/app.legislapp.com.br\/#\/busca?termo=repara\u00e7\u00e3o do dano'>repara\u00e7\u00e3o do dano<\/a>, <a href='https:\/\/app.legislapp.com.br\/#\/busca?termo=preju\u00edzo'>preju\u00edzo<\/a>, <a href='https:\/\/app.legislapp.com.br\/#\/busca?termo=administra\u00e7\u00e3o p\u00fablica'>administra\u00e7\u00e3o p\u00fablica<\/a>, <a href='https:\/\/app.legislapp.com.br\/#\/busca?termo=hip\u00f3tese'>hip\u00f3tese<\/a>, <a href='https:\/\/app.legislapp.com.br\/#\/busca?termo=exerc\u00edcio de fun\u00e7\u00e3o p\u00fablica.'>exerc\u00edcio de fun\u00e7\u00e3o p\u00fablica.<\/a><\/p>\n<div style=\"text-align: center\">\n      <img decoding=\"async\" style=\"width: 14%;\" src=\"https:\/\/www.legislapp.com.br\/wp-content\/uploads\/2021\/07\/Logo-Legislapp-1-03-1.png\"><br \/>\n      <\/p>\n<div style=\"margin-bottom: 20px;\" class=\"et_pb_button_module_wrapper et_pb_button_5_tb_body_wrapper et_pb_button_alignment_center et_pb_module \">\n         <a class=\"et_pb_button et_pb_button_5_tb_body et_hover_enabled et_pb_bg_layout_dark\" style=\"width: 50%;background-color: black;\" href=\"https:\/\/app.legislapp.com.br\" target=\"_blank\" rel=\"noopener\">Visualizar completo na nossa plataforma (30 dias gr\u00e1tis)<\/a><\/p><\/div>\n<p>      <a href=\"https:\/\/play.google.com\/store\/apps\/details?id=br.com.legislapp\"><img decoding=\"async\" style=\"width: 15%; min-width: 130px;\" src=\"https:\/\/www.legislapp.com.br\/wp-content\/uploads\/google-play.png\"><\/a><br \/>\n      <a href=\"https:\/\/apps.apple.com\/us\/app\/legislapp\/id1568929859\"><img decoding=\"async\" style=\"width: 15%; min-width: 130px\" src=\"https:\/\/www.legislapp.com.br\/wp-content\/uploads\/apple-store.png\"><\/a>\n   <\/div>\n","protected":false},"excerpt":{"rendered":"<p>Avulso Inicial &#8211; Autoria de David Soares C\u00c2MARA DOS DEPUTADOS Gabinete do Deputado Federal David Soares &#8211; Uni\u00e3o Brasil\/SP PROJETO DE LEI N\u00ba , de 2025 (Do Deputado Sr. David Soares) Altera a Lei 14.751, de 12 de dezembro de 2023, e a Lei n\u00ba 14.735, de 23 de novembro de 2023, para dispor sobre [&hellip;]<\/p>\n","protected":false},"author":1,"featured_media":0,"parent":0,"menu_order":0,"comment_status":"closed","ping_status":"closed","template":"page-template-blank.php","meta":{"_et_pb_use_builder":"","_et_pb_old_content":"","_et_gb_content_width":"1080","ngg_post_thumbnail":0,"footnotes":""},"class_list":["post-10327","page","type-page","status-publish","hentry"],"yoast_head":"<!-- This site is optimized with the Yoast SEO plugin v24.4 - https:\/\/yoast.com\/wordpress\/plugins\/seo\/ -->\n<title>Avulso Inicial - PL 3008\/2025 - C\u00e2mara - Legislapp<\/title>\n<meta name=\"robots\" content=\"index, follow, max-snippet:-1, max-image-preview:large, max-video-preview:-1\" \/>\n<link rel=\"canonical\" href=\"https:\/\/www.legislapp.com.br\/index.php\/avulso-inicial-pl-3008-2025-camara\/\" \/>\n<meta property=\"og:locale\" content=\"pt_BR\" \/>\n<meta property=\"og:type\" content=\"article\" \/>\n<meta property=\"og:title\" content=\"Avulso Inicial - PL 3008\/2025 - C\u00e2mara - Legislapp\" \/>\n<meta property=\"og:description\" content=\"Avulso Inicial &#8211; Autoria de David Soares C\u00c2MARA DOS DEPUTADOS Gabinete do Deputado Federal David Soares &#8211; Uni\u00e3o Brasil\/SP PROJETO DE LEI N\u00ba , de 2025 (Do Deputado Sr. David Soares) Altera a Lei 14.751, de 12 de dezembro de 2023, e a Lei n\u00ba 14.735, de 23 de novembro de 2023, para dispor sobre [&hellip;]\" \/>\n<meta property=\"og:url\" content=\"https:\/\/www.legislapp.com.br\/index.php\/avulso-inicial-pl-3008-2025-camara\/\" \/>\n<meta property=\"og:site_name\" content=\"Legislapp\" \/>\n<meta property=\"article:publisher\" content=\"https:\/\/www.instagram.com\/legislapp\/\" \/>\n<meta property=\"og:image\" content=\"https:\/\/www.legislapp.com.br\/wp-content\/uploads\/2021\/07\/Logo-Legislapp-1-03-1.png\" \/>\n<meta name=\"twitter:card\" content=\"summary_large_image\" \/>\n<meta name=\"twitter:label1\" content=\"Est. tempo de leitura\" \/>\n\t<meta name=\"twitter:data1\" content=\"3 minutos\" \/>\n<script type=\"application\/ld+json\" class=\"yoast-schema-graph\">{\"@context\":\"https:\/\/schema.org\",\"@graph\":[{\"@type\":\"WebPage\",\"@id\":\"https:\/\/www.legislapp.com.br\/index.php\/avulso-inicial-pl-3008-2025-camara\/\",\"url\":\"https:\/\/www.legislapp.com.br\/index.php\/avulso-inicial-pl-3008-2025-camara\/\",\"name\":\"Avulso Inicial - PL 3008\/2025 - C\u00e2mara - Legislapp\",\"isPartOf\":{\"@id\":\"https:\/\/www.legislapp.com.br\/#website\"},\"primaryImageOfPage\":{\"@id\":\"https:\/\/www.legislapp.com.br\/index.php\/avulso-inicial-pl-3008-2025-camara\/#primaryimage\"},\"image\":{\"@id\":\"https:\/\/www.legislapp.com.br\/index.php\/avulso-inicial-pl-3008-2025-camara\/#primaryimage\"},\"thumbnailUrl\":\"https:\/\/www.legislapp.com.br\/wp-content\/uploads\/2021\/07\/Logo-Legislapp-1-03-1.png\",\"datePublished\":\"2025-12-01T14:12:44+00:00\",\"breadcrumb\":{\"@id\":\"https:\/\/www.legislapp.com.br\/index.php\/avulso-inicial-pl-3008-2025-camara\/#breadcrumb\"},\"inLanguage\":\"pt-BR\",\"potentialAction\":[{\"@type\":\"ReadAction\",\"target\":[\"https:\/\/www.legislapp.com.br\/index.php\/avulso-inicial-pl-3008-2025-camara\/\"]}]},{\"@type\":\"ImageObject\",\"inLanguage\":\"pt-BR\",\"@id\":\"https:\/\/www.legislapp.com.br\/index.php\/avulso-inicial-pl-3008-2025-camara\/#primaryimage\",\"url\":\"https:\/\/www.legislapp.com.br\/wp-content\/uploads\/2021\/07\/Logo-Legislapp-1-03-1.png\",\"contentUrl\":\"https:\/\/www.legislapp.com.br\/wp-content\/uploads\/2021\/07\/Logo-Legislapp-1-03-1.png\",\"width\":2679,\"height\":2697},{\"@type\":\"BreadcrumbList\",\"@id\":\"https:\/\/www.legislapp.com.br\/index.php\/avulso-inicial-pl-3008-2025-camara\/#breadcrumb\",\"itemListElement\":[{\"@type\":\"ListItem\",\"position\":1,\"name\":\"In\u00edcio\",\"item\":\"https:\/\/www.legislapp.com.br\/\"},{\"@type\":\"ListItem\",\"position\":2,\"name\":\"Avulso Inicial &#8211; PL 3008\/2025 &#8211; C\u00e2mara\"}]},{\"@type\":\"WebSite\",\"@id\":\"https:\/\/www.legislapp.com.br\/#website\",\"url\":\"https:\/\/www.legislapp.com.br\/\",\"name\":\"Legislapp\",\"description\":\"Intelig\u00eancia governamental em tempo real\",\"publisher\":{\"@id\":\"https:\/\/www.legislapp.com.br\/#organization\"},\"potentialAction\":[{\"@type\":\"SearchAction\",\"target\":{\"@type\":\"EntryPoint\",\"urlTemplate\":\"https:\/\/www.legislapp.com.br\/?s={search_term_string}\"},\"query-input\":{\"@type\":\"PropertyValueSpecification\",\"valueRequired\":true,\"valueName\":\"search_term_string\"}}],\"inLanguage\":\"pt-BR\"},{\"@type\":\"Organization\",\"@id\":\"https:\/\/www.legislapp.com.br\/#organization\",\"name\":\"Legislapp Monitoramento e Intelig\u00eancia Governamental\",\"url\":\"https:\/\/www.legislapp.com.br\/\",\"logo\":{\"@type\":\"ImageObject\",\"inLanguage\":\"pt-BR\",\"@id\":\"https:\/\/www.legislapp.com.br\/#\/schema\/logo\/image\/\",\"url\":\"https:\/\/www.legislapp.com.br\/wp-content\/uploads\/icon.png\",\"contentUrl\":\"https:\/\/www.legislapp.com.br\/wp-content\/uploads\/icon.png\",\"width\":1024,\"height\":1024,\"caption\":\"Legislapp Monitoramento e Intelig\u00eancia Governamental\"},\"image\":{\"@id\":\"https:\/\/www.legislapp.com.br\/#\/schema\/logo\/image\/\"},\"sameAs\":[\"https:\/\/www.instagram.com\/legislapp\/\"]}]}<\/script>\n<!-- \/ Yoast SEO plugin. -->","yoast_head_json":{"title":"Avulso Inicial - PL 3008\/2025 - C\u00e2mara - Legislapp","robots":{"index":"index","follow":"follow","max-snippet":"max-snippet:-1","max-image-preview":"max-image-preview:large","max-video-preview":"max-video-preview:-1"},"canonical":"https:\/\/www.legislapp.com.br\/index.php\/avulso-inicial-pl-3008-2025-camara\/","og_locale":"pt_BR","og_type":"article","og_title":"Avulso Inicial - PL 3008\/2025 - C\u00e2mara - Legislapp","og_description":"Avulso Inicial &#8211; Autoria de David Soares C\u00c2MARA DOS DEPUTADOS Gabinete do Deputado Federal David Soares &#8211; Uni\u00e3o Brasil\/SP PROJETO DE LEI N\u00ba , de 2025 (Do Deputado Sr. David Soares) Altera a Lei 14.751, de 12 de dezembro de 2023, e a Lei n\u00ba 14.735, de 23 de novembro de 2023, para dispor sobre [&hellip;]","og_url":"https:\/\/www.legislapp.com.br\/index.php\/avulso-inicial-pl-3008-2025-camara\/","og_site_name":"Legislapp","article_publisher":"https:\/\/www.instagram.com\/legislapp\/","og_image":[{"url":"https:\/\/www.legislapp.com.br\/wp-content\/uploads\/2021\/07\/Logo-Legislapp-1-03-1.png","type":"","width":"","height":""}],"twitter_card":"summary_large_image","twitter_misc":{"Est. tempo de leitura":"3 minutos"},"schema":{"@context":"https:\/\/schema.org","@graph":[{"@type":"WebPage","@id":"https:\/\/www.legislapp.com.br\/index.php\/avulso-inicial-pl-3008-2025-camara\/","url":"https:\/\/www.legislapp.com.br\/index.php\/avulso-inicial-pl-3008-2025-camara\/","name":"Avulso Inicial - PL 3008\/2025 - C\u00e2mara - Legislapp","isPartOf":{"@id":"https:\/\/www.legislapp.com.br\/#website"},"primaryImageOfPage":{"@id":"https:\/\/www.legislapp.com.br\/index.php\/avulso-inicial-pl-3008-2025-camara\/#primaryimage"},"image":{"@id":"https:\/\/www.legislapp.com.br\/index.php\/avulso-inicial-pl-3008-2025-camara\/#primaryimage"},"thumbnailUrl":"https:\/\/www.legislapp.com.br\/wp-content\/uploads\/2021\/07\/Logo-Legislapp-1-03-1.png","datePublished":"2025-12-01T14:12:44+00:00","breadcrumb":{"@id":"https:\/\/www.legislapp.com.br\/index.php\/avulso-inicial-pl-3008-2025-camara\/#breadcrumb"},"inLanguage":"pt-BR","potentialAction":[{"@type":"ReadAction","target":["https:\/\/www.legislapp.com.br\/index.php\/avulso-inicial-pl-3008-2025-camara\/"]}]},{"@type":"ImageObject","inLanguage":"pt-BR","@id":"https:\/\/www.legislapp.com.br\/index.php\/avulso-inicial-pl-3008-2025-camara\/#primaryimage","url":"https:\/\/www.legislapp.com.br\/wp-content\/uploads\/2021\/07\/Logo-Legislapp-1-03-1.png","contentUrl":"https:\/\/www.legislapp.com.br\/wp-content\/uploads\/2021\/07\/Logo-Legislapp-1-03-1.png","width":2679,"height":2697},{"@type":"BreadcrumbList","@id":"https:\/\/www.legislapp.com.br\/index.php\/avulso-inicial-pl-3008-2025-camara\/#breadcrumb","itemListElement":[{"@type":"ListItem","position":1,"name":"In\u00edcio","item":"https:\/\/www.legislapp.com.br\/"},{"@type":"ListItem","position":2,"name":"Avulso Inicial &#8211; PL 3008\/2025 &#8211; C\u00e2mara"}]},{"@type":"WebSite","@id":"https:\/\/www.legislapp.com.br\/#website","url":"https:\/\/www.legislapp.com.br\/","name":"Legislapp","description":"Intelig\u00eancia governamental em tempo real","publisher":{"@id":"https:\/\/www.legislapp.com.br\/#organization"},"potentialAction":[{"@type":"SearchAction","target":{"@type":"EntryPoint","urlTemplate":"https:\/\/www.legislapp.com.br\/?s={search_term_string}"},"query-input":{"@type":"PropertyValueSpecification","valueRequired":true,"valueName":"search_term_string"}}],"inLanguage":"pt-BR"},{"@type":"Organization","@id":"https:\/\/www.legislapp.com.br\/#organization","name":"Legislapp Monitoramento e Intelig\u00eancia Governamental","url":"https:\/\/www.legislapp.com.br\/","logo":{"@type":"ImageObject","inLanguage":"pt-BR","@id":"https:\/\/www.legislapp.com.br\/#\/schema\/logo\/image\/","url":"https:\/\/www.legislapp.com.br\/wp-content\/uploads\/icon.png","contentUrl":"https:\/\/www.legislapp.com.br\/wp-content\/uploads\/icon.png","width":1024,"height":1024,"caption":"Legislapp Monitoramento e Intelig\u00eancia Governamental"},"image":{"@id":"https:\/\/www.legislapp.com.br\/#\/schema\/logo\/image\/"},"sameAs":["https:\/\/www.instagram.com\/legislapp\/"]}]}},"_links":{"self":[{"href":"https:\/\/www.legislapp.com.br\/index.php\/wp-json\/wp\/v2\/pages\/10327","targetHints":{"allow":["GET"]}}],"collection":[{"href":"https:\/\/www.legislapp.com.br\/index.php\/wp-json\/wp\/v2\/pages"}],"about":[{"href":"https:\/\/www.legislapp.com.br\/index.php\/wp-json\/wp\/v2\/types\/page"}],"author":[{"embeddable":true,"href":"https:\/\/www.legislapp.com.br\/index.php\/wp-json\/wp\/v2\/users\/1"}],"replies":[{"embeddable":true,"href":"https:\/\/www.legislapp.com.br\/index.php\/wp-json\/wp\/v2\/comments?post=10327"}],"version-history":[{"count":0,"href":"https:\/\/www.legislapp.com.br\/index.php\/wp-json\/wp\/v2\/pages\/10327\/revisions"}],"wp:attachment":[{"href":"https:\/\/www.legislapp.com.br\/index.php\/wp-json\/wp\/v2\/media?parent=10327"}],"curies":[{"name":"wp","href":"https:\/\/api.w.org\/{rel}","templated":true}]}}