{"id":10359,"date":"2025-12-01T11:14:30","date_gmt":"2025-12-01T14:14:30","guid":{"rendered":"https:\/\/www.legislapp.com.br\/index.php\/avulso-inicial-pl-4488-2025-camara\/"},"modified":"2025-12-01T11:14:30","modified_gmt":"2025-12-01T14:14:30","slug":"avulso-inicial-pl-4488-2025-camara","status":"publish","type":"page","link":"https:\/\/www.legislapp.com.br\/index.php\/avulso-inicial-pl-4488-2025-camara\/","title":{"rendered":"Avulso Inicial &#8211; PL 4488\/2025 &#8211; C\u00e2mara"},"content":{"rendered":"<h1 style='text-align: center;'>Avulso Inicial &#8211; Autoria de Cabo Gilberto Silva<\/h3>\n<p><\/p>\n<article>\nProjeto de Lei<br \/>\n(Do Sr. Cabo Gilberto Silva)<br \/>\nEstabelece que o porte funcional seja v\u00e1lido em<br \/>\nservi\u00e7o ou em situa\u00e7\u00f5es relacionadas \u00e0 fun\u00e7\u00e3o,<br \/>\nindependentemente do limite territorial do munic\u00edpio<br \/>\nde origem. Alterando a Lei n\u00ba 10.826, de 22 de<br \/>\ndezembro de 2003, para incluir as guardas<br \/>\nmunicipais no rol de agentes de seguran\u00e7a com porte<br \/>\nnacional de arma institucional.<br \/>\nO Congresso Nacional decreta:<br \/>\nArt. 1\u00ba A Lei n\u00ba 10.826, de 22 de dezembro de 2003 (Estatuto do Desarmamento), passa a<br \/>\nvigorar acrescida do seguinte inciso no art. 6\u00ba:<br \/>\n&#8220;Inciso X &#8211; os integrantes das guardas municipais, para o porte de<br \/>\narma de fogo funcional fornecida pela institui\u00e7\u00e3o, em todo o territ\u00f3rio<br \/>\nnacional, nos moldes do porte concedido aos policiais militares.&#8221;<br \/>\nArt. 2\u00ba O porte funcional de arma de fogo pelos guardas municipais ser\u00e1 regulado por<br \/>\nnormas complementares da Pol\u00edcia Federal, em articula\u00e7\u00e3o com as secretarias municipais de<br \/>\nseguran\u00e7a, garantindo treinamento obrigat\u00f3rio, avalia\u00e7\u00e3o psicol\u00f3gica peri\u00f3dica e registro<br \/>\ninstitucional da arma.<br \/>\nArt. 3\u00ba Esta lei entra em vigor na data de sua publica\u00e7\u00e3o.<br \/>\nJUSTIFICATIVA<br \/>\nA presente proposta visa equiparar o tratamento dispensado \u00e0s guardas municipais ao<br \/>\nconcedido \u00e0s pol\u00edcias militares no que tange ao porte de arma de fogo funcional, reconhecendo o<br \/>\nPara verificar a assinatura, acesse https:\/\/infoleg-autenticidade-assinatura.camara.leg.br\/CD251204136600<br \/>\nAssinado eletronicamente pelo(a) Dep. Cabo Gilberto Silva<br \/>\nApresenta\u00e7\u00e3o: 08\/09\/2025 23:57:43.573 &#8211; Mesa<br \/>\n*CD251204136600* PL n.4488\/2025<br \/> <br \/>\npapel essencial desses agentes na manuten\u00e7\u00e3o da ordem p\u00fablica e na prote\u00e7\u00e3o da sociedade. Com o<br \/>\ncrescimento das demandas por seguran\u00e7a em \u00e2mbito local, as guardas municipais atuam cada vez<br \/>\nmais em opera\u00e7\u00f5es integradas com for\u00e7as estaduais e federais, necessitando de mobilidade e<br \/>\nautoridade plena em todo o territ\u00f3rio nacional para exercerem suas fun\u00e7\u00f5es de forma eficaz.<br \/>\nAtualmente, a legisla\u00e7\u00e3o restringe o porte de arma dos guardas municipais ao \u00e2mbito<br \/>\nmunicipal ou estadual em certos casos, o que limita sua capacidade de resposta em situa\u00e7\u00f5es que<br \/>\ntranscendem fronteiras locais, como persegui\u00e7\u00f5es interestaduais ou apoio a opera\u00e7\u00f5es conjuntas. Ao<br \/>\nautorizar o porte funcional nacional, similar ao dos policiais militares, esta lei promove a<br \/>\nuniformidade no sistema de seguran\u00e7a p\u00fablica, fortalecendo a integra\u00e7\u00e3o entre os entes federativos<br \/>\ne otimizando recursos humanos e operacionais.<br \/>\nAl\u00e9m disso, o fornecimento da arma pela institui\u00e7\u00e3o Guarda Municipal garante o controle<br \/>\ninstitucional sobre o armamento, reduzindo riscos de desvios e assegurando que apenas<br \/>\nequipamentos padronizados e registrados sejam utilizados. Essa medida alinha-se \u00e0s diretrizes do<br \/>\nEstatuto Geral das Guardas Municipais (Lei n\u00ba 13.022\/2014), que j\u00e1 reconhece sua natureza de<br \/>\npol\u00edcia ostensiva e preserva\u00e7\u00e3o da ordem, mas carece de extens\u00e3o para o porte nacional funcional.<br \/>\nA justificativa tamb\u00e9m se ampara na necessidade de valorizar os profissionais das guardas<br \/>\nmunicipais, que enfrentam riscos di\u00e1rios semelhantes aos de outras for\u00e7as de seguran\u00e7a. Com<br \/>\ntreinamento obrigat\u00f3rio e avalia\u00e7\u00f5es peri\u00f3dicas, o porte funcional nacional n\u00e3o compromete a<br \/>\nseguran\u00e7a p\u00fablica, mas a refor\u00e7a, permitindo que esses agentes atuem com maior autonomia e<br \/>\nefici\u00eancia em cen\u00e1rios de mobilidade crescente, como eventos nacionais ou crises de seguran\u00e7a<br \/>\ntransmunicipais.<br \/>\nPor fim, esta proposta atende a demandas hist\u00f3ricas do setor de seguran\u00e7a p\u00fablica,<br \/>\nrespaldadas por decis\u00f5es judiciais e normativas recentes da Pol\u00edcia Federal, promovendo a equidade<br \/>\nentre as corpora\u00e7\u00f5es e contribuindo para a redu\u00e7\u00e3o da criminalidade em todo o pa\u00eds. A aprova\u00e7\u00e3o<br \/>\ndeste projeto representa um avan\u00e7o na moderniza\u00e7\u00e3o do marco legal, alinhando-o \u00e0s realidades<br \/>\ncontempor\u00e2neas da federa\u00e7\u00e3o brasileira.<br \/>\nSala de Sess\u00f5es, em de de 2025<br \/>\nCabo Gilberto Silva<br \/>\nPara verificar a assinatura, acesse https:\/\/infoleg-autenticidade-assinatura.camara.leg.br\/CD251204136600<br \/>\nAssinado eletronicamente pelo(a) Dep. Cabo Gilberto Silva<br \/>\nApresenta\u00e7\u00e3o: 08\/09\/2025 23:57:43.573 &#8211; Mesa<br \/>\n*CD251204136600* PL n.4488\/2025<br \/> <br \/>\nDeputado Federal<br \/>\nPL\/PB<br \/>\nPara verificar a assinatura, acesse https:\/\/infoleg-autenticidade-assinatura.camara.leg.br\/CD251204136600<br \/>\nAssinado eletronicamente pelo(a) Dep. Cabo Gilberto Silva<br \/>\nApresenta\u00e7\u00e3o: 08\/09\/2025 23:57:43.573 &#8211; Mesa<br \/>\n*CD251204136600* PL n.4488\/2025<\/article>\n<p><a href='https:\/\/app.legislapp.com.br\/#\/busca?termo=Altera\u00e7\u00e3o'>Altera\u00e7\u00e3o<\/a>, <a href='https:\/\/app.legislapp.com.br\/#\/busca?termo=Estatuto do Desarmamento (2003)'>Estatuto do Desarmamento (2003)<\/a>, <a href='https:\/\/app.legislapp.com.br\/#\/busca?termo=porte de arma'>porte de arma<\/a>, <a href='https:\/\/app.legislapp.com.br\/#\/busca?termo=arma de fogo'>arma de fogo<\/a>, <a href='https:\/\/app.legislapp.com.br\/#\/busca?termo=atua\u00e7\u00e3o funcional'>atua\u00e7\u00e3o funcional<\/a>, <a href='https:\/\/app.legislapp.com.br\/#\/busca?termo=territ\u00f3rio nacional'>territ\u00f3rio nacional<\/a>, <a href='https:\/\/app.legislapp.com.br\/#\/busca?termo=guarda municipal'>guarda municipal<\/a>, <a href='https:\/\/app.legislapp.com.br\/#\/busca?termo=equipara\u00e7\u00e3o'>equipara\u00e7\u00e3o<\/a>, <a href='https:\/\/app.legislapp.com.br\/#\/busca?termo=pol\u00edcia militar'>pol\u00edcia militar<\/a>, <a href='https:\/\/app.legislapp.com.br\/#\/busca?termo=diretrizes'>diretrizes<\/a>, <a href='https:\/\/app.legislapp.com.br\/#\/busca?termo=ordem p\u00fablica'>ordem p\u00fablica<\/a>, <a href='https:\/\/app.legislapp.com.br\/#\/busca?termo=seguran\u00e7a p\u00fablica.'>seguran\u00e7a p\u00fablica.<\/a><\/p>\n<div style=\"text-align: center\">\n      <img decoding=\"async\" style=\"width: 14%;\" src=\"https:\/\/www.legislapp.com.br\/wp-content\/uploads\/2021\/07\/Logo-Legislapp-1-03-1.png\"><br \/>\n      <\/p>\n<div style=\"margin-bottom: 20px;\" class=\"et_pb_button_module_wrapper et_pb_button_5_tb_body_wrapper et_pb_button_alignment_center et_pb_module \">\n         <a class=\"et_pb_button et_pb_button_5_tb_body et_hover_enabled et_pb_bg_layout_dark\" style=\"width: 50%;background-color: black;\" href=\"https:\/\/app.legislapp.com.br\" target=\"_blank\" rel=\"noopener\">Visualizar completo na nossa plataforma (30 dias gr\u00e1tis)<\/a><\/p><\/div>\n<p>      <a href=\"https:\/\/play.google.com\/store\/apps\/details?id=br.com.legislapp\"><img decoding=\"async\" style=\"width: 15%; min-width: 130px;\" src=\"https:\/\/www.legislapp.com.br\/wp-content\/uploads\/google-play.png\"><\/a><br \/>\n      <a href=\"https:\/\/apps.apple.com\/us\/app\/legislapp\/id1568929859\"><img decoding=\"async\" style=\"width: 15%; min-width: 130px\" src=\"https:\/\/www.legislapp.com.br\/wp-content\/uploads\/apple-store.png\"><\/a>\n   <\/div>\n","protected":false},"excerpt":{"rendered":"<p>Avulso Inicial &#8211; Autoria de Cabo Gilberto Silva Projeto de Lei (Do Sr. Cabo Gilberto Silva) Estabelece que o porte funcional seja v\u00e1lido em servi\u00e7o ou em situa\u00e7\u00f5es relacionadas \u00e0 fun\u00e7\u00e3o, independentemente do limite territorial do munic\u00edpio de origem. Alterando a Lei n\u00ba 10.826, de 22 de dezembro de 2003, para incluir as guardas municipais [&hellip;]<\/p>\n","protected":false},"author":1,"featured_media":0,"parent":0,"menu_order":0,"comment_status":"closed","ping_status":"closed","template":"page-template-blank.php","meta":{"_et_pb_use_builder":"","_et_pb_old_content":"","_et_gb_content_width":"1080","ngg_post_thumbnail":0,"footnotes":""},"class_list":["post-10359","page","type-page","status-publish","hentry"],"yoast_head":"<!-- This site is optimized with the Yoast SEO plugin v24.4 - https:\/\/yoast.com\/wordpress\/plugins\/seo\/ -->\n<title>Avulso Inicial - PL 4488\/2025 - C\u00e2mara - Legislapp<\/title>\n<meta name=\"robots\" content=\"index, follow, max-snippet:-1, max-image-preview:large, max-video-preview:-1\" \/>\n<link rel=\"canonical\" href=\"https:\/\/www.legislapp.com.br\/index.php\/avulso-inicial-pl-4488-2025-camara\/\" \/>\n<meta property=\"og:locale\" content=\"pt_BR\" \/>\n<meta property=\"og:type\" content=\"article\" \/>\n<meta property=\"og:title\" content=\"Avulso Inicial - PL 4488\/2025 - C\u00e2mara - Legislapp\" \/>\n<meta property=\"og:description\" content=\"Avulso Inicial &#8211; Autoria de Cabo Gilberto Silva Projeto de Lei (Do Sr. Cabo Gilberto Silva) Estabelece que o porte funcional seja v\u00e1lido em servi\u00e7o ou em situa\u00e7\u00f5es relacionadas \u00e0 fun\u00e7\u00e3o, independentemente do limite territorial do munic\u00edpio de origem. Alterando a Lei n\u00ba 10.826, de 22 de dezembro de 2003, para incluir as guardas municipais [&hellip;]\" \/>\n<meta property=\"og:url\" content=\"https:\/\/www.legislapp.com.br\/index.php\/avulso-inicial-pl-4488-2025-camara\/\" \/>\n<meta property=\"og:site_name\" content=\"Legislapp\" \/>\n<meta property=\"article:publisher\" content=\"https:\/\/www.instagram.com\/legislapp\/\" \/>\n<meta property=\"og:image\" content=\"https:\/\/www.legislapp.com.br\/wp-content\/uploads\/2021\/07\/Logo-Legislapp-1-03-1.png\" \/>\n<meta name=\"twitter:card\" content=\"summary_large_image\" \/>\n<meta name=\"twitter:label1\" content=\"Est. tempo de leitura\" \/>\n\t<meta name=\"twitter:data1\" content=\"4 minutos\" \/>\n<script type=\"application\/ld+json\" class=\"yoast-schema-graph\">{\"@context\":\"https:\/\/schema.org\",\"@graph\":[{\"@type\":\"WebPage\",\"@id\":\"https:\/\/www.legislapp.com.br\/index.php\/avulso-inicial-pl-4488-2025-camara\/\",\"url\":\"https:\/\/www.legislapp.com.br\/index.php\/avulso-inicial-pl-4488-2025-camara\/\",\"name\":\"Avulso Inicial - PL 4488\/2025 - C\u00e2mara - Legislapp\",\"isPartOf\":{\"@id\":\"https:\/\/www.legislapp.com.br\/#website\"},\"primaryImageOfPage\":{\"@id\":\"https:\/\/www.legislapp.com.br\/index.php\/avulso-inicial-pl-4488-2025-camara\/#primaryimage\"},\"image\":{\"@id\":\"https:\/\/www.legislapp.com.br\/index.php\/avulso-inicial-pl-4488-2025-camara\/#primaryimage\"},\"thumbnailUrl\":\"https:\/\/www.legislapp.com.br\/wp-content\/uploads\/2021\/07\/Logo-Legislapp-1-03-1.png\",\"datePublished\":\"2025-12-01T14:14:30+00:00\",\"breadcrumb\":{\"@id\":\"https:\/\/www.legislapp.com.br\/index.php\/avulso-inicial-pl-4488-2025-camara\/#breadcrumb\"},\"inLanguage\":\"pt-BR\",\"potentialAction\":[{\"@type\":\"ReadAction\",\"target\":[\"https:\/\/www.legislapp.com.br\/index.php\/avulso-inicial-pl-4488-2025-camara\/\"]}]},{\"@type\":\"ImageObject\",\"inLanguage\":\"pt-BR\",\"@id\":\"https:\/\/www.legislapp.com.br\/index.php\/avulso-inicial-pl-4488-2025-camara\/#primaryimage\",\"url\":\"https:\/\/www.legislapp.com.br\/wp-content\/uploads\/2021\/07\/Logo-Legislapp-1-03-1.png\",\"contentUrl\":\"https:\/\/www.legislapp.com.br\/wp-content\/uploads\/2021\/07\/Logo-Legislapp-1-03-1.png\",\"width\":2679,\"height\":2697},{\"@type\":\"BreadcrumbList\",\"@id\":\"https:\/\/www.legislapp.com.br\/index.php\/avulso-inicial-pl-4488-2025-camara\/#breadcrumb\",\"itemListElement\":[{\"@type\":\"ListItem\",\"position\":1,\"name\":\"In\u00edcio\",\"item\":\"https:\/\/www.legislapp.com.br\/\"},{\"@type\":\"ListItem\",\"position\":2,\"name\":\"Avulso Inicial &#8211; PL 4488\/2025 &#8211; C\u00e2mara\"}]},{\"@type\":\"WebSite\",\"@id\":\"https:\/\/www.legislapp.com.br\/#website\",\"url\":\"https:\/\/www.legislapp.com.br\/\",\"name\":\"Legislapp\",\"description\":\"Intelig\u00eancia governamental em tempo real\",\"publisher\":{\"@id\":\"https:\/\/www.legislapp.com.br\/#organization\"},\"potentialAction\":[{\"@type\":\"SearchAction\",\"target\":{\"@type\":\"EntryPoint\",\"urlTemplate\":\"https:\/\/www.legislapp.com.br\/?s={search_term_string}\"},\"query-input\":{\"@type\":\"PropertyValueSpecification\",\"valueRequired\":true,\"valueName\":\"search_term_string\"}}],\"inLanguage\":\"pt-BR\"},{\"@type\":\"Organization\",\"@id\":\"https:\/\/www.legislapp.com.br\/#organization\",\"name\":\"Legislapp Monitoramento e Intelig\u00eancia Governamental\",\"url\":\"https:\/\/www.legislapp.com.br\/\",\"logo\":{\"@type\":\"ImageObject\",\"inLanguage\":\"pt-BR\",\"@id\":\"https:\/\/www.legislapp.com.br\/#\/schema\/logo\/image\/\",\"url\":\"https:\/\/www.legislapp.com.br\/wp-content\/uploads\/icon.png\",\"contentUrl\":\"https:\/\/www.legislapp.com.br\/wp-content\/uploads\/icon.png\",\"width\":1024,\"height\":1024,\"caption\":\"Legislapp Monitoramento e Intelig\u00eancia Governamental\"},\"image\":{\"@id\":\"https:\/\/www.legislapp.com.br\/#\/schema\/logo\/image\/\"},\"sameAs\":[\"https:\/\/www.instagram.com\/legislapp\/\"]}]}<\/script>\n<!-- \/ Yoast SEO plugin. -->","yoast_head_json":{"title":"Avulso Inicial - PL 4488\/2025 - C\u00e2mara - Legislapp","robots":{"index":"index","follow":"follow","max-snippet":"max-snippet:-1","max-image-preview":"max-image-preview:large","max-video-preview":"max-video-preview:-1"},"canonical":"https:\/\/www.legislapp.com.br\/index.php\/avulso-inicial-pl-4488-2025-camara\/","og_locale":"pt_BR","og_type":"article","og_title":"Avulso Inicial - PL 4488\/2025 - C\u00e2mara - Legislapp","og_description":"Avulso Inicial &#8211; Autoria de Cabo Gilberto Silva Projeto de Lei (Do Sr. Cabo Gilberto Silva) Estabelece que o porte funcional seja v\u00e1lido em servi\u00e7o ou em situa\u00e7\u00f5es relacionadas \u00e0 fun\u00e7\u00e3o, independentemente do limite territorial do munic\u00edpio de origem. Alterando a Lei n\u00ba 10.826, de 22 de dezembro de 2003, para incluir as guardas municipais [&hellip;]","og_url":"https:\/\/www.legislapp.com.br\/index.php\/avulso-inicial-pl-4488-2025-camara\/","og_site_name":"Legislapp","article_publisher":"https:\/\/www.instagram.com\/legislapp\/","og_image":[{"url":"https:\/\/www.legislapp.com.br\/wp-content\/uploads\/2021\/07\/Logo-Legislapp-1-03-1.png","type":"","width":"","height":""}],"twitter_card":"summary_large_image","twitter_misc":{"Est. tempo de leitura":"4 minutos"},"schema":{"@context":"https:\/\/schema.org","@graph":[{"@type":"WebPage","@id":"https:\/\/www.legislapp.com.br\/index.php\/avulso-inicial-pl-4488-2025-camara\/","url":"https:\/\/www.legislapp.com.br\/index.php\/avulso-inicial-pl-4488-2025-camara\/","name":"Avulso Inicial - PL 4488\/2025 - C\u00e2mara - Legislapp","isPartOf":{"@id":"https:\/\/www.legislapp.com.br\/#website"},"primaryImageOfPage":{"@id":"https:\/\/www.legislapp.com.br\/index.php\/avulso-inicial-pl-4488-2025-camara\/#primaryimage"},"image":{"@id":"https:\/\/www.legislapp.com.br\/index.php\/avulso-inicial-pl-4488-2025-camara\/#primaryimage"},"thumbnailUrl":"https:\/\/www.legislapp.com.br\/wp-content\/uploads\/2021\/07\/Logo-Legislapp-1-03-1.png","datePublished":"2025-12-01T14:14:30+00:00","breadcrumb":{"@id":"https:\/\/www.legislapp.com.br\/index.php\/avulso-inicial-pl-4488-2025-camara\/#breadcrumb"},"inLanguage":"pt-BR","potentialAction":[{"@type":"ReadAction","target":["https:\/\/www.legislapp.com.br\/index.php\/avulso-inicial-pl-4488-2025-camara\/"]}]},{"@type":"ImageObject","inLanguage":"pt-BR","@id":"https:\/\/www.legislapp.com.br\/index.php\/avulso-inicial-pl-4488-2025-camara\/#primaryimage","url":"https:\/\/www.legislapp.com.br\/wp-content\/uploads\/2021\/07\/Logo-Legislapp-1-03-1.png","contentUrl":"https:\/\/www.legislapp.com.br\/wp-content\/uploads\/2021\/07\/Logo-Legislapp-1-03-1.png","width":2679,"height":2697},{"@type":"BreadcrumbList","@id":"https:\/\/www.legislapp.com.br\/index.php\/avulso-inicial-pl-4488-2025-camara\/#breadcrumb","itemListElement":[{"@type":"ListItem","position":1,"name":"In\u00edcio","item":"https:\/\/www.legislapp.com.br\/"},{"@type":"ListItem","position":2,"name":"Avulso Inicial &#8211; PL 4488\/2025 &#8211; C\u00e2mara"}]},{"@type":"WebSite","@id":"https:\/\/www.legislapp.com.br\/#website","url":"https:\/\/www.legislapp.com.br\/","name":"Legislapp","description":"Intelig\u00eancia governamental em tempo real","publisher":{"@id":"https:\/\/www.legislapp.com.br\/#organization"},"potentialAction":[{"@type":"SearchAction","target":{"@type":"EntryPoint","urlTemplate":"https:\/\/www.legislapp.com.br\/?s={search_term_string}"},"query-input":{"@type":"PropertyValueSpecification","valueRequired":true,"valueName":"search_term_string"}}],"inLanguage":"pt-BR"},{"@type":"Organization","@id":"https:\/\/www.legislapp.com.br\/#organization","name":"Legislapp Monitoramento e Intelig\u00eancia Governamental","url":"https:\/\/www.legislapp.com.br\/","logo":{"@type":"ImageObject","inLanguage":"pt-BR","@id":"https:\/\/www.legislapp.com.br\/#\/schema\/logo\/image\/","url":"https:\/\/www.legislapp.com.br\/wp-content\/uploads\/icon.png","contentUrl":"https:\/\/www.legislapp.com.br\/wp-content\/uploads\/icon.png","width":1024,"height":1024,"caption":"Legislapp Monitoramento e Intelig\u00eancia Governamental"},"image":{"@id":"https:\/\/www.legislapp.com.br\/#\/schema\/logo\/image\/"},"sameAs":["https:\/\/www.instagram.com\/legislapp\/"]}]}},"_links":{"self":[{"href":"https:\/\/www.legislapp.com.br\/index.php\/wp-json\/wp\/v2\/pages\/10359","targetHints":{"allow":["GET"]}}],"collection":[{"href":"https:\/\/www.legislapp.com.br\/index.php\/wp-json\/wp\/v2\/pages"}],"about":[{"href":"https:\/\/www.legislapp.com.br\/index.php\/wp-json\/wp\/v2\/types\/page"}],"author":[{"embeddable":true,"href":"https:\/\/www.legislapp.com.br\/index.php\/wp-json\/wp\/v2\/users\/1"}],"replies":[{"embeddable":true,"href":"https:\/\/www.legislapp.com.br\/index.php\/wp-json\/wp\/v2\/comments?post=10359"}],"version-history":[{"count":0,"href":"https:\/\/www.legislapp.com.br\/index.php\/wp-json\/wp\/v2\/pages\/10359\/revisions"}],"wp:attachment":[{"href":"https:\/\/www.legislapp.com.br\/index.php\/wp-json\/wp\/v2\/media?parent=10359"}],"curies":[{"name":"wp","href":"https:\/\/api.w.org\/{rel}","templated":true}]}}