{"id":10373,"date":"2025-12-01T11:15:22","date_gmt":"2025-12-01T14:15:22","guid":{"rendered":"https:\/\/www.legislapp.com.br\/index.php\/avulso-inicial-pl-4805-2025-camara\/"},"modified":"2025-12-01T11:15:22","modified_gmt":"2025-12-01T14:15:22","slug":"avulso-inicial-pl-4805-2025-camara","status":"publish","type":"page","link":"https:\/\/www.legislapp.com.br\/index.php\/avulso-inicial-pl-4805-2025-camara\/","title":{"rendered":"Avulso Inicial &#8211; PL 4805\/2025 &#8211; C\u00e2mara"},"content":{"rendered":"<h1 style='text-align: center;'>Avulso Inicial &#8211; Autoria de Augusto Coutinho<\/h3>\n<p><\/p>\n<article>PROJETO DE LEI N\u00ba          , DE 2025<br \/>\n(Do Sr. AUGUSTO COUTINHO)<br \/>\nAltera a Lei n\u00ba 9.503, de 1997, que<br \/>\ninstitui o C\u00f3digo de Tr\u00e2nsito Brasileiro, para<br \/>\nincluir, como equipamento obrigat\u00f3rio dos<br \/>\nve\u00edculos de transporte de carga, dispositivo<br \/>\npara detec\u00e7\u00e3o e alerta em caso de<br \/>\nsonol\u00eancia.<br \/>\nO Congresso Nacional decreta:<br \/>\nArt. 1\u00ba Esta Lei altera a Lei n\u00ba 9.503, de 23 de setembro de<br \/>\n1997, para incluir, como equipamento obrigat\u00f3rio dos ve\u00edculos de transporte de<br \/>\ncarga, dispositivo para detec\u00e7\u00e3o e alerta em caso de sonol\u00eancia do condutor.<br \/>\nArt. 2\u00ba O art. 105 da Lei n\u00ba 9.503, de 1997, passa a vigorar<br \/>\nacrescido dos seguintes dispositivos:<br \/>\n\u201cArt.<br \/>\n105. &#8230;&#8230;&#8230;&#8230;&#8230;&#8230;&#8230;&#8230;&#8230;&#8230;&#8230;&#8230;&#8230;&#8230;&#8230;&#8230;&#8230;&#8230;&#8230;&#8230;&#8230;&#8230;&#8230;&#8230;&#8230;&#8230;&#8230;&#8230;&#8230;&#8230;&#8230;&#8230;<br \/>\n&#8230;&#8230;&#8230;&#8230;&#8230;&#8230;&#8230;&#8230;&#8230;&#8230;&#8230;&#8230;&#8230;&#8230;&#8230;&#8230;&#8230;&#8230;&#8230;&#8230;&#8230;&#8230;&#8230;&#8230;&#8230;&#8230;&#8230;&#8230;&#8230;&#8230;&#8230;&#8230;&#8230;&#8230;&#8230;&#8230;&#8230;<br \/>\nIX \u2013 para ve\u00edculos de transporte de carga cujo peso bruto total<br \/>\nexceda a 3.500 kg (tr\u00eas mil e quinhentos quilogramas) dispositivo<br \/>\npara detec\u00e7\u00e3o e alerta em caso de sonol\u00eancia do condutor, na forma<br \/>\ndefinida pelo Contran.<br \/>\n&#8230;&#8230;&#8230;&#8230;&#8230;&#8230;&#8230;&#8230;&#8230;&#8230;&#8230;&#8230;&#8230;&#8230;&#8230;&#8230;&#8230;&#8230;&#8230;&#8230;&#8230;&#8230;&#8230;&#8230;&#8230;&#8230;&#8230;&#8230;&#8230;&#8230;&#8230;&#8230;&#8230;&#8230;&#8230;&#8230;&#8230;<br \/>\n\u00a7 7\u00ba O dispositivo de que trata o inciso IX do caput ser\u00e1 incorporado<br \/>\naos ve\u00edculos novos fabricados a partir de 1 (um) ano ap\u00f3s a defini\u00e7\u00e3o<br \/>\npelo Contran das especifica\u00e7\u00f5es t\u00e9cnicas pertinentes, conforme<br \/>\nrespectivo cronograma de implanta\u00e7\u00e3o.\u201d (NR)<br \/>\nArt. 3\u00ba Esta Lei entra em vigor na data de sua publica\u00e7\u00e3o.<br \/>\nPara verificar a assinatura, acesse https:\/\/infoleg-autenticidade-assinatura.camara.leg.br\/CD258924309700<br \/>\nAssinado eletronicamente pelo(a) Dep. Augusto Coutinho<br \/>\nApresenta\u00e7\u00e3o: 29\/09\/2025 12:49:36.137 &#8211; Mesa<br \/>\n*CD258924309700* PL n.4805\/2025<br \/>2<br \/>\nJUSTIFICA\u00c7\u00c3O<br \/>\nO presente projeto de lei tem como objetivo principal aumentar<br \/>\na seguran\u00e7a nas rodovias brasileiras, especialmente no transporte de cargas,<br \/>\npor meio da implementa\u00e7\u00e3o obrigat\u00f3ria de dispositivos de detec\u00e7\u00e3o e alerta de<br \/>\nsonol\u00eancia em ve\u00edculos comerciais.<br \/>\nA fadiga e a sonol\u00eancia ao volante representam duas das<br \/>\nprincipais causas de acidentes graves no transporte rodovi\u00e1rio de cargas no<br \/>\nPa\u00eds. Estudos nacionais e internacionais demonstram consistentemente que<br \/>\nmotoristas com priva\u00e7\u00e3o de sono apresentam tempo de rea\u00e7\u00e3o<br \/>\nsignificativamente reduzido e capacidade de julgamento comprometida,<br \/>\nequiparando-se, em termos de risco, \u00e0 condu\u00e7\u00e3o sob efeito de \u00e1lcool. Essa<br \/>\nrealidade resulta em milhares de v\u00edtimas anuais e preju\u00edzos econ\u00f4micos<br \/>\nsubstanciais para a sociedade.<br \/>\nA tecnologia necess\u00e1ria para a detec\u00e7\u00e3o de sonol\u00eancia j\u00e1 est\u00e1<br \/>\namplamente dispon\u00edvel no mercado automotivo mundial. Os sistemas<br \/>\neletr\u00f4nicos modernos utilizam monitoramento facial, an\u00e1lise de padr\u00f5es de<br \/>\ncondu\u00e7\u00e3o e algoritmos de intelig\u00eancia artificial para identificar sinais de fadiga<br \/>\nem tempo real, emitindo alertas que podem prevenir acidentes fatais. Esses<br \/>\ndispositivos t\u00eam custos decrescentes e efic\u00e1cia comprovada, representando<br \/>\num investimento m\u00ednimo quando comparado ao valor total dos ve\u00edculos de<br \/>\ncarga.<br \/>\nA proposta est\u00e1 alinhada com a tend\u00eancia mundial de ado\u00e7\u00e3o<br \/>\nde tecnologias de seguran\u00e7a veicular, observada em diversos pa\u00edses<br \/>\ndesenvolvidos que t\u00eam implementado ou estudado medidas similares para<br \/>\nreduzir acidentes causados por fadiga no transporte comercial. O Brasil n\u00e3o<br \/>\npode permanecer alheio a essa tend\u00eancia mundial de moderniza\u00e7\u00e3o e<br \/>\nseguran\u00e7a.<br \/>\nO projeto prev\u00ea implementa\u00e7\u00e3o gradual e respons\u00e1vel,<br \/>\naplicando-se apenas a ve\u00edculos novos e permitindo que o Contran estabele\u00e7a<br \/>\nPara verificar a assinatura, acesse https:\/\/infoleg-autenticidade-assinatura.camara.leg.br\/CD258924309700<br \/>\nAssinado eletronicamente pelo(a) Dep. Augusto Coutinho<br \/>\nApresenta\u00e7\u00e3o: 29\/09\/2025 12:49:36.137 &#8211; Mesa<br \/>\n*CD258924309700* PL n.4805\/2025<br \/>3<br \/>\nas especifica\u00e7\u00f5es t\u00e9cnicas adequadas. Essa abordagem garante adapta\u00e7\u00e3o<br \/>\nadequada da ind\u00fastria e evita impactos retroativos desnecess\u00e1rios.<br \/>\nA aprova\u00e7\u00e3o desta mat\u00e9ria representar\u00e1 importante passo na<br \/>\nmoderniza\u00e7\u00e3o do transporte de cargas brasileiro, demonstrando<br \/>\ncomprometimento com a preserva\u00e7\u00e3o de vidas e o alinhamento do Pa\u00eds \u00e0s<br \/>\nmelhores pr\u00e1ticas internacionais de seguran\u00e7a vi\u00e1ria.<br \/>\nDiante do exposto, contamos com nossos Pares para apoiar a<br \/>\naprova\u00e7\u00e3o do presente Projeto de Lei.<br \/>\nSala das Sess\u00f5es, em        de                     de 2025.<br \/>\nDeputado AUGUSTO COUTINHO<br \/>\n2025-14894<br \/>\nPara verificar a assinatura, acesse https:\/\/infoleg-autenticidade-assinatura.camara.leg.br\/CD258924309700<br \/>\nAssinado eletronicamente pelo(a) Dep. Augusto Coutinho<br \/>\nApresenta\u00e7\u00e3o: 29\/09\/2025 12:49:36.137 &#8211; Mesa<br \/>\n*CD258924309700* PL n.4805\/2025<\/article>\n<p><a href='https:\/\/app.legislapp.com.br\/#\/busca?termo=Altera\u00e7\u00e3o'>Altera\u00e7\u00e3o<\/a>, <a href='https:\/\/app.legislapp.com.br\/#\/busca?termo=C\u00f3digo de Tr\u00e2nsito Brasileiro (1997)'>C\u00f3digo de Tr\u00e2nsito Brasileiro (1997)<\/a>, <a href='https:\/\/app.legislapp.com.br\/#\/busca?termo=obrigatoriedade'>obrigatoriedade<\/a>, <a href='https:\/\/app.legislapp.com.br\/#\/busca?termo=utiliza\u00e7\u00e3o'>utiliza\u00e7\u00e3o<\/a>, <a href='https:\/\/app.legislapp.com.br\/#\/busca?termo=dispositivo de seguran\u00e7a'>dispositivo de seguran\u00e7a<\/a>, <a href='https:\/\/app.legislapp.com.br\/#\/busca?termo=detec\u00e7\u00e3o'>detec\u00e7\u00e3o<\/a>, <a href='https:\/\/app.legislapp.com.br\/#\/busca?termo=sonol\u00eancia'>sonol\u00eancia<\/a>, <a href='https:\/\/app.legislapp.com.br\/#\/busca?termo=motorista de caminh\u00e3o'>motorista de caminh\u00e3o<\/a>, <a href='https:\/\/app.legislapp.com.br\/#\/busca?termo=transporte de carga'>transporte de carga<\/a>, <a href='https:\/\/app.legislapp.com.br\/#\/busca?termo=peso bruto'>peso bruto<\/a>, <a href='https:\/\/app.legislapp.com.br\/#\/busca?termo=limite m\u00ednimo'>limite m\u00ednimo<\/a>, <a href='https:\/\/app.legislapp.com.br\/#\/busca?termo=seguran\u00e7a nos transportes.'>seguran\u00e7a nos transportes.<\/a><\/p>\n<div style=\"text-align: center\">\n      <img decoding=\"async\" style=\"width: 14%;\" src=\"https:\/\/www.legislapp.com.br\/wp-content\/uploads\/2021\/07\/Logo-Legislapp-1-03-1.png\"><br \/>\n      <\/p>\n<div style=\"margin-bottom: 20px;\" class=\"et_pb_button_module_wrapper et_pb_button_5_tb_body_wrapper et_pb_button_alignment_center et_pb_module \">\n         <a class=\"et_pb_button et_pb_button_5_tb_body et_hover_enabled et_pb_bg_layout_dark\" style=\"width: 50%;background-color: black;\" href=\"https:\/\/app.legislapp.com.br\" target=\"_blank\" rel=\"noopener\">Visualizar completo na nossa plataforma (30 dias gr\u00e1tis)<\/a><\/p><\/div>\n<p>      <a href=\"https:\/\/play.google.com\/store\/apps\/details?id=br.com.legislapp\"><img decoding=\"async\" style=\"width: 15%; min-width: 130px;\" src=\"https:\/\/www.legislapp.com.br\/wp-content\/uploads\/google-play.png\"><\/a><br \/>\n      <a href=\"https:\/\/apps.apple.com\/us\/app\/legislapp\/id1568929859\"><img decoding=\"async\" style=\"width: 15%; min-width: 130px\" src=\"https:\/\/www.legislapp.com.br\/wp-content\/uploads\/apple-store.png\"><\/a>\n   <\/div>\n","protected":false},"excerpt":{"rendered":"<p>Avulso Inicial &#8211; Autoria de Augusto Coutinho PROJETO DE LEI N\u00ba , DE 2025 (Do Sr. AUGUSTO COUTINHO) Altera a Lei n\u00ba 9.503, de 1997, que institui o C\u00f3digo de Tr\u00e2nsito Brasileiro, para incluir, como equipamento obrigat\u00f3rio dos ve\u00edculos de transporte de carga, dispositivo para detec\u00e7\u00e3o e alerta em caso de sonol\u00eancia. O Congresso Nacional [&hellip;]<\/p>\n","protected":false},"author":1,"featured_media":0,"parent":0,"menu_order":0,"comment_status":"closed","ping_status":"closed","template":"page-template-blank.php","meta":{"_et_pb_use_builder":"","_et_pb_old_content":"","_et_gb_content_width":"1080","ngg_post_thumbnail":0,"footnotes":""},"class_list":["post-10373","page","type-page","status-publish","hentry"],"yoast_head":"<!-- This site is optimized with the Yoast SEO plugin v24.4 - https:\/\/yoast.com\/wordpress\/plugins\/seo\/ -->\n<title>Avulso Inicial - PL 4805\/2025 - C\u00e2mara - Legislapp<\/title>\n<meta name=\"robots\" content=\"index, follow, max-snippet:-1, max-image-preview:large, max-video-preview:-1\" \/>\n<link rel=\"canonical\" href=\"https:\/\/www.legislapp.com.br\/index.php\/avulso-inicial-pl-4805-2025-camara\/\" \/>\n<meta property=\"og:locale\" content=\"pt_BR\" \/>\n<meta property=\"og:type\" content=\"article\" \/>\n<meta property=\"og:title\" content=\"Avulso Inicial - PL 4805\/2025 - C\u00e2mara - Legislapp\" \/>\n<meta property=\"og:description\" content=\"Avulso Inicial &#8211; Autoria de Augusto Coutinho PROJETO DE LEI N\u00ba , DE 2025 (Do Sr. AUGUSTO COUTINHO) Altera a Lei n\u00ba 9.503, de 1997, que institui o C\u00f3digo de Tr\u00e2nsito Brasileiro, para incluir, como equipamento obrigat\u00f3rio dos ve\u00edculos de transporte de carga, dispositivo para detec\u00e7\u00e3o e alerta em caso de sonol\u00eancia. O Congresso Nacional [&hellip;]\" \/>\n<meta property=\"og:url\" content=\"https:\/\/www.legislapp.com.br\/index.php\/avulso-inicial-pl-4805-2025-camara\/\" \/>\n<meta property=\"og:site_name\" content=\"Legislapp\" \/>\n<meta property=\"article:publisher\" content=\"https:\/\/www.instagram.com\/legislapp\/\" \/>\n<meta property=\"og:image\" content=\"https:\/\/www.legislapp.com.br\/wp-content\/uploads\/2021\/07\/Logo-Legislapp-1-03-1.png\" \/>\n<meta name=\"twitter:card\" content=\"summary_large_image\" \/>\n<meta name=\"twitter:label1\" content=\"Est. tempo de leitura\" \/>\n\t<meta name=\"twitter:data1\" content=\"3 minutos\" \/>\n<script type=\"application\/ld+json\" class=\"yoast-schema-graph\">{\"@context\":\"https:\/\/schema.org\",\"@graph\":[{\"@type\":\"WebPage\",\"@id\":\"https:\/\/www.legislapp.com.br\/index.php\/avulso-inicial-pl-4805-2025-camara\/\",\"url\":\"https:\/\/www.legislapp.com.br\/index.php\/avulso-inicial-pl-4805-2025-camara\/\",\"name\":\"Avulso Inicial - PL 4805\/2025 - C\u00e2mara - Legislapp\",\"isPartOf\":{\"@id\":\"https:\/\/www.legislapp.com.br\/#website\"},\"primaryImageOfPage\":{\"@id\":\"https:\/\/www.legislapp.com.br\/index.php\/avulso-inicial-pl-4805-2025-camara\/#primaryimage\"},\"image\":{\"@id\":\"https:\/\/www.legislapp.com.br\/index.php\/avulso-inicial-pl-4805-2025-camara\/#primaryimage\"},\"thumbnailUrl\":\"https:\/\/www.legislapp.com.br\/wp-content\/uploads\/2021\/07\/Logo-Legislapp-1-03-1.png\",\"datePublished\":\"2025-12-01T14:15:22+00:00\",\"breadcrumb\":{\"@id\":\"https:\/\/www.legislapp.com.br\/index.php\/avulso-inicial-pl-4805-2025-camara\/#breadcrumb\"},\"inLanguage\":\"pt-BR\",\"potentialAction\":[{\"@type\":\"ReadAction\",\"target\":[\"https:\/\/www.legislapp.com.br\/index.php\/avulso-inicial-pl-4805-2025-camara\/\"]}]},{\"@type\":\"ImageObject\",\"inLanguage\":\"pt-BR\",\"@id\":\"https:\/\/www.legislapp.com.br\/index.php\/avulso-inicial-pl-4805-2025-camara\/#primaryimage\",\"url\":\"https:\/\/www.legislapp.com.br\/wp-content\/uploads\/2021\/07\/Logo-Legislapp-1-03-1.png\",\"contentUrl\":\"https:\/\/www.legislapp.com.br\/wp-content\/uploads\/2021\/07\/Logo-Legislapp-1-03-1.png\",\"width\":2679,\"height\":2697},{\"@type\":\"BreadcrumbList\",\"@id\":\"https:\/\/www.legislapp.com.br\/index.php\/avulso-inicial-pl-4805-2025-camara\/#breadcrumb\",\"itemListElement\":[{\"@type\":\"ListItem\",\"position\":1,\"name\":\"In\u00edcio\",\"item\":\"https:\/\/www.legislapp.com.br\/\"},{\"@type\":\"ListItem\",\"position\":2,\"name\":\"Avulso Inicial &#8211; PL 4805\/2025 &#8211; C\u00e2mara\"}]},{\"@type\":\"WebSite\",\"@id\":\"https:\/\/www.legislapp.com.br\/#website\",\"url\":\"https:\/\/www.legislapp.com.br\/\",\"name\":\"Legislapp\",\"description\":\"Intelig\u00eancia governamental em tempo real\",\"publisher\":{\"@id\":\"https:\/\/www.legislapp.com.br\/#organization\"},\"potentialAction\":[{\"@type\":\"SearchAction\",\"target\":{\"@type\":\"EntryPoint\",\"urlTemplate\":\"https:\/\/www.legislapp.com.br\/?s={search_term_string}\"},\"query-input\":{\"@type\":\"PropertyValueSpecification\",\"valueRequired\":true,\"valueName\":\"search_term_string\"}}],\"inLanguage\":\"pt-BR\"},{\"@type\":\"Organization\",\"@id\":\"https:\/\/www.legislapp.com.br\/#organization\",\"name\":\"Legislapp Monitoramento e Intelig\u00eancia Governamental\",\"url\":\"https:\/\/www.legislapp.com.br\/\",\"logo\":{\"@type\":\"ImageObject\",\"inLanguage\":\"pt-BR\",\"@id\":\"https:\/\/www.legislapp.com.br\/#\/schema\/logo\/image\/\",\"url\":\"https:\/\/www.legislapp.com.br\/wp-content\/uploads\/icon.png\",\"contentUrl\":\"https:\/\/www.legislapp.com.br\/wp-content\/uploads\/icon.png\",\"width\":1024,\"height\":1024,\"caption\":\"Legislapp Monitoramento e Intelig\u00eancia Governamental\"},\"image\":{\"@id\":\"https:\/\/www.legislapp.com.br\/#\/schema\/logo\/image\/\"},\"sameAs\":[\"https:\/\/www.instagram.com\/legislapp\/\"]}]}<\/script>\n<!-- \/ Yoast SEO plugin. -->","yoast_head_json":{"title":"Avulso Inicial - PL 4805\/2025 - C\u00e2mara - Legislapp","robots":{"index":"index","follow":"follow","max-snippet":"max-snippet:-1","max-image-preview":"max-image-preview:large","max-video-preview":"max-video-preview:-1"},"canonical":"https:\/\/www.legislapp.com.br\/index.php\/avulso-inicial-pl-4805-2025-camara\/","og_locale":"pt_BR","og_type":"article","og_title":"Avulso Inicial - PL 4805\/2025 - C\u00e2mara - Legislapp","og_description":"Avulso Inicial &#8211; Autoria de Augusto Coutinho PROJETO DE LEI N\u00ba , DE 2025 (Do Sr. AUGUSTO COUTINHO) Altera a Lei n\u00ba 9.503, de 1997, que institui o C\u00f3digo de Tr\u00e2nsito Brasileiro, para incluir, como equipamento obrigat\u00f3rio dos ve\u00edculos de transporte de carga, dispositivo para detec\u00e7\u00e3o e alerta em caso de sonol\u00eancia. O Congresso Nacional [&hellip;]","og_url":"https:\/\/www.legislapp.com.br\/index.php\/avulso-inicial-pl-4805-2025-camara\/","og_site_name":"Legislapp","article_publisher":"https:\/\/www.instagram.com\/legislapp\/","og_image":[{"url":"https:\/\/www.legislapp.com.br\/wp-content\/uploads\/2021\/07\/Logo-Legislapp-1-03-1.png","type":"","width":"","height":""}],"twitter_card":"summary_large_image","twitter_misc":{"Est. tempo de leitura":"3 minutos"},"schema":{"@context":"https:\/\/schema.org","@graph":[{"@type":"WebPage","@id":"https:\/\/www.legislapp.com.br\/index.php\/avulso-inicial-pl-4805-2025-camara\/","url":"https:\/\/www.legislapp.com.br\/index.php\/avulso-inicial-pl-4805-2025-camara\/","name":"Avulso Inicial - PL 4805\/2025 - C\u00e2mara - Legislapp","isPartOf":{"@id":"https:\/\/www.legislapp.com.br\/#website"},"primaryImageOfPage":{"@id":"https:\/\/www.legislapp.com.br\/index.php\/avulso-inicial-pl-4805-2025-camara\/#primaryimage"},"image":{"@id":"https:\/\/www.legislapp.com.br\/index.php\/avulso-inicial-pl-4805-2025-camara\/#primaryimage"},"thumbnailUrl":"https:\/\/www.legislapp.com.br\/wp-content\/uploads\/2021\/07\/Logo-Legislapp-1-03-1.png","datePublished":"2025-12-01T14:15:22+00:00","breadcrumb":{"@id":"https:\/\/www.legislapp.com.br\/index.php\/avulso-inicial-pl-4805-2025-camara\/#breadcrumb"},"inLanguage":"pt-BR","potentialAction":[{"@type":"ReadAction","target":["https:\/\/www.legislapp.com.br\/index.php\/avulso-inicial-pl-4805-2025-camara\/"]}]},{"@type":"ImageObject","inLanguage":"pt-BR","@id":"https:\/\/www.legislapp.com.br\/index.php\/avulso-inicial-pl-4805-2025-camara\/#primaryimage","url":"https:\/\/www.legislapp.com.br\/wp-content\/uploads\/2021\/07\/Logo-Legislapp-1-03-1.png","contentUrl":"https:\/\/www.legislapp.com.br\/wp-content\/uploads\/2021\/07\/Logo-Legislapp-1-03-1.png","width":2679,"height":2697},{"@type":"BreadcrumbList","@id":"https:\/\/www.legislapp.com.br\/index.php\/avulso-inicial-pl-4805-2025-camara\/#breadcrumb","itemListElement":[{"@type":"ListItem","position":1,"name":"In\u00edcio","item":"https:\/\/www.legislapp.com.br\/"},{"@type":"ListItem","position":2,"name":"Avulso Inicial &#8211; PL 4805\/2025 &#8211; C\u00e2mara"}]},{"@type":"WebSite","@id":"https:\/\/www.legislapp.com.br\/#website","url":"https:\/\/www.legislapp.com.br\/","name":"Legislapp","description":"Intelig\u00eancia governamental em tempo real","publisher":{"@id":"https:\/\/www.legislapp.com.br\/#organization"},"potentialAction":[{"@type":"SearchAction","target":{"@type":"EntryPoint","urlTemplate":"https:\/\/www.legislapp.com.br\/?s={search_term_string}"},"query-input":{"@type":"PropertyValueSpecification","valueRequired":true,"valueName":"search_term_string"}}],"inLanguage":"pt-BR"},{"@type":"Organization","@id":"https:\/\/www.legislapp.com.br\/#organization","name":"Legislapp Monitoramento e Intelig\u00eancia Governamental","url":"https:\/\/www.legislapp.com.br\/","logo":{"@type":"ImageObject","inLanguage":"pt-BR","@id":"https:\/\/www.legislapp.com.br\/#\/schema\/logo\/image\/","url":"https:\/\/www.legislapp.com.br\/wp-content\/uploads\/icon.png","contentUrl":"https:\/\/www.legislapp.com.br\/wp-content\/uploads\/icon.png","width":1024,"height":1024,"caption":"Legislapp Monitoramento e Intelig\u00eancia Governamental"},"image":{"@id":"https:\/\/www.legislapp.com.br\/#\/schema\/logo\/image\/"},"sameAs":["https:\/\/www.instagram.com\/legislapp\/"]}]}},"_links":{"self":[{"href":"https:\/\/www.legislapp.com.br\/index.php\/wp-json\/wp\/v2\/pages\/10373","targetHints":{"allow":["GET"]}}],"collection":[{"href":"https:\/\/www.legislapp.com.br\/index.php\/wp-json\/wp\/v2\/pages"}],"about":[{"href":"https:\/\/www.legislapp.com.br\/index.php\/wp-json\/wp\/v2\/types\/page"}],"author":[{"embeddable":true,"href":"https:\/\/www.legislapp.com.br\/index.php\/wp-json\/wp\/v2\/users\/1"}],"replies":[{"embeddable":true,"href":"https:\/\/www.legislapp.com.br\/index.php\/wp-json\/wp\/v2\/comments?post=10373"}],"version-history":[{"count":0,"href":"https:\/\/www.legislapp.com.br\/index.php\/wp-json\/wp\/v2\/pages\/10373\/revisions"}],"wp:attachment":[{"href":"https:\/\/www.legislapp.com.br\/index.php\/wp-json\/wp\/v2\/media?parent=10373"}],"curies":[{"name":"wp","href":"https:\/\/api.w.org\/{rel}","templated":true}]}}