{"id":10378,"date":"2025-12-01T11:15:35","date_gmt":"2025-12-01T14:15:35","guid":{"rendered":"https:\/\/www.legislapp.com.br\/index.php\/avulso-inicial-pl-3533-2025-camara\/"},"modified":"2025-12-01T11:15:35","modified_gmt":"2025-12-01T14:15:35","slug":"avulso-inicial-pl-3533-2025-camara","status":"publish","type":"page","link":"https:\/\/www.legislapp.com.br\/index.php\/avulso-inicial-pl-3533-2025-camara\/","title":{"rendered":"Avulso Inicial &#8211; PL 3533\/2025 &#8211; C\u00e2mara"},"content":{"rendered":"<h1 style='text-align: center;'>Avulso Inicial &#8211; Autoria de Amom Mandel<\/h3>\n<p><\/p>\n<article>C\u00c2MARA DOS DEPUTADOS<br \/>\nGabinete do Deputado Federal AMOM MANDEL \u2013 CIDADANIA\/AM<br \/>\n   PROJETO DE LEI N\u00ba      , DE 2025<br \/>\n(Do Sr. AMOM MANDEL)<br \/>\nDisp\u00f5e sobre a proibi\u00e7\u00e3o de restri\u00e7\u00e3o \u00e0<br \/>\nlivre manifesta\u00e7\u00e3o em perfis oficiais de<br \/>\n\u00f3rg\u00e3os e entidades da administra\u00e7\u00e3o<br \/>\np\u00fablica direta e indireta da Uni\u00e3o, dos<br \/>\nEstados, do Distrito Federal e dos<br \/>\nMunic\u00edpios.<br \/>\nO Congresso Nacional decreta:<br \/>\nArt. 1\u00ba \u00c9 garantido aos usu\u00e1rios e seguidores o direito \u00e0 livre manifesta\u00e7\u00e3o<br \/>\nnos perfis oficiais mantidos nas redes sociais on-line e nos canais diretos de<br \/>\ncomunica\u00e7\u00e3o digital pelos \u00f3rg\u00e3os e entidades da administra\u00e7\u00e3o p\u00fablica direta e<br \/>\nindireta da Uni\u00e3o, dos Estados, do Distrito Federal e dos Munic\u00edpios, incluindo perfis<br \/>\nem plataformas como X (antigo Twitter), Instagram, Facebook, TikTok, YouTube e<br \/>\noutras que vierem a se consolidar como meios oficiais de comunica\u00e7\u00e3o institucional.<br \/>\nArt. 2\u00ba Ficam proibidas, por parte dos referidos \u00f3rg\u00e3os e entidades, bem<br \/>\ncomo por detentores de mandatos eletivos e autoridades que atuem em seu nome,<br \/>\nquaisquer formas de bloqueio, exclus\u00e3o, ocultamento ou restri\u00e7\u00e3o injustificada das<br \/>\nmanifesta\u00e7\u00f5es dos usu\u00e1rios e seguidores, ressalvadas as exce\u00e7\u00f5es previstas em<br \/>\nregulamento.<br \/>\nPar\u00e1grafo \u00fanico. A veda\u00e7\u00e3o aplica-se inclusive a perfis pessoais das<br \/>\nautoridades p\u00fablicas quando utilizados, ainda que de forma h\u00edbrida, para divulga\u00e7\u00e3o<br \/>\nde atos e informa\u00e7\u00f5es institucionais.<br \/>\n___________________________________________________________________________<br \/>\nC\u00e2mara dos Deputados | Anexo IV Gabinete 760 | \u2013 CEP: 70160-900 \u2013<br \/>\nBras\u00edlia-DF<br \/>\nTel (61) 3215-5760 | dep.amommandel@camara.leg.br<br \/>\nPara verificar a assinatura, acesse https:\/\/infoleg-autenticidade-assinatura.camara.leg.br\/CD250783215200<br \/>\nAssinado eletronicamente pelo(a) Dep. Amom Mandel<br \/>\nApresenta\u00e7\u00e3o: 16\/07\/2025 19:29:45.170 &#8211; Mesa<br \/>\n*CD250783215200* PL n.3533\/2025<br \/>C\u00c2MARA DOS DEPUTADOS<br \/>\nGabinete do Deputado Federal AMOM MANDEL \u2013 CIDADANIA\/AM<br \/>\nArt. 3\u00ba A atua\u00e7\u00e3o dos agentes p\u00fablicos e representantes institucionais na<br \/>\ngest\u00e3o de canais oficiais dever\u00e1 observar os princ\u00edpios da legalidade,<br \/>\nimpessoalidade, moralidade, publicidade, efici\u00eancia, transpar\u00eancia, participa\u00e7\u00e3o<br \/>\nsocial, inclus\u00e3o digital, responsabilidade e proporcionalidade.<br \/>\nArt. 4\u00ba O disposto nesta Lei n\u00e3o se aplica a manifesta\u00e7\u00f5es cujo conte\u00fado se<br \/>\nenquadre nas hip\u00f3teses reguladas por ato normativo do Poder Executivo, com<br \/>\nparticipa\u00e7\u00e3o da sociedade civil e observ\u00e2ncia do contradit\u00f3rio, respeitados os<br \/>\nseguintes crit\u00e9rios:<br \/>\nI \u2013 incita\u00e7\u00e3o \u00e0 viol\u00eancia ou \u00e0 pr\u00e1tica de crimes;<br \/>\nII \u2013 discurso de \u00f3dio, racismo, misoginia, homofobia, capacitismo ou qualquer<br \/>\nforma de discrimina\u00e7\u00e3o;<br \/>\nIII \u2013 divulga\u00e7\u00e3o de informa\u00e7\u00f5es falsas que comprometam o interesse p\u00fablico<br \/>\nou a integridade de pol\u00edticas p\u00fablicas;<br \/>\nIV \u2013 conte\u00fados automatizados n\u00e3o identificados ou spam sistem\u00e1tico.<br \/>\nArt. 5\u00ba O descumprimento do disposto nesta Lei sujeitar\u00e1 o agente p\u00fablico ou<br \/>\nautoridade respons\u00e1vel:<br \/>\nI \u2013 \u00e0 responsabiliza\u00e7\u00e3o administrativa, nos termos da Lei n\u00ba 8.112, de 11 de<br \/>\ndezembro de 1990, ou legisla\u00e7\u00e3o correlata aplic\u00e1vel;<br \/>\nII \u2013 \u00e0 responsabiliza\u00e7\u00e3o por improbidade administrativa, nos termos da Lei n\u00ba<br \/>\n8.429, de 2 de junho de 1992, quando configurado o uso indevido da estrutura<br \/>\np\u00fablica para fins de censura, promo\u00e7\u00e3o pessoal ou restri\u00e7\u00e3o arbitr\u00e1ria \u00e0 participa\u00e7\u00e3o<br \/>\npopular;<br \/>\nIII \u2013 \u00e0 responsabiliza\u00e7\u00e3o civil por dano moral coletivo, quando comprovado o<br \/>\npreju\u00edzo \u00e0 coletividade ou \u00e0 transpar\u00eancia p\u00fablica.<br \/>\n___________________________________________________________________________<br \/>\nC\u00e2mara dos Deputados | Anexo IV Gabinete 760 | \u2013 CEP: 70160-900 \u2013<br \/>\nBras\u00edlia-DF<br \/>\nTel (61) 3215-5760 | dep.amommandel@camara.leg.br<br \/>\nPara verificar a assinatura, acesse https:\/\/infoleg-autenticidade-assinatura.camara.leg.br\/CD250783215200<br \/>\nAssinado eletronicamente pelo(a) Dep. Amom Mandel<br \/>\nApresenta\u00e7\u00e3o: 16\/07\/2025 19:29:45.170 &#8211; Mesa<br \/>\n*CD250783215200* PL n.3533\/2025<br \/>C\u00c2MARA DOS DEPUTADOS<br \/>\nGabinete do Deputado Federal AMOM MANDEL \u2013 CIDADANIA\/AM<br \/>\nArt. 6\u00ba Esta Lei entra em vigor na data de sua publica\u00e7\u00e3o.<br \/>\nJUSTIFICA\u00c7\u00c3O<br \/>\nO presente Projeto de Lei tem por objetivo assegurar a liberdade de<br \/>\nexpress\u00e3o e o direito \u00e0 participa\u00e7\u00e3o cidad\u00e3 nos canais de comunica\u00e7\u00e3o digital oficial<br \/>\nda administra\u00e7\u00e3o p\u00fablica, em todos os n\u00edveis federativos \u2014 Uni\u00e3o, Estados, Distrito<br \/>\nFederal e Munic\u00edpios \u2014 e em todas as esferas da administra\u00e7\u00e3o direta e indireta.<br \/>\nCom a consolida\u00e7\u00e3o das redes sociais como espa\u00e7os fundamentais de<br \/>\ncomunica\u00e7\u00e3o institucional, presta\u00e7\u00e3o de contas e escuta da sociedade, torna-se<br \/>\nimperativo garantir que esses canais respeitem os direitos fundamentais dos<br \/>\ncidad\u00e3os e os princ\u00edpios constitucionais que regem a administra\u00e7\u00e3o p\u00fablica, como<br \/>\nlegalidade, impessoalidade, moralidade, publicidade, efici\u00eancia, transpar\u00eancia e<br \/>\nparticipa\u00e7\u00e3o social (art. 37, caput, da Constitui\u00e7\u00e3o Federal).<br \/>\nA nova reda\u00e7\u00e3o do projeto estabelece, de forma clara, que os perfis e canais<br \/>\ndigitais oficiais n\u00e3o podem restringir injustificadamente a manifesta\u00e7\u00e3o dos usu\u00e1rios<br \/>\ne seguidores. S\u00e3o vedadas pr\u00e1ticas como o bloqueio de usu\u00e1rios, a exclus\u00e3o ou<br \/>\nocultamento de coment\u00e1rios e qualquer forma de limita\u00e7\u00e3o arbitr\u00e1ria \u00e0 participa\u00e7\u00e3o<br \/>\nda popula\u00e7\u00e3o. Essa veda\u00e7\u00e3o refor\u00e7a o entendimento de que os canais digitais<br \/>\nmantidos por entes p\u00fablicos e autoridades no exerc\u00edcio de fun\u00e7\u00e3o p\u00fablica devem se<br \/>\npautar pelo interesse p\u00fablico e pelo respeito aos direitos individuais.<br \/>\nO projeto, contudo, n\u00e3o ignora os desafios associados ao ambiente digital.<br \/>\nPor isso, prev\u00ea a regulamenta\u00e7\u00e3o de exce\u00e7\u00f5es leg\u00edtimas, voltadas a coibir abusos<br \/>\nque comprometam a integridade do debate p\u00fablico ou representem amea\u00e7a a<br \/>\ndireitos fundamentais. Dentre essas exce\u00e7\u00f5es, destacam-se manifesta\u00e7\u00f5es que<br \/>\nconfigurem incita\u00e7\u00e3o \u00e0 viol\u00eancia, discurso de \u00f3dio, desinforma\u00e7\u00e3o grave, conte\u00fados<br \/>\n___________________________________________________________________________<br \/>\nC\u00e2mara dos Deputados | Anexo IV Gabinete 760 | \u2013 CEP: 70160-900 \u2013<br \/>\nBras\u00edlia-DF<br \/>\nTel (61) 3215-5760 | dep.amommandel@camara.leg.br<br \/>\nPara verificar a assinatura, acesse https:\/\/infoleg-autenticidade-assinatura.camara.leg.br\/CD250783215200<br \/>\nAssinado eletronicamente pelo(a) Dep. Amom Mandel<br \/>\nApresenta\u00e7\u00e3o: 16\/07\/2025 19:29:45.170 &#8211; Mesa<br \/>\n*CD250783215200* PL n.3533\/2025<br \/>C\u00c2MARA DOS DEPUTADOS<br \/>\nGabinete do Deputado Federal AMOM MANDEL \u2013 CIDADANIA\/AM<br \/>\ndiscriminat\u00f3rios, spam ou automatiza\u00e7\u00f5es n\u00e3o identificadas. Dessa forma, busca-se<br \/>\no equil\u00edbrio entre a liberdade de express\u00e3o e a preserva\u00e7\u00e3o de um espa\u00e7o p\u00fablico<br \/>\nvirtual saud\u00e1vel, plural e seguro.<br \/>\nA proposta tamb\u00e9m inova ao estabelecer responsabilidades para os agentes<br \/>\np\u00fablicos e autoridades que infringirem essas diretrizes, prevendo san\u00e7\u00f5es<br \/>\nadministrativas, civis e por improbidade administrativa em casos de censura,<br \/>\npromo\u00e7\u00e3o pessoal indevida ou restri\u00e7\u00e3o arbitr\u00e1ria \u00e0 participa\u00e7\u00e3o social. Essas<br \/>\nprevis\u00f5es fortalecem a responsabiliza\u00e7\u00e3o e o controle social sobre o uso das<br \/>\nplataformas digitais p\u00fablicas, promovendo a accountability e combatendo pr\u00e1ticas<br \/>\nautorit\u00e1rias ou abusivas.<br \/>\nImportante destacar que os canais institucionais possuem natureza distinta<br \/>\ndos perfis pessoais. Ainda que gerenciados por autoridades eleitas ou seus<br \/>\nrepresentantes, quando utilizados no exerc\u00edcio de fun\u00e7\u00e3o p\u00fablica, esses canais<br \/>\nassumem car\u00e1ter oficial e devem se submeter aos deveres pr\u00f3prios da<br \/>\nadministra\u00e7\u00e3o p\u00fablica.<br \/>\nPor fim, esta proposi\u00e7\u00e3o busca harmonizar o uso das redes sociais pelo<br \/>\npoder p\u00fablico com os marcos normativos existentes, como o Marco Civil da Internet<br \/>\n(Lei n\u00ba 12.965\/2014), e promover a cultura democr\u00e1tica por meio da valoriza\u00e7\u00e3o do<br \/>\ndi\u00e1logo, da transpar\u00eancia e da participa\u00e7\u00e3o cidad\u00e3 nas esferas institucionais digitais.<br \/>\nSala das Sess\u00f5es, em        de                     de 2025.<br \/>\n___________________________________________________________________________<br \/>\nC\u00e2mara dos Deputados | Anexo IV Gabinete 760 | \u2013 CEP: 70160-900 \u2013<br \/>\nBras\u00edlia-DF<br \/>\nTel (61) 3215-5760 | dep.amommandel@camara.leg.br<br \/>\nPara verificar a assinatura, acesse https:\/\/infoleg-autenticidade-assinatura.camara.leg.br\/CD250783215200<br \/>\nAssinado eletronicamente pelo(a) Dep. Amom Mandel<br \/>\nApresenta\u00e7\u00e3o: 16\/07\/2025 19:29:45.170 &#8211; Mesa<br \/>\n*CD250783215200* PL n.3533\/2025<br \/>C\u00c2MARA DOS DEPUTADOS<br \/>\nGabinete do Deputado Federal AMOM MANDEL \u2013 CIDADANIA\/AM<br \/>\nDeputado AMOM MANDEL<br \/>\n___________________________________________________________________________<br \/>\nC\u00e2mara dos Deputados | Anexo IV Gabinete 760 | \u2013 CEP: 70160-900 \u2013<br \/>\nBras\u00edlia-DF<br \/>\nTel (61) 3215-5760 | dep.amommandel@camara.leg.br<br \/>\nPara verificar a assinatura, acesse https:\/\/infoleg-autenticidade-assinatura.camara.leg.br\/CD250783215200<br \/>\nAssinado eletronicamente pelo(a) Dep. Amom Mandel<br \/>\nApresenta\u00e7\u00e3o: 16\/07\/2025 19:29:45.170 &#8211; Mesa<br \/>\n*CD250783215200* PL n.3533\/2025<\/article>\n<p><a href='https:\/\/app.legislapp.com.br\/#\/busca?termo='><\/a><\/p>\n<div style=\"text-align: center\">\n      <img decoding=\"async\" style=\"width: 14%;\" src=\"https:\/\/www.legislapp.com.br\/wp-content\/uploads\/2021\/07\/Logo-Legislapp-1-03-1.png\"><br \/>\n      <\/p>\n<div style=\"margin-bottom: 20px;\" class=\"et_pb_button_module_wrapper et_pb_button_5_tb_body_wrapper et_pb_button_alignment_center et_pb_module \">\n         <a class=\"et_pb_button et_pb_button_5_tb_body et_hover_enabled et_pb_bg_layout_dark\" style=\"width: 50%;background-color: black;\" href=\"https:\/\/app.legislapp.com.br\" target=\"_blank\" rel=\"noopener\">Visualizar completo na nossa plataforma (30 dias gr\u00e1tis)<\/a><\/p><\/div>\n<p>      <a href=\"https:\/\/play.google.com\/store\/apps\/details?id=br.com.legislapp\"><img decoding=\"async\" style=\"width: 15%; min-width: 130px;\" src=\"https:\/\/www.legislapp.com.br\/wp-content\/uploads\/google-play.png\"><\/a><br \/>\n      <a href=\"https:\/\/apps.apple.com\/us\/app\/legislapp\/id1568929859\"><img decoding=\"async\" style=\"width: 15%; min-width: 130px\" src=\"https:\/\/www.legislapp.com.br\/wp-content\/uploads\/apple-store.png\"><\/a>\n   <\/div>\n","protected":false},"excerpt":{"rendered":"<p>Avulso Inicial &#8211; Autoria de Amom Mandel C\u00c2MARA DOS DEPUTADOS Gabinete do Deputado Federal AMOM MANDEL \u2013 CIDADANIA\/AM PROJETO DE LEI N\u00ba , DE 2025 (Do Sr. AMOM MANDEL) Disp\u00f5e sobre a proibi\u00e7\u00e3o de restri\u00e7\u00e3o \u00e0 livre manifesta\u00e7\u00e3o em perfis oficiais de \u00f3rg\u00e3os e entidades da administra\u00e7\u00e3o p\u00fablica direta e indireta da Uni\u00e3o, dos Estados, [&hellip;]<\/p>\n","protected":false},"author":1,"featured_media":0,"parent":0,"menu_order":0,"comment_status":"closed","ping_status":"closed","template":"page-template-blank.php","meta":{"_et_pb_use_builder":"","_et_pb_old_content":"","_et_gb_content_width":"1080","ngg_post_thumbnail":0,"footnotes":""},"class_list":["post-10378","page","type-page","status-publish","hentry"],"yoast_head":"<!-- This site is optimized with the Yoast SEO plugin v24.4 - https:\/\/yoast.com\/wordpress\/plugins\/seo\/ -->\n<title>Avulso Inicial - PL 3533\/2025 - C\u00e2mara - Legislapp<\/title>\n<meta name=\"robots\" content=\"index, follow, max-snippet:-1, max-image-preview:large, max-video-preview:-1\" \/>\n<link rel=\"canonical\" href=\"https:\/\/www.legislapp.com.br\/index.php\/avulso-inicial-pl-3533-2025-camara\/\" \/>\n<meta property=\"og:locale\" content=\"pt_BR\" \/>\n<meta property=\"og:type\" content=\"article\" \/>\n<meta property=\"og:title\" content=\"Avulso Inicial - PL 3533\/2025 - C\u00e2mara - Legislapp\" \/>\n<meta property=\"og:description\" content=\"Avulso Inicial &#8211; Autoria de Amom Mandel C\u00c2MARA DOS DEPUTADOS Gabinete do Deputado Federal AMOM MANDEL \u2013 CIDADANIA\/AM PROJETO DE LEI N\u00ba , DE 2025 (Do Sr. AMOM MANDEL) Disp\u00f5e sobre a proibi\u00e7\u00e3o de restri\u00e7\u00e3o \u00e0 livre manifesta\u00e7\u00e3o em perfis oficiais de \u00f3rg\u00e3os e entidades da administra\u00e7\u00e3o p\u00fablica direta e indireta da Uni\u00e3o, dos Estados, [&hellip;]\" \/>\n<meta property=\"og:url\" content=\"https:\/\/www.legislapp.com.br\/index.php\/avulso-inicial-pl-3533-2025-camara\/\" \/>\n<meta property=\"og:site_name\" content=\"Legislapp\" \/>\n<meta property=\"article:publisher\" content=\"https:\/\/www.instagram.com\/legislapp\/\" \/>\n<meta property=\"og:image\" content=\"https:\/\/www.legislapp.com.br\/wp-content\/uploads\/2021\/07\/Logo-Legislapp-1-03-1.png\" \/>\n<meta name=\"twitter:card\" content=\"summary_large_image\" \/>\n<meta name=\"twitter:label1\" content=\"Est. tempo de leitura\" \/>\n\t<meta name=\"twitter:data1\" content=\"6 minutos\" \/>\n<script type=\"application\/ld+json\" class=\"yoast-schema-graph\">{\"@context\":\"https:\/\/schema.org\",\"@graph\":[{\"@type\":\"WebPage\",\"@id\":\"https:\/\/www.legislapp.com.br\/index.php\/avulso-inicial-pl-3533-2025-camara\/\",\"url\":\"https:\/\/www.legislapp.com.br\/index.php\/avulso-inicial-pl-3533-2025-camara\/\",\"name\":\"Avulso Inicial - PL 3533\/2025 - C\u00e2mara - Legislapp\",\"isPartOf\":{\"@id\":\"https:\/\/www.legislapp.com.br\/#website\"},\"primaryImageOfPage\":{\"@id\":\"https:\/\/www.legislapp.com.br\/index.php\/avulso-inicial-pl-3533-2025-camara\/#primaryimage\"},\"image\":{\"@id\":\"https:\/\/www.legislapp.com.br\/index.php\/avulso-inicial-pl-3533-2025-camara\/#primaryimage\"},\"thumbnailUrl\":\"https:\/\/www.legislapp.com.br\/wp-content\/uploads\/2021\/07\/Logo-Legislapp-1-03-1.png\",\"datePublished\":\"2025-12-01T14:15:35+00:00\",\"breadcrumb\":{\"@id\":\"https:\/\/www.legislapp.com.br\/index.php\/avulso-inicial-pl-3533-2025-camara\/#breadcrumb\"},\"inLanguage\":\"pt-BR\",\"potentialAction\":[{\"@type\":\"ReadAction\",\"target\":[\"https:\/\/www.legislapp.com.br\/index.php\/avulso-inicial-pl-3533-2025-camara\/\"]}]},{\"@type\":\"ImageObject\",\"inLanguage\":\"pt-BR\",\"@id\":\"https:\/\/www.legislapp.com.br\/index.php\/avulso-inicial-pl-3533-2025-camara\/#primaryimage\",\"url\":\"https:\/\/www.legislapp.com.br\/wp-content\/uploads\/2021\/07\/Logo-Legislapp-1-03-1.png\",\"contentUrl\":\"https:\/\/www.legislapp.com.br\/wp-content\/uploads\/2021\/07\/Logo-Legislapp-1-03-1.png\",\"width\":2679,\"height\":2697},{\"@type\":\"BreadcrumbList\",\"@id\":\"https:\/\/www.legislapp.com.br\/index.php\/avulso-inicial-pl-3533-2025-camara\/#breadcrumb\",\"itemListElement\":[{\"@type\":\"ListItem\",\"position\":1,\"name\":\"In\u00edcio\",\"item\":\"https:\/\/www.legislapp.com.br\/\"},{\"@type\":\"ListItem\",\"position\":2,\"name\":\"Avulso Inicial &#8211; PL 3533\/2025 &#8211; C\u00e2mara\"}]},{\"@type\":\"WebSite\",\"@id\":\"https:\/\/www.legislapp.com.br\/#website\",\"url\":\"https:\/\/www.legislapp.com.br\/\",\"name\":\"Legislapp\",\"description\":\"Intelig\u00eancia governamental em tempo real\",\"publisher\":{\"@id\":\"https:\/\/www.legislapp.com.br\/#organization\"},\"potentialAction\":[{\"@type\":\"SearchAction\",\"target\":{\"@type\":\"EntryPoint\",\"urlTemplate\":\"https:\/\/www.legislapp.com.br\/?s={search_term_string}\"},\"query-input\":{\"@type\":\"PropertyValueSpecification\",\"valueRequired\":true,\"valueName\":\"search_term_string\"}}],\"inLanguage\":\"pt-BR\"},{\"@type\":\"Organization\",\"@id\":\"https:\/\/www.legislapp.com.br\/#organization\",\"name\":\"Legislapp Monitoramento e Intelig\u00eancia Governamental\",\"url\":\"https:\/\/www.legislapp.com.br\/\",\"logo\":{\"@type\":\"ImageObject\",\"inLanguage\":\"pt-BR\",\"@id\":\"https:\/\/www.legislapp.com.br\/#\/schema\/logo\/image\/\",\"url\":\"https:\/\/www.legislapp.com.br\/wp-content\/uploads\/icon.png\",\"contentUrl\":\"https:\/\/www.legislapp.com.br\/wp-content\/uploads\/icon.png\",\"width\":1024,\"height\":1024,\"caption\":\"Legislapp Monitoramento e Intelig\u00eancia Governamental\"},\"image\":{\"@id\":\"https:\/\/www.legislapp.com.br\/#\/schema\/logo\/image\/\"},\"sameAs\":[\"https:\/\/www.instagram.com\/legislapp\/\"]}]}<\/script>\n<!-- \/ Yoast SEO plugin. -->","yoast_head_json":{"title":"Avulso Inicial - PL 3533\/2025 - C\u00e2mara - Legislapp","robots":{"index":"index","follow":"follow","max-snippet":"max-snippet:-1","max-image-preview":"max-image-preview:large","max-video-preview":"max-video-preview:-1"},"canonical":"https:\/\/www.legislapp.com.br\/index.php\/avulso-inicial-pl-3533-2025-camara\/","og_locale":"pt_BR","og_type":"article","og_title":"Avulso Inicial - PL 3533\/2025 - C\u00e2mara - Legislapp","og_description":"Avulso Inicial &#8211; Autoria de Amom Mandel C\u00c2MARA DOS DEPUTADOS Gabinete do Deputado Federal AMOM MANDEL \u2013 CIDADANIA\/AM PROJETO DE LEI N\u00ba , DE 2025 (Do Sr. AMOM MANDEL) Disp\u00f5e sobre a proibi\u00e7\u00e3o de restri\u00e7\u00e3o \u00e0 livre manifesta\u00e7\u00e3o em perfis oficiais de \u00f3rg\u00e3os e entidades da administra\u00e7\u00e3o p\u00fablica direta e indireta da Uni\u00e3o, dos Estados, [&hellip;]","og_url":"https:\/\/www.legislapp.com.br\/index.php\/avulso-inicial-pl-3533-2025-camara\/","og_site_name":"Legislapp","article_publisher":"https:\/\/www.instagram.com\/legislapp\/","og_image":[{"url":"https:\/\/www.legislapp.com.br\/wp-content\/uploads\/2021\/07\/Logo-Legislapp-1-03-1.png","type":"","width":"","height":""}],"twitter_card":"summary_large_image","twitter_misc":{"Est. tempo de leitura":"6 minutos"},"schema":{"@context":"https:\/\/schema.org","@graph":[{"@type":"WebPage","@id":"https:\/\/www.legislapp.com.br\/index.php\/avulso-inicial-pl-3533-2025-camara\/","url":"https:\/\/www.legislapp.com.br\/index.php\/avulso-inicial-pl-3533-2025-camara\/","name":"Avulso Inicial - PL 3533\/2025 - C\u00e2mara - Legislapp","isPartOf":{"@id":"https:\/\/www.legislapp.com.br\/#website"},"primaryImageOfPage":{"@id":"https:\/\/www.legislapp.com.br\/index.php\/avulso-inicial-pl-3533-2025-camara\/#primaryimage"},"image":{"@id":"https:\/\/www.legislapp.com.br\/index.php\/avulso-inicial-pl-3533-2025-camara\/#primaryimage"},"thumbnailUrl":"https:\/\/www.legislapp.com.br\/wp-content\/uploads\/2021\/07\/Logo-Legislapp-1-03-1.png","datePublished":"2025-12-01T14:15:35+00:00","breadcrumb":{"@id":"https:\/\/www.legislapp.com.br\/index.php\/avulso-inicial-pl-3533-2025-camara\/#breadcrumb"},"inLanguage":"pt-BR","potentialAction":[{"@type":"ReadAction","target":["https:\/\/www.legislapp.com.br\/index.php\/avulso-inicial-pl-3533-2025-camara\/"]}]},{"@type":"ImageObject","inLanguage":"pt-BR","@id":"https:\/\/www.legislapp.com.br\/index.php\/avulso-inicial-pl-3533-2025-camara\/#primaryimage","url":"https:\/\/www.legislapp.com.br\/wp-content\/uploads\/2021\/07\/Logo-Legislapp-1-03-1.png","contentUrl":"https:\/\/www.legislapp.com.br\/wp-content\/uploads\/2021\/07\/Logo-Legislapp-1-03-1.png","width":2679,"height":2697},{"@type":"BreadcrumbList","@id":"https:\/\/www.legislapp.com.br\/index.php\/avulso-inicial-pl-3533-2025-camara\/#breadcrumb","itemListElement":[{"@type":"ListItem","position":1,"name":"In\u00edcio","item":"https:\/\/www.legislapp.com.br\/"},{"@type":"ListItem","position":2,"name":"Avulso Inicial &#8211; PL 3533\/2025 &#8211; C\u00e2mara"}]},{"@type":"WebSite","@id":"https:\/\/www.legislapp.com.br\/#website","url":"https:\/\/www.legislapp.com.br\/","name":"Legislapp","description":"Intelig\u00eancia governamental em tempo real","publisher":{"@id":"https:\/\/www.legislapp.com.br\/#organization"},"potentialAction":[{"@type":"SearchAction","target":{"@type":"EntryPoint","urlTemplate":"https:\/\/www.legislapp.com.br\/?s={search_term_string}"},"query-input":{"@type":"PropertyValueSpecification","valueRequired":true,"valueName":"search_term_string"}}],"inLanguage":"pt-BR"},{"@type":"Organization","@id":"https:\/\/www.legislapp.com.br\/#organization","name":"Legislapp Monitoramento e Intelig\u00eancia Governamental","url":"https:\/\/www.legislapp.com.br\/","logo":{"@type":"ImageObject","inLanguage":"pt-BR","@id":"https:\/\/www.legislapp.com.br\/#\/schema\/logo\/image\/","url":"https:\/\/www.legislapp.com.br\/wp-content\/uploads\/icon.png","contentUrl":"https:\/\/www.legislapp.com.br\/wp-content\/uploads\/icon.png","width":1024,"height":1024,"caption":"Legislapp Monitoramento e Intelig\u00eancia Governamental"},"image":{"@id":"https:\/\/www.legislapp.com.br\/#\/schema\/logo\/image\/"},"sameAs":["https:\/\/www.instagram.com\/legislapp\/"]}]}},"_links":{"self":[{"href":"https:\/\/www.legislapp.com.br\/index.php\/wp-json\/wp\/v2\/pages\/10378","targetHints":{"allow":["GET"]}}],"collection":[{"href":"https:\/\/www.legislapp.com.br\/index.php\/wp-json\/wp\/v2\/pages"}],"about":[{"href":"https:\/\/www.legislapp.com.br\/index.php\/wp-json\/wp\/v2\/types\/page"}],"author":[{"embeddable":true,"href":"https:\/\/www.legislapp.com.br\/index.php\/wp-json\/wp\/v2\/users\/1"}],"replies":[{"embeddable":true,"href":"https:\/\/www.legislapp.com.br\/index.php\/wp-json\/wp\/v2\/comments?post=10378"}],"version-history":[{"count":0,"href":"https:\/\/www.legislapp.com.br\/index.php\/wp-json\/wp\/v2\/pages\/10378\/revisions"}],"wp:attachment":[{"href":"https:\/\/www.legislapp.com.br\/index.php\/wp-json\/wp\/v2\/media?parent=10378"}],"curies":[{"name":"wp","href":"https:\/\/api.w.org\/{rel}","templated":true}]}}