{"id":10471,"date":"2025-12-01T11:19:53","date_gmt":"2025-12-01T14:19:53","guid":{"rendered":"https:\/\/www.legislapp.com.br\/index.php\/avulso-inicial-pl-3591-2025-camara\/"},"modified":"2025-12-01T11:19:53","modified_gmt":"2025-12-01T14:19:53","slug":"avulso-inicial-pl-3591-2025-camara","status":"publish","type":"page","link":"https:\/\/www.legislapp.com.br\/index.php\/avulso-inicial-pl-3591-2025-camara\/","title":{"rendered":"Avulso Inicial &#8211; PL 3591\/2025 &#8211; C\u00e2mara"},"content":{"rendered":"<h1 style='text-align: center;'>Avulso Inicial &#8211; Autoria de Duda Ramos<\/h3>\n<p><\/p>\n<article>PROJETO DE LEI N\u00ba          , DE 2025<br \/>\n(Do Sr. DUDA RAMOS)<br \/>\nInclui o \u201cFestejo da Damurida\u201d,<br \/>\nrealizado anualmente na Comunidade<br \/>\nInd\u00edgena Malacacheta, no munic\u00edpio de<br \/>\nCant\u00e1, Estado de Roraima, no Calend\u00e1rio<br \/>\nTur\u00edstico Oficial do Brasil.<br \/>\nO Congresso Nacional decreta:<br \/>\nArt. 1\u00ba Fica inclu\u00eddo no Calend\u00e1rio Tur\u00edstico Oficial do Brasil o<br \/>\nevento denominado \u201cFestejo da Damurida\u201d, realizado anualmente na<br \/>\nComunidade Ind\u00edgena Malacacheta, localizada no munic\u00edpio de Cant\u00e1, Estado<br \/>\nde Roraima, como manifesta\u00e7\u00e3o cultural, gastron\u00f4mica e tur\u00edstica de relevante<br \/>\ninteresse regional e nacional.<br \/>\nArt. 2\u00ba O Festejo da Damurida ser\u00e1 celebrado,<br \/>\npreferencialmente, no m\u00eas de setembro, conforme tradi\u00e7\u00e3o local, com<br \/>\nprograma\u00e7\u00e3o organizada pela comunidade ind\u00edgena, com apoio de institui\u00e7\u00f5es<br \/>\nculturais e \u00f3rg\u00e3os p\u00fablicos.<br \/>\nArt. 3\u00ba O Minist\u00e9rio do Turismo poder\u00e1 apoiar e promover a<br \/>\ndivulga\u00e7\u00e3o do evento, bem como incentivar sua estrutura\u00e7\u00e3o como produto<br \/>\ntur\u00edstico regional, respeitando a cultura ind\u00edgena e os princ\u00edpios da<br \/>\nsustentabilidade, nos termos da legisla\u00e7\u00e3o vigente.<br \/>\nArt. 4\u00ba Esta Lei entra em vigor na data de sua publica\u00e7\u00e3o.<br \/>\nJUSTIFICA\u00c7\u00c3O<br \/>\nO Festejo da Damurida, realizado anualmente pela<br \/>\nComunidade Ind\u00edgena Malacacheta, localizada no munic\u00edpio de Cant\u00e1, em<br \/>\nPara verificar a assinatura, acesse https:\/\/infoleg-autenticidade-assinatura.camara.leg.br\/CD251422391900<br \/>\nAssinado eletronicamente pelo(a) Dep. Duda Ramos<br \/>\nApresenta\u00e7\u00e3o: 18\/07\/2025 17:41:16.957 &#8211; Mesa<br \/>\n*CD251422391900* PL n.3591\/2025<br \/>2<br \/>\nRoraima, \u00e9 uma celebra\u00e7\u00e3o de profunda import\u00e2ncia cultural, social e identit\u00e1ria<br \/>\npara os povos ind\u00edgenas da regi\u00e3o, especialmente do povo Macuxi. A<br \/>\nfestividade homenageia um dos principais s\u00edmbolos da culin\u00e1ria tradicional<br \/>\nind\u00edgena \u2014 a damurida, prato t\u00edpico preparado \u00e0 base de peixe, pimentas e<br \/>\nervas medicinais \u2014 e \u00e9 acompanhada por rituais, dan\u00e7as, apresenta\u00e7\u00f5es<br \/>\nculturais, exposi\u00e7\u00f5es de artesanato e viv\u00eancias comunit\u00e1rias.<br \/>\nTrata-se de uma experi\u00eancia \u00fanica de turismo cultural e \u00e9tnico,<br \/>\nque valoriza o conhecimento tradicional, fomenta a economia local por meio do<br \/>\nartesanato e da gastronomia, e contribui para a preserva\u00e7\u00e3o da mem\u00f3ria e<br \/>\nidentidade dos povos origin\u00e1rios. O evento tamb\u00e9m representa uma ponte<br \/>\nentre o Brasil urbano e o Brasil ind\u00edgena, promovendo o respeito \u00e0 diversidade<br \/>\ne o fortalecimento de pol\u00edticas p\u00fablicas inclusivas.<br \/>\nA inclus\u00e3o do Festejo da Damurida no Calend\u00e1rio Tur\u00edstico<br \/>\nOficial do Brasil fortalecer\u00e1 a visibilidade da cultura ind\u00edgena de Roraima,<br \/>\nampliar\u00e1 o acesso de turistas conscientes e comprometidos com pr\u00e1ticas<br \/>\nsustent\u00e1veis e respeitosas, e fomentar\u00e1 o desenvolvimento de uma economia<br \/>\nda cultura tradicional, com protagonismo das comunidades locais.<br \/>\nA proposta est\u00e1 plenamente alinhada \u00e0 Pol\u00edtica Nacional de<br \/>\nTurismo (Lei n\u00ba 11.771\/2008), \u00e0 Pol\u00edtica Nacional de Desenvolvimento<br \/>\nSustent\u00e1vel dos Povos e Comunidades Tradicionais (Decreto n\u00ba 6.040\/2007) e<br \/>\naos princ\u00edpios constitucionais de valoriza\u00e7\u00e3o da diversidade \u00e9tnica e cultural do<br \/>\npovo brasileiro.<br \/>\nDiante da riqueza imaterial representada por esse evento,<br \/>\nsolicitamos o apoio dos nobres parlamentares para aprova\u00e7\u00e3o desta<br \/>\nproposi\u00e7\u00e3o legislativa, como forma de promover a cultura ind\u00edgena, incentivar o<br \/>\nturismo sustent\u00e1vel e fortalecer a Amaz\u00f4nia brasileira como territ\u00f3rio de<br \/>\nmem\u00f3ria viva.<br \/>\n       Sala das Sess\u00f5es, em 18 de julho de 2025.<br \/>\nDeputado DUDA RAMOS<br \/>\nPara verificar a assinatura, acesse https:\/\/infoleg-autenticidade-assinatura.camara.leg.br\/CD251422391900<br \/>\nAssinado eletronicamente pelo(a) Dep. Duda Ramos<br \/>\nApresenta\u00e7\u00e3o: 18\/07\/2025 17:41:16.957 &#8211; Mesa<br \/>\n*CD251422391900* PL n.3591\/2025<\/article>\n<p><a href='https:\/\/app.legislapp.com.br\/#\/busca?termo='><\/a><\/p>\n<div style=\"text-align: center\">\n      <img decoding=\"async\" style=\"width: 14%;\" src=\"https:\/\/www.legislapp.com.br\/wp-content\/uploads\/2021\/07\/Logo-Legislapp-1-03-1.png\"><br \/>\n      <\/p>\n<div style=\"margin-bottom: 20px;\" class=\"et_pb_button_module_wrapper et_pb_button_5_tb_body_wrapper et_pb_button_alignment_center et_pb_module \">\n         <a class=\"et_pb_button et_pb_button_5_tb_body et_hover_enabled et_pb_bg_layout_dark\" style=\"width: 50%;background-color: black;\" href=\"https:\/\/app.legislapp.com.br\" target=\"_blank\" rel=\"noopener\">Visualizar completo na nossa plataforma (30 dias gr\u00e1tis)<\/a><\/p><\/div>\n<p>      <a href=\"https:\/\/play.google.com\/store\/apps\/details?id=br.com.legislapp\"><img decoding=\"async\" style=\"width: 15%; min-width: 130px;\" src=\"https:\/\/www.legislapp.com.br\/wp-content\/uploads\/google-play.png\"><\/a><br \/>\n      <a href=\"https:\/\/apps.apple.com\/us\/app\/legislapp\/id1568929859\"><img decoding=\"async\" style=\"width: 15%; min-width: 130px\" src=\"https:\/\/www.legislapp.com.br\/wp-content\/uploads\/apple-store.png\"><\/a>\n   <\/div>\n","protected":false},"excerpt":{"rendered":"<p>Avulso Inicial &#8211; Autoria de Duda Ramos PROJETO DE LEI N\u00ba , DE 2025 (Do Sr. DUDA RAMOS) Inclui o \u201cFestejo da Damurida\u201d, realizado anualmente na Comunidade Ind\u00edgena Malacacheta, no munic\u00edpio de Cant\u00e1, Estado de Roraima, no Calend\u00e1rio Tur\u00edstico Oficial do Brasil. O Congresso Nacional decreta: Art. 1\u00ba Fica inclu\u00eddo no Calend\u00e1rio Tur\u00edstico Oficial do [&hellip;]<\/p>\n","protected":false},"author":1,"featured_media":0,"parent":0,"menu_order":0,"comment_status":"closed","ping_status":"closed","template":"page-template-blank.php","meta":{"_et_pb_use_builder":"","_et_pb_old_content":"","_et_gb_content_width":"1080","ngg_post_thumbnail":0,"footnotes":""},"class_list":["post-10471","page","type-page","status-publish","hentry"],"yoast_head":"<!-- This site is optimized with the Yoast SEO plugin v24.4 - https:\/\/yoast.com\/wordpress\/plugins\/seo\/ -->\n<title>Avulso Inicial - PL 3591\/2025 - C\u00e2mara - Legislapp<\/title>\n<meta name=\"robots\" content=\"index, follow, max-snippet:-1, max-image-preview:large, max-video-preview:-1\" \/>\n<link rel=\"canonical\" href=\"https:\/\/www.legislapp.com.br\/index.php\/avulso-inicial-pl-3591-2025-camara\/\" \/>\n<meta property=\"og:locale\" content=\"pt_BR\" \/>\n<meta property=\"og:type\" content=\"article\" \/>\n<meta property=\"og:title\" content=\"Avulso Inicial - PL 3591\/2025 - C\u00e2mara - Legislapp\" \/>\n<meta property=\"og:description\" content=\"Avulso Inicial &#8211; Autoria de Duda Ramos PROJETO DE LEI N\u00ba , DE 2025 (Do Sr. DUDA RAMOS) Inclui o \u201cFestejo da Damurida\u201d, realizado anualmente na Comunidade Ind\u00edgena Malacacheta, no munic\u00edpio de Cant\u00e1, Estado de Roraima, no Calend\u00e1rio Tur\u00edstico Oficial do Brasil. O Congresso Nacional decreta: Art. 1\u00ba Fica inclu\u00eddo no Calend\u00e1rio Tur\u00edstico Oficial do [&hellip;]\" \/>\n<meta property=\"og:url\" content=\"https:\/\/www.legislapp.com.br\/index.php\/avulso-inicial-pl-3591-2025-camara\/\" \/>\n<meta property=\"og:site_name\" content=\"Legislapp\" \/>\n<meta property=\"article:publisher\" content=\"https:\/\/www.instagram.com\/legislapp\/\" \/>\n<meta property=\"og:image\" content=\"https:\/\/www.legislapp.com.br\/wp-content\/uploads\/2021\/07\/Logo-Legislapp-1-03-1.png\" \/>\n<meta name=\"twitter:card\" content=\"summary_large_image\" \/>\n<meta name=\"twitter:label1\" content=\"Est. tempo de leitura\" \/>\n\t<meta name=\"twitter:data1\" content=\"3 minutos\" \/>\n<script type=\"application\/ld+json\" class=\"yoast-schema-graph\">{\"@context\":\"https:\/\/schema.org\",\"@graph\":[{\"@type\":\"WebPage\",\"@id\":\"https:\/\/www.legislapp.com.br\/index.php\/avulso-inicial-pl-3591-2025-camara\/\",\"url\":\"https:\/\/www.legislapp.com.br\/index.php\/avulso-inicial-pl-3591-2025-camara\/\",\"name\":\"Avulso Inicial - PL 3591\/2025 - C\u00e2mara - Legislapp\",\"isPartOf\":{\"@id\":\"https:\/\/www.legislapp.com.br\/#website\"},\"primaryImageOfPage\":{\"@id\":\"https:\/\/www.legislapp.com.br\/index.php\/avulso-inicial-pl-3591-2025-camara\/#primaryimage\"},\"image\":{\"@id\":\"https:\/\/www.legislapp.com.br\/index.php\/avulso-inicial-pl-3591-2025-camara\/#primaryimage\"},\"thumbnailUrl\":\"https:\/\/www.legislapp.com.br\/wp-content\/uploads\/2021\/07\/Logo-Legislapp-1-03-1.png\",\"datePublished\":\"2025-12-01T14:19:53+00:00\",\"breadcrumb\":{\"@id\":\"https:\/\/www.legislapp.com.br\/index.php\/avulso-inicial-pl-3591-2025-camara\/#breadcrumb\"},\"inLanguage\":\"pt-BR\",\"potentialAction\":[{\"@type\":\"ReadAction\",\"target\":[\"https:\/\/www.legislapp.com.br\/index.php\/avulso-inicial-pl-3591-2025-camara\/\"]}]},{\"@type\":\"ImageObject\",\"inLanguage\":\"pt-BR\",\"@id\":\"https:\/\/www.legislapp.com.br\/index.php\/avulso-inicial-pl-3591-2025-camara\/#primaryimage\",\"url\":\"https:\/\/www.legislapp.com.br\/wp-content\/uploads\/2021\/07\/Logo-Legislapp-1-03-1.png\",\"contentUrl\":\"https:\/\/www.legislapp.com.br\/wp-content\/uploads\/2021\/07\/Logo-Legislapp-1-03-1.png\",\"width\":2679,\"height\":2697},{\"@type\":\"BreadcrumbList\",\"@id\":\"https:\/\/www.legislapp.com.br\/index.php\/avulso-inicial-pl-3591-2025-camara\/#breadcrumb\",\"itemListElement\":[{\"@type\":\"ListItem\",\"position\":1,\"name\":\"In\u00edcio\",\"item\":\"https:\/\/www.legislapp.com.br\/\"},{\"@type\":\"ListItem\",\"position\":2,\"name\":\"Avulso Inicial &#8211; PL 3591\/2025 &#8211; C\u00e2mara\"}]},{\"@type\":\"WebSite\",\"@id\":\"https:\/\/www.legislapp.com.br\/#website\",\"url\":\"https:\/\/www.legislapp.com.br\/\",\"name\":\"Legislapp\",\"description\":\"Intelig\u00eancia governamental em tempo real\",\"publisher\":{\"@id\":\"https:\/\/www.legislapp.com.br\/#organization\"},\"potentialAction\":[{\"@type\":\"SearchAction\",\"target\":{\"@type\":\"EntryPoint\",\"urlTemplate\":\"https:\/\/www.legislapp.com.br\/?s={search_term_string}\"},\"query-input\":{\"@type\":\"PropertyValueSpecification\",\"valueRequired\":true,\"valueName\":\"search_term_string\"}}],\"inLanguage\":\"pt-BR\"},{\"@type\":\"Organization\",\"@id\":\"https:\/\/www.legislapp.com.br\/#organization\",\"name\":\"Legislapp Monitoramento e Intelig\u00eancia Governamental\",\"url\":\"https:\/\/www.legislapp.com.br\/\",\"logo\":{\"@type\":\"ImageObject\",\"inLanguage\":\"pt-BR\",\"@id\":\"https:\/\/www.legislapp.com.br\/#\/schema\/logo\/image\/\",\"url\":\"https:\/\/www.legislapp.com.br\/wp-content\/uploads\/icon.png\",\"contentUrl\":\"https:\/\/www.legislapp.com.br\/wp-content\/uploads\/icon.png\",\"width\":1024,\"height\":1024,\"caption\":\"Legislapp Monitoramento e Intelig\u00eancia Governamental\"},\"image\":{\"@id\":\"https:\/\/www.legislapp.com.br\/#\/schema\/logo\/image\/\"},\"sameAs\":[\"https:\/\/www.instagram.com\/legislapp\/\"]}]}<\/script>\n<!-- \/ Yoast SEO plugin. -->","yoast_head_json":{"title":"Avulso Inicial - PL 3591\/2025 - C\u00e2mara - Legislapp","robots":{"index":"index","follow":"follow","max-snippet":"max-snippet:-1","max-image-preview":"max-image-preview:large","max-video-preview":"max-video-preview:-1"},"canonical":"https:\/\/www.legislapp.com.br\/index.php\/avulso-inicial-pl-3591-2025-camara\/","og_locale":"pt_BR","og_type":"article","og_title":"Avulso Inicial - PL 3591\/2025 - C\u00e2mara - Legislapp","og_description":"Avulso Inicial &#8211; Autoria de Duda Ramos PROJETO DE LEI N\u00ba , DE 2025 (Do Sr. DUDA RAMOS) Inclui o \u201cFestejo da Damurida\u201d, realizado anualmente na Comunidade Ind\u00edgena Malacacheta, no munic\u00edpio de Cant\u00e1, Estado de Roraima, no Calend\u00e1rio Tur\u00edstico Oficial do Brasil. O Congresso Nacional decreta: Art. 1\u00ba Fica inclu\u00eddo no Calend\u00e1rio Tur\u00edstico Oficial do [&hellip;]","og_url":"https:\/\/www.legislapp.com.br\/index.php\/avulso-inicial-pl-3591-2025-camara\/","og_site_name":"Legislapp","article_publisher":"https:\/\/www.instagram.com\/legislapp\/","og_image":[{"url":"https:\/\/www.legislapp.com.br\/wp-content\/uploads\/2021\/07\/Logo-Legislapp-1-03-1.png","type":"","width":"","height":""}],"twitter_card":"summary_large_image","twitter_misc":{"Est. tempo de leitura":"3 minutos"},"schema":{"@context":"https:\/\/schema.org","@graph":[{"@type":"WebPage","@id":"https:\/\/www.legislapp.com.br\/index.php\/avulso-inicial-pl-3591-2025-camara\/","url":"https:\/\/www.legislapp.com.br\/index.php\/avulso-inicial-pl-3591-2025-camara\/","name":"Avulso Inicial - PL 3591\/2025 - C\u00e2mara - Legislapp","isPartOf":{"@id":"https:\/\/www.legislapp.com.br\/#website"},"primaryImageOfPage":{"@id":"https:\/\/www.legislapp.com.br\/index.php\/avulso-inicial-pl-3591-2025-camara\/#primaryimage"},"image":{"@id":"https:\/\/www.legislapp.com.br\/index.php\/avulso-inicial-pl-3591-2025-camara\/#primaryimage"},"thumbnailUrl":"https:\/\/www.legislapp.com.br\/wp-content\/uploads\/2021\/07\/Logo-Legislapp-1-03-1.png","datePublished":"2025-12-01T14:19:53+00:00","breadcrumb":{"@id":"https:\/\/www.legislapp.com.br\/index.php\/avulso-inicial-pl-3591-2025-camara\/#breadcrumb"},"inLanguage":"pt-BR","potentialAction":[{"@type":"ReadAction","target":["https:\/\/www.legislapp.com.br\/index.php\/avulso-inicial-pl-3591-2025-camara\/"]}]},{"@type":"ImageObject","inLanguage":"pt-BR","@id":"https:\/\/www.legislapp.com.br\/index.php\/avulso-inicial-pl-3591-2025-camara\/#primaryimage","url":"https:\/\/www.legislapp.com.br\/wp-content\/uploads\/2021\/07\/Logo-Legislapp-1-03-1.png","contentUrl":"https:\/\/www.legislapp.com.br\/wp-content\/uploads\/2021\/07\/Logo-Legislapp-1-03-1.png","width":2679,"height":2697},{"@type":"BreadcrumbList","@id":"https:\/\/www.legislapp.com.br\/index.php\/avulso-inicial-pl-3591-2025-camara\/#breadcrumb","itemListElement":[{"@type":"ListItem","position":1,"name":"In\u00edcio","item":"https:\/\/www.legislapp.com.br\/"},{"@type":"ListItem","position":2,"name":"Avulso Inicial &#8211; PL 3591\/2025 &#8211; C\u00e2mara"}]},{"@type":"WebSite","@id":"https:\/\/www.legislapp.com.br\/#website","url":"https:\/\/www.legislapp.com.br\/","name":"Legislapp","description":"Intelig\u00eancia governamental em tempo real","publisher":{"@id":"https:\/\/www.legislapp.com.br\/#organization"},"potentialAction":[{"@type":"SearchAction","target":{"@type":"EntryPoint","urlTemplate":"https:\/\/www.legislapp.com.br\/?s={search_term_string}"},"query-input":{"@type":"PropertyValueSpecification","valueRequired":true,"valueName":"search_term_string"}}],"inLanguage":"pt-BR"},{"@type":"Organization","@id":"https:\/\/www.legislapp.com.br\/#organization","name":"Legislapp Monitoramento e Intelig\u00eancia Governamental","url":"https:\/\/www.legislapp.com.br\/","logo":{"@type":"ImageObject","inLanguage":"pt-BR","@id":"https:\/\/www.legislapp.com.br\/#\/schema\/logo\/image\/","url":"https:\/\/www.legislapp.com.br\/wp-content\/uploads\/icon.png","contentUrl":"https:\/\/www.legislapp.com.br\/wp-content\/uploads\/icon.png","width":1024,"height":1024,"caption":"Legislapp Monitoramento e Intelig\u00eancia Governamental"},"image":{"@id":"https:\/\/www.legislapp.com.br\/#\/schema\/logo\/image\/"},"sameAs":["https:\/\/www.instagram.com\/legislapp\/"]}]}},"_links":{"self":[{"href":"https:\/\/www.legislapp.com.br\/index.php\/wp-json\/wp\/v2\/pages\/10471","targetHints":{"allow":["GET"]}}],"collection":[{"href":"https:\/\/www.legislapp.com.br\/index.php\/wp-json\/wp\/v2\/pages"}],"about":[{"href":"https:\/\/www.legislapp.com.br\/index.php\/wp-json\/wp\/v2\/types\/page"}],"author":[{"embeddable":true,"href":"https:\/\/www.legislapp.com.br\/index.php\/wp-json\/wp\/v2\/users\/1"}],"replies":[{"embeddable":true,"href":"https:\/\/www.legislapp.com.br\/index.php\/wp-json\/wp\/v2\/comments?post=10471"}],"version-history":[{"count":0,"href":"https:\/\/www.legislapp.com.br\/index.php\/wp-json\/wp\/v2\/pages\/10471\/revisions"}],"wp:attachment":[{"href":"https:\/\/www.legislapp.com.br\/index.php\/wp-json\/wp\/v2\/media?parent=10471"}],"curies":[{"name":"wp","href":"https:\/\/api.w.org\/{rel}","templated":true}]}}