{"id":10499,"date":"2025-12-01T11:21:48","date_gmt":"2025-12-01T14:21:48","guid":{"rendered":"https:\/\/www.legislapp.com.br\/index.php\/avulso-inicial-pl-4409-2025-camara\/"},"modified":"2025-12-01T11:21:48","modified_gmt":"2025-12-01T14:21:48","slug":"avulso-inicial-pl-4409-2025-camara","status":"publish","type":"page","link":"https:\/\/www.legislapp.com.br\/index.php\/avulso-inicial-pl-4409-2025-camara\/","title":{"rendered":"Avulso Inicial &#8211; PL 4409\/2025 &#8211; C\u00e2mara"},"content":{"rendered":"<h1 style='text-align: center;'>Avulso Inicial &#8211; Autoria de Delegado \u00c9der Mauro<\/h3>\n<p><\/p>\n<article>PROJETO DE LEI N\u00ba     , DE 2025<br \/>\n(Do Sr. Delegado \u00c9DER MAURO)<br \/>\nDISP\u00d5E SOBRE A CONCESS\u00c3O<br \/>\nDE PRIORIDADE DE<br \/>\nATENDIMENTO A PACIENTES<br \/>\nDIAB\u00c9TICOS QUE ESTEJAM EM<br \/>\nJEJUM TOTAL QUANDO DA<br \/>\nREALIZA\u00c7\u00c3O DE EXAMES<br \/>\nM\u00c9DICOS, EM TODA A REDE<br \/>\nDE SA\u00daDE P\u00daBLICA E<br \/>\nPRIVADA.<br \/>\nO Congresso Nacional decreta:<br \/>\nArt. 1 Ficar\u00e1 concedida aos pacientes diab\u00e9ticos que estejam em jejum<br \/>\ntotal a prioridade no atendimento quando da realiza\u00e7\u00e3o de exames m\u00e9dicos,<br \/>\nem toda a rede de sa\u00fade p\u00fablica e privada.<br \/>\nPar\u00e1grafo \u00fanico. A prioridade concedida no caput ser\u00e1 garantida em conjunto<br \/>\ncom as demais prefer\u00eancias j\u00e1 estabelecidas na legisla\u00e7\u00e3o vigente.<br \/>\nArt. 2 A condi\u00e7\u00e3o de diab\u00e9tico dever\u00e1 ser comprovada mediante<br \/>\napresenta\u00e7\u00e3o de documento m\u00e9dico que ateste o diagn\u00f3stico da doen\u00e7a.<br \/>\nArt. 3 Esta lei entrar\u00e1 em vigor na data de sua publica\u00e7\u00e3o.<br \/>\nJUSTIFICATIVA<br \/>\nO diabetes mellitus \u00e9, na atualidade, uma das quest\u00f5es de sa\u00fade mais<br \/>\nrelevantes, no que tange n\u00e3o s\u00f3 ao n\u00famero de pacientes afetados, de<br \/>\nincapacita\u00e7\u00f5es e de mortalidade prematura, mas tamb\u00e9m aos custos<br \/>\nenvolvidos no seu controle e no tratamento de suas complica\u00e7\u00f5es. Os dados<br \/>\ndivulgados na 10\u00aa edi\u00e7\u00e3o do Atlas do Diabetes, da Federa\u00e7\u00e3o Internacional de<br \/>\nDiabetes, revelam que 537 milh\u00f5es de pessoas t\u00eam diabetes no mundo. Entre<br \/>\n2019 e 2021, houve um aumento de 74 milh\u00f5es. Conforme o relat\u00f3rio \u201cSitua\u00e7\u00e3o<br \/>\nde Hipertens\u00e3o e Diabetes no Brasil\u201d, do Minist\u00e9rio da Sa\u00fade, do ano de 2020,<br \/>\nestima-se que, no Brasil, 9 milh\u00f5es de pessoas t\u00eam diabetes mellitus, 566,8 mil<br \/>\ns\u00f3 na regi\u00e3o Norte, tendo sido realizadas, em todo o territ\u00f3rio nacional, em<br \/>\n2019, 136 mil interna\u00e7\u00f5es em raz\u00e3o da referida doen\u00e7a. O valor total de tais<br \/>\ninterna\u00e7\u00f5es, somente no ano de 2019, foi de 98 milh\u00f5es de reais.<br \/>\nSegundo a Sociedade Brasileira de Diabetes, mais de 50% da popula\u00e7\u00e3o<br \/>\nn\u00e3o sabe que tem a doen\u00e7a, que \u00e9 cr\u00f4nica, silenciosa e se desenvolve ao<br \/>\nPara verificar a assinatura, acesse https:\/\/infoleg-autenticidade-assinatura.camara.leg.br\/CD251219599600<br \/>\nAssinado eletronicamente pelo(a) Dep. Delegado \u00c9der Mauro<br \/>\nApresenta\u00e7\u00e3o: 03\/09\/2025 15:42:21.080 &#8211; Mesa<br \/>\n*CD251219599600* PL n.4409\/2025<br \/>longo do tempo, n\u00e3o produzindo o corpo insulina ou n\u00e3o conseguindo<br \/>\nempregar adequadamente a insulina que produz. Por n\u00e3o produzir, na maior<br \/>\nparte dos casos, sintomas no in\u00edcio, costuma ser despercebida. De todo modo,<br \/>\ntodos os pacientes com diabetes do tipo 1 devem receber, como a base do<br \/>\ntratamento da doen\u00e7a, insulina para o seu controle, pois a fisiopatologia desta<br \/>\ndoen\u00e7a decorre da destrui\u00e7\u00e3o das c\u00e9lulas beta pancre\u00e1ticas, produtoras de<br \/>\ninsulina. Em rela\u00e7\u00e3o aos pacientes diab\u00e9ticos do tipo 2, considera-se que cerca<br \/>\nde 25% dos casos requerem utiliza\u00e7\u00e3o de insulina, visto que, \u00e0 propor\u00e7\u00e3o que<br \/>\na doen\u00e7a em comento progride, ocorre uma perda funcional das c\u00e9lulas<br \/>\nprodutoras de insulina e, deste modo, dever\u00e1 necessariamente o paciente<br \/>\ndiab\u00e9tico do tipo 2 ser insulinizado. Enfim, o tratamento adequado do diabetes<br \/>\ne das condi\u00e7\u00f5es associadas, as quais acarretam riscos adicionais de<br \/>\nmorbidade, tem um resultado apreci\u00e1vel na redu\u00e7\u00e3o das diversas complica\u00e7\u00f5es<br \/>\nda doen\u00e7a, como demonstram diversos estudos recentes.<br \/>\nDito isto, ao dispor sobre a concess\u00e3o de prioridade de atendimento a<br \/>\npacientes diab\u00e9ticos que estejam em jejum total quando da realiza\u00e7\u00e3o de<br \/>\nexames m\u00e9dicos, em toda a rede de sa\u00fade p\u00fablica e privada, o presente<br \/>\nProjeto de Lei objetiva que, dadas as comuns longas filas de espera \u00e0<br \/>\nrealiza\u00e7\u00e3o de exames m\u00e9dicos, seja priorizado o atendimento do paciente<br \/>\ndiab\u00e9tico que esteja em jejum total, visto que este n\u00e3o possui autorregula\u00e7\u00e3o<br \/>\nglic\u00eamica. Desta maneira, como o est\u00edmulo pancre\u00e1tico n\u00e3o funciona bem, faz<br \/>\ncom que o paciente diab\u00e9tico tenha uma hipoglicemia, raz\u00e3o pela qual este<br \/>\npaciente n\u00e3o dever\u00e1 permanecer em jejum por tempo prolongado. A pretens\u00e3o<br \/>\n\u00e9, portanto, que o Projeto de Lei em quest\u00e3o seja um instrumento de respeito e<br \/>\nde manuten\u00e7\u00e3o da sa\u00fade do paciente diab\u00e9tico, impedindo n\u00e3o somente a<br \/>\nocorr\u00eancia de hipoglicemia, mas tamb\u00e9m que esta acarrete, por conseguinte,<br \/>\nsitua\u00e7\u00f5es ainda mais danosas e cr\u00edticas a este paciente.<br \/>\nSala das sess\u00f5es,        de             de 2025<br \/>\nDELEGADO \u00c9DER MAURO<br \/>\nDEPUTADO FEDERAL<br \/>\nPara verificar a assinatura, acesse https:\/\/infoleg-autenticidade-assinatura.camara.leg.br\/CD251219599600<br \/>\nAssinado eletronicamente pelo(a) Dep. Delegado \u00c9der Mauro<br \/>\nApresenta\u00e7\u00e3o: 03\/09\/2025 15:42:21.080 &#8211; Mesa<br \/>\n*CD251219599600* PL n.4409\/2025<\/article>\n<p><a href='https:\/\/app.legislapp.com.br\/#\/busca?termo='><\/a><\/p>\n<div style=\"text-align: center\">\n      <img decoding=\"async\" style=\"width: 14%;\" src=\"https:\/\/www.legislapp.com.br\/wp-content\/uploads\/2021\/07\/Logo-Legislapp-1-03-1.png\"><br \/>\n      <\/p>\n<div style=\"margin-bottom: 20px;\" class=\"et_pb_button_module_wrapper et_pb_button_5_tb_body_wrapper et_pb_button_alignment_center et_pb_module \">\n         <a class=\"et_pb_button et_pb_button_5_tb_body et_hover_enabled et_pb_bg_layout_dark\" style=\"width: 50%;background-color: black;\" href=\"https:\/\/app.legislapp.com.br\" target=\"_blank\" rel=\"noopener\">Visualizar completo na nossa plataforma (30 dias gr\u00e1tis)<\/a><\/p><\/div>\n<p>      <a href=\"https:\/\/play.google.com\/store\/apps\/details?id=br.com.legislapp\"><img decoding=\"async\" style=\"width: 15%; min-width: 130px;\" src=\"https:\/\/www.legislapp.com.br\/wp-content\/uploads\/google-play.png\"><\/a><br \/>\n      <a href=\"https:\/\/apps.apple.com\/us\/app\/legislapp\/id1568929859\"><img decoding=\"async\" style=\"width: 15%; min-width: 130px\" src=\"https:\/\/www.legislapp.com.br\/wp-content\/uploads\/apple-store.png\"><\/a>\n   <\/div>\n","protected":false},"excerpt":{"rendered":"<p>Avulso Inicial &#8211; Autoria de Delegado \u00c9der Mauro PROJETO DE LEI N\u00ba , DE 2025 (Do Sr. Delegado \u00c9DER MAURO) DISP\u00d5E SOBRE A CONCESS\u00c3O DE PRIORIDADE DE ATENDIMENTO A PACIENTES DIAB\u00c9TICOS QUE ESTEJAM EM JEJUM TOTAL QUANDO DA REALIZA\u00c7\u00c3O DE EXAMES M\u00c9DICOS, EM TODA A REDE DE SA\u00daDE P\u00daBLICA E PRIVADA. O Congresso Nacional decreta: [&hellip;]<\/p>\n","protected":false},"author":1,"featured_media":0,"parent":0,"menu_order":0,"comment_status":"closed","ping_status":"closed","template":"page-template-blank.php","meta":{"_et_pb_use_builder":"","_et_pb_old_content":"","_et_gb_content_width":"1080","ngg_post_thumbnail":0,"footnotes":""},"class_list":["post-10499","page","type-page","status-publish","hentry"],"yoast_head":"<!-- This site is optimized with the Yoast SEO plugin v24.4 - https:\/\/yoast.com\/wordpress\/plugins\/seo\/ -->\n<title>Avulso Inicial - PL 4409\/2025 - C\u00e2mara - Legislapp<\/title>\n<meta name=\"robots\" content=\"index, follow, max-snippet:-1, max-image-preview:large, max-video-preview:-1\" \/>\n<link rel=\"canonical\" href=\"https:\/\/www.legislapp.com.br\/index.php\/avulso-inicial-pl-4409-2025-camara\/\" \/>\n<meta property=\"og:locale\" content=\"pt_BR\" \/>\n<meta property=\"og:type\" content=\"article\" \/>\n<meta property=\"og:title\" content=\"Avulso Inicial - PL 4409\/2025 - C\u00e2mara - Legislapp\" \/>\n<meta property=\"og:description\" content=\"Avulso Inicial &#8211; Autoria de Delegado \u00c9der Mauro PROJETO DE LEI N\u00ba , DE 2025 (Do Sr. Delegado \u00c9DER MAURO) DISP\u00d5E SOBRE A CONCESS\u00c3O DE PRIORIDADE DE ATENDIMENTO A PACIENTES DIAB\u00c9TICOS QUE ESTEJAM EM JEJUM TOTAL QUANDO DA REALIZA\u00c7\u00c3O DE EXAMES M\u00c9DICOS, EM TODA A REDE DE SA\u00daDE P\u00daBLICA E PRIVADA. O Congresso Nacional decreta: [&hellip;]\" \/>\n<meta property=\"og:url\" content=\"https:\/\/www.legislapp.com.br\/index.php\/avulso-inicial-pl-4409-2025-camara\/\" \/>\n<meta property=\"og:site_name\" content=\"Legislapp\" \/>\n<meta property=\"article:publisher\" content=\"https:\/\/www.instagram.com\/legislapp\/\" \/>\n<meta property=\"og:image\" content=\"https:\/\/www.legislapp.com.br\/wp-content\/uploads\/2021\/07\/Logo-Legislapp-1-03-1.png\" \/>\n<meta name=\"twitter:card\" content=\"summary_large_image\" \/>\n<meta name=\"twitter:label1\" content=\"Est. tempo de leitura\" \/>\n\t<meta name=\"twitter:data1\" content=\"4 minutos\" \/>\n<script type=\"application\/ld+json\" class=\"yoast-schema-graph\">{\"@context\":\"https:\/\/schema.org\",\"@graph\":[{\"@type\":\"WebPage\",\"@id\":\"https:\/\/www.legislapp.com.br\/index.php\/avulso-inicial-pl-4409-2025-camara\/\",\"url\":\"https:\/\/www.legislapp.com.br\/index.php\/avulso-inicial-pl-4409-2025-camara\/\",\"name\":\"Avulso Inicial - PL 4409\/2025 - C\u00e2mara - Legislapp\",\"isPartOf\":{\"@id\":\"https:\/\/www.legislapp.com.br\/#website\"},\"primaryImageOfPage\":{\"@id\":\"https:\/\/www.legislapp.com.br\/index.php\/avulso-inicial-pl-4409-2025-camara\/#primaryimage\"},\"image\":{\"@id\":\"https:\/\/www.legislapp.com.br\/index.php\/avulso-inicial-pl-4409-2025-camara\/#primaryimage\"},\"thumbnailUrl\":\"https:\/\/www.legislapp.com.br\/wp-content\/uploads\/2021\/07\/Logo-Legislapp-1-03-1.png\",\"datePublished\":\"2025-12-01T14:21:48+00:00\",\"breadcrumb\":{\"@id\":\"https:\/\/www.legislapp.com.br\/index.php\/avulso-inicial-pl-4409-2025-camara\/#breadcrumb\"},\"inLanguage\":\"pt-BR\",\"potentialAction\":[{\"@type\":\"ReadAction\",\"target\":[\"https:\/\/www.legislapp.com.br\/index.php\/avulso-inicial-pl-4409-2025-camara\/\"]}]},{\"@type\":\"ImageObject\",\"inLanguage\":\"pt-BR\",\"@id\":\"https:\/\/www.legislapp.com.br\/index.php\/avulso-inicial-pl-4409-2025-camara\/#primaryimage\",\"url\":\"https:\/\/www.legislapp.com.br\/wp-content\/uploads\/2021\/07\/Logo-Legislapp-1-03-1.png\",\"contentUrl\":\"https:\/\/www.legislapp.com.br\/wp-content\/uploads\/2021\/07\/Logo-Legislapp-1-03-1.png\",\"width\":2679,\"height\":2697},{\"@type\":\"BreadcrumbList\",\"@id\":\"https:\/\/www.legislapp.com.br\/index.php\/avulso-inicial-pl-4409-2025-camara\/#breadcrumb\",\"itemListElement\":[{\"@type\":\"ListItem\",\"position\":1,\"name\":\"In\u00edcio\",\"item\":\"https:\/\/www.legislapp.com.br\/\"},{\"@type\":\"ListItem\",\"position\":2,\"name\":\"Avulso Inicial &#8211; PL 4409\/2025 &#8211; C\u00e2mara\"}]},{\"@type\":\"WebSite\",\"@id\":\"https:\/\/www.legislapp.com.br\/#website\",\"url\":\"https:\/\/www.legislapp.com.br\/\",\"name\":\"Legislapp\",\"description\":\"Intelig\u00eancia governamental em tempo real\",\"publisher\":{\"@id\":\"https:\/\/www.legislapp.com.br\/#organization\"},\"potentialAction\":[{\"@type\":\"SearchAction\",\"target\":{\"@type\":\"EntryPoint\",\"urlTemplate\":\"https:\/\/www.legislapp.com.br\/?s={search_term_string}\"},\"query-input\":{\"@type\":\"PropertyValueSpecification\",\"valueRequired\":true,\"valueName\":\"search_term_string\"}}],\"inLanguage\":\"pt-BR\"},{\"@type\":\"Organization\",\"@id\":\"https:\/\/www.legislapp.com.br\/#organization\",\"name\":\"Legislapp Monitoramento e Intelig\u00eancia Governamental\",\"url\":\"https:\/\/www.legislapp.com.br\/\",\"logo\":{\"@type\":\"ImageObject\",\"inLanguage\":\"pt-BR\",\"@id\":\"https:\/\/www.legislapp.com.br\/#\/schema\/logo\/image\/\",\"url\":\"https:\/\/www.legislapp.com.br\/wp-content\/uploads\/icon.png\",\"contentUrl\":\"https:\/\/www.legislapp.com.br\/wp-content\/uploads\/icon.png\",\"width\":1024,\"height\":1024,\"caption\":\"Legislapp Monitoramento e Intelig\u00eancia Governamental\"},\"image\":{\"@id\":\"https:\/\/www.legislapp.com.br\/#\/schema\/logo\/image\/\"},\"sameAs\":[\"https:\/\/www.instagram.com\/legislapp\/\"]}]}<\/script>\n<!-- \/ Yoast SEO plugin. -->","yoast_head_json":{"title":"Avulso Inicial - PL 4409\/2025 - C\u00e2mara - Legislapp","robots":{"index":"index","follow":"follow","max-snippet":"max-snippet:-1","max-image-preview":"max-image-preview:large","max-video-preview":"max-video-preview:-1"},"canonical":"https:\/\/www.legislapp.com.br\/index.php\/avulso-inicial-pl-4409-2025-camara\/","og_locale":"pt_BR","og_type":"article","og_title":"Avulso Inicial - PL 4409\/2025 - C\u00e2mara - Legislapp","og_description":"Avulso Inicial &#8211; Autoria de Delegado \u00c9der Mauro PROJETO DE LEI N\u00ba , DE 2025 (Do Sr. Delegado \u00c9DER MAURO) DISP\u00d5E SOBRE A CONCESS\u00c3O DE PRIORIDADE DE ATENDIMENTO A PACIENTES DIAB\u00c9TICOS QUE ESTEJAM EM JEJUM TOTAL QUANDO DA REALIZA\u00c7\u00c3O DE EXAMES M\u00c9DICOS, EM TODA A REDE DE SA\u00daDE P\u00daBLICA E PRIVADA. O Congresso Nacional decreta: [&hellip;]","og_url":"https:\/\/www.legislapp.com.br\/index.php\/avulso-inicial-pl-4409-2025-camara\/","og_site_name":"Legislapp","article_publisher":"https:\/\/www.instagram.com\/legislapp\/","og_image":[{"url":"https:\/\/www.legislapp.com.br\/wp-content\/uploads\/2021\/07\/Logo-Legislapp-1-03-1.png","type":"","width":"","height":""}],"twitter_card":"summary_large_image","twitter_misc":{"Est. tempo de leitura":"4 minutos"},"schema":{"@context":"https:\/\/schema.org","@graph":[{"@type":"WebPage","@id":"https:\/\/www.legislapp.com.br\/index.php\/avulso-inicial-pl-4409-2025-camara\/","url":"https:\/\/www.legislapp.com.br\/index.php\/avulso-inicial-pl-4409-2025-camara\/","name":"Avulso Inicial - PL 4409\/2025 - C\u00e2mara - Legislapp","isPartOf":{"@id":"https:\/\/www.legislapp.com.br\/#website"},"primaryImageOfPage":{"@id":"https:\/\/www.legislapp.com.br\/index.php\/avulso-inicial-pl-4409-2025-camara\/#primaryimage"},"image":{"@id":"https:\/\/www.legislapp.com.br\/index.php\/avulso-inicial-pl-4409-2025-camara\/#primaryimage"},"thumbnailUrl":"https:\/\/www.legislapp.com.br\/wp-content\/uploads\/2021\/07\/Logo-Legislapp-1-03-1.png","datePublished":"2025-12-01T14:21:48+00:00","breadcrumb":{"@id":"https:\/\/www.legislapp.com.br\/index.php\/avulso-inicial-pl-4409-2025-camara\/#breadcrumb"},"inLanguage":"pt-BR","potentialAction":[{"@type":"ReadAction","target":["https:\/\/www.legislapp.com.br\/index.php\/avulso-inicial-pl-4409-2025-camara\/"]}]},{"@type":"ImageObject","inLanguage":"pt-BR","@id":"https:\/\/www.legislapp.com.br\/index.php\/avulso-inicial-pl-4409-2025-camara\/#primaryimage","url":"https:\/\/www.legislapp.com.br\/wp-content\/uploads\/2021\/07\/Logo-Legislapp-1-03-1.png","contentUrl":"https:\/\/www.legislapp.com.br\/wp-content\/uploads\/2021\/07\/Logo-Legislapp-1-03-1.png","width":2679,"height":2697},{"@type":"BreadcrumbList","@id":"https:\/\/www.legislapp.com.br\/index.php\/avulso-inicial-pl-4409-2025-camara\/#breadcrumb","itemListElement":[{"@type":"ListItem","position":1,"name":"In\u00edcio","item":"https:\/\/www.legislapp.com.br\/"},{"@type":"ListItem","position":2,"name":"Avulso Inicial &#8211; PL 4409\/2025 &#8211; C\u00e2mara"}]},{"@type":"WebSite","@id":"https:\/\/www.legislapp.com.br\/#website","url":"https:\/\/www.legislapp.com.br\/","name":"Legislapp","description":"Intelig\u00eancia governamental em tempo real","publisher":{"@id":"https:\/\/www.legislapp.com.br\/#organization"},"potentialAction":[{"@type":"SearchAction","target":{"@type":"EntryPoint","urlTemplate":"https:\/\/www.legislapp.com.br\/?s={search_term_string}"},"query-input":{"@type":"PropertyValueSpecification","valueRequired":true,"valueName":"search_term_string"}}],"inLanguage":"pt-BR"},{"@type":"Organization","@id":"https:\/\/www.legislapp.com.br\/#organization","name":"Legislapp Monitoramento e Intelig\u00eancia Governamental","url":"https:\/\/www.legislapp.com.br\/","logo":{"@type":"ImageObject","inLanguage":"pt-BR","@id":"https:\/\/www.legislapp.com.br\/#\/schema\/logo\/image\/","url":"https:\/\/www.legislapp.com.br\/wp-content\/uploads\/icon.png","contentUrl":"https:\/\/www.legislapp.com.br\/wp-content\/uploads\/icon.png","width":1024,"height":1024,"caption":"Legislapp Monitoramento e Intelig\u00eancia Governamental"},"image":{"@id":"https:\/\/www.legislapp.com.br\/#\/schema\/logo\/image\/"},"sameAs":["https:\/\/www.instagram.com\/legislapp\/"]}]}},"_links":{"self":[{"href":"https:\/\/www.legislapp.com.br\/index.php\/wp-json\/wp\/v2\/pages\/10499","targetHints":{"allow":["GET"]}}],"collection":[{"href":"https:\/\/www.legislapp.com.br\/index.php\/wp-json\/wp\/v2\/pages"}],"about":[{"href":"https:\/\/www.legislapp.com.br\/index.php\/wp-json\/wp\/v2\/types\/page"}],"author":[{"embeddable":true,"href":"https:\/\/www.legislapp.com.br\/index.php\/wp-json\/wp\/v2\/users\/1"}],"replies":[{"embeddable":true,"href":"https:\/\/www.legislapp.com.br\/index.php\/wp-json\/wp\/v2\/comments?post=10499"}],"version-history":[{"count":0,"href":"https:\/\/www.legislapp.com.br\/index.php\/wp-json\/wp\/v2\/pages\/10499\/revisions"}],"wp:attachment":[{"href":"https:\/\/www.legislapp.com.br\/index.php\/wp-json\/wp\/v2\/media?parent=10499"}],"curies":[{"name":"wp","href":"https:\/\/api.w.org\/{rel}","templated":true}]}}