{"id":10526,"date":"2025-12-01T11:23:26","date_gmt":"2025-12-01T14:23:26","guid":{"rendered":"https:\/\/www.legislapp.com.br\/index.php\/avulso-inicial-pl-3120-2025-camara\/"},"modified":"2025-12-01T11:23:26","modified_gmt":"2025-12-01T14:23:26","slug":"avulso-inicial-pl-3120-2025-camara","status":"publish","type":"page","link":"https:\/\/www.legislapp.com.br\/index.php\/avulso-inicial-pl-3120-2025-camara\/","title":{"rendered":"Avulso Inicial &#8211; PL 3120\/2025 &#8211; C\u00e2mara"},"content":{"rendered":"<h1 style='text-align: center;'>Avulso Inicial &#8211; Autoria de Euclydes Pettersen<\/h3>\n<p><\/p>\n<article>C\u00c2MARA DOS DEPUTADOS<br \/>\nGabinete do Deputado Euclydes Pettersen \u2013 REPUBLICANOS\/MG<br \/>\nPROJETO DE LEI N\u00ba          , DE 2025<br \/>\n(Do Sr. EUCLYDES PETTERSEN)<br \/>\nDisp\u00f5e sobre a obrigatoriedade de<br \/>\ncontrata\u00e7\u00e3o de seguro viagem para<br \/>\nbrasileiros em viagens internacionais e d\u00e1<br \/>\noutras provid\u00eancias.<br \/>\nO Congresso Nacional decreta:<br \/>\nArt. 1\u00ba  Esta Lei estabelece a obrigatoriedade de contrata\u00e7\u00e3o de seguro<br \/>\nviagem por parte de cidad\u00e3os brasileiros em viagens internacionais, com o<br \/>\nobjetivo de garantir cobertura m\u00ednima para assist\u00eancia m\u00e9dica e translado em<br \/>\ncaso de falecimento no exterior.<br \/>\nArt. 2\u00ba Para fins desta Lei, considera-se seguro viagem o contrato que<br \/>\ngaranta, no m\u00ednimo:<br \/>\nI \u2013 assist\u00eancia m\u00e9dica e hospitalar emergencial;<br \/>\nII \u2013 cobertura para acidentes pessoais;<br \/>\nIII \u2013 seguro de translado de corpo em caso de falecimento do segurado<br \/>\nno exterior;<br \/>\nIV \u2013 repatria\u00e7\u00e3o sanit\u00e1ria, quando necess\u00e1ria.<br \/>\nArt. 3\u00ba O seguro viagem dever\u00e1 ser contratado antes do embarque e ter<br \/>\nvalidade durante todo o per\u00edodo de perman\u00eancia no exterior.<br \/>\nArt. 4\u00ba Est\u00e3o isentos da obrigatoriedade prevista nesta Lei:<br \/>\nI \u2013 cidad\u00e3os brasileiros residentes permanentes no exterior, desde que<br \/>\ncomprovem v\u00ednculo de resid\u00eancia;<br \/>\nII \u2013 servidores p\u00fablicos em miss\u00e3o oficial, com cobertura fornecida pelo<br \/>\nente federativo competente;<br \/>\nPara verificar a assinatura, acesse https:\/\/infoleg-autenticidade-assinatura.camara.leg.br\/CD259547129800<br \/>\nAssinado eletronicamente pelo(a) Dep. Euclydes Pettersen<br \/>\nApresenta\u00e7\u00e3o: 30\/06\/2025 11:54:38.883 &#8211; Mesa<br \/>\n*CD259547129800* PL n.3120\/2025<br \/>C\u00c2MARA DOS DEPUTADOS<br \/>\nGabinete do Deputado Euclydes Pettersen \u2013 REPUBLICANOS\/MG<br \/>\nIII \u2013 casos excepcionais, conforme regulamento a ser definido em<br \/>\ndecreto do Poder Executivo.<br \/>\nArt. 5\u00ba O descumprimento do disposto nesta Lei poder\u00e1 acarretar<br \/>\nimpedimento de embarque em viagens internacionais, nos termos da<br \/>\nregulamenta\u00e7\u00e3o a ser estabelecida por autoridade competente.<br \/>\nArt. 6\u00ba Art. 5\u00ba A Pol\u00edcia Federal ser\u00e1 respons\u00e1vel pela fiscaliza\u00e7\u00e3o do<br \/>\ncumprimento desta Lei nos postos de controle migrat\u00f3rio dos aeroportos<br \/>\ninternacionais.<br \/>\n           \u00a7 1\u00ba A comprova\u00e7\u00e3o da contrata\u00e7\u00e3o do seguro viagem dever\u00e1 ser<br \/>\napresentada no momento do controle migrat\u00f3rio de sa\u00edda do pa\u00eds.<br \/>\n           \u00a7 2\u00ba O embarque internacional poder\u00e1 ser impedido na aus\u00eancia de<br \/>\ncomprova\u00e7\u00e3o v\u00e1lida, conforme crit\u00e9rios definidos em regulamento.<br \/>\nPar\u00e1grafo \u00fanico. A Ag\u00eancia Nacional de Avia\u00e7\u00e3o Civil (ANAC) ser\u00e1<br \/>\nrespons\u00e1vel por regulamentar os aspectos t\u00e9cnicos e operacionais da<br \/>\nexig\u00eancia prevista nesta Lei, podendo inclusive estabelecer obriga\u00e7\u00f5es \u00e0s<br \/>\ncompanhias a\u00e9reas no processo de embarque.<br \/>\n       Art. 7\u00ba Esta Lei entra em vigor ap\u00f3s 180 (cento e oitenta) dias de<br \/>\nsua publica\u00e7\u00e3o.               <\/p>\n<p>JUSTIFICATIVA<br \/>\nO presente Projeto de Lei tem como objetivo instituir a obrigatoriedade<br \/>\nda contrata\u00e7\u00e3o de seguro viagem por cidad\u00e3os brasileiros que pretendam<br \/>\nrealizar viagens internacionais, com cobertura m\u00ednima para assist\u00eancia m\u00e9dica,<br \/>\nhospitalar, translado de corpo em caso de falecimento.<br \/>\nA proposta encontra fundamento em princ\u00edpios constitucionais da<br \/>\ndignidade da pessoa humana, da solidariedade, da prote\u00e7\u00e3o \u00e0 vida e da<br \/>\natua\u00e7\u00e3o preventiva do Estado. Busca-se garantir que o brasileiro que viaja ao<br \/>\nexterior tenha assegurada uma cobertura m\u00ednima em situa\u00e7\u00f5es de emerg\u00eancia,<br \/>\nPara verificar a assinatura, acesse https:\/\/infoleg-autenticidade-assinatura.camara.leg.br\/CD259547129800<br \/>\nAssinado eletronicamente pelo(a) Dep. Euclydes Pettersen<br \/>\nApresenta\u00e7\u00e3o: 30\/06\/2025 11:54:38.883 &#8211; Mesa<br \/>\n*CD259547129800* PL n.3120\/2025<br \/>C\u00c2MARA DOS DEPUTADOS<br \/>\nGabinete do Deputado Euclydes Pettersen \u2013 REPUBLICANOS\/MG<br \/>\nal\u00e9m de reduzir o impacto financeiro e emocional causado aos familiares em<br \/>\ncasos de acidentes graves ou morte fora do territ\u00f3rio nacional.<br \/>\nEm diversos pa\u00edses, a exig\u00eancia de seguro viagem \u00e9 pr\u00e1tica<br \/>\nconsolidada. Um exemplo \u00e9 o dos pa\u00edses que integram o Espa\u00e7o Schengen, na<br \/>\nEuropa, os quais imp\u00f5em a apresenta\u00e7\u00e3o de ap\u00f3lice de seguro com cobertura<br \/>\nm\u00ednima de 30 mil euros como requisito para a entrada de estrangeiros. O<br \/>\nobjetivo \u00e9 claro: proteger os sistemas p\u00fablicos de sa\u00fade, garantir suporte ao<br \/>\nviajante em situa\u00e7\u00f5es cr\u00edticas e evitar que os custos com repatria\u00e7\u00e3o de<br \/>\ncorpos, interna\u00e7\u00f5es e atendimentos m\u00e9dicos recaiam sobre os cofres p\u00fablicos.<br \/>\nNo Brasil, essa exig\u00eancia ainda \u00e9 inexistente. A aus\u00eancia de norma legal<br \/>\nobriga milhares de fam\u00edlias, todos os anos, a lidar com situa\u00e7\u00f5es dram\u00e1ticas,<br \/>\ninclusive iniciando campanhas p\u00fablicas de arrecada\u00e7\u00e3o para financiar<br \/>\ndespesas m\u00e9dicas no exterior ou o translado de corpos de entes queridos<br \/>\nfalecidos fora do pa\u00eds. Tais situa\u00e7\u00f5es s\u00e3o recorrentes e geram como\u00e7\u00e3o social.<br \/>\nUm exemplo recente que ilustra a gravidade do problema foi o<br \/>\nfalecimento da brasileira Juliana Marins, ocorrido em 2025, na Indon\u00e9sia. Sem<br \/>\ncobertura de seguro viagem, seus familiares enfrentaram s\u00e9rias dificuldades<br \/>\npara arcar com os custos de translado do corpo ao Brasil..<br \/>\nSegundo dados da Divis\u00e3o de Assist\u00eancia Consular do Minist\u00e9rio das<br \/>\nRela\u00e7\u00f5es Exteriores, o governo brasileiro recebe anualmente centenas de<br \/>\nsolicita\u00e7\u00f5es de apoio para situa\u00e7\u00f5es como interna\u00e7\u00f5es, mortes, acidentes e de<br \/>\ncidad\u00e3os no exterior. Entretanto, a atua\u00e7\u00e3o consular \u00e9 limitada, tanto do ponto<br \/>\nde vista legal quanto or\u00e7ament\u00e1rio, uma vez que a assist\u00eancia consular<br \/>\nbrasileira n\u00e3o tem como atribui\u00e7\u00e3o custear ou executar diretamente<br \/>\nrepatria\u00e7\u00f5es ou despesas m\u00e9dicas de cidad\u00e3os em outros pa\u00edses.<br \/>\nImporta destacar que, se o Estado brasileiro assumir esses encargos,<br \/>\nquem pagar\u00e1 a conta s\u00e3o todos os contribuintes, inclusive aqueles que jamais<br \/>\nsa\u00edram do pa\u00eds. \u00c9, portanto, uma situa\u00e7\u00e3o injusta: pessoas que n\u00e3o possuem<br \/>\ncondi\u00e7\u00f5es financeiras ou mesmo interesse em viajar para o exterior acabam,<br \/>\nindiretamente, financiando a repatria\u00e7\u00e3o de terceiros que optaram por viajar.<br \/>\nPara verificar a assinatura, acesse https:\/\/infoleg-autenticidade-assinatura.camara.leg.br\/CD259547129800<br \/>\nAssinado eletronicamente pelo(a) Dep. Euclydes Pettersen<br \/>\nApresenta\u00e7\u00e3o: 30\/06\/2025 11:54:38.883 &#8211; Mesa<br \/>\n*CD259547129800* PL n.3120\/2025<br \/>C\u00c2MARA DOS DEPUTADOS<br \/>\nGabinete do Deputado Euclydes Pettersen \u2013 REPUBLICANOS\/MG<br \/>\nTrata-se, portanto, de uma pol\u00edtica p\u00fablica de prote\u00e7\u00e3o social, com<br \/>\nelevado impacto preventivo, que fortalece a autonomia do cidad\u00e3o, racionaliza<br \/>\na atua\u00e7\u00e3o consular e harmoniza a legisla\u00e7\u00e3o brasileira com os padr\u00f5es<br \/>\ninternacionais j\u00e1 consolidados. Promove maior justi\u00e7a fiscal e alivia o poder<br \/>\np\u00fablico dessas despesas extraordin\u00e1rias. A medida tamb\u00e9m fomenta o<br \/>\nmercado de seguros de forma saud\u00e1vel, promovendo a competi\u00e7\u00e3o e o acesso<br \/>\na produtos acess\u00edveis e adequados \u00e0 realidade dos viajantes.<br \/>\nDiante do exposto, e cientes da necessidade urgente de regulamenta\u00e7\u00e3o<br \/>\nsobre o tema, conclamamos os nobres Parlamentares a aprovarem esta<br \/>\nproposi\u00e7\u00e3o.<br \/>\nSala das Sess\u00f5es, em        de                     de 2025.<br \/>\n                                     Deputado EUCLYDES PETTERSEN<br \/>\nPara verificar a assinatura, acesse https:\/\/infoleg-autenticidade-assinatura.camara.leg.br\/CD259547129800<br \/>\nAssinado eletronicamente pelo(a) Dep. Euclydes Pettersen<br \/>\nApresenta\u00e7\u00e3o: 30\/06\/2025 11:54:38.883 &#8211; Mesa<br \/>\n*CD259547129800* PL n.3120\/2025<\/article>\n<p><a href='https:\/\/app.legislapp.com.br\/#\/busca?termo=Obrigatoriedade'>Obrigatoriedade<\/a>, <a href='https:\/\/app.legislapp.com.br\/#\/busca?termo=contrata\u00e7\u00e3o'>contrata\u00e7\u00e3o<\/a>, <a href='https:\/\/app.legislapp.com.br\/#\/busca?termo=Seguro-viagem'>Seguro-viagem<\/a>, <a href='https:\/\/app.legislapp.com.br\/#\/busca?termo=brasileiro'>brasileiro<\/a>, <a href='https:\/\/app.legislapp.com.br\/#\/busca?termo=viagem internacional.'>viagem internacional.<\/a><\/p>\n<div style=\"text-align: center\">\n      <img decoding=\"async\" style=\"width: 14%;\" src=\"https:\/\/www.legislapp.com.br\/wp-content\/uploads\/2021\/07\/Logo-Legislapp-1-03-1.png\"><br \/>\n      <\/p>\n<div style=\"margin-bottom: 20px;\" class=\"et_pb_button_module_wrapper et_pb_button_5_tb_body_wrapper et_pb_button_alignment_center et_pb_module \">\n         <a class=\"et_pb_button et_pb_button_5_tb_body et_hover_enabled et_pb_bg_layout_dark\" style=\"width: 50%;background-color: black;\" href=\"https:\/\/app.legislapp.com.br\" target=\"_blank\" rel=\"noopener\">Visualizar completo na nossa plataforma (30 dias gr\u00e1tis)<\/a><\/p><\/div>\n<p>      <a href=\"https:\/\/play.google.com\/store\/apps\/details?id=br.com.legislapp\"><img decoding=\"async\" style=\"width: 15%; min-width: 130px;\" src=\"https:\/\/www.legislapp.com.br\/wp-content\/uploads\/google-play.png\"><\/a><br \/>\n      <a href=\"https:\/\/apps.apple.com\/us\/app\/legislapp\/id1568929859\"><img decoding=\"async\" style=\"width: 15%; min-width: 130px\" src=\"https:\/\/www.legislapp.com.br\/wp-content\/uploads\/apple-store.png\"><\/a>\n   <\/div>\n","protected":false},"excerpt":{"rendered":"<p>Avulso Inicial &#8211; Autoria de Euclydes Pettersen C\u00c2MARA DOS DEPUTADOS Gabinete do Deputado Euclydes Pettersen \u2013 REPUBLICANOS\/MG PROJETO DE LEI N\u00ba , DE 2025 (Do Sr. EUCLYDES PETTERSEN) Disp\u00f5e sobre a obrigatoriedade de contrata\u00e7\u00e3o de seguro viagem para brasileiros em viagens internacionais e d\u00e1 outras provid\u00eancias. O Congresso Nacional decreta: Art. 1\u00ba Esta Lei estabelece [&hellip;]<\/p>\n","protected":false},"author":1,"featured_media":0,"parent":0,"menu_order":0,"comment_status":"closed","ping_status":"closed","template":"page-template-blank.php","meta":{"_et_pb_use_builder":"","_et_pb_old_content":"","_et_gb_content_width":"1080","ngg_post_thumbnail":0,"footnotes":""},"class_list":["post-10526","page","type-page","status-publish","hentry"],"yoast_head":"<!-- This site is optimized with the Yoast SEO plugin v24.4 - https:\/\/yoast.com\/wordpress\/plugins\/seo\/ -->\n<title>Avulso Inicial - PL 3120\/2025 - C\u00e2mara - Legislapp<\/title>\n<meta name=\"robots\" content=\"index, follow, max-snippet:-1, max-image-preview:large, max-video-preview:-1\" \/>\n<link rel=\"canonical\" href=\"https:\/\/www.legislapp.com.br\/index.php\/avulso-inicial-pl-3120-2025-camara\/\" \/>\n<meta property=\"og:locale\" content=\"pt_BR\" \/>\n<meta property=\"og:type\" content=\"article\" \/>\n<meta property=\"og:title\" content=\"Avulso Inicial - PL 3120\/2025 - C\u00e2mara - Legislapp\" \/>\n<meta property=\"og:description\" content=\"Avulso Inicial &#8211; Autoria de Euclydes Pettersen C\u00c2MARA DOS DEPUTADOS Gabinete do Deputado Euclydes Pettersen \u2013 REPUBLICANOS\/MG PROJETO DE LEI N\u00ba , DE 2025 (Do Sr. EUCLYDES PETTERSEN) Disp\u00f5e sobre a obrigatoriedade de contrata\u00e7\u00e3o de seguro viagem para brasileiros em viagens internacionais e d\u00e1 outras provid\u00eancias. O Congresso Nacional decreta: Art. 1\u00ba Esta Lei estabelece [&hellip;]\" \/>\n<meta property=\"og:url\" content=\"https:\/\/www.legislapp.com.br\/index.php\/avulso-inicial-pl-3120-2025-camara\/\" \/>\n<meta property=\"og:site_name\" content=\"Legislapp\" \/>\n<meta property=\"article:publisher\" content=\"https:\/\/www.instagram.com\/legislapp\/\" \/>\n<meta property=\"og:image\" content=\"https:\/\/www.legislapp.com.br\/wp-content\/uploads\/2021\/07\/Logo-Legislapp-1-03-1.png\" \/>\n<meta name=\"twitter:card\" content=\"summary_large_image\" \/>\n<meta name=\"twitter:label1\" content=\"Est. tempo de leitura\" \/>\n\t<meta name=\"twitter:data1\" content=\"6 minutos\" \/>\n<script type=\"application\/ld+json\" class=\"yoast-schema-graph\">{\"@context\":\"https:\/\/schema.org\",\"@graph\":[{\"@type\":\"WebPage\",\"@id\":\"https:\/\/www.legislapp.com.br\/index.php\/avulso-inicial-pl-3120-2025-camara\/\",\"url\":\"https:\/\/www.legislapp.com.br\/index.php\/avulso-inicial-pl-3120-2025-camara\/\",\"name\":\"Avulso Inicial - PL 3120\/2025 - C\u00e2mara - Legislapp\",\"isPartOf\":{\"@id\":\"https:\/\/www.legislapp.com.br\/#website\"},\"primaryImageOfPage\":{\"@id\":\"https:\/\/www.legislapp.com.br\/index.php\/avulso-inicial-pl-3120-2025-camara\/#primaryimage\"},\"image\":{\"@id\":\"https:\/\/www.legislapp.com.br\/index.php\/avulso-inicial-pl-3120-2025-camara\/#primaryimage\"},\"thumbnailUrl\":\"https:\/\/www.legislapp.com.br\/wp-content\/uploads\/2021\/07\/Logo-Legislapp-1-03-1.png\",\"datePublished\":\"2025-12-01T14:23:26+00:00\",\"breadcrumb\":{\"@id\":\"https:\/\/www.legislapp.com.br\/index.php\/avulso-inicial-pl-3120-2025-camara\/#breadcrumb\"},\"inLanguage\":\"pt-BR\",\"potentialAction\":[{\"@type\":\"ReadAction\",\"target\":[\"https:\/\/www.legislapp.com.br\/index.php\/avulso-inicial-pl-3120-2025-camara\/\"]}]},{\"@type\":\"ImageObject\",\"inLanguage\":\"pt-BR\",\"@id\":\"https:\/\/www.legislapp.com.br\/index.php\/avulso-inicial-pl-3120-2025-camara\/#primaryimage\",\"url\":\"https:\/\/www.legislapp.com.br\/wp-content\/uploads\/2021\/07\/Logo-Legislapp-1-03-1.png\",\"contentUrl\":\"https:\/\/www.legislapp.com.br\/wp-content\/uploads\/2021\/07\/Logo-Legislapp-1-03-1.png\",\"width\":2679,\"height\":2697},{\"@type\":\"BreadcrumbList\",\"@id\":\"https:\/\/www.legislapp.com.br\/index.php\/avulso-inicial-pl-3120-2025-camara\/#breadcrumb\",\"itemListElement\":[{\"@type\":\"ListItem\",\"position\":1,\"name\":\"In\u00edcio\",\"item\":\"https:\/\/www.legislapp.com.br\/\"},{\"@type\":\"ListItem\",\"position\":2,\"name\":\"Avulso Inicial &#8211; PL 3120\/2025 &#8211; C\u00e2mara\"}]},{\"@type\":\"WebSite\",\"@id\":\"https:\/\/www.legislapp.com.br\/#website\",\"url\":\"https:\/\/www.legislapp.com.br\/\",\"name\":\"Legislapp\",\"description\":\"Intelig\u00eancia governamental em tempo real\",\"publisher\":{\"@id\":\"https:\/\/www.legislapp.com.br\/#organization\"},\"potentialAction\":[{\"@type\":\"SearchAction\",\"target\":{\"@type\":\"EntryPoint\",\"urlTemplate\":\"https:\/\/www.legislapp.com.br\/?s={search_term_string}\"},\"query-input\":{\"@type\":\"PropertyValueSpecification\",\"valueRequired\":true,\"valueName\":\"search_term_string\"}}],\"inLanguage\":\"pt-BR\"},{\"@type\":\"Organization\",\"@id\":\"https:\/\/www.legislapp.com.br\/#organization\",\"name\":\"Legislapp Monitoramento e Intelig\u00eancia Governamental\",\"url\":\"https:\/\/www.legislapp.com.br\/\",\"logo\":{\"@type\":\"ImageObject\",\"inLanguage\":\"pt-BR\",\"@id\":\"https:\/\/www.legislapp.com.br\/#\/schema\/logo\/image\/\",\"url\":\"https:\/\/www.legislapp.com.br\/wp-content\/uploads\/icon.png\",\"contentUrl\":\"https:\/\/www.legislapp.com.br\/wp-content\/uploads\/icon.png\",\"width\":1024,\"height\":1024,\"caption\":\"Legislapp Monitoramento e Intelig\u00eancia Governamental\"},\"image\":{\"@id\":\"https:\/\/www.legislapp.com.br\/#\/schema\/logo\/image\/\"},\"sameAs\":[\"https:\/\/www.instagram.com\/legislapp\/\"]}]}<\/script>\n<!-- \/ Yoast SEO plugin. -->","yoast_head_json":{"title":"Avulso Inicial - PL 3120\/2025 - C\u00e2mara - Legislapp","robots":{"index":"index","follow":"follow","max-snippet":"max-snippet:-1","max-image-preview":"max-image-preview:large","max-video-preview":"max-video-preview:-1"},"canonical":"https:\/\/www.legislapp.com.br\/index.php\/avulso-inicial-pl-3120-2025-camara\/","og_locale":"pt_BR","og_type":"article","og_title":"Avulso Inicial - PL 3120\/2025 - C\u00e2mara - Legislapp","og_description":"Avulso Inicial &#8211; Autoria de Euclydes Pettersen C\u00c2MARA DOS DEPUTADOS Gabinete do Deputado Euclydes Pettersen \u2013 REPUBLICANOS\/MG PROJETO DE LEI N\u00ba , DE 2025 (Do Sr. EUCLYDES PETTERSEN) Disp\u00f5e sobre a obrigatoriedade de contrata\u00e7\u00e3o de seguro viagem para brasileiros em viagens internacionais e d\u00e1 outras provid\u00eancias. O Congresso Nacional decreta: Art. 1\u00ba Esta Lei estabelece [&hellip;]","og_url":"https:\/\/www.legislapp.com.br\/index.php\/avulso-inicial-pl-3120-2025-camara\/","og_site_name":"Legislapp","article_publisher":"https:\/\/www.instagram.com\/legislapp\/","og_image":[{"url":"https:\/\/www.legislapp.com.br\/wp-content\/uploads\/2021\/07\/Logo-Legislapp-1-03-1.png","type":"","width":"","height":""}],"twitter_card":"summary_large_image","twitter_misc":{"Est. tempo de leitura":"6 minutos"},"schema":{"@context":"https:\/\/schema.org","@graph":[{"@type":"WebPage","@id":"https:\/\/www.legislapp.com.br\/index.php\/avulso-inicial-pl-3120-2025-camara\/","url":"https:\/\/www.legislapp.com.br\/index.php\/avulso-inicial-pl-3120-2025-camara\/","name":"Avulso Inicial - PL 3120\/2025 - C\u00e2mara - Legislapp","isPartOf":{"@id":"https:\/\/www.legislapp.com.br\/#website"},"primaryImageOfPage":{"@id":"https:\/\/www.legislapp.com.br\/index.php\/avulso-inicial-pl-3120-2025-camara\/#primaryimage"},"image":{"@id":"https:\/\/www.legislapp.com.br\/index.php\/avulso-inicial-pl-3120-2025-camara\/#primaryimage"},"thumbnailUrl":"https:\/\/www.legislapp.com.br\/wp-content\/uploads\/2021\/07\/Logo-Legislapp-1-03-1.png","datePublished":"2025-12-01T14:23:26+00:00","breadcrumb":{"@id":"https:\/\/www.legislapp.com.br\/index.php\/avulso-inicial-pl-3120-2025-camara\/#breadcrumb"},"inLanguage":"pt-BR","potentialAction":[{"@type":"ReadAction","target":["https:\/\/www.legislapp.com.br\/index.php\/avulso-inicial-pl-3120-2025-camara\/"]}]},{"@type":"ImageObject","inLanguage":"pt-BR","@id":"https:\/\/www.legislapp.com.br\/index.php\/avulso-inicial-pl-3120-2025-camara\/#primaryimage","url":"https:\/\/www.legislapp.com.br\/wp-content\/uploads\/2021\/07\/Logo-Legislapp-1-03-1.png","contentUrl":"https:\/\/www.legislapp.com.br\/wp-content\/uploads\/2021\/07\/Logo-Legislapp-1-03-1.png","width":2679,"height":2697},{"@type":"BreadcrumbList","@id":"https:\/\/www.legislapp.com.br\/index.php\/avulso-inicial-pl-3120-2025-camara\/#breadcrumb","itemListElement":[{"@type":"ListItem","position":1,"name":"In\u00edcio","item":"https:\/\/www.legislapp.com.br\/"},{"@type":"ListItem","position":2,"name":"Avulso Inicial &#8211; PL 3120\/2025 &#8211; C\u00e2mara"}]},{"@type":"WebSite","@id":"https:\/\/www.legislapp.com.br\/#website","url":"https:\/\/www.legislapp.com.br\/","name":"Legislapp","description":"Intelig\u00eancia governamental em tempo real","publisher":{"@id":"https:\/\/www.legislapp.com.br\/#organization"},"potentialAction":[{"@type":"SearchAction","target":{"@type":"EntryPoint","urlTemplate":"https:\/\/www.legislapp.com.br\/?s={search_term_string}"},"query-input":{"@type":"PropertyValueSpecification","valueRequired":true,"valueName":"search_term_string"}}],"inLanguage":"pt-BR"},{"@type":"Organization","@id":"https:\/\/www.legislapp.com.br\/#organization","name":"Legislapp Monitoramento e Intelig\u00eancia Governamental","url":"https:\/\/www.legislapp.com.br\/","logo":{"@type":"ImageObject","inLanguage":"pt-BR","@id":"https:\/\/www.legislapp.com.br\/#\/schema\/logo\/image\/","url":"https:\/\/www.legislapp.com.br\/wp-content\/uploads\/icon.png","contentUrl":"https:\/\/www.legislapp.com.br\/wp-content\/uploads\/icon.png","width":1024,"height":1024,"caption":"Legislapp Monitoramento e Intelig\u00eancia Governamental"},"image":{"@id":"https:\/\/www.legislapp.com.br\/#\/schema\/logo\/image\/"},"sameAs":["https:\/\/www.instagram.com\/legislapp\/"]}]}},"_links":{"self":[{"href":"https:\/\/www.legislapp.com.br\/index.php\/wp-json\/wp\/v2\/pages\/10526","targetHints":{"allow":["GET"]}}],"collection":[{"href":"https:\/\/www.legislapp.com.br\/index.php\/wp-json\/wp\/v2\/pages"}],"about":[{"href":"https:\/\/www.legislapp.com.br\/index.php\/wp-json\/wp\/v2\/types\/page"}],"author":[{"embeddable":true,"href":"https:\/\/www.legislapp.com.br\/index.php\/wp-json\/wp\/v2\/users\/1"}],"replies":[{"embeddable":true,"href":"https:\/\/www.legislapp.com.br\/index.php\/wp-json\/wp\/v2\/comments?post=10526"}],"version-history":[{"count":0,"href":"https:\/\/www.legislapp.com.br\/index.php\/wp-json\/wp\/v2\/pages\/10526\/revisions"}],"wp:attachment":[{"href":"https:\/\/www.legislapp.com.br\/index.php\/wp-json\/wp\/v2\/media?parent=10526"}],"curies":[{"name":"wp","href":"https:\/\/api.w.org\/{rel}","templated":true}]}}