{"id":10556,"date":"2025-12-01T11:25:20","date_gmt":"2025-12-01T14:25:20","guid":{"rendered":"https:\/\/www.legislapp.com.br\/index.php\/avulso-inicial-pl-3826-2025-camara\/"},"modified":"2025-12-01T11:25:20","modified_gmt":"2025-12-01T14:25:20","slug":"avulso-inicial-pl-3826-2025-camara","status":"publish","type":"page","link":"https:\/\/www.legislapp.com.br\/index.php\/avulso-inicial-pl-3826-2025-camara\/","title":{"rendered":"Avulso Inicial &#8211; PL 3826\/2025 &#8211; C\u00e2mara"},"content":{"rendered":"<h1 style='text-align: center;'>Avulso Inicial &#8211; Autoria de Marcos Pollon<\/h3>\n<p><\/p>\n<article>C\u00c2MARA DOS DEPUTADOS<br \/>\nGabinete do Deputado Federal Marcos<br \/>\nPollon<br \/>\nPROJETO DE LEI N\u00ba          , DE 2025.<br \/>\n(DO SR. MARCOS POLLON)<br \/>\nReconhece a pr\u00e1tica da ca\u00e7a como<br \/>\nPatrim\u00f4nio Cultural Imaterial do Brasil.<br \/>\nO Congresso Nacional decreta:<br \/>\nArt. 1\u00ba Fica reconhecida como Patrim\u00f4nio Cultural Imaterial do Brasil a<br \/>\npr\u00e1tica da ca\u00e7a nas suas manifesta\u00e7\u00f5es hist\u00f3ricas, culturais, alimentares, recreativas e de<br \/>\ncontrole ambiental.<br \/>\nPar\u00e1grafo \u00fanico. O reconhecimento de que trata o caput refere-se \u00e0s pr\u00e1ticas<br \/>\nde ca\u00e7a artesanal e tradicional desenvolvidas por grupos e comunidades que mant\u00eam a<br \/>\natividade como forma de subsist\u00eancia, tradi\u00e7\u00e3o familiar ou manejo sustent\u00e1vel da fauna.<br \/>\nArt. 2\u00ba A pr\u00e1tica da ca\u00e7a ser\u00e1 registrada nos termos da Lei n\u00ba 3.924, de 26 de<br \/>\njulho de 1961, e do Decreto n\u00ba 3.551, de 4 de agosto de 2000, que institui o Registro dos<br \/>\nBens Culturais de Natureza Imaterial que constituem o Patrim\u00f4nio Cultural Brasileiro.<br \/>\nArt. 3\u00ba Esta Lei entra em vigor na data de sua publica\u00e7\u00e3o.<br \/>\nJUSTIFICATIVA<br \/>\nA presente proposi\u00e7\u00e3o visa reconhecer a pr\u00e1tica tradicional da ca\u00e7a como<br \/>\nPatrim\u00f4nio Cultural Imaterial do Brasil, assegurando o devido respeito e valoriza\u00e7\u00e3o a<br \/>\numa atividade ancestral que, ao longo dos s\u00e9culos, integrou a forma\u00e7\u00e3o da identidade<br \/>\nnacional. O reconhecimento formal dessa pr\u00e1tica n\u00e3o implica em sua libera\u00e7\u00e3o irrestrita<br \/>\nou em afronta \u00e0 legisla\u00e7\u00e3o ambiental, mas em um ato de respeito \u00e0 hist\u00f3ria, \u00e0 cultura e \u00e0<br \/>\ncontinuidade das express\u00f5es populares que moldaram o Brasil profundo.<br \/>\nA ca\u00e7a, em suas formas, sempre esteve presente no modo de vida de incont\u00e1veis<br \/>\nbrasileiros. Em muitas localidades, representa n\u00e3o apenas uma atividade de subsist\u00eancia<br \/>\nalimentar, mas um componente simb\u00f3lico, espiritual, social e organizacional da vida em<br \/>\nPara verificar a assinatura, acesse https:\/\/infoleg-autenticidade-assinatura.camara.leg.br\/CD252003974400<br \/>\nAssinado eletronicamente pelo(a) Dep. Marcos Pollon<br \/>\nApresenta\u00e7\u00e3o: 07\/08\/2025 19:19:43.583 &#8211; Mesa<br \/>\n*CD252003974400* PL n.3826\/2025<br \/>C\u00c2MARA DOS DEPUTADOS<br \/>\nGabinete do Deputado Federal Marcos<br \/>\nPollon<br \/>\ncomunidade. Ao contr\u00e1rio de abordagens caricaturais ou ideologizadas que tentam<br \/>\nassociar a ca\u00e7a apenas ao dano ambiental, \u00e9 necess\u00e1rio compreender sua complexidade<br \/>\ncomo pr\u00e1tica regulada, historicamente enraizada e, em in\u00fameros casos, ambientalmente<br \/>\nben\u00e9fica.<br \/>\n\u00c9 nesse contexto que o patrim\u00f4nio cultural imaterial se revela como instrumento<br \/>\nadequado para proteger e valorizar as express\u00f5es culturais ligadas \u00e0 ca\u00e7a tradicional. A<br \/>\nConstitui\u00e7\u00e3o Federal de 1988, em seu artigo 216, reconhece como patrim\u00f4nio cultural<br \/>\nbrasileiro \u201cas formas de express\u00e3o, os modos de criar, fazer e viver\u201d, que constituem a<br \/>\nidentidade dos diferentes grupos sociais. A pr\u00e1tica da ca\u00e7a inclu\u00edda nesse conceito, deve<br \/>\nser resguardada enquanto bem cultural imaterial, nos moldes do Decreto n\u00ba 3.551, de 4<br \/>\nde agosto de 2000.<br \/>\nAo reconhecer a ca\u00e7a como patrim\u00f4nio cultural imaterial, esta proposta tamb\u00e9m<br \/>\ncorrige uma grave omiss\u00e3o institucional: o distanciamento entre as normas ambientais<br \/>\ncontempor\u00e2neas e a realidade cultural do povo brasileiro. N\u00e3o se trata de eximir<br \/>\nresponsabilidades ambientais, mas de assegurar que os modos de vida tradicionais n\u00e3o<br \/>\nsejam criminalizados, apagados ou substitu\u00eddos por vis\u00f5es desconectadas da realidade<br \/>\nrural.<br \/>\nImporta observar que a pr\u00e1tica da ca\u00e7a \u00e9 reconhecida internacionalmente como<br \/>\nferramenta leg\u00edtima de manejo ambiental e de controle de esp\u00e9cies invasoras, como no<br \/>\ncaso do javali-europeu no Brasil. Essa modalidade de ca\u00e7a, inclusive, tem sido objeto de<br \/>\npol\u00edticas p\u00fablicas espec\u00edficas do Minist\u00e9rio do Meio Ambiente e do Instituto Brasileiro<br \/>\ndo Meio Ambiente e dos Recursos Naturais Renov\u00e1veis (IBAMA), demonstrando sua<br \/>\nrelev\u00e2ncia estrat\u00e9gica na prote\u00e7\u00e3o de biomas e lavouras.<br \/>\nAl\u00e9m disso, muitas fam\u00edlias e comunidades mant\u00eam a ca\u00e7a como parte de rituais<br \/>\ntradicionais, festas locais, transmiss\u00f5es orais de conhecimento e express\u00f5es lingu\u00edsticas<br \/>\nt\u00edpicas. O of\u00edcio do ca\u00e7ador, o uso de c\u00e3es de ca\u00e7a, as t\u00e9cnicas de rastreamento e<br \/>\npreparo de alimentos integram saberes que n\u00e3o podem ser simplesmente apagados pela<br \/>\nomiss\u00e3o do Estado. Preservar esses saberes \u00e9 preservar a mem\u00f3ria, a cultura e a<br \/>\ndignidade desses brasileiros.<br \/>\nPara verificar a assinatura, acesse https:\/\/infoleg-autenticidade-assinatura.camara.leg.br\/CD252003974400<br \/>\nAssinado eletronicamente pelo(a) Dep. Marcos Pollon<br \/>\nApresenta\u00e7\u00e3o: 07\/08\/2025 19:19:43.583 &#8211; Mesa<br \/>\n*CD252003974400* PL n.3826\/2025<br \/>C\u00c2MARA DOS DEPUTADOS<br \/>\nGabinete do Deputado Federal Marcos<br \/>\nPollon<br \/>\nO projeto n\u00e3o tem como escopo interferir no poder regulamentar das autoridades<br \/>\nambientais nem suprimir o necess\u00e1rio controle sobre armas de fogo e esp\u00e9cies<br \/>\nprotegidas. O reconhecimento enquanto patrim\u00f4nio cultural imp\u00f5e, no entanto, o dever<br \/>\ndo poder p\u00fablico de proteger tais pr\u00e1ticas contramedidas generalistas, punitivistas ou<br \/>\nideol\u00f3gicas que ignoram o contexto socioecon\u00f4mico e cultural dos seus praticantes.<br \/>\nRegistre-se que o reconhecimento como patrim\u00f4nio imaterial n\u00e3o confere um<br \/>\ncheque em branco \u00e0 pr\u00e1tica, mas viabiliza seu enquadramento em pol\u00edticas p\u00fablicas<br \/>\nespec\u00edficas, capazes de respeitar simultaneamente a cultura e o meio ambiente. Permite<br \/>\ntamb\u00e9m o di\u00e1logo institucional com as comunidades, associa\u00e7\u00f5es e lideran\u00e7as do setor,<br \/>\na fim de construir solu\u00e7\u00f5es mais adequadas \u00e0 realidade.<br \/>\nNeste sentido, \u00e9 oportuno destacar que diversas atividades j\u00e1 foram reconhecidas<br \/>\ncomo patrim\u00f4nio imaterial, como o of\u00edcio das baianas do acaraj\u00e9, o modo artesanal de<br \/>\nfazer queijo em Minas Gerais, e as pr\u00e1ticas ligadas ao of\u00edcio de vaqueiro. Em todos<br \/>\nesses casos, h\u00e1 um elemento comum: o profundo enraizamento cultural e a necessidade<br \/>\nde preservar um saber tradicional em vias de desaparecimento ou criminaliza\u00e7\u00e3o<br \/>\nindevida.<br \/>\n\u00c9 necess\u00e1rio, portanto, compreender que a ca\u00e7a tradicional n\u00e3o se confunde com<br \/>\na ca\u00e7a criminosa. Ao contr\u00e1rio, \u00e9 geralmente praticada com respeito \u00e0 natureza, com<br \/>\nm\u00e9todos variados e por grupos que, muitas vezes, t\u00eam mais interesse na preserva\u00e7\u00e3o do<br \/>\nmeio ambiente do que os pr\u00f3prios setores urbanos que se op\u00f5em \u00e0 atividade com base<br \/>\nem preconceitos.<br \/>\nAl\u00e9m do aspecto cultural, o reconhecimento fortalece tamb\u00e9m a soberania<br \/>\nalimentar de pequenas comunidades, a manuten\u00e7\u00e3o de t\u00e9cnicas de rastreamento e<br \/>\nsobreviv\u00eancia, a economia local e at\u00e9 o turismo de natureza, em \u00e1reas onde a ca\u00e7a \u00e9<br \/>\nregulamentada de forma educativa e sustent\u00e1vel.<br \/>\nPortanto, reconhecer a pr\u00e1tica da ca\u00e7a como patrim\u00f4nio cultural imaterial \u00e9 n\u00e3o<br \/>\napenas um gesto de repara\u00e7\u00e3o hist\u00f3rica, mas de afirma\u00e7\u00e3o cultural, de valoriza\u00e7\u00e3o dos<br \/>\nPara verificar a assinatura, acesse https:\/\/infoleg-autenticidade-assinatura.camara.leg.br\/CD252003974400<br \/>\nAssinado eletronicamente pelo(a) Dep. Marcos Pollon<br \/>\nApresenta\u00e7\u00e3o: 07\/08\/2025 19:19:43.583 &#8211; Mesa<br \/>\n*CD252003974400* PL n.3826\/2025<br \/>C\u00c2MARA DOS DEPUTADOS<br \/>\nGabinete do Deputado Federal Marcos<br \/>\nPollon<br \/>\nsaberes populares e de respeito \u00e0s diversas formas leg\u00edtimas de viver e conviver com o<br \/>\nambiente natural.<br \/>\nO Parlamento brasileiro, ao aprovar esta proposi\u00e7\u00e3o, estar\u00e1 reafirmando seu<br \/>\ncompromisso com o pluralismo cultural, a justi\u00e7a social e a preserva\u00e7\u00e3o da identidade<br \/>\nnacional. Trata-se de uma oportunidade \u00edmpar de estabelecer um marco civilizat\u00f3rio: o<br \/>\nde que a cultura do povo, mesmo quando incompreendida por setores urbanos ou<br \/>\nburocr\u00e1ticos, tem valor, tem hist\u00f3ria e tem direito \u00e0 prote\u00e7\u00e3o legal.<br \/>\nConclamamos, assim, os nobres pares desta Casa a aprovarem o presente projeto<br \/>\nde lei, que nada mais faz do que reconhecer, proteger e valorizar a rica e leg\u00edtima<br \/>\ncultura do interior do Brasil \u2014 uma cultura onde a ca\u00e7a, longe de ser um delito, \u00e9 parte<br \/>\nessencial da vida, da hist\u00f3ria e da dignidade de milhares de brasileiros.<br \/>\nSala das Sess\u00f5es, 16 de julho 2025.<br \/>\nDeputado Federal Marcos Pollon<br \/>\nPL-MS<br \/>\nPara verificar a assinatura, acesse https:\/\/infoleg-autenticidade-assinatura.camara.leg.br\/CD252003974400<br \/>\nAssinado eletronicamente pelo(a) Dep. Marcos Pollon<br \/>\nApresenta\u00e7\u00e3o: 07\/08\/2025 19:19:43.583 &#8211; Mesa<br \/>\n*CD252003974400* PL n.3826\/2025<\/article>\n<p><a href='https:\/\/app.legislapp.com.br\/#\/busca?termo='><\/a><\/p>\n<div style=\"text-align: center\">\n      <img decoding=\"async\" style=\"width: 14%;\" src=\"https:\/\/www.legislapp.com.br\/wp-content\/uploads\/2021\/07\/Logo-Legislapp-1-03-1.png\"><br \/>\n      <\/p>\n<div style=\"margin-bottom: 20px;\" class=\"et_pb_button_module_wrapper et_pb_button_5_tb_body_wrapper et_pb_button_alignment_center et_pb_module \">\n         <a class=\"et_pb_button et_pb_button_5_tb_body et_hover_enabled et_pb_bg_layout_dark\" style=\"width: 50%;background-color: black;\" href=\"https:\/\/app.legislapp.com.br\" target=\"_blank\" rel=\"noopener\">Visualizar completo na nossa plataforma (30 dias gr\u00e1tis)<\/a><\/p><\/div>\n<p>      <a href=\"https:\/\/play.google.com\/store\/apps\/details?id=br.com.legislapp\"><img decoding=\"async\" style=\"width: 15%; min-width: 130px;\" src=\"https:\/\/www.legislapp.com.br\/wp-content\/uploads\/google-play.png\"><\/a><br \/>\n      <a href=\"https:\/\/apps.apple.com\/us\/app\/legislapp\/id1568929859\"><img decoding=\"async\" style=\"width: 15%; min-width: 130px\" src=\"https:\/\/www.legislapp.com.br\/wp-content\/uploads\/apple-store.png\"><\/a>\n   <\/div>\n","protected":false},"excerpt":{"rendered":"<p>Avulso Inicial &#8211; Autoria de Marcos Pollon C\u00c2MARA DOS DEPUTADOS Gabinete do Deputado Federal Marcos Pollon PROJETO DE LEI N\u00ba , DE 2025. (DO SR. MARCOS POLLON) Reconhece a pr\u00e1tica da ca\u00e7a como Patrim\u00f4nio Cultural Imaterial do Brasil. O Congresso Nacional decreta: Art. 1\u00ba Fica reconhecida como Patrim\u00f4nio Cultural Imaterial do Brasil a pr\u00e1tica da [&hellip;]<\/p>\n","protected":false},"author":1,"featured_media":0,"parent":0,"menu_order":0,"comment_status":"closed","ping_status":"closed","template":"page-template-blank.php","meta":{"_et_pb_use_builder":"","_et_pb_old_content":"","_et_gb_content_width":"1080","ngg_post_thumbnail":0,"footnotes":""},"class_list":["post-10556","page","type-page","status-publish","hentry"],"yoast_head":"<!-- This site is optimized with the Yoast SEO plugin v24.4 - https:\/\/yoast.com\/wordpress\/plugins\/seo\/ -->\n<title>Avulso Inicial - PL 3826\/2025 - C\u00e2mara - Legislapp<\/title>\n<meta name=\"robots\" content=\"index, follow, max-snippet:-1, max-image-preview:large, max-video-preview:-1\" \/>\n<link rel=\"canonical\" href=\"https:\/\/www.legislapp.com.br\/index.php\/avulso-inicial-pl-3826-2025-camara\/\" \/>\n<meta property=\"og:locale\" content=\"pt_BR\" \/>\n<meta property=\"og:type\" content=\"article\" \/>\n<meta property=\"og:title\" content=\"Avulso Inicial - PL 3826\/2025 - C\u00e2mara - Legislapp\" \/>\n<meta property=\"og:description\" content=\"Avulso Inicial &#8211; Autoria de Marcos Pollon C\u00c2MARA DOS DEPUTADOS Gabinete do Deputado Federal Marcos Pollon PROJETO DE LEI N\u00ba , DE 2025. (DO SR. MARCOS POLLON) Reconhece a pr\u00e1tica da ca\u00e7a como Patrim\u00f4nio Cultural Imaterial do Brasil. O Congresso Nacional decreta: Art. 1\u00ba Fica reconhecida como Patrim\u00f4nio Cultural Imaterial do Brasil a pr\u00e1tica da [&hellip;]\" \/>\n<meta property=\"og:url\" content=\"https:\/\/www.legislapp.com.br\/index.php\/avulso-inicial-pl-3826-2025-camara\/\" \/>\n<meta property=\"og:site_name\" content=\"Legislapp\" \/>\n<meta property=\"article:publisher\" content=\"https:\/\/www.instagram.com\/legislapp\/\" \/>\n<meta property=\"og:image\" content=\"https:\/\/www.legislapp.com.br\/wp-content\/uploads\/2021\/07\/Logo-Legislapp-1-03-1.png\" \/>\n<meta name=\"twitter:card\" content=\"summary_large_image\" \/>\n<meta name=\"twitter:label1\" content=\"Est. tempo de leitura\" \/>\n\t<meta name=\"twitter:data1\" content=\"6 minutos\" \/>\n<script type=\"application\/ld+json\" class=\"yoast-schema-graph\">{\"@context\":\"https:\/\/schema.org\",\"@graph\":[{\"@type\":\"WebPage\",\"@id\":\"https:\/\/www.legislapp.com.br\/index.php\/avulso-inicial-pl-3826-2025-camara\/\",\"url\":\"https:\/\/www.legislapp.com.br\/index.php\/avulso-inicial-pl-3826-2025-camara\/\",\"name\":\"Avulso Inicial - PL 3826\/2025 - C\u00e2mara - Legislapp\",\"isPartOf\":{\"@id\":\"https:\/\/www.legislapp.com.br\/#website\"},\"primaryImageOfPage\":{\"@id\":\"https:\/\/www.legislapp.com.br\/index.php\/avulso-inicial-pl-3826-2025-camara\/#primaryimage\"},\"image\":{\"@id\":\"https:\/\/www.legislapp.com.br\/index.php\/avulso-inicial-pl-3826-2025-camara\/#primaryimage\"},\"thumbnailUrl\":\"https:\/\/www.legislapp.com.br\/wp-content\/uploads\/2021\/07\/Logo-Legislapp-1-03-1.png\",\"datePublished\":\"2025-12-01T14:25:20+00:00\",\"breadcrumb\":{\"@id\":\"https:\/\/www.legislapp.com.br\/index.php\/avulso-inicial-pl-3826-2025-camara\/#breadcrumb\"},\"inLanguage\":\"pt-BR\",\"potentialAction\":[{\"@type\":\"ReadAction\",\"target\":[\"https:\/\/www.legislapp.com.br\/index.php\/avulso-inicial-pl-3826-2025-camara\/\"]}]},{\"@type\":\"ImageObject\",\"inLanguage\":\"pt-BR\",\"@id\":\"https:\/\/www.legislapp.com.br\/index.php\/avulso-inicial-pl-3826-2025-camara\/#primaryimage\",\"url\":\"https:\/\/www.legislapp.com.br\/wp-content\/uploads\/2021\/07\/Logo-Legislapp-1-03-1.png\",\"contentUrl\":\"https:\/\/www.legislapp.com.br\/wp-content\/uploads\/2021\/07\/Logo-Legislapp-1-03-1.png\",\"width\":2679,\"height\":2697},{\"@type\":\"BreadcrumbList\",\"@id\":\"https:\/\/www.legislapp.com.br\/index.php\/avulso-inicial-pl-3826-2025-camara\/#breadcrumb\",\"itemListElement\":[{\"@type\":\"ListItem\",\"position\":1,\"name\":\"In\u00edcio\",\"item\":\"https:\/\/www.legislapp.com.br\/\"},{\"@type\":\"ListItem\",\"position\":2,\"name\":\"Avulso Inicial &#8211; PL 3826\/2025 &#8211; C\u00e2mara\"}]},{\"@type\":\"WebSite\",\"@id\":\"https:\/\/www.legislapp.com.br\/#website\",\"url\":\"https:\/\/www.legislapp.com.br\/\",\"name\":\"Legislapp\",\"description\":\"Intelig\u00eancia governamental em tempo real\",\"publisher\":{\"@id\":\"https:\/\/www.legislapp.com.br\/#organization\"},\"potentialAction\":[{\"@type\":\"SearchAction\",\"target\":{\"@type\":\"EntryPoint\",\"urlTemplate\":\"https:\/\/www.legislapp.com.br\/?s={search_term_string}\"},\"query-input\":{\"@type\":\"PropertyValueSpecification\",\"valueRequired\":true,\"valueName\":\"search_term_string\"}}],\"inLanguage\":\"pt-BR\"},{\"@type\":\"Organization\",\"@id\":\"https:\/\/www.legislapp.com.br\/#organization\",\"name\":\"Legislapp Monitoramento e Intelig\u00eancia Governamental\",\"url\":\"https:\/\/www.legislapp.com.br\/\",\"logo\":{\"@type\":\"ImageObject\",\"inLanguage\":\"pt-BR\",\"@id\":\"https:\/\/www.legislapp.com.br\/#\/schema\/logo\/image\/\",\"url\":\"https:\/\/www.legislapp.com.br\/wp-content\/uploads\/icon.png\",\"contentUrl\":\"https:\/\/www.legislapp.com.br\/wp-content\/uploads\/icon.png\",\"width\":1024,\"height\":1024,\"caption\":\"Legislapp Monitoramento e Intelig\u00eancia Governamental\"},\"image\":{\"@id\":\"https:\/\/www.legislapp.com.br\/#\/schema\/logo\/image\/\"},\"sameAs\":[\"https:\/\/www.instagram.com\/legislapp\/\"]}]}<\/script>\n<!-- \/ Yoast SEO plugin. -->","yoast_head_json":{"title":"Avulso Inicial - PL 3826\/2025 - C\u00e2mara - Legislapp","robots":{"index":"index","follow":"follow","max-snippet":"max-snippet:-1","max-image-preview":"max-image-preview:large","max-video-preview":"max-video-preview:-1"},"canonical":"https:\/\/www.legislapp.com.br\/index.php\/avulso-inicial-pl-3826-2025-camara\/","og_locale":"pt_BR","og_type":"article","og_title":"Avulso Inicial - PL 3826\/2025 - C\u00e2mara - Legislapp","og_description":"Avulso Inicial &#8211; Autoria de Marcos Pollon C\u00c2MARA DOS DEPUTADOS Gabinete do Deputado Federal Marcos Pollon PROJETO DE LEI N\u00ba , DE 2025. (DO SR. MARCOS POLLON) Reconhece a pr\u00e1tica da ca\u00e7a como Patrim\u00f4nio Cultural Imaterial do Brasil. O Congresso Nacional decreta: Art. 1\u00ba Fica reconhecida como Patrim\u00f4nio Cultural Imaterial do Brasil a pr\u00e1tica da [&hellip;]","og_url":"https:\/\/www.legislapp.com.br\/index.php\/avulso-inicial-pl-3826-2025-camara\/","og_site_name":"Legislapp","article_publisher":"https:\/\/www.instagram.com\/legislapp\/","og_image":[{"url":"https:\/\/www.legislapp.com.br\/wp-content\/uploads\/2021\/07\/Logo-Legislapp-1-03-1.png","type":"","width":"","height":""}],"twitter_card":"summary_large_image","twitter_misc":{"Est. tempo de leitura":"6 minutos"},"schema":{"@context":"https:\/\/schema.org","@graph":[{"@type":"WebPage","@id":"https:\/\/www.legislapp.com.br\/index.php\/avulso-inicial-pl-3826-2025-camara\/","url":"https:\/\/www.legislapp.com.br\/index.php\/avulso-inicial-pl-3826-2025-camara\/","name":"Avulso Inicial - PL 3826\/2025 - C\u00e2mara - Legislapp","isPartOf":{"@id":"https:\/\/www.legislapp.com.br\/#website"},"primaryImageOfPage":{"@id":"https:\/\/www.legislapp.com.br\/index.php\/avulso-inicial-pl-3826-2025-camara\/#primaryimage"},"image":{"@id":"https:\/\/www.legislapp.com.br\/index.php\/avulso-inicial-pl-3826-2025-camara\/#primaryimage"},"thumbnailUrl":"https:\/\/www.legislapp.com.br\/wp-content\/uploads\/2021\/07\/Logo-Legislapp-1-03-1.png","datePublished":"2025-12-01T14:25:20+00:00","breadcrumb":{"@id":"https:\/\/www.legislapp.com.br\/index.php\/avulso-inicial-pl-3826-2025-camara\/#breadcrumb"},"inLanguage":"pt-BR","potentialAction":[{"@type":"ReadAction","target":["https:\/\/www.legislapp.com.br\/index.php\/avulso-inicial-pl-3826-2025-camara\/"]}]},{"@type":"ImageObject","inLanguage":"pt-BR","@id":"https:\/\/www.legislapp.com.br\/index.php\/avulso-inicial-pl-3826-2025-camara\/#primaryimage","url":"https:\/\/www.legislapp.com.br\/wp-content\/uploads\/2021\/07\/Logo-Legislapp-1-03-1.png","contentUrl":"https:\/\/www.legislapp.com.br\/wp-content\/uploads\/2021\/07\/Logo-Legislapp-1-03-1.png","width":2679,"height":2697},{"@type":"BreadcrumbList","@id":"https:\/\/www.legislapp.com.br\/index.php\/avulso-inicial-pl-3826-2025-camara\/#breadcrumb","itemListElement":[{"@type":"ListItem","position":1,"name":"In\u00edcio","item":"https:\/\/www.legislapp.com.br\/"},{"@type":"ListItem","position":2,"name":"Avulso Inicial &#8211; PL 3826\/2025 &#8211; C\u00e2mara"}]},{"@type":"WebSite","@id":"https:\/\/www.legislapp.com.br\/#website","url":"https:\/\/www.legislapp.com.br\/","name":"Legislapp","description":"Intelig\u00eancia governamental em tempo real","publisher":{"@id":"https:\/\/www.legislapp.com.br\/#organization"},"potentialAction":[{"@type":"SearchAction","target":{"@type":"EntryPoint","urlTemplate":"https:\/\/www.legislapp.com.br\/?s={search_term_string}"},"query-input":{"@type":"PropertyValueSpecification","valueRequired":true,"valueName":"search_term_string"}}],"inLanguage":"pt-BR"},{"@type":"Organization","@id":"https:\/\/www.legislapp.com.br\/#organization","name":"Legislapp Monitoramento e Intelig\u00eancia Governamental","url":"https:\/\/www.legislapp.com.br\/","logo":{"@type":"ImageObject","inLanguage":"pt-BR","@id":"https:\/\/www.legislapp.com.br\/#\/schema\/logo\/image\/","url":"https:\/\/www.legislapp.com.br\/wp-content\/uploads\/icon.png","contentUrl":"https:\/\/www.legislapp.com.br\/wp-content\/uploads\/icon.png","width":1024,"height":1024,"caption":"Legislapp Monitoramento e Intelig\u00eancia Governamental"},"image":{"@id":"https:\/\/www.legislapp.com.br\/#\/schema\/logo\/image\/"},"sameAs":["https:\/\/www.instagram.com\/legislapp\/"]}]}},"_links":{"self":[{"href":"https:\/\/www.legislapp.com.br\/index.php\/wp-json\/wp\/v2\/pages\/10556","targetHints":{"allow":["GET"]}}],"collection":[{"href":"https:\/\/www.legislapp.com.br\/index.php\/wp-json\/wp\/v2\/pages"}],"about":[{"href":"https:\/\/www.legislapp.com.br\/index.php\/wp-json\/wp\/v2\/types\/page"}],"author":[{"embeddable":true,"href":"https:\/\/www.legislapp.com.br\/index.php\/wp-json\/wp\/v2\/users\/1"}],"replies":[{"embeddable":true,"href":"https:\/\/www.legislapp.com.br\/index.php\/wp-json\/wp\/v2\/comments?post=10556"}],"version-history":[{"count":0,"href":"https:\/\/www.legislapp.com.br\/index.php\/wp-json\/wp\/v2\/pages\/10556\/revisions"}],"wp:attachment":[{"href":"https:\/\/www.legislapp.com.br\/index.php\/wp-json\/wp\/v2\/media?parent=10556"}],"curies":[{"name":"wp","href":"https:\/\/api.w.org\/{rel}","templated":true}]}}