{"id":10600,"date":"2025-12-01T11:28:37","date_gmt":"2025-12-01T14:28:37","guid":{"rendered":"https:\/\/www.legislapp.com.br\/index.php\/avulso-inicial-pl-4296-2025-camara\/"},"modified":"2025-12-01T11:28:37","modified_gmt":"2025-12-01T14:28:37","slug":"avulso-inicial-pl-4296-2025-camara","status":"publish","type":"page","link":"https:\/\/www.legislapp.com.br\/index.php\/avulso-inicial-pl-4296-2025-camara\/","title":{"rendered":"Avulso Inicial &#8211; PL 4296\/2025 &#8211; C\u00e2mara"},"content":{"rendered":"<h1 style='text-align: center;'>Avulso Inicial &#8211; Autoria de Z\u00e9 Haroldo Cathedral<\/h3>\n<p><\/p>\n<article>C\u00e2mara dos Deputados<br \/>\nPROJETO DE LEI N\u00ba          , de 2025<br \/>\n(Do Sr. Z\u00e9 Haroldo Cathedral)<br \/>\nAltera a Lei n\u00ba 11.340, de 7 de<br \/>\nagosto de 2006 (Lei Maria da<br \/>\nPenha), para reconhecer a<br \/>\nS\u00edndrome da Mulher Maltratada<br \/>\ncomo condi\u00e7\u00e3o decorrente da<br \/>\nviol\u00eancia dom\u00e9stica e familiar<br \/>\ncontra a mulher, e para assegurar<br \/>\natendimento especializado \u00e0s<br \/>\nv\u00edtimas.<br \/>\nO CONGRESSO NACIONAL decreta:<br \/>\nArt. 1\u00ba Altera a Lei n\u00ba 11.340, de 7 de agosto de 2006 (Lei Maria<br \/>\nda Penha), para reconhecer a S\u00edndrome da Mulher Maltratada como condi\u00e7\u00e3o<br \/>\ndecorrente da viol\u00eancia dom\u00e9stica e familiar contra a mulher, e para<br \/>\nassegurar atendimento especializado \u00e0s v\u00edtimas.<br \/>\nArt. 2\u00ba A Lei n\u00ba 11.340, de 7 de agosto de 2006, passa a vigorar<br \/>\nacrescida do seguinte artigo:<br \/>\nArt. 9\u00ba-A. Para os efeitos desta Lei, entende-se por S\u00edndrome da<br \/>\nMulher Maltratada o conjunto de consequ\u00eancias f\u00edsicas,<br \/>\nemocionais e comportamentais resultantes de exposi\u00e7\u00e3o<br \/>\ncont\u00ednua \u00e0 viol\u00eancia dom\u00e9stica e familiar, caracterizado por<br \/>\nsentimentos de medo, isolamento, depend\u00eancia psicol\u00f3gica,<br \/>\nparalisia emocional, comprometimento da autonomia e, em<br \/>\nalguns casos, rea\u00e7\u00f5es extremas frente ao agressor.<br \/>\n1<br \/>\nPara verificar a assinatura, acesse https:\/\/infoleg-autenticidade-assinatura.camara.leg.br\/CD255255674200<br \/>\nAssinado eletronicamente pelo(a) Dep. Z\u00e9 Haroldo Cathedral<br \/>\nApresenta\u00e7\u00e3o: 28\/08\/2025 12:10:26.620 &#8211; Mesa<br \/>\n*CD255255674200* PL n.4296\/2025<br \/>C\u00e2mara dos Deputados<br \/>\n\u00a71\u00ba O reconhecimento da s\u00edndrome n\u00e3o exclui, em nenhuma<br \/>\nhip\u00f3tese, a responsabilidade do agressor pelos atos de viol\u00eancia<br \/>\npraticados.<br \/>\n\u00a72\u00ba A identifica\u00e7\u00e3o da s\u00edndrome poder\u00e1 ser realizada por<br \/>\nprofissional habilitado da rede p\u00fablica ou privada de sa\u00fade,<br \/>\nassist\u00eancia social ou psicologia.<br \/>\n\u00a73\u00ba O Estado dever\u00e1 garantir \u00e0s mulheres em situa\u00e7\u00e3o de<br \/>\nviol\u00eancia dom\u00e9stica e familiar:<br \/>\nI \u2013 atendimento psicol\u00f3gico e psiqui\u00e1trico especializado, com<br \/>\nprofissionais capacitados no diagn\u00f3stico e tratamento da<br \/>\ns\u00edndrome;<br \/>\nII \u2013 prioridade no acesso a servi\u00e7os de apoio psicossocial e<br \/>\ngrupos de acolhimento;<br \/>\nIII \u2013 inclus\u00e3o, quando necess\u00e1rio, em programas de prote\u00e7\u00e3o a<br \/>\nv\u00edtimas e testemunhas.<br \/>\nArt. 3\u00ba O art. 23 da Lei n\u00ba 11.340\/2006 passa a vigorar com o<br \/>\nacr\u00e9scimo do seguinte inciso:<br \/>\nArt.<br \/>\n23 &#8230;&#8230;&#8230;&#8230;&#8230;&#8230;&#8230;&#8230;&#8230;&#8230;&#8230;&#8230;&#8230;&#8230;&#8230;&#8230;&#8230;&#8230;&#8230;&#8230;&#8230;&#8230;&#8230;&#8230;&#8230;&#8230;&#8230;&#8230;&#8230;&#8230;&#8230;<br \/>\n&#8230;&#8230;&#8230;&#8230;&#8230;&#8230;&#8230;&#8230;&#8230;&#8230;&#8230;&#8230;&#8230;&#8230;&#8230;&#8230;&#8230;&#8230;&#8230;&#8230;&#8230;&#8230;&#8230;&#8230;&#8230;&#8230;&#8230;&#8230;&#8230;&#8230;&#8230;&#8230;&#8230;&#8230;..<br \/>\nVII \u2013 assegurar que laudos psicol\u00f3gicos ou psiqui\u00e1tricos que<br \/>\natestem a S\u00edndrome da Mulher Maltratada sejam considerados<br \/>\nelementos de prova em processos judiciais, especialmente na<br \/>\nan\u00e1lise da leg\u00edtima defesa, da culpabilidade ou da inexigibilidade<br \/>\nde conduta diversa, nos termos da legisla\u00e7\u00e3o penal vigente.<br \/>\nArt. 4\u00ba Esta Lei entra em vigor na data de sua publica\u00e7\u00e3o.<br \/>\n2<br \/>\nPara verificar a assinatura, acesse https:\/\/infoleg-autenticidade-assinatura.camara.leg.br\/CD255255674200<br \/>\nAssinado eletronicamente pelo(a) Dep. Z\u00e9 Haroldo Cathedral<br \/>\nApresenta\u00e7\u00e3o: 28\/08\/2025 12:10:26.620 &#8211; Mesa<br \/>\n*CD255255674200* PL n.4296\/2025<br \/>C\u00e2mara dos Deputados<br \/>\nJUSTIFICA\u00c7\u00c3O<br \/>\nA presente proposi\u00e7\u00e3o tem por finalidade reconhecer, no \u00e2mbito da<br \/>\nLei n\u00ba 11.340\/2006 (Lei Maria da Penha), a chamada S\u00edndrome da Mulher<br \/>\nMaltratada, condi\u00e7\u00e3o psicol\u00f3gica identificada em mulheres submetidas a<br \/>\nciclos prolongados de viol\u00eancia dom\u00e9stica e familiar.<br \/>\nDescrita pela psic\u00f3loga Lenore Walker, a s\u00edndrome caracteriza-se<br \/>\npor um estado de paralisia emocional, depend\u00eancia afetiva, comprometimento<br \/>\nda autonomia e dificuldade de romper o ciclo de viol\u00eancia. No Brasil, embora<br \/>\nn\u00e3o formalmente tipificada, seus efeitos s\u00e3o amplamente observados nos<br \/>\natendimentos realizados por profissionais da rede de prote\u00e7\u00e3o \u00e0 mulher.<br \/>\nA inclus\u00e3o da s\u00edndrome na Lei Maria da Penha tem como<br \/>\nfinalidade, principalmente, reconhecer juridicamente os impactos psicol\u00f3gicos<br \/>\nda viol\u00eancia dom\u00e9stica; assegurar atendimento especializado e priorit\u00e1rio \u00e0s<br \/>\nmulheres diagnosticadas com a s\u00edndrome; e permitir que o diagn\u00f3stico seja<br \/>\nconsiderado em processos judiciais, especialmente na avalia\u00e7\u00e3o da leg\u00edtima<br \/>\ndefesa ou da inexigibilidade de conduta diversa.<br \/>\nA proposta est\u00e1 em conson\u00e2ncia com os princ\u00edpios constitucionais<br \/>\nda dignidade da pessoa humana, da prote\u00e7\u00e3o integral e da igualdade de<br \/>\ng\u00eanero, al\u00e9m de refor\u00e7ar os compromissos internacionais assumidos pelo<br \/>\nBrasil, como a Conven\u00e7\u00e3o sobre a Elimina\u00e7\u00e3o de Todas as Formas de<br \/>\nDiscrimina\u00e7\u00e3o contra a Mulher (CEDAW).<br \/>\nEm nosso mandato de deputado federal temos um hist\u00f3rico de<br \/>\natua\u00e7\u00e3o firme em defesa dos direitos das mulheres, apoiando iniciativas<br \/>\nvoltadas \u00e0 amplia\u00e7\u00e3o da rede de atendimento, ao fortalecimento das pol\u00edticas<br \/>\np\u00fablicas de combate \u00e0 viol\u00eancia de g\u00eanero e ao acolhimento das v\u00edtimas.<br \/>\nAtuamos pela busca de medidas que unam sensibilidade social e efetividade<br \/>\njur\u00eddica, de modo a garantir que a legisla\u00e7\u00e3o acompanhe as realidades<br \/>\nenfrentadas diariamente por tantas mulheres roraimenses e brasileiras.<br \/>\nAo reconhecer formalmente a S\u00edndrome da Mulher Maltratada, o<br \/>\n3<br \/>\nPara verificar a assinatura, acesse https:\/\/infoleg-autenticidade-assinatura.camara.leg.br\/CD255255674200<br \/>\nAssinado eletronicamente pelo(a) Dep. Z\u00e9 Haroldo Cathedral<br \/>\nApresenta\u00e7\u00e3o: 28\/08\/2025 12:10:26.620 &#8211; Mesa<br \/>\n*CD255255674200* PL n.4296\/2025<br \/>C\u00e2mara dos Deputados<br \/>\nEstado brasileiro d\u00e1 um passo importante na constru\u00e7\u00e3o de uma pol\u00edtica<br \/>\np\u00fablica mais sens\u00edvel, eficaz e humanizada no enfrentamento \u00e0 viol\u00eancia<br \/>\ncontra a mulher, promovendo o acesso \u00e0 justi\u00e7a e a prote\u00e7\u00e3o integral das<br \/>\nv\u00edtimas.<br \/>\nEstamos seguros de que a relev\u00e2ncia dessa iniciativa haver\u00e1 de<br \/>\nreceber o apoio dos nobres parlamentares.<br \/>\nSala das Sess\u00f5es, em                   de 2025.<br \/>\nDeputado Z\u00e9 Haroldo Cathedral<br \/>\nPSD\/RR<br \/>\n4<br \/>\nPara verificar a assinatura, acesse https:\/\/infoleg-autenticidade-assinatura.camara.leg.br\/CD255255674200<br \/>\nAssinado eletronicamente pelo(a) Dep. Z\u00e9 Haroldo Cathedral<br \/>\nApresenta\u00e7\u00e3o: 28\/08\/2025 12:10:26.620 &#8211; Mesa<br \/>\n*CD255255674200* PL n.4296\/2025<\/article>\n<p><a href='https:\/\/app.legislapp.com.br\/#\/busca?termo='><\/a><\/p>\n<div style=\"text-align: center\">\n      <img decoding=\"async\" style=\"width: 14%;\" src=\"https:\/\/www.legislapp.com.br\/wp-content\/uploads\/2021\/07\/Logo-Legislapp-1-03-1.png\"><br \/>\n      <\/p>\n<div style=\"margin-bottom: 20px;\" class=\"et_pb_button_module_wrapper et_pb_button_5_tb_body_wrapper et_pb_button_alignment_center et_pb_module \">\n         <a class=\"et_pb_button et_pb_button_5_tb_body et_hover_enabled et_pb_bg_layout_dark\" style=\"width: 50%;background-color: black;\" href=\"https:\/\/app.legislapp.com.br\" target=\"_blank\" rel=\"noopener\">Visualizar completo na nossa plataforma (30 dias gr\u00e1tis)<\/a><\/p><\/div>\n<p>      <a href=\"https:\/\/play.google.com\/store\/apps\/details?id=br.com.legislapp\"><img decoding=\"async\" style=\"width: 15%; min-width: 130px;\" src=\"https:\/\/www.legislapp.com.br\/wp-content\/uploads\/google-play.png\"><\/a><br \/>\n      <a href=\"https:\/\/apps.apple.com\/us\/app\/legislapp\/id1568929859\"><img decoding=\"async\" style=\"width: 15%; min-width: 130px\" src=\"https:\/\/www.legislapp.com.br\/wp-content\/uploads\/apple-store.png\"><\/a>\n   <\/div>\n","protected":false},"excerpt":{"rendered":"<p>Avulso Inicial &#8211; Autoria de Z\u00e9 Haroldo Cathedral C\u00e2mara dos Deputados PROJETO DE LEI N\u00ba , de 2025 (Do Sr. Z\u00e9 Haroldo Cathedral) Altera a Lei n\u00ba 11.340, de 7 de agosto de 2006 (Lei Maria da Penha), para reconhecer a S\u00edndrome da Mulher Maltratada como condi\u00e7\u00e3o decorrente da viol\u00eancia dom\u00e9stica e familiar contra a [&hellip;]<\/p>\n","protected":false},"author":1,"featured_media":0,"parent":0,"menu_order":0,"comment_status":"closed","ping_status":"closed","template":"page-template-blank.php","meta":{"_et_pb_use_builder":"","_et_pb_old_content":"","_et_gb_content_width":"1080","ngg_post_thumbnail":0,"footnotes":""},"class_list":["post-10600","page","type-page","status-publish","hentry"],"yoast_head":"<!-- This site is optimized with the Yoast SEO plugin v24.4 - https:\/\/yoast.com\/wordpress\/plugins\/seo\/ -->\n<title>Avulso Inicial - PL 4296\/2025 - C\u00e2mara - Legislapp<\/title>\n<meta name=\"robots\" content=\"index, follow, max-snippet:-1, max-image-preview:large, max-video-preview:-1\" \/>\n<link rel=\"canonical\" href=\"https:\/\/www.legislapp.com.br\/index.php\/avulso-inicial-pl-4296-2025-camara\/\" \/>\n<meta property=\"og:locale\" content=\"pt_BR\" \/>\n<meta property=\"og:type\" content=\"article\" \/>\n<meta property=\"og:title\" content=\"Avulso Inicial - PL 4296\/2025 - C\u00e2mara - Legislapp\" \/>\n<meta property=\"og:description\" content=\"Avulso Inicial &#8211; Autoria de Z\u00e9 Haroldo Cathedral C\u00e2mara dos Deputados PROJETO DE LEI N\u00ba , de 2025 (Do Sr. Z\u00e9 Haroldo Cathedral) Altera a Lei n\u00ba 11.340, de 7 de agosto de 2006 (Lei Maria da Penha), para reconhecer a S\u00edndrome da Mulher Maltratada como condi\u00e7\u00e3o decorrente da viol\u00eancia dom\u00e9stica e familiar contra a [&hellip;]\" \/>\n<meta property=\"og:url\" content=\"https:\/\/www.legislapp.com.br\/index.php\/avulso-inicial-pl-4296-2025-camara\/\" \/>\n<meta property=\"og:site_name\" content=\"Legislapp\" \/>\n<meta property=\"article:publisher\" content=\"https:\/\/www.instagram.com\/legislapp\/\" \/>\n<meta property=\"og:image\" content=\"https:\/\/www.legislapp.com.br\/wp-content\/uploads\/2021\/07\/Logo-Legislapp-1-03-1.png\" \/>\n<meta name=\"twitter:card\" content=\"summary_large_image\" \/>\n<meta name=\"twitter:label1\" content=\"Est. tempo de leitura\" \/>\n\t<meta name=\"twitter:data1\" content=\"4 minutos\" \/>\n<script type=\"application\/ld+json\" class=\"yoast-schema-graph\">{\"@context\":\"https:\/\/schema.org\",\"@graph\":[{\"@type\":\"WebPage\",\"@id\":\"https:\/\/www.legislapp.com.br\/index.php\/avulso-inicial-pl-4296-2025-camara\/\",\"url\":\"https:\/\/www.legislapp.com.br\/index.php\/avulso-inicial-pl-4296-2025-camara\/\",\"name\":\"Avulso Inicial - PL 4296\/2025 - C\u00e2mara - Legislapp\",\"isPartOf\":{\"@id\":\"https:\/\/www.legislapp.com.br\/#website\"},\"primaryImageOfPage\":{\"@id\":\"https:\/\/www.legislapp.com.br\/index.php\/avulso-inicial-pl-4296-2025-camara\/#primaryimage\"},\"image\":{\"@id\":\"https:\/\/www.legislapp.com.br\/index.php\/avulso-inicial-pl-4296-2025-camara\/#primaryimage\"},\"thumbnailUrl\":\"https:\/\/www.legislapp.com.br\/wp-content\/uploads\/2021\/07\/Logo-Legislapp-1-03-1.png\",\"datePublished\":\"2025-12-01T14:28:37+00:00\",\"breadcrumb\":{\"@id\":\"https:\/\/www.legislapp.com.br\/index.php\/avulso-inicial-pl-4296-2025-camara\/#breadcrumb\"},\"inLanguage\":\"pt-BR\",\"potentialAction\":[{\"@type\":\"ReadAction\",\"target\":[\"https:\/\/www.legislapp.com.br\/index.php\/avulso-inicial-pl-4296-2025-camara\/\"]}]},{\"@type\":\"ImageObject\",\"inLanguage\":\"pt-BR\",\"@id\":\"https:\/\/www.legislapp.com.br\/index.php\/avulso-inicial-pl-4296-2025-camara\/#primaryimage\",\"url\":\"https:\/\/www.legislapp.com.br\/wp-content\/uploads\/2021\/07\/Logo-Legislapp-1-03-1.png\",\"contentUrl\":\"https:\/\/www.legislapp.com.br\/wp-content\/uploads\/2021\/07\/Logo-Legislapp-1-03-1.png\",\"width\":2679,\"height\":2697},{\"@type\":\"BreadcrumbList\",\"@id\":\"https:\/\/www.legislapp.com.br\/index.php\/avulso-inicial-pl-4296-2025-camara\/#breadcrumb\",\"itemListElement\":[{\"@type\":\"ListItem\",\"position\":1,\"name\":\"In\u00edcio\",\"item\":\"https:\/\/www.legislapp.com.br\/\"},{\"@type\":\"ListItem\",\"position\":2,\"name\":\"Avulso Inicial &#8211; PL 4296\/2025 &#8211; C\u00e2mara\"}]},{\"@type\":\"WebSite\",\"@id\":\"https:\/\/www.legislapp.com.br\/#website\",\"url\":\"https:\/\/www.legislapp.com.br\/\",\"name\":\"Legislapp\",\"description\":\"Intelig\u00eancia governamental em tempo real\",\"publisher\":{\"@id\":\"https:\/\/www.legislapp.com.br\/#organization\"},\"potentialAction\":[{\"@type\":\"SearchAction\",\"target\":{\"@type\":\"EntryPoint\",\"urlTemplate\":\"https:\/\/www.legislapp.com.br\/?s={search_term_string}\"},\"query-input\":{\"@type\":\"PropertyValueSpecification\",\"valueRequired\":true,\"valueName\":\"search_term_string\"}}],\"inLanguage\":\"pt-BR\"},{\"@type\":\"Organization\",\"@id\":\"https:\/\/www.legislapp.com.br\/#organization\",\"name\":\"Legislapp Monitoramento e Intelig\u00eancia Governamental\",\"url\":\"https:\/\/www.legislapp.com.br\/\",\"logo\":{\"@type\":\"ImageObject\",\"inLanguage\":\"pt-BR\",\"@id\":\"https:\/\/www.legislapp.com.br\/#\/schema\/logo\/image\/\",\"url\":\"https:\/\/www.legislapp.com.br\/wp-content\/uploads\/icon.png\",\"contentUrl\":\"https:\/\/www.legislapp.com.br\/wp-content\/uploads\/icon.png\",\"width\":1024,\"height\":1024,\"caption\":\"Legislapp Monitoramento e Intelig\u00eancia Governamental\"},\"image\":{\"@id\":\"https:\/\/www.legislapp.com.br\/#\/schema\/logo\/image\/\"},\"sameAs\":[\"https:\/\/www.instagram.com\/legislapp\/\"]}]}<\/script>\n<!-- \/ Yoast SEO plugin. -->","yoast_head_json":{"title":"Avulso Inicial - PL 4296\/2025 - C\u00e2mara - Legislapp","robots":{"index":"index","follow":"follow","max-snippet":"max-snippet:-1","max-image-preview":"max-image-preview:large","max-video-preview":"max-video-preview:-1"},"canonical":"https:\/\/www.legislapp.com.br\/index.php\/avulso-inicial-pl-4296-2025-camara\/","og_locale":"pt_BR","og_type":"article","og_title":"Avulso Inicial - PL 4296\/2025 - C\u00e2mara - Legislapp","og_description":"Avulso Inicial &#8211; Autoria de Z\u00e9 Haroldo Cathedral C\u00e2mara dos Deputados PROJETO DE LEI N\u00ba , de 2025 (Do Sr. Z\u00e9 Haroldo Cathedral) Altera a Lei n\u00ba 11.340, de 7 de agosto de 2006 (Lei Maria da Penha), para reconhecer a S\u00edndrome da Mulher Maltratada como condi\u00e7\u00e3o decorrente da viol\u00eancia dom\u00e9stica e familiar contra a [&hellip;]","og_url":"https:\/\/www.legislapp.com.br\/index.php\/avulso-inicial-pl-4296-2025-camara\/","og_site_name":"Legislapp","article_publisher":"https:\/\/www.instagram.com\/legislapp\/","og_image":[{"url":"https:\/\/www.legislapp.com.br\/wp-content\/uploads\/2021\/07\/Logo-Legislapp-1-03-1.png","type":"","width":"","height":""}],"twitter_card":"summary_large_image","twitter_misc":{"Est. tempo de leitura":"4 minutos"},"schema":{"@context":"https:\/\/schema.org","@graph":[{"@type":"WebPage","@id":"https:\/\/www.legislapp.com.br\/index.php\/avulso-inicial-pl-4296-2025-camara\/","url":"https:\/\/www.legislapp.com.br\/index.php\/avulso-inicial-pl-4296-2025-camara\/","name":"Avulso Inicial - PL 4296\/2025 - C\u00e2mara - Legislapp","isPartOf":{"@id":"https:\/\/www.legislapp.com.br\/#website"},"primaryImageOfPage":{"@id":"https:\/\/www.legislapp.com.br\/index.php\/avulso-inicial-pl-4296-2025-camara\/#primaryimage"},"image":{"@id":"https:\/\/www.legislapp.com.br\/index.php\/avulso-inicial-pl-4296-2025-camara\/#primaryimage"},"thumbnailUrl":"https:\/\/www.legislapp.com.br\/wp-content\/uploads\/2021\/07\/Logo-Legislapp-1-03-1.png","datePublished":"2025-12-01T14:28:37+00:00","breadcrumb":{"@id":"https:\/\/www.legislapp.com.br\/index.php\/avulso-inicial-pl-4296-2025-camara\/#breadcrumb"},"inLanguage":"pt-BR","potentialAction":[{"@type":"ReadAction","target":["https:\/\/www.legislapp.com.br\/index.php\/avulso-inicial-pl-4296-2025-camara\/"]}]},{"@type":"ImageObject","inLanguage":"pt-BR","@id":"https:\/\/www.legislapp.com.br\/index.php\/avulso-inicial-pl-4296-2025-camara\/#primaryimage","url":"https:\/\/www.legislapp.com.br\/wp-content\/uploads\/2021\/07\/Logo-Legislapp-1-03-1.png","contentUrl":"https:\/\/www.legislapp.com.br\/wp-content\/uploads\/2021\/07\/Logo-Legislapp-1-03-1.png","width":2679,"height":2697},{"@type":"BreadcrumbList","@id":"https:\/\/www.legislapp.com.br\/index.php\/avulso-inicial-pl-4296-2025-camara\/#breadcrumb","itemListElement":[{"@type":"ListItem","position":1,"name":"In\u00edcio","item":"https:\/\/www.legislapp.com.br\/"},{"@type":"ListItem","position":2,"name":"Avulso Inicial &#8211; PL 4296\/2025 &#8211; C\u00e2mara"}]},{"@type":"WebSite","@id":"https:\/\/www.legislapp.com.br\/#website","url":"https:\/\/www.legislapp.com.br\/","name":"Legislapp","description":"Intelig\u00eancia governamental em tempo real","publisher":{"@id":"https:\/\/www.legislapp.com.br\/#organization"},"potentialAction":[{"@type":"SearchAction","target":{"@type":"EntryPoint","urlTemplate":"https:\/\/www.legislapp.com.br\/?s={search_term_string}"},"query-input":{"@type":"PropertyValueSpecification","valueRequired":true,"valueName":"search_term_string"}}],"inLanguage":"pt-BR"},{"@type":"Organization","@id":"https:\/\/www.legislapp.com.br\/#organization","name":"Legislapp Monitoramento e Intelig\u00eancia Governamental","url":"https:\/\/www.legislapp.com.br\/","logo":{"@type":"ImageObject","inLanguage":"pt-BR","@id":"https:\/\/www.legislapp.com.br\/#\/schema\/logo\/image\/","url":"https:\/\/www.legislapp.com.br\/wp-content\/uploads\/icon.png","contentUrl":"https:\/\/www.legislapp.com.br\/wp-content\/uploads\/icon.png","width":1024,"height":1024,"caption":"Legislapp Monitoramento e Intelig\u00eancia Governamental"},"image":{"@id":"https:\/\/www.legislapp.com.br\/#\/schema\/logo\/image\/"},"sameAs":["https:\/\/www.instagram.com\/legislapp\/"]}]}},"_links":{"self":[{"href":"https:\/\/www.legislapp.com.br\/index.php\/wp-json\/wp\/v2\/pages\/10600","targetHints":{"allow":["GET"]}}],"collection":[{"href":"https:\/\/www.legislapp.com.br\/index.php\/wp-json\/wp\/v2\/pages"}],"about":[{"href":"https:\/\/www.legislapp.com.br\/index.php\/wp-json\/wp\/v2\/types\/page"}],"author":[{"embeddable":true,"href":"https:\/\/www.legislapp.com.br\/index.php\/wp-json\/wp\/v2\/users\/1"}],"replies":[{"embeddable":true,"href":"https:\/\/www.legislapp.com.br\/index.php\/wp-json\/wp\/v2\/comments?post=10600"}],"version-history":[{"count":0,"href":"https:\/\/www.legislapp.com.br\/index.php\/wp-json\/wp\/v2\/pages\/10600\/revisions"}],"wp:attachment":[{"href":"https:\/\/www.legislapp.com.br\/index.php\/wp-json\/wp\/v2\/media?parent=10600"}],"curies":[{"name":"wp","href":"https:\/\/api.w.org\/{rel}","templated":true}]}}