{"id":10701,"date":"2025-12-01T11:33:11","date_gmt":"2025-12-01T14:33:11","guid":{"rendered":"https:\/\/www.legislapp.com.br\/index.php\/avulso-inicial-pl-5243-2025-camara\/"},"modified":"2025-12-01T11:33:11","modified_gmt":"2025-12-01T14:33:11","slug":"avulso-inicial-pl-5243-2025-camara","status":"publish","type":"page","link":"https:\/\/www.legislapp.com.br\/index.php\/avulso-inicial-pl-5243-2025-camara\/","title":{"rendered":"Avulso Inicial &#8211; PL 5243\/2025 &#8211; C\u00e2mara"},"content":{"rendered":"<h1 style='text-align: center;'>Avulso Inicial &#8211; Autoria de Adriana Ventura<\/h3>\n<p><\/p>\n<article>C\u00c2MARA DOS DEPUTADOS<br \/>\nGabinete do Deputado Federal Marcel van Hattem<br \/>\nPROJETO DE LEI N\u00ba            , DE 2025<br \/>\n(Do Sr. Marcel van Hattem e outros)<br \/>\nInclui na Lei n\u00ba 8.072, de 25 de julho<br \/>\nde 1990, o crime de estelionato<br \/>\ncontra idoso, vulner\u00e1vel ou incapaz e<br \/>\naltera o \u00a7 4\u00ba do art. 171 do C\u00f3digo<br \/>\nPenal.<br \/>\nO CONGRESSO NACIONAL decreta:<br \/>\nArt. 1\u00ba A Lei n\u00ba 8.072, de 25 de julho de 1990, passa a vigorar com a<br \/>\nseguinte altera\u00e7\u00e3o:<br \/>\n\u201cArt. 1\u00ba \u2026\u2026\u2026\u2026\u2026\u2026\u2026\u2026\u2026\u2026\u2026\u2026\u2026\u2026\u2026\u2026\u2026\u2026\u2026\u2026\u2026\u2026..<br \/>\nXIII \u2013 o crime de estelionato (art. 171) contra idoso,<br \/>\nvulner\u00e1vel ou incapaz (art. 171, \u00a74\u00b0);\u201d<br \/>\nArt. 2\u00ba O Decreto-Lei n\u00ba 2.848\/1940 (C\u00f3digo Penal), passa a vigorar com<br \/>\nas seguintes altera\u00e7\u00f5es:<br \/>\n\u201cArt. 171\u2026\u2026\u2026\u2026\u2026\u2026\u2026\u2026\u2026\u2026\u2026\u2026\u2026\u2026\u2026\u2026\u2026\u2026\u2026\u2026\u2026..<br \/>\n\u00a7 4\u00ba A pena aumenta-se de 1\/3 (um ter\u00e7o) ao dobro, se o<br \/>\ncrime \u00e9 cometido contra idoso, vulner\u00e1vel ou incapaz,<br \/>\nconsiderada a relev\u00e2ncia do resultado gravoso.<br \/>\n\u00a7 5\u00ba \u2026\u2026\u2026\u2026\u2026\u2026\u2026\u2026\u2026\u2026\u2026\u2026\u2026\u2026\u2026\u2026\u2026\u2026\u2026\u2026\u2026\u2026\u2026&#8230;<br \/>\nIV &#8211; idoso, vulner\u00e1vel ou incapaz.<br \/>\n\u00a7 6\u00ba Considera-se idoso para os fins deste artigo a<br \/>\ndefini\u00e7\u00e3o constante da Lei n\u00ba 10.741, de 1\u00ba de outubro de<br \/>\n2003.\u201d<br \/>\n1<br \/>\nPara verificar as assinaturas, acesse https:\/\/infoleg-autenticidade-assinatura.camara.leg.br\/CD250227627800<br \/>\nAssinado eletronicamente pelo(a) Dep. Marcel van Hattem e outros<br \/>\nApresenta\u00e7\u00e3o: 16\/10\/2025 11:37:06.577 &#8211; Mesa<br \/>\n*CD250227627800* PL n.5243\/2025<br \/>C\u00c2MARA DOS DEPUTADOS<br \/>\nGabinete do Deputado Federal Marcel van Hattem<br \/>\nArt. 3\u00ba Esta Lei entra em vigor na data de sua publica\u00e7\u00e3o.<br \/>\n2<br \/>\nPara verificar as assinaturas, acesse https:\/\/infoleg-autenticidade-assinatura.camara.leg.br\/CD250227627800<br \/>\nAssinado eletronicamente pelo(a) Dep. Marcel van Hattem e outros<br \/>\nApresenta\u00e7\u00e3o: 16\/10\/2025 11:37:06.577 &#8211; Mesa<br \/>\n*CD250227627800* PL n.5243\/2025<br \/>C\u00c2MARA DOS DEPUTADOS<br \/>\nGabinete do Deputado Federal Marcel van Hattem<br \/>\nJUSTIFICATIVA<br \/>\nA presente proposi\u00e7\u00e3o legislativa visa refor\u00e7ar a tutela penal da pessoa<br \/>\nidosa, vulner\u00e1vel ou incapaz contra a pr\u00e1tica de estelionato, elevando essa<br \/>\nhip\u00f3tese \u00e0 condi\u00e7\u00e3o de crime hediondo, por meio da altera\u00e7\u00e3o da Lei<br \/>\n8.072\/1990.<br \/>\nEmbora o art. 171, \u00a7 4\u00ba, do C\u00f3digo Penal j\u00e1 institua uma causa de<br \/>\naumento de pena (de um ter\u00e7o at\u00e9 o dobro) quando o crime de estelionato for<br \/>\ncometido contra idoso ou pessoa vulner\u00e1vel, reconhecendo, assim, a especial<br \/>\ngravidade da conduta nesses casos, entende-se que tal mecanismo legislativo<br \/>\n\u00e9 insuficiente para dar conta da intensidade e da sofistica\u00e7\u00e3o dos golpes<br \/>\ndirigidos a essas v\u00edtimas. Al\u00e9m disso, a hip\u00f3tese legal n\u00e3o inclui os casos de<br \/>\ncrimes cometidos contra incapazes.<br \/>\nAssim, a proposta de nova reda\u00e7\u00e3o do \u00a7 4\u00ba do art. 171 busca explicitar e<br \/>\nampliar o \u00e2mbito da majorante j\u00e1 existente, de modo a abarcar expressamente<br \/>\nn\u00e3o apenas pessoas idosas ou vulner\u00e1veis, mas tamb\u00e9m aquelas que, por sua<br \/>\ncondi\u00e7\u00e3o de incapacidade, se encontram em situa\u00e7\u00e3o de fragilidade m\u00e1xima.<br \/>\nPretende-se deixar claro que, em casos em que a v\u00edtima seja incapaz, o<br \/>\nagente enfrentar\u00e1 a penaliza\u00e7\u00e3o acrescida em aten\u00e7\u00e3o \u00e0 gravidade refor\u00e7ada<br \/>\ndo delito. Al\u00e9m disso, alinha-se \u00e0 l\u00f3gica protetiva do Direito Penal ao<br \/>\nreconhecer que, quando o golpe recai sobre algu\u00e9m incapaz, o impacto da<br \/>\nfraude \u00e9 ainda mais lesivo, exigindo resposta normativa compat\u00edvel com a<br \/>\nintensifica\u00e7\u00e3o da vulnerabilidade da v\u00edtima.<br \/>\nAdemais, \u00e9 fundamental destacar que a exig\u00eancia de representa\u00e7\u00e3o nos<br \/>\ncrimes de estelionato foi substancialmente modulada pela Lei 13.964\/2019 (o<br \/>\nchamado \u201cPacote Anticrime\u201d), que introduziu o \u00a7 5\u00ba no art. 171 do C\u00f3digo<br \/>\nPenal. Com isso, em regra passou a ser necess\u00e1rio que a v\u00edtima manifeste sua<br \/>\nrepresenta\u00e7\u00e3o para que o Minist\u00e9rio P\u00fablico ofere\u00e7a den\u00fancia, ou seja, o<br \/>\n3<br \/>\nPara verificar as assinaturas, acesse https:\/\/infoleg-autenticidade-assinatura.camara.leg.br\/CD250227627800<br \/>\nAssinado eletronicamente pelo(a) Dep. Marcel van Hattem e outros<br \/>\nApresenta\u00e7\u00e3o: 16\/10\/2025 11:37:06.577 &#8211; Mesa<br \/>\n*CD250227627800* PL n.5243\/2025<br \/>C\u00c2MARA DOS DEPUTADOS<br \/>\nGabinete do Deputado Federal Marcel van Hattem<br \/>\nestelionato, antes tratado como crime de a\u00e7\u00e3o penal p\u00fablica incondicionada,<br \/>\npassou a depender de condi\u00e7\u00e3o de procedibilidade. H\u00e1, todavia, exce\u00e7\u00f5es<br \/>\nexpressas, entre elas para v\u00edtimas com mais de 70 anos ou incapazes.<br \/>\nContudo, sob essa sistem\u00e1tica, apenas pessoas idosas com mais de 70<br \/>\nanos ou incapazes est\u00e3o dispensadas da exig\u00eancia de representa\u00e7\u00e3o, o que<br \/>\ndeixa desprotegidas pessoas idosas entre 60 e 70 anos e vulner\u00e1veis n\u00e3o<br \/>\nincapazes. A proposi\u00e7\u00e3o ora apresentada busca corrigir essa lacuna, reduzindo<br \/>\no limite et\u00e1rio para 60 anos e incluindo os vulner\u00e1veis no inciso IV do \u00a7 5\u00ba, de<br \/>\nmodo a ampliar a prote\u00e7\u00e3o e assegurar que estas pessoas n\u00e3o precisem<br \/>\ncumprir formalidades processuais que podem ser obst\u00e1culo \u00e0 iniciativa da<br \/>\npersecu\u00e7\u00e3o penal.<br \/>\nO recente esc\u00e2ndalo do INSS, deflagrado pela \u201cOpera\u00e7\u00e3o Sem<br \/>\nDesconto\u201d da Pol\u00edcia Federal, evidenciou um esquema nacional de descontos<br \/>\nindevidos em benef\u00edcios previdenci\u00e1rios de aposentados e pensionistas, por<br \/>\nmeio de entidades de fachada, conv\u00eanios fraudulentos, falsifica\u00e7\u00e3o de<br \/>\ndocumentos e atua\u00e7\u00e3o em rede criminal.<br \/>\nEstima-se que o valor desviado alcance a ordem de R$ 6,3 bilh\u00f5es, com<br \/>\nbloqueios judiciais de bens da ordem de R$ 2,8 bilh\u00f5es, cumprimento de<br \/>\ncentenas de mandados de busca e apreens\u00e3o e investiga\u00e7\u00e3o de conluio entre<br \/>\nagentes p\u00fablicos e privados.<br \/>\nTal opera\u00e7\u00e3o demonstrou que muitos idosos s\u00f3 chegaram a tomar<br \/>\nci\u00eancia dos descontos indevidos por meio de verifica\u00e7\u00e3o de extratos banc\u00e1rios,<br \/>\nn\u00e3o tendo firmado rela\u00e7\u00e3o contratual com nenhuma entidade investigada. H\u00e1<br \/>\nrelatos de quem sentiu indigna\u00e7\u00e3o, impot\u00eancia e desamparo, grandes tra\u00e7os da<br \/>\ncondi\u00e7\u00e3o de vulnerabilidade dessas pessoas quando faceadas por elites<br \/>\ncriminosas bem organizadas. Golpistas chegaram a se fazer passar por<br \/>\nservidores do INSS, oferecendo restitui\u00e7\u00e3o de valores ou informando falsos<br \/>\nbenef\u00edcios para obter legitimidade e enganar a v\u00edtima.<br \/>\n4<br \/>\nPara verificar as assinaturas, acesse https:\/\/infoleg-autenticidade-assinatura.camara.leg.br\/CD250227627800<br \/>\nAssinado eletronicamente pelo(a) Dep. Marcel van Hattem e outros<br \/>\nApresenta\u00e7\u00e3o: 16\/10\/2025 11:37:06.577 &#8211; Mesa<br \/>\n*CD250227627800* PL n.5243\/2025<br \/>C\u00c2MARA DOS DEPUTADOS<br \/>\nGabinete do Deputado Federal Marcel van Hattem<br \/>\nEssas pr\u00e1ticas exploram especificamente caracter\u00edsticas frequentemente<br \/>\npresentes nas v\u00edtimas idosas, vulner\u00e1veis ou incapazes: confian\u00e7a maior,<br \/>\nmenor familiaridade com tecnologia, isolamento social, eventuais limita\u00e7\u00f5es<br \/>\ncognitivas ou dificuldade de acesso ao aparato jur\u00eddico. O agente criminoso se<br \/>\naproveita dessas fragilidades para construir modalidades de estelionato com<br \/>\ngrande poder ofensivo.<br \/>\nDessa maneira, a eleva\u00e7\u00e3o do estelionato dirigido ao idoso ou vulner\u00e1vel<br \/>\n\u00e0 condi\u00e7\u00e3o de crime hediondo \u00e9 plenamente justificada. N\u00e3o se trata de criar<br \/>\num novo tipo penal, mas de conferir a tratamento penal mais rigoroso a uma<br \/>\nhip\u00f3tese j\u00e1 reconhecida como especialmente reprov\u00e1vel (prevista no art. 171, \u00a7<br \/>\n4\u00ba) e dotada de gigantesco potencial ofensivo.<br \/>\nA qualifica\u00e7\u00e3o como hediondo permitiria maiores restri\u00e7\u00f5es a benef\u00edcios<br \/>\npenais, aplica\u00e7\u00e3o inicial de regime mais severo e incremento do efeito<br \/>\ndissuas\u00f3rio, n\u00e3o s\u00f3 para agentes isolados, mas para redes criminosas que<br \/>\nvisam explorar fragilidades sistem\u00e1ticas.<br \/>\nAdemais, a inclus\u00e3o no rol de crimes hediondos traz simbolismo<br \/>\nnormativo relevante: manifesta expressamente que o Estado n\u00e3o tolera a<br \/>\npr\u00e1tica de fraudes que atingem pessoas idosas, vulner\u00e1veis ou incapazes,<br \/>\ntanto em seu patrim\u00f4nio quanto em sua dignidade e subsist\u00eancia. Essa postura<br \/>\nnormativa refor\u00e7a o compromisso da sociedade com a prote\u00e7\u00e3o dos mais<br \/>\nfr\u00e1geis e a confian\u00e7a nas institui\u00e7\u00f5es p\u00fablicas.<br \/>\nA proposta de altera\u00e7\u00e3o legislativa ora apresentada aparece como<br \/>\nmedida necess\u00e1ria para conferir \u00e0 legisla\u00e7\u00e3o penal alcance e robustez<br \/>\ncompat\u00edveis com os perigos e os danos reais que essas condutas v\u00eam<br \/>\ncausando.<br \/>\nSala das Sess\u00f5es, em de julho de 2025<br \/>\n5<br \/>\nPara verificar as assinaturas, acesse https:\/\/infoleg-autenticidade-assinatura.camara.leg.br\/CD250227627800<br \/>\nAssinado eletronicamente pelo(a) Dep. Marcel van Hattem e outros<br \/>\nApresenta\u00e7\u00e3o: 16\/10\/2025 11:37:06.577 &#8211; Mesa<br \/>\n*CD250227627800* PL n.5243\/2025<br \/>C\u00c2MARA DOS DEPUTADOS<br \/>\nGabinete do Deputado Federal Marcel van Hattem<br \/>\nMARCEL VAN HATTEM<br \/>\n(NOVO\/RS)<br \/>\nADRIANA VENTURA<br \/>\n(NOVO\/SP)<br \/>\nGILSON MARQUES<br \/>\n(NOVO\/SC)<br \/>\nLUIZ LIMA<br \/>\n(NOVO\/RJ)<br \/>\nRICARDO SALLES<br \/>\n(NOVO\/SP)<br \/>\n6<br \/>\nPara verificar as assinaturas, acesse https:\/\/infoleg-autenticidade-assinatura.camara.leg.br\/CD250227627800<br \/>\nAssinado eletronicamente pelo(a) Dep. Marcel van Hattem e outros<br \/>\nApresenta\u00e7\u00e3o: 16\/10\/2025 11:37:06.577 &#8211; Mesa<br \/>\n*CD250227627800* PL n.5243\/2025<br \/>C\u00c2MARA DOS DEPUTADOS<br \/>\nInfoleg &#8211; Autenticador<br \/>\nProjeto de Lei<\/p>\n<p>Deputado(s)<\/p>\n<p> 1  Dep. Marcel van Hattem (NOVO\/RS)<br \/>\n 2  Dep. Adriana Ventura (NOVO\/SP)<br \/>\n 3  Dep. Luiz Lima (NOVO\/RJ)<br \/>\n 4  Dep. Gilson Marques (NOVO\/SC)<br \/>\nPara verificar as assinaturas, acesse https:\/\/infoleg-autenticidade-assinatura.camara.leg.br\/CD250227627800<br \/>\nAssinado eletronicamente pelo(a) Dep. Marcel van Hattem e outros<br \/>\nApresenta\u00e7\u00e3o: 16\/10\/2025 11:37:06.577 &#8211; Mesa<br \/>\nPL n.5243\/2025<\/article>\n<p><a href='https:\/\/app.legislapp.com.br\/#\/busca?termo=Altera\u00e7\u00e3o'>Altera\u00e7\u00e3o<\/a>, <a href='https:\/\/app.legislapp.com.br\/#\/busca?termo=Lei dos Crimes Hediondos (1990)'>Lei dos Crimes Hediondos (1990)<\/a>, <a href='https:\/\/app.legislapp.com.br\/#\/busca?termo=C\u00f3digo Penal (1940)'>C\u00f3digo Penal (1940)<\/a>, <a href='https:\/\/app.legislapp.com.br\/#\/busca?termo=inclus\u00e3o'>inclus\u00e3o<\/a>, <a href='https:\/\/app.legislapp.com.br\/#\/busca?termo=Estelionato contra o idoso'>Estelionato contra o idoso<\/a>, <a href='https:\/\/app.legislapp.com.br\/#\/busca?termo=Pessoa vulner\u00e1vel'>Pessoa vulner\u00e1vel<\/a>, <a href='https:\/\/app.legislapp.com.br\/#\/busca?termo=Incapaz.'>Incapaz.<\/a><\/p>\n<div style=\"text-align: center\">\n      <img decoding=\"async\" style=\"width: 14%;\" src=\"https:\/\/www.legislapp.com.br\/wp-content\/uploads\/2021\/07\/Logo-Legislapp-1-03-1.png\"><br \/>\n      <\/p>\n<div style=\"margin-bottom: 20px;\" class=\"et_pb_button_module_wrapper et_pb_button_5_tb_body_wrapper et_pb_button_alignment_center et_pb_module \">\n         <a class=\"et_pb_button et_pb_button_5_tb_body et_hover_enabled et_pb_bg_layout_dark\" style=\"width: 50%;background-color: black;\" href=\"https:\/\/app.legislapp.com.br\" target=\"_blank\" rel=\"noopener\">Visualizar completo na nossa plataforma (30 dias gr\u00e1tis)<\/a><\/p><\/div>\n<p>      <a href=\"https:\/\/play.google.com\/store\/apps\/details?id=br.com.legislapp\"><img decoding=\"async\" style=\"width: 15%; min-width: 130px;\" src=\"https:\/\/www.legislapp.com.br\/wp-content\/uploads\/google-play.png\"><\/a><br \/>\n      <a href=\"https:\/\/apps.apple.com\/us\/app\/legislapp\/id1568929859\"><img decoding=\"async\" style=\"width: 15%; min-width: 130px\" src=\"https:\/\/www.legislapp.com.br\/wp-content\/uploads\/apple-store.png\"><\/a>\n   <\/div>\n","protected":false},"excerpt":{"rendered":"<p>Avulso Inicial &#8211; Autoria de Adriana Ventura C\u00c2MARA DOS DEPUTADOS Gabinete do Deputado Federal Marcel van Hattem PROJETO DE LEI N\u00ba , DE 2025 (Do Sr. Marcel van Hattem e outros) Inclui na Lei n\u00ba 8.072, de 25 de julho de 1990, o crime de estelionato contra idoso, vulner\u00e1vel ou incapaz e altera o \u00a7 [&hellip;]<\/p>\n","protected":false},"author":1,"featured_media":0,"parent":0,"menu_order":0,"comment_status":"closed","ping_status":"closed","template":"page-template-blank.php","meta":{"_et_pb_use_builder":"","_et_pb_old_content":"","_et_gb_content_width":"1080","ngg_post_thumbnail":0,"footnotes":""},"class_list":["post-10701","page","type-page","status-publish","hentry"],"yoast_head":"<!-- This site is optimized with the Yoast SEO plugin v24.4 - https:\/\/yoast.com\/wordpress\/plugins\/seo\/ -->\n<title>Avulso Inicial - PL 5243\/2025 - C\u00e2mara - Legislapp<\/title>\n<meta name=\"robots\" content=\"index, follow, max-snippet:-1, max-image-preview:large, max-video-preview:-1\" \/>\n<link rel=\"canonical\" href=\"https:\/\/www.legislapp.com.br\/index.php\/avulso-inicial-pl-5243-2025-camara\/\" \/>\n<meta property=\"og:locale\" content=\"pt_BR\" \/>\n<meta property=\"og:type\" content=\"article\" \/>\n<meta property=\"og:title\" content=\"Avulso Inicial - PL 5243\/2025 - C\u00e2mara - Legislapp\" \/>\n<meta property=\"og:description\" content=\"Avulso Inicial &#8211; Autoria de Adriana Ventura C\u00c2MARA DOS DEPUTADOS Gabinete do Deputado Federal Marcel van Hattem PROJETO DE LEI N\u00ba , DE 2025 (Do Sr. Marcel van Hattem e outros) Inclui na Lei n\u00ba 8.072, de 25 de julho de 1990, o crime de estelionato contra idoso, vulner\u00e1vel ou incapaz e altera o \u00a7 [&hellip;]\" \/>\n<meta property=\"og:url\" content=\"https:\/\/www.legislapp.com.br\/index.php\/avulso-inicial-pl-5243-2025-camara\/\" \/>\n<meta property=\"og:site_name\" content=\"Legislapp\" \/>\n<meta property=\"article:publisher\" content=\"https:\/\/www.instagram.com\/legislapp\/\" \/>\n<meta property=\"og:image\" content=\"https:\/\/www.legislapp.com.br\/wp-content\/uploads\/2021\/07\/Logo-Legislapp-1-03-1.png\" \/>\n<meta name=\"twitter:card\" content=\"summary_large_image\" \/>\n<meta name=\"twitter:label1\" content=\"Est. tempo de leitura\" \/>\n\t<meta name=\"twitter:data1\" content=\"7 minutos\" \/>\n<script type=\"application\/ld+json\" class=\"yoast-schema-graph\">{\"@context\":\"https:\/\/schema.org\",\"@graph\":[{\"@type\":\"WebPage\",\"@id\":\"https:\/\/www.legislapp.com.br\/index.php\/avulso-inicial-pl-5243-2025-camara\/\",\"url\":\"https:\/\/www.legislapp.com.br\/index.php\/avulso-inicial-pl-5243-2025-camara\/\",\"name\":\"Avulso Inicial - PL 5243\/2025 - C\u00e2mara - Legislapp\",\"isPartOf\":{\"@id\":\"https:\/\/www.legislapp.com.br\/#website\"},\"primaryImageOfPage\":{\"@id\":\"https:\/\/www.legislapp.com.br\/index.php\/avulso-inicial-pl-5243-2025-camara\/#primaryimage\"},\"image\":{\"@id\":\"https:\/\/www.legislapp.com.br\/index.php\/avulso-inicial-pl-5243-2025-camara\/#primaryimage\"},\"thumbnailUrl\":\"https:\/\/www.legislapp.com.br\/wp-content\/uploads\/2021\/07\/Logo-Legislapp-1-03-1.png\",\"datePublished\":\"2025-12-01T14:33:11+00:00\",\"breadcrumb\":{\"@id\":\"https:\/\/www.legislapp.com.br\/index.php\/avulso-inicial-pl-5243-2025-camara\/#breadcrumb\"},\"inLanguage\":\"pt-BR\",\"potentialAction\":[{\"@type\":\"ReadAction\",\"target\":[\"https:\/\/www.legislapp.com.br\/index.php\/avulso-inicial-pl-5243-2025-camara\/\"]}]},{\"@type\":\"ImageObject\",\"inLanguage\":\"pt-BR\",\"@id\":\"https:\/\/www.legislapp.com.br\/index.php\/avulso-inicial-pl-5243-2025-camara\/#primaryimage\",\"url\":\"https:\/\/www.legislapp.com.br\/wp-content\/uploads\/2021\/07\/Logo-Legislapp-1-03-1.png\",\"contentUrl\":\"https:\/\/www.legislapp.com.br\/wp-content\/uploads\/2021\/07\/Logo-Legislapp-1-03-1.png\",\"width\":2679,\"height\":2697},{\"@type\":\"BreadcrumbList\",\"@id\":\"https:\/\/www.legislapp.com.br\/index.php\/avulso-inicial-pl-5243-2025-camara\/#breadcrumb\",\"itemListElement\":[{\"@type\":\"ListItem\",\"position\":1,\"name\":\"In\u00edcio\",\"item\":\"https:\/\/www.legislapp.com.br\/\"},{\"@type\":\"ListItem\",\"position\":2,\"name\":\"Avulso Inicial &#8211; PL 5243\/2025 &#8211; C\u00e2mara\"}]},{\"@type\":\"WebSite\",\"@id\":\"https:\/\/www.legislapp.com.br\/#website\",\"url\":\"https:\/\/www.legislapp.com.br\/\",\"name\":\"Legislapp\",\"description\":\"Intelig\u00eancia governamental em tempo real\",\"publisher\":{\"@id\":\"https:\/\/www.legislapp.com.br\/#organization\"},\"potentialAction\":[{\"@type\":\"SearchAction\",\"target\":{\"@type\":\"EntryPoint\",\"urlTemplate\":\"https:\/\/www.legislapp.com.br\/?s={search_term_string}\"},\"query-input\":{\"@type\":\"PropertyValueSpecification\",\"valueRequired\":true,\"valueName\":\"search_term_string\"}}],\"inLanguage\":\"pt-BR\"},{\"@type\":\"Organization\",\"@id\":\"https:\/\/www.legislapp.com.br\/#organization\",\"name\":\"Legislapp Monitoramento e Intelig\u00eancia Governamental\",\"url\":\"https:\/\/www.legislapp.com.br\/\",\"logo\":{\"@type\":\"ImageObject\",\"inLanguage\":\"pt-BR\",\"@id\":\"https:\/\/www.legislapp.com.br\/#\/schema\/logo\/image\/\",\"url\":\"https:\/\/www.legislapp.com.br\/wp-content\/uploads\/icon.png\",\"contentUrl\":\"https:\/\/www.legislapp.com.br\/wp-content\/uploads\/icon.png\",\"width\":1024,\"height\":1024,\"caption\":\"Legislapp Monitoramento e Intelig\u00eancia Governamental\"},\"image\":{\"@id\":\"https:\/\/www.legislapp.com.br\/#\/schema\/logo\/image\/\"},\"sameAs\":[\"https:\/\/www.instagram.com\/legislapp\/\"]}]}<\/script>\n<!-- \/ Yoast SEO plugin. -->","yoast_head_json":{"title":"Avulso Inicial - PL 5243\/2025 - C\u00e2mara - Legislapp","robots":{"index":"index","follow":"follow","max-snippet":"max-snippet:-1","max-image-preview":"max-image-preview:large","max-video-preview":"max-video-preview:-1"},"canonical":"https:\/\/www.legislapp.com.br\/index.php\/avulso-inicial-pl-5243-2025-camara\/","og_locale":"pt_BR","og_type":"article","og_title":"Avulso Inicial - PL 5243\/2025 - C\u00e2mara - Legislapp","og_description":"Avulso Inicial &#8211; Autoria de Adriana Ventura C\u00c2MARA DOS DEPUTADOS Gabinete do Deputado Federal Marcel van Hattem PROJETO DE LEI N\u00ba , DE 2025 (Do Sr. Marcel van Hattem e outros) Inclui na Lei n\u00ba 8.072, de 25 de julho de 1990, o crime de estelionato contra idoso, vulner\u00e1vel ou incapaz e altera o \u00a7 [&hellip;]","og_url":"https:\/\/www.legislapp.com.br\/index.php\/avulso-inicial-pl-5243-2025-camara\/","og_site_name":"Legislapp","article_publisher":"https:\/\/www.instagram.com\/legislapp\/","og_image":[{"url":"https:\/\/www.legislapp.com.br\/wp-content\/uploads\/2021\/07\/Logo-Legislapp-1-03-1.png","type":"","width":"","height":""}],"twitter_card":"summary_large_image","twitter_misc":{"Est. tempo de leitura":"7 minutos"},"schema":{"@context":"https:\/\/schema.org","@graph":[{"@type":"WebPage","@id":"https:\/\/www.legislapp.com.br\/index.php\/avulso-inicial-pl-5243-2025-camara\/","url":"https:\/\/www.legislapp.com.br\/index.php\/avulso-inicial-pl-5243-2025-camara\/","name":"Avulso Inicial - PL 5243\/2025 - C\u00e2mara - Legislapp","isPartOf":{"@id":"https:\/\/www.legislapp.com.br\/#website"},"primaryImageOfPage":{"@id":"https:\/\/www.legislapp.com.br\/index.php\/avulso-inicial-pl-5243-2025-camara\/#primaryimage"},"image":{"@id":"https:\/\/www.legislapp.com.br\/index.php\/avulso-inicial-pl-5243-2025-camara\/#primaryimage"},"thumbnailUrl":"https:\/\/www.legislapp.com.br\/wp-content\/uploads\/2021\/07\/Logo-Legislapp-1-03-1.png","datePublished":"2025-12-01T14:33:11+00:00","breadcrumb":{"@id":"https:\/\/www.legislapp.com.br\/index.php\/avulso-inicial-pl-5243-2025-camara\/#breadcrumb"},"inLanguage":"pt-BR","potentialAction":[{"@type":"ReadAction","target":["https:\/\/www.legislapp.com.br\/index.php\/avulso-inicial-pl-5243-2025-camara\/"]}]},{"@type":"ImageObject","inLanguage":"pt-BR","@id":"https:\/\/www.legislapp.com.br\/index.php\/avulso-inicial-pl-5243-2025-camara\/#primaryimage","url":"https:\/\/www.legislapp.com.br\/wp-content\/uploads\/2021\/07\/Logo-Legislapp-1-03-1.png","contentUrl":"https:\/\/www.legislapp.com.br\/wp-content\/uploads\/2021\/07\/Logo-Legislapp-1-03-1.png","width":2679,"height":2697},{"@type":"BreadcrumbList","@id":"https:\/\/www.legislapp.com.br\/index.php\/avulso-inicial-pl-5243-2025-camara\/#breadcrumb","itemListElement":[{"@type":"ListItem","position":1,"name":"In\u00edcio","item":"https:\/\/www.legislapp.com.br\/"},{"@type":"ListItem","position":2,"name":"Avulso Inicial &#8211; PL 5243\/2025 &#8211; C\u00e2mara"}]},{"@type":"WebSite","@id":"https:\/\/www.legislapp.com.br\/#website","url":"https:\/\/www.legislapp.com.br\/","name":"Legislapp","description":"Intelig\u00eancia governamental em tempo real","publisher":{"@id":"https:\/\/www.legislapp.com.br\/#organization"},"potentialAction":[{"@type":"SearchAction","target":{"@type":"EntryPoint","urlTemplate":"https:\/\/www.legislapp.com.br\/?s={search_term_string}"},"query-input":{"@type":"PropertyValueSpecification","valueRequired":true,"valueName":"search_term_string"}}],"inLanguage":"pt-BR"},{"@type":"Organization","@id":"https:\/\/www.legislapp.com.br\/#organization","name":"Legislapp Monitoramento e Intelig\u00eancia Governamental","url":"https:\/\/www.legislapp.com.br\/","logo":{"@type":"ImageObject","inLanguage":"pt-BR","@id":"https:\/\/www.legislapp.com.br\/#\/schema\/logo\/image\/","url":"https:\/\/www.legislapp.com.br\/wp-content\/uploads\/icon.png","contentUrl":"https:\/\/www.legislapp.com.br\/wp-content\/uploads\/icon.png","width":1024,"height":1024,"caption":"Legislapp Monitoramento e Intelig\u00eancia Governamental"},"image":{"@id":"https:\/\/www.legislapp.com.br\/#\/schema\/logo\/image\/"},"sameAs":["https:\/\/www.instagram.com\/legislapp\/"]}]}},"_links":{"self":[{"href":"https:\/\/www.legislapp.com.br\/index.php\/wp-json\/wp\/v2\/pages\/10701","targetHints":{"allow":["GET"]}}],"collection":[{"href":"https:\/\/www.legislapp.com.br\/index.php\/wp-json\/wp\/v2\/pages"}],"about":[{"href":"https:\/\/www.legislapp.com.br\/index.php\/wp-json\/wp\/v2\/types\/page"}],"author":[{"embeddable":true,"href":"https:\/\/www.legislapp.com.br\/index.php\/wp-json\/wp\/v2\/users\/1"}],"replies":[{"embeddable":true,"href":"https:\/\/www.legislapp.com.br\/index.php\/wp-json\/wp\/v2\/comments?post=10701"}],"version-history":[{"count":0,"href":"https:\/\/www.legislapp.com.br\/index.php\/wp-json\/wp\/v2\/pages\/10701\/revisions"}],"wp:attachment":[{"href":"https:\/\/www.legislapp.com.br\/index.php\/wp-json\/wp\/v2\/media?parent=10701"}],"curies":[{"name":"wp","href":"https:\/\/api.w.org\/{rel}","templated":true}]}}