{"id":10733,"date":"2025-12-01T11:34:42","date_gmt":"2025-12-01T14:34:42","guid":{"rendered":"https:\/\/www.legislapp.com.br\/index.php\/avulso-inicial-pl-7767-2014-camara\/"},"modified":"2025-12-01T11:34:42","modified_gmt":"2025-12-01T14:34:42","slug":"avulso-inicial-pl-7767-2014-camara","status":"publish","type":"page","link":"https:\/\/www.legislapp.com.br\/index.php\/avulso-inicial-pl-7767-2014-camara\/","title":{"rendered":"Avulso Inicial &#8211; PL 7767\/2014 &#8211; C\u00e2mara"},"content":{"rendered":"<h1 style='text-align: center;'>Avulso Inicial &#8211; Autoria de M\u00e1rcio Marinho<\/h3>\n<p><\/p>\n<article>PROJETO DE LEI N\u00ba      , DE 2014<br \/>\n(Do Sr. M\u00e1rcio Marinho)<br \/>\nAltera o disposto no art. 8\u00ba, II, a e \u00a7<br \/>\n2\u00ba, III, da Lei n\u00ba 9.250, de 26 de dezembro<br \/>\nde 1995, para permitir a dedutibilidade, para<br \/>\nefeito da forma\u00e7\u00e3o da base de c\u00e1lculo do<br \/>\nimposto de renda das pessoas f\u00edsicas, de<br \/>\ndespesas com medicamentos de uso<br \/>\ncont\u00ednuo.<br \/>\nO Congresso Nacional decreta:<br \/>\nArt. 1\u00ba A al\u00ednea a do inciso II, bem como o inciso III do<br \/>\n\u00a7 2\u00ba do art. 8\u00ba da Lei n\u00ba 9.250, de 26 de dezembro de 1995, passam a vigorar<br \/>\ncom a seguinte reda\u00e7\u00e3o:<br \/>\n\u201cArt. 8\u00ba &#8230;&#8230;&#8230;&#8230;..<br \/>\n&#8230;&#8230;&#8230;&#8230;&#8230;&#8230;&#8230;&#8230;..<br \/>\nII \u2013 das dedu\u00e7\u00f5es relativas:<br \/>\na) Aos pagamentos efetuados, no ano-calend\u00e1rio, a<br \/>\nm\u00e9dicos, dentistas, psic\u00f3logos, fisioterapeutas, fonoaudi\u00f3logos, terapeutas<br \/>\nocupacionais e hospitais, bem como as despesas com exames laboratoriais,<br \/>\nservi\u00e7os radiol\u00f3gicos, medicamentos de uso cont\u00ednuo, aparelhos ortop\u00e9dicos e<br \/>\npr\u00f3teses ortop\u00e9dicas e dent\u00e1rias;<br \/>\n&#8230;&#8230;&#8230;&#8230;&#8230;&#8230;&#8230;&#8230;.<br \/>\n\u00a7 2\u00ba &#8230;&#8230;&#8230;&#8230;&#8230;..<br \/>\n&#8230;&#8230;&#8230;&#8230;&#8230;&#8230;&#8230;.. <br \/>III \u2013 limita-se a pagamentos especificados e<br \/>\ncomprovados, inclusive com receita m\u00e9dica no caso de medicamentos, com<br \/>\nindica\u00e7\u00e3o do nome, endere\u00e7o e n\u00famero de inscri\u00e7\u00e3o no Cadastro de Pessoas<br \/>\nF\u00edsicas (CPF) ou no Cadastro Nacional de Pessoas Jur\u00eddicas (CNPJ) de quem<br \/>\nos recebeu, podendo, na falta de documenta\u00e7\u00e3o, ser feita indica\u00e7\u00e3o do cheque<br \/>\nnominativo pelo qual foi efetuado o pagamento;\u201d (NR)<br \/>\nArt 2\u00ba Esta lei entra em vigor na data de sua publica\u00e7\u00e3o e<br \/>\nproduz efeitos a partir do primeiro dia do exerc\u00edcio financeiro subsequente.<br \/>\nJUSTIFICA\u00c7\u00c3O<br \/>\nO enunciado dos princ\u00edpios da pessoalidade e da<br \/>\ncapacidade contributiva, no par\u00e1grafo primeiro do artigo 145 da Constitui\u00e7\u00e3o<br \/>\nFederal, ostenta op\u00e7\u00e3o clara da na\u00e7\u00e3o organizada no poder constituinte de<br \/>\n1988 quanto ao imperativo de justi\u00e7a fiscal que deve informar o sistema<br \/>\ntribut\u00e1rio nacional.<br \/>\nOs par\u00e2metros vigentes de personaliza\u00e7\u00e3o do imposto<br \/>\nsobre a renda das pessoas f\u00edsicas abrangem a dedu\u00e7\u00e3o ampla das despesas<br \/>\natinentes ao tratamento de sa\u00fade mas ainda excluem as despesas com<br \/>\nmedicamentos efetuadas fora de cl\u00ednicas e hospitais.<br \/>\nTal restri\u00e7\u00e3o contradiz a tend\u00eancia moderna de perfazer o<br \/>\ntratamento dos pacientes tanto quanto poss\u00edvel longe das cl\u00ednicas e hospitais<br \/>\njunto \u00e0s respectivas fam\u00edlias.<br \/>\nAdemais o quadro demogr\u00e1fico presente, no qual se<br \/>\nconstata o envelhecimento da popula\u00e7\u00e3o, acarreta crescente necessidade de<br \/>\nconsumo de medicamentos de uso permanente, que sobrecarrega<br \/>\npesadamente os contribuintes mais velhos, aposentados ou n\u00e3o, justamente<br \/>\nnuma fase de maior vulnerabilidade f\u00edsica e financeira.<br \/>\nSobretudo no que se refere aos medicamentos de uso<br \/>\npermanente, a conveni\u00eancia de suprir a lacuna da lei \u00e9 mais do que evidente,<br \/>\nnecess\u00e1ria e justa.<br \/>\nEstimamos que \u00e9 nulo o impacto financeiro e<br \/>\nor\u00e7ament\u00e1rio da medida proposta pela raz\u00e3o elementar de que essa esp\u00e9cie <br \/>de despesa de sa\u00fade est\u00e1 impl\u00edcita no conjunto dessas despesas e sua<br \/>\nexplicita\u00e7\u00e3o, no texto legal, produz efeito financeiro menor do que o aumento<br \/>\nvegetativo observado nas outras esp\u00e9cies de despesas de sa\u00fade j\u00e1 constantes<br \/>\nda legisla\u00e7\u00e3o, podendo at\u00e9 mesmo acarretar diminui\u00e7\u00e3o de despesas de<br \/>\ninterna\u00e7\u00e3o sup\u00e9rfluas.<br \/>\nPor essas raz\u00f5es contamos com o apoio dos nobres<br \/>\nparceiros parlamentares no sentido da aprova\u00e7\u00e3o dessa medida de justi\u00e7a<br \/>\nfiscal.<br \/>\nSala das Sess\u00f5es, em 01 de julho de 2014.<br \/>\nDeputado M\u00e1rcio Marinho (PRB\/BA) <\/p>\n<\/article>\n<p><a href='https:\/\/app.legislapp.com.br\/#\/busca?termo=Altera\u00e7\u00e3o'>Altera\u00e7\u00e3o<\/a>, <a href='https:\/\/app.legislapp.com.br\/#\/busca?termo=Legisla\u00e7\u00e3o Tribut\u00e1ria Federal'>Legisla\u00e7\u00e3o Tribut\u00e1ria Federal<\/a>, <a href='https:\/\/app.legislapp.com.br\/#\/busca?termo=dedu\u00e7\u00e3o'>dedu\u00e7\u00e3o<\/a>, <a href='https:\/\/app.legislapp.com.br\/#\/busca?termo=Imposto sobre a Renda da Pessoa F\u00edsica (IRPF)'>Imposto sobre a Renda da Pessoa F\u00edsica (IRPF)<\/a>, <a href='https:\/\/app.legislapp.com.br\/#\/busca?termo=despesa'>despesa<\/a>, <a href='https:\/\/app.legislapp.com.br\/#\/busca?termo=medicamento de uso cont\u00ednuo'>medicamento de uso cont\u00ednuo<\/a>, <a href='https:\/\/app.legislapp.com.br\/#\/busca?termo=tributa\u00e7\u00e3o'>tributa\u00e7\u00e3o<\/a>, <a href='https:\/\/app.legislapp.com.br\/#\/busca?termo=benef\u00edcio fiscal.'>benef\u00edcio fiscal.<\/a><\/p>\n<div style=\"text-align: center\">\n      <img decoding=\"async\" style=\"width: 14%;\" src=\"https:\/\/www.legislapp.com.br\/wp-content\/uploads\/2021\/07\/Logo-Legislapp-1-03-1.png\"><br \/>\n      <\/p>\n<div style=\"margin-bottom: 20px;\" class=\"et_pb_button_module_wrapper et_pb_button_5_tb_body_wrapper et_pb_button_alignment_center et_pb_module \">\n         <a class=\"et_pb_button et_pb_button_5_tb_body et_hover_enabled et_pb_bg_layout_dark\" style=\"width: 50%;background-color: black;\" href=\"https:\/\/app.legislapp.com.br\" target=\"_blank\" rel=\"noopener\">Visualizar completo na nossa plataforma (30 dias gr\u00e1tis)<\/a><\/p><\/div>\n<p>      <a href=\"https:\/\/play.google.com\/store\/apps\/details?id=br.com.legislapp\"><img decoding=\"async\" style=\"width: 15%; min-width: 130px;\" src=\"https:\/\/www.legislapp.com.br\/wp-content\/uploads\/google-play.png\"><\/a><br \/>\n      <a href=\"https:\/\/apps.apple.com\/us\/app\/legislapp\/id1568929859\"><img decoding=\"async\" style=\"width: 15%; min-width: 130px\" src=\"https:\/\/www.legislapp.com.br\/wp-content\/uploads\/apple-store.png\"><\/a>\n   <\/div>\n","protected":false},"excerpt":{"rendered":"<p>Avulso Inicial &#8211; Autoria de M\u00e1rcio Marinho PROJETO DE LEI N\u00ba , DE 2014 (Do Sr. M\u00e1rcio Marinho) Altera o disposto no art. 8\u00ba, II, a e \u00a7 2\u00ba, III, da Lei n\u00ba 9.250, de 26 de dezembro de 1995, para permitir a dedutibilidade, para efeito da forma\u00e7\u00e3o da base de c\u00e1lculo do imposto de [&hellip;]<\/p>\n","protected":false},"author":1,"featured_media":0,"parent":0,"menu_order":0,"comment_status":"closed","ping_status":"closed","template":"page-template-blank.php","meta":{"_et_pb_use_builder":"","_et_pb_old_content":"","_et_gb_content_width":"1080","ngg_post_thumbnail":0,"footnotes":""},"class_list":["post-10733","page","type-page","status-publish","hentry"],"yoast_head":"<!-- This site is optimized with the Yoast SEO plugin v24.4 - https:\/\/yoast.com\/wordpress\/plugins\/seo\/ -->\n<title>Avulso Inicial - PL 7767\/2014 - C\u00e2mara - Legislapp<\/title>\n<meta name=\"robots\" content=\"index, follow, max-snippet:-1, max-image-preview:large, max-video-preview:-1\" \/>\n<link rel=\"canonical\" href=\"https:\/\/www.legislapp.com.br\/index.php\/avulso-inicial-pl-7767-2014-camara\/\" \/>\n<meta property=\"og:locale\" content=\"pt_BR\" \/>\n<meta property=\"og:type\" content=\"article\" \/>\n<meta property=\"og:title\" content=\"Avulso Inicial - PL 7767\/2014 - C\u00e2mara - Legislapp\" \/>\n<meta property=\"og:description\" content=\"Avulso Inicial &#8211; Autoria de M\u00e1rcio Marinho PROJETO DE LEI N\u00ba , DE 2014 (Do Sr. M\u00e1rcio Marinho) Altera o disposto no art. 8\u00ba, II, a e \u00a7 2\u00ba, III, da Lei n\u00ba 9.250, de 26 de dezembro de 1995, para permitir a dedutibilidade, para efeito da forma\u00e7\u00e3o da base de c\u00e1lculo do imposto de [&hellip;]\" \/>\n<meta property=\"og:url\" content=\"https:\/\/www.legislapp.com.br\/index.php\/avulso-inicial-pl-7767-2014-camara\/\" \/>\n<meta property=\"og:site_name\" content=\"Legislapp\" \/>\n<meta property=\"article:publisher\" content=\"https:\/\/www.instagram.com\/legislapp\/\" \/>\n<meta property=\"og:image\" content=\"https:\/\/www.legislapp.com.br\/wp-content\/uploads\/2021\/07\/Logo-Legislapp-1-03-1.png\" \/>\n<meta name=\"twitter:card\" content=\"summary_large_image\" \/>\n<meta name=\"twitter:label1\" content=\"Est. tempo de leitura\" \/>\n\t<meta name=\"twitter:data1\" content=\"3 minutos\" \/>\n<script type=\"application\/ld+json\" class=\"yoast-schema-graph\">{\"@context\":\"https:\/\/schema.org\",\"@graph\":[{\"@type\":\"WebPage\",\"@id\":\"https:\/\/www.legislapp.com.br\/index.php\/avulso-inicial-pl-7767-2014-camara\/\",\"url\":\"https:\/\/www.legislapp.com.br\/index.php\/avulso-inicial-pl-7767-2014-camara\/\",\"name\":\"Avulso Inicial - PL 7767\/2014 - C\u00e2mara - Legislapp\",\"isPartOf\":{\"@id\":\"https:\/\/www.legislapp.com.br\/#website\"},\"primaryImageOfPage\":{\"@id\":\"https:\/\/www.legislapp.com.br\/index.php\/avulso-inicial-pl-7767-2014-camara\/#primaryimage\"},\"image\":{\"@id\":\"https:\/\/www.legislapp.com.br\/index.php\/avulso-inicial-pl-7767-2014-camara\/#primaryimage\"},\"thumbnailUrl\":\"https:\/\/www.legislapp.com.br\/wp-content\/uploads\/2021\/07\/Logo-Legislapp-1-03-1.png\",\"datePublished\":\"2025-12-01T14:34:42+00:00\",\"breadcrumb\":{\"@id\":\"https:\/\/www.legislapp.com.br\/index.php\/avulso-inicial-pl-7767-2014-camara\/#breadcrumb\"},\"inLanguage\":\"pt-BR\",\"potentialAction\":[{\"@type\":\"ReadAction\",\"target\":[\"https:\/\/www.legislapp.com.br\/index.php\/avulso-inicial-pl-7767-2014-camara\/\"]}]},{\"@type\":\"ImageObject\",\"inLanguage\":\"pt-BR\",\"@id\":\"https:\/\/www.legislapp.com.br\/index.php\/avulso-inicial-pl-7767-2014-camara\/#primaryimage\",\"url\":\"https:\/\/www.legislapp.com.br\/wp-content\/uploads\/2021\/07\/Logo-Legislapp-1-03-1.png\",\"contentUrl\":\"https:\/\/www.legislapp.com.br\/wp-content\/uploads\/2021\/07\/Logo-Legislapp-1-03-1.png\",\"width\":2679,\"height\":2697},{\"@type\":\"BreadcrumbList\",\"@id\":\"https:\/\/www.legislapp.com.br\/index.php\/avulso-inicial-pl-7767-2014-camara\/#breadcrumb\",\"itemListElement\":[{\"@type\":\"ListItem\",\"position\":1,\"name\":\"In\u00edcio\",\"item\":\"https:\/\/www.legislapp.com.br\/\"},{\"@type\":\"ListItem\",\"position\":2,\"name\":\"Avulso Inicial &#8211; PL 7767\/2014 &#8211; C\u00e2mara\"}]},{\"@type\":\"WebSite\",\"@id\":\"https:\/\/www.legislapp.com.br\/#website\",\"url\":\"https:\/\/www.legislapp.com.br\/\",\"name\":\"Legislapp\",\"description\":\"Intelig\u00eancia governamental em tempo real\",\"publisher\":{\"@id\":\"https:\/\/www.legislapp.com.br\/#organization\"},\"potentialAction\":[{\"@type\":\"SearchAction\",\"target\":{\"@type\":\"EntryPoint\",\"urlTemplate\":\"https:\/\/www.legislapp.com.br\/?s={search_term_string}\"},\"query-input\":{\"@type\":\"PropertyValueSpecification\",\"valueRequired\":true,\"valueName\":\"search_term_string\"}}],\"inLanguage\":\"pt-BR\"},{\"@type\":\"Organization\",\"@id\":\"https:\/\/www.legislapp.com.br\/#organization\",\"name\":\"Legislapp Monitoramento e Intelig\u00eancia Governamental\",\"url\":\"https:\/\/www.legislapp.com.br\/\",\"logo\":{\"@type\":\"ImageObject\",\"inLanguage\":\"pt-BR\",\"@id\":\"https:\/\/www.legislapp.com.br\/#\/schema\/logo\/image\/\",\"url\":\"https:\/\/www.legislapp.com.br\/wp-content\/uploads\/icon.png\",\"contentUrl\":\"https:\/\/www.legislapp.com.br\/wp-content\/uploads\/icon.png\",\"width\":1024,\"height\":1024,\"caption\":\"Legislapp Monitoramento e Intelig\u00eancia Governamental\"},\"image\":{\"@id\":\"https:\/\/www.legislapp.com.br\/#\/schema\/logo\/image\/\"},\"sameAs\":[\"https:\/\/www.instagram.com\/legislapp\/\"]}]}<\/script>\n<!-- \/ Yoast SEO plugin. -->","yoast_head_json":{"title":"Avulso Inicial - PL 7767\/2014 - C\u00e2mara - Legislapp","robots":{"index":"index","follow":"follow","max-snippet":"max-snippet:-1","max-image-preview":"max-image-preview:large","max-video-preview":"max-video-preview:-1"},"canonical":"https:\/\/www.legislapp.com.br\/index.php\/avulso-inicial-pl-7767-2014-camara\/","og_locale":"pt_BR","og_type":"article","og_title":"Avulso Inicial - PL 7767\/2014 - C\u00e2mara - Legislapp","og_description":"Avulso Inicial &#8211; Autoria de M\u00e1rcio Marinho PROJETO DE LEI N\u00ba , DE 2014 (Do Sr. M\u00e1rcio Marinho) Altera o disposto no art. 8\u00ba, II, a e \u00a7 2\u00ba, III, da Lei n\u00ba 9.250, de 26 de dezembro de 1995, para permitir a dedutibilidade, para efeito da forma\u00e7\u00e3o da base de c\u00e1lculo do imposto de [&hellip;]","og_url":"https:\/\/www.legislapp.com.br\/index.php\/avulso-inicial-pl-7767-2014-camara\/","og_site_name":"Legislapp","article_publisher":"https:\/\/www.instagram.com\/legislapp\/","og_image":[{"url":"https:\/\/www.legislapp.com.br\/wp-content\/uploads\/2021\/07\/Logo-Legislapp-1-03-1.png","type":"","width":"","height":""}],"twitter_card":"summary_large_image","twitter_misc":{"Est. tempo de leitura":"3 minutos"},"schema":{"@context":"https:\/\/schema.org","@graph":[{"@type":"WebPage","@id":"https:\/\/www.legislapp.com.br\/index.php\/avulso-inicial-pl-7767-2014-camara\/","url":"https:\/\/www.legislapp.com.br\/index.php\/avulso-inicial-pl-7767-2014-camara\/","name":"Avulso Inicial - PL 7767\/2014 - C\u00e2mara - Legislapp","isPartOf":{"@id":"https:\/\/www.legislapp.com.br\/#website"},"primaryImageOfPage":{"@id":"https:\/\/www.legislapp.com.br\/index.php\/avulso-inicial-pl-7767-2014-camara\/#primaryimage"},"image":{"@id":"https:\/\/www.legislapp.com.br\/index.php\/avulso-inicial-pl-7767-2014-camara\/#primaryimage"},"thumbnailUrl":"https:\/\/www.legislapp.com.br\/wp-content\/uploads\/2021\/07\/Logo-Legislapp-1-03-1.png","datePublished":"2025-12-01T14:34:42+00:00","breadcrumb":{"@id":"https:\/\/www.legislapp.com.br\/index.php\/avulso-inicial-pl-7767-2014-camara\/#breadcrumb"},"inLanguage":"pt-BR","potentialAction":[{"@type":"ReadAction","target":["https:\/\/www.legislapp.com.br\/index.php\/avulso-inicial-pl-7767-2014-camara\/"]}]},{"@type":"ImageObject","inLanguage":"pt-BR","@id":"https:\/\/www.legislapp.com.br\/index.php\/avulso-inicial-pl-7767-2014-camara\/#primaryimage","url":"https:\/\/www.legislapp.com.br\/wp-content\/uploads\/2021\/07\/Logo-Legislapp-1-03-1.png","contentUrl":"https:\/\/www.legislapp.com.br\/wp-content\/uploads\/2021\/07\/Logo-Legislapp-1-03-1.png","width":2679,"height":2697},{"@type":"BreadcrumbList","@id":"https:\/\/www.legislapp.com.br\/index.php\/avulso-inicial-pl-7767-2014-camara\/#breadcrumb","itemListElement":[{"@type":"ListItem","position":1,"name":"In\u00edcio","item":"https:\/\/www.legislapp.com.br\/"},{"@type":"ListItem","position":2,"name":"Avulso Inicial &#8211; PL 7767\/2014 &#8211; C\u00e2mara"}]},{"@type":"WebSite","@id":"https:\/\/www.legislapp.com.br\/#website","url":"https:\/\/www.legislapp.com.br\/","name":"Legislapp","description":"Intelig\u00eancia governamental em tempo real","publisher":{"@id":"https:\/\/www.legislapp.com.br\/#organization"},"potentialAction":[{"@type":"SearchAction","target":{"@type":"EntryPoint","urlTemplate":"https:\/\/www.legislapp.com.br\/?s={search_term_string}"},"query-input":{"@type":"PropertyValueSpecification","valueRequired":true,"valueName":"search_term_string"}}],"inLanguage":"pt-BR"},{"@type":"Organization","@id":"https:\/\/www.legislapp.com.br\/#organization","name":"Legislapp Monitoramento e Intelig\u00eancia Governamental","url":"https:\/\/www.legislapp.com.br\/","logo":{"@type":"ImageObject","inLanguage":"pt-BR","@id":"https:\/\/www.legislapp.com.br\/#\/schema\/logo\/image\/","url":"https:\/\/www.legislapp.com.br\/wp-content\/uploads\/icon.png","contentUrl":"https:\/\/www.legislapp.com.br\/wp-content\/uploads\/icon.png","width":1024,"height":1024,"caption":"Legislapp Monitoramento e Intelig\u00eancia Governamental"},"image":{"@id":"https:\/\/www.legislapp.com.br\/#\/schema\/logo\/image\/"},"sameAs":["https:\/\/www.instagram.com\/legislapp\/"]}]}},"_links":{"self":[{"href":"https:\/\/www.legislapp.com.br\/index.php\/wp-json\/wp\/v2\/pages\/10733","targetHints":{"allow":["GET"]}}],"collection":[{"href":"https:\/\/www.legislapp.com.br\/index.php\/wp-json\/wp\/v2\/pages"}],"about":[{"href":"https:\/\/www.legislapp.com.br\/index.php\/wp-json\/wp\/v2\/types\/page"}],"author":[{"embeddable":true,"href":"https:\/\/www.legislapp.com.br\/index.php\/wp-json\/wp\/v2\/users\/1"}],"replies":[{"embeddable":true,"href":"https:\/\/www.legislapp.com.br\/index.php\/wp-json\/wp\/v2\/comments?post=10733"}],"version-history":[{"count":0,"href":"https:\/\/www.legislapp.com.br\/index.php\/wp-json\/wp\/v2\/pages\/10733\/revisions"}],"wp:attachment":[{"href":"https:\/\/www.legislapp.com.br\/index.php\/wp-json\/wp\/v2\/media?parent=10733"}],"curies":[{"name":"wp","href":"https:\/\/api.w.org\/{rel}","templated":true}]}}