{"id":10813,"date":"2025-12-01T11:39:26","date_gmt":"2025-12-01T14:39:26","guid":{"rendered":"https:\/\/www.legislapp.com.br\/index.php\/avulso-inicial-pl-2749-2025-camara\/"},"modified":"2025-12-01T11:39:26","modified_gmt":"2025-12-01T14:39:26","slug":"avulso-inicial-pl-2749-2025-camara","status":"publish","type":"page","link":"https:\/\/www.legislapp.com.br\/index.php\/avulso-inicial-pl-2749-2025-camara\/","title":{"rendered":"Avulso Inicial &#8211; PL 2749\/2025 &#8211; C\u00e2mara"},"content":{"rendered":"<h1 style='text-align: center;'>Avulso Inicial &#8211; Autoria de Marcos Tavares<\/h3>\n<p><\/p>\n<article>C\u00c2MARA DOS DEPUTADOS<br \/>\nDEPUTADO FEDERAL MARCOS TAVARES<br \/>\nPROJETO DE LEI N\u00ba     , DE                      DE 2025<br \/>\n(Do Senhor Marcos Tavares)<br \/>\nInstitui o marco legal da responsabilidade digital<br \/>\nde influenciadores no Brasil, disciplinando<br \/>\ndeveres de transpar\u00eancia, publicidade e<br \/>\nresponsabiliza\u00e7\u00e3o civil pela divulga\u00e7\u00e3o de<br \/>\nconte\u00fados patrocinados com potencial de dano<br \/>\n\u00e0 sa\u00fade, seguran\u00e7a ou finan\u00e7as do consumidor.<br \/>\nO CONGRESSO NACIONAL decreta:<br \/>\nArt. 1\u00ba Esta Lei disp\u00f5e sobre a responsabilidade digital de influenciadores<br \/>\ncom grande alcance na internet, com o objetivo de garantir a transpar\u00eancia<br \/>\npublicit\u00e1ria e proteger o consumidor contra riscos \u00e0 sa\u00fade, seguran\u00e7a e<br \/>\nestabilidade financeira decorrentes de conte\u00fados veiculados nas redes sociais,<br \/>\nplataformas digitais e meios similares.<br \/>\nArt. 2\u00ba Para fins desta Lei, considera-se:<br \/>\nI \u2013 Influenciador digital: pessoa f\u00edsica ou jur\u00eddica que produz e divulga<br \/>\nconte\u00fado em plataformas digitais e que possui relevante audi\u00eancia ou poder de<br \/>\nengajamento;<br \/>\nII \u2013 Conte\u00fado patrocinado: qualquer conte\u00fado que envolva remunera\u00e7\u00e3o<br \/>\ndireta ou indireta, benef\u00edcio ou vantagem, em troca de divulga\u00e7\u00e3o de produto,<br \/>\nservi\u00e7o ou marca;<br \/>\nIII \u2013 Grande alcance: perfis ou canais com mais de 100 mil seguidores ou<br \/>\ninscritos, somados em uma ou mais plataformas digitais.<br \/>\nArt. 3\u00ba Todo conte\u00fado patrocinado dever\u00e1 conter sinaliza\u00e7\u00e3o clara,<br \/>\ndestacada e vis\u00edvel de sua natureza publicit\u00e1ria, nos termos do C\u00f3digo de Defesa<br \/>\ndo Consumidor e das normas complementares da Secretaria Nacional do<br \/>\nConsumidor (Senacon).<br \/>\nArt. 4\u00ba O influenciador digital responder\u00e1 solidariamente com a marca ou<br \/>\nanunciante, nos termos do art. 7\u00ba do C\u00f3digo de Defesa do Consumidor, pelos<br \/>\ndanos causados aos consumidores em decorr\u00eancia da divulga\u00e7\u00e3o de:<br \/>\nI \u2013 Produtos ou servi\u00e7os com potencial risco \u00e0 sa\u00fade ou seguran\u00e7a do<br \/>\n_________________________________________________________________________________________________________________________<br \/>\nPra\u00e7a dos Tr\u00eas Poderes &#8211; Anexo IV \u2013 Gabinete 611 &#8211; C\u00e2mara dos Deputados &#8211; CEP: 70.160-900 \u2013 Bras\u00edlia\/DF<br \/>\nContato: (61) 3215-5611 e-mail: dep.marcostavares@camara.leg.br<br \/>\nPara verificar a assinatura, acesse https:\/\/infoleg-autenticidade-assinatura.camara.leg.br\/CD252744875000<br \/>\nAssinado eletronicamente pelo(a) Dep. Marcos Tavares<br \/>\nApresenta\u00e7\u00e3o: 09\/06\/2025 14:12:37.503 &#8211; Mesa<br \/>\n*CD252744875000* PL n.2749\/2025<br \/>C\u00c2MARA DOS DEPUTADOS<br \/>\nDEPUTADO FEDERAL MARCOS TAVARES<br \/>\nconsumidor;<br \/>\nII \u2013 Ofertas falsas, enganosas ou com ind\u00edcios de fraude;<br \/>\nIII \u2013 Conte\u00fados que incentivem pr\u00e1ticas il\u00edcitas ou arriscadas, como<br \/>\ninvestimentos n\u00e3o autorizados, jogos de azar ou tratamentos n\u00e3o<br \/>\nregulamentados.<br \/>\nArt. 5\u00ba As plataformas digitais dever\u00e3o disponibilizar mecanismos para<br \/>\nden\u00fancia e remo\u00e7\u00e3o \u00e1gil de conte\u00fados que violem esta Lei.<br \/>\nArt. 6\u00ba O descumprimento desta Lei sujeitar\u00e1 o influenciador digital e o<br \/>\nanunciante \u00e0s san\u00e7\u00f5es previstas no C\u00f3digo de Defesa do Consumidor e \u00e0<br \/>\naplica\u00e7\u00e3o de multa administrativa de at\u00e9 R$ 500.000,00 (quinhentos mil reais),<br \/>\nsem preju\u00edzo de responsabilidade civil e penal.<br \/>\nArt. 7\u00ba Esta Lei entra em vigor 90 dias ap\u00f3s sua publica\u00e7\u00e3o.<br \/>\nSala das Sess\u00f5es, em       de                  de 2025.<br \/>\nMARCOS TAVARES<br \/>\nDeputado Federal<br \/>\nPDT-RJ<br \/>\n_________________________________________________________________________________________________________________________<br \/>\nPra\u00e7a dos Tr\u00eas Poderes &#8211; Anexo IV \u2013 Gabinete 611 &#8211; C\u00e2mara dos Deputados &#8211; CEP: 70.160-900 \u2013 Bras\u00edlia\/DF<br \/>\nContato: (61) 3215-5611 e-mail: dep.marcostavares@camara.leg.br<br \/>\nPara verificar a assinatura, acesse https:\/\/infoleg-autenticidade-assinatura.camara.leg.br\/CD252744875000<br \/>\nAssinado eletronicamente pelo(a) Dep. Marcos Tavares<br \/>\nApresenta\u00e7\u00e3o: 09\/06\/2025 14:12:37.503 &#8211; Mesa<br \/>\n*CD252744875000* PL n.2749\/2025<br \/>C\u00c2MARA DOS DEPUTADOS<br \/>\nDEPUTADO FEDERAL MARCOS TAVARES<br \/>\nJUSTIFICATIVA<br \/>\nO avan\u00e7o das redes sociais e a consolida\u00e7\u00e3o do marketing de influ\u00eancia<br \/>\ntransformaram o modo como produtos e servi\u00e7os s\u00e3o ofertados \u00e0 popula\u00e7\u00e3o.<br \/>\nInfluenciadores digitais se tornaram formadores de opini\u00e3o com alto poder de<br \/>\npersuas\u00e3o, principalmente entre p\u00fablicos mais jovens e vulner\u00e1veis. No entanto,<br \/>\no ordenamento jur\u00eddico brasileiro ainda n\u00e3o disp\u00f5e de um marco legal espec\u00edfico<br \/>\nque regule as responsabilidades civis e os deveres de transpar\u00eancia desses<br \/>\nagentes no ambiente digital.<br \/>\nSegundo pesquisa da Nielsen Brasil (2023), 82% dos consumidores<br \/>\nbrasileiros j\u00e1 compraram produtos ou contrataram servi\u00e7os com base na<br \/>\nrecomenda\u00e7\u00e3o de influenciadores, sendo o Brasil um dos pa\u00edses com maior<br \/>\n\u00edndice de confian\u00e7a nesse tipo de publicidade. A Digital Marketing Report 2024<br \/>\naponta que o setor movimentou mais de R$ 2,4 bilh\u00f5es no Brasil somente em<br \/>\nplataformas como Instagram, YouTube e TikTok. Essa monetiza\u00e7\u00e3o, no entanto,<br \/>\nnem sempre vem acompanhada de transpar\u00eancia ou responsabilidade.<br \/>\nCasos recentes t\u00eam evidenciado os riscos desse v\u00e1cuo regulat\u00f3rio. Em<br \/>\n2022, a Comiss\u00e3o de Valores Mobili\u00e1rios (CVM) alertou e notificou<br \/>\ninfluenciadores que promoveram investimentos de alto risco e ativos financeiros<br \/>\nsem autoriza\u00e7\u00e3o legal. No mesmo ano, o Procon-SP multou perfis que<br \/>\ndivulgaram suplementos e medicamentos sem registro na Anvisa, al\u00e9m de outros<br \/>\nque omitiram a natureza patrocinada de suas postagens, configurando<br \/>\npublicidade enganosa.<br \/>\nEsse cen\u00e1rio torna urgente a cria\u00e7\u00e3o de uma legisla\u00e7\u00e3o que:<br \/>\n\uf0d8 Estabele\u00e7a o dever legal de sinaliza\u00e7\u00e3o de conte\u00fado patrocinado,<br \/>\nde forma clara e destacada;<br \/>\n\uf0d8 Imponha responsabilidade solid\u00e1ria entre o influenciador e o<br \/>\nanunciante, nos termos do art. 7\u00ba do C\u00f3digo de Defesa do<br \/>\nConsumidor, quando houver preju\u00edzo ao consumidor;<br \/>\n\uf0d8 Determine responsabilidade objetiva em casos que envolvam riscos<br \/>\n\u00e0 sa\u00fade, seguran\u00e7a ou finan\u00e7as;<br \/>\n\uf0d8 Preveja san\u00e7\u00f5es administrativas e civis em caso de<br \/>\ndescumprimento.<br \/>\n_________________________________________________________________________________________________________________________<br \/>\nPra\u00e7a dos Tr\u00eas Poderes &#8211; Anexo IV \u2013 Gabinete 611 &#8211; C\u00e2mara dos Deputados &#8211; CEP: 70.160-900 \u2013 Bras\u00edlia\/DF<br \/>\nContato: (61) 3215-5611 e-mail: dep.marcostavares@camara.leg.br<br \/>\nPara verificar a assinatura, acesse https:\/\/infoleg-autenticidade-assinatura.camara.leg.br\/CD252744875000<br \/>\nAssinado eletronicamente pelo(a) Dep. Marcos Tavares<br \/>\nApresenta\u00e7\u00e3o: 09\/06\/2025 14:12:37.503 &#8211; Mesa<br \/>\n*CD252744875000* PL n.2749\/2025<br \/>C\u00c2MARA DOS DEPUTADOS<br \/>\nDEPUTADO FEDERAL MARCOS TAVARES<br \/>\nA medida est\u00e1 alinhada com experi\u00eancias internacionais. Nos Estados<br \/>\nUnidos, a Federal Trade Commission (FTC) exige, desde 2009, que<br \/>\ninfluenciadores declarem publicamente quando s\u00e3o pagos por marcas. No Reino<br \/>\nUnido, a Advertising Standards Authority (ASA) aplica penalidades severas a<br \/>\ncriadores de conte\u00fado que n\u00e3o identificam publicidade de maneira adequada.<br \/>\nA aus\u00eancia de regulamenta\u00e7\u00e3o no Brasil contribui para a perpetua\u00e7\u00e3o de<br \/>\npr\u00e1ticas comerciais abusivas, desinforma\u00e7\u00e3o, fraudes e exposi\u00e7\u00e3o de<br \/>\nconsumidores a riscos, sem qualquer responsabiliza\u00e7\u00e3o efetiva por parte dos<br \/>\ninfluenciadores que lucram com sua audi\u00eancia.<br \/>\nPortanto, o presente Projeto de Lei visa proteger o consumidor brasileiro,<br \/>\nfomentar a integridade no ambiente digital, e responsabilizar, de forma<br \/>\nproporcional e juridicamente fundamentada, os agentes que atuam como \u201cvitrines<br \/>\ncomerciais\u201d nas redes sociais, garantindo maior seguran\u00e7a jur\u00eddica e<br \/>\ntranspar\u00eancia nas rela\u00e7\u00f5es de consumo digital.<br \/>\nSala das Sess\u00f5es, em       de                  de 2025.<br \/>\nMARCOS TAVARES<br \/>\nDeputado Federal<br \/>\nPDT-RJ<br \/>\n_________________________________________________________________________________________________________________________<br \/>\nPra\u00e7a dos Tr\u00eas Poderes &#8211; Anexo IV \u2013 Gabinete 611 &#8211; C\u00e2mara dos Deputados &#8211; CEP: 70.160-900 \u2013 Bras\u00edlia\/DF<br \/>\nContato: (61) 3215-5611 e-mail: dep.marcostavares@camara.leg.br<br \/>\nPara verificar a assinatura, acesse https:\/\/infoleg-autenticidade-assinatura.camara.leg.br\/CD252744875000<br \/>\nAssinado eletronicamente pelo(a) Dep. Marcos Tavares<br \/>\nApresenta\u00e7\u00e3o: 09\/06\/2025 14:12:37.503 &#8211; Mesa<br \/>\n*CD252744875000* PL n.2749\/2025<\/article>\n<p><a href='https:\/\/app.legislapp.com.br\/#\/busca?termo='><\/a><\/p>\n<div style=\"text-align: center\">\n      <img decoding=\"async\" style=\"width: 14%;\" src=\"https:\/\/www.legislapp.com.br\/wp-content\/uploads\/2021\/07\/Logo-Legislapp-1-03-1.png\"><br \/>\n      <\/p>\n<div style=\"margin-bottom: 20px;\" class=\"et_pb_button_module_wrapper et_pb_button_5_tb_body_wrapper et_pb_button_alignment_center et_pb_module \">\n         <a class=\"et_pb_button et_pb_button_5_tb_body et_hover_enabled et_pb_bg_layout_dark\" style=\"width: 50%;background-color: black;\" href=\"https:\/\/app.legislapp.com.br\" target=\"_blank\" rel=\"noopener\">Visualizar completo na nossa plataforma (30 dias gr\u00e1tis)<\/a><\/p><\/div>\n<p>      <a href=\"https:\/\/play.google.com\/store\/apps\/details?id=br.com.legislapp\"><img decoding=\"async\" style=\"width: 15%; min-width: 130px;\" src=\"https:\/\/www.legislapp.com.br\/wp-content\/uploads\/google-play.png\"><\/a><br \/>\n      <a href=\"https:\/\/apps.apple.com\/us\/app\/legislapp\/id1568929859\"><img decoding=\"async\" style=\"width: 15%; min-width: 130px\" src=\"https:\/\/www.legislapp.com.br\/wp-content\/uploads\/apple-store.png\"><\/a>\n   <\/div>\n","protected":false},"excerpt":{"rendered":"<p>Avulso Inicial &#8211; Autoria de Marcos Tavares C\u00c2MARA DOS DEPUTADOS DEPUTADO FEDERAL MARCOS TAVARES PROJETO DE LEI N\u00ba , DE DE 2025 (Do Senhor Marcos Tavares) Institui o marco legal da responsabilidade digital de influenciadores no Brasil, disciplinando deveres de transpar\u00eancia, publicidade e responsabiliza\u00e7\u00e3o civil pela divulga\u00e7\u00e3o de conte\u00fados patrocinados com potencial de dano \u00e0 [&hellip;]<\/p>\n","protected":false},"author":1,"featured_media":0,"parent":0,"menu_order":0,"comment_status":"closed","ping_status":"closed","template":"page-template-blank.php","meta":{"_et_pb_use_builder":"","_et_pb_old_content":"","_et_gb_content_width":"1080","ngg_post_thumbnail":0,"footnotes":""},"class_list":["post-10813","page","type-page","status-publish","hentry"],"yoast_head":"<!-- This site is optimized with the Yoast SEO plugin v24.4 - https:\/\/yoast.com\/wordpress\/plugins\/seo\/ -->\n<title>Avulso Inicial - PL 2749\/2025 - C\u00e2mara - Legislapp<\/title>\n<meta name=\"robots\" content=\"index, follow, max-snippet:-1, max-image-preview:large, max-video-preview:-1\" \/>\n<link rel=\"canonical\" href=\"https:\/\/www.legislapp.com.br\/index.php\/avulso-inicial-pl-2749-2025-camara\/\" \/>\n<meta property=\"og:locale\" content=\"pt_BR\" \/>\n<meta property=\"og:type\" content=\"article\" \/>\n<meta property=\"og:title\" content=\"Avulso Inicial - PL 2749\/2025 - C\u00e2mara - Legislapp\" \/>\n<meta property=\"og:description\" content=\"Avulso Inicial &#8211; Autoria de Marcos Tavares C\u00c2MARA DOS DEPUTADOS DEPUTADO FEDERAL MARCOS TAVARES PROJETO DE LEI N\u00ba , DE DE 2025 (Do Senhor Marcos Tavares) Institui o marco legal da responsabilidade digital de influenciadores no Brasil, disciplinando deveres de transpar\u00eancia, publicidade e responsabiliza\u00e7\u00e3o civil pela divulga\u00e7\u00e3o de conte\u00fados patrocinados com potencial de dano \u00e0 [&hellip;]\" \/>\n<meta property=\"og:url\" content=\"https:\/\/www.legislapp.com.br\/index.php\/avulso-inicial-pl-2749-2025-camara\/\" \/>\n<meta property=\"og:site_name\" content=\"Legislapp\" \/>\n<meta property=\"article:publisher\" content=\"https:\/\/www.instagram.com\/legislapp\/\" \/>\n<meta property=\"og:image\" content=\"https:\/\/www.legislapp.com.br\/wp-content\/uploads\/2021\/07\/Logo-Legislapp-1-03-1.png\" \/>\n<meta name=\"twitter:card\" content=\"summary_large_image\" \/>\n<meta name=\"twitter:label1\" content=\"Est. tempo de leitura\" \/>\n\t<meta name=\"twitter:data1\" content=\"6 minutos\" \/>\n<script type=\"application\/ld+json\" class=\"yoast-schema-graph\">{\"@context\":\"https:\/\/schema.org\",\"@graph\":[{\"@type\":\"WebPage\",\"@id\":\"https:\/\/www.legislapp.com.br\/index.php\/avulso-inicial-pl-2749-2025-camara\/\",\"url\":\"https:\/\/www.legislapp.com.br\/index.php\/avulso-inicial-pl-2749-2025-camara\/\",\"name\":\"Avulso Inicial - PL 2749\/2025 - C\u00e2mara - Legislapp\",\"isPartOf\":{\"@id\":\"https:\/\/www.legislapp.com.br\/#website\"},\"primaryImageOfPage\":{\"@id\":\"https:\/\/www.legislapp.com.br\/index.php\/avulso-inicial-pl-2749-2025-camara\/#primaryimage\"},\"image\":{\"@id\":\"https:\/\/www.legislapp.com.br\/index.php\/avulso-inicial-pl-2749-2025-camara\/#primaryimage\"},\"thumbnailUrl\":\"https:\/\/www.legislapp.com.br\/wp-content\/uploads\/2021\/07\/Logo-Legislapp-1-03-1.png\",\"datePublished\":\"2025-12-01T14:39:26+00:00\",\"breadcrumb\":{\"@id\":\"https:\/\/www.legislapp.com.br\/index.php\/avulso-inicial-pl-2749-2025-camara\/#breadcrumb\"},\"inLanguage\":\"pt-BR\",\"potentialAction\":[{\"@type\":\"ReadAction\",\"target\":[\"https:\/\/www.legislapp.com.br\/index.php\/avulso-inicial-pl-2749-2025-camara\/\"]}]},{\"@type\":\"ImageObject\",\"inLanguage\":\"pt-BR\",\"@id\":\"https:\/\/www.legislapp.com.br\/index.php\/avulso-inicial-pl-2749-2025-camara\/#primaryimage\",\"url\":\"https:\/\/www.legislapp.com.br\/wp-content\/uploads\/2021\/07\/Logo-Legislapp-1-03-1.png\",\"contentUrl\":\"https:\/\/www.legislapp.com.br\/wp-content\/uploads\/2021\/07\/Logo-Legislapp-1-03-1.png\",\"width\":2679,\"height\":2697},{\"@type\":\"BreadcrumbList\",\"@id\":\"https:\/\/www.legislapp.com.br\/index.php\/avulso-inicial-pl-2749-2025-camara\/#breadcrumb\",\"itemListElement\":[{\"@type\":\"ListItem\",\"position\":1,\"name\":\"In\u00edcio\",\"item\":\"https:\/\/www.legislapp.com.br\/\"},{\"@type\":\"ListItem\",\"position\":2,\"name\":\"Avulso Inicial &#8211; PL 2749\/2025 &#8211; C\u00e2mara\"}]},{\"@type\":\"WebSite\",\"@id\":\"https:\/\/www.legislapp.com.br\/#website\",\"url\":\"https:\/\/www.legislapp.com.br\/\",\"name\":\"Legislapp\",\"description\":\"Intelig\u00eancia governamental em tempo real\",\"publisher\":{\"@id\":\"https:\/\/www.legislapp.com.br\/#organization\"},\"potentialAction\":[{\"@type\":\"SearchAction\",\"target\":{\"@type\":\"EntryPoint\",\"urlTemplate\":\"https:\/\/www.legislapp.com.br\/?s={search_term_string}\"},\"query-input\":{\"@type\":\"PropertyValueSpecification\",\"valueRequired\":true,\"valueName\":\"search_term_string\"}}],\"inLanguage\":\"pt-BR\"},{\"@type\":\"Organization\",\"@id\":\"https:\/\/www.legislapp.com.br\/#organization\",\"name\":\"Legislapp Monitoramento e Intelig\u00eancia Governamental\",\"url\":\"https:\/\/www.legislapp.com.br\/\",\"logo\":{\"@type\":\"ImageObject\",\"inLanguage\":\"pt-BR\",\"@id\":\"https:\/\/www.legislapp.com.br\/#\/schema\/logo\/image\/\",\"url\":\"https:\/\/www.legislapp.com.br\/wp-content\/uploads\/icon.png\",\"contentUrl\":\"https:\/\/www.legislapp.com.br\/wp-content\/uploads\/icon.png\",\"width\":1024,\"height\":1024,\"caption\":\"Legislapp Monitoramento e Intelig\u00eancia Governamental\"},\"image\":{\"@id\":\"https:\/\/www.legislapp.com.br\/#\/schema\/logo\/image\/\"},\"sameAs\":[\"https:\/\/www.instagram.com\/legislapp\/\"]}]}<\/script>\n<!-- \/ Yoast SEO plugin. -->","yoast_head_json":{"title":"Avulso Inicial - PL 2749\/2025 - C\u00e2mara - Legislapp","robots":{"index":"index","follow":"follow","max-snippet":"max-snippet:-1","max-image-preview":"max-image-preview:large","max-video-preview":"max-video-preview:-1"},"canonical":"https:\/\/www.legislapp.com.br\/index.php\/avulso-inicial-pl-2749-2025-camara\/","og_locale":"pt_BR","og_type":"article","og_title":"Avulso Inicial - PL 2749\/2025 - C\u00e2mara - Legislapp","og_description":"Avulso Inicial &#8211; Autoria de Marcos Tavares C\u00c2MARA DOS DEPUTADOS DEPUTADO FEDERAL MARCOS TAVARES PROJETO DE LEI N\u00ba , DE DE 2025 (Do Senhor Marcos Tavares) Institui o marco legal da responsabilidade digital de influenciadores no Brasil, disciplinando deveres de transpar\u00eancia, publicidade e responsabiliza\u00e7\u00e3o civil pela divulga\u00e7\u00e3o de conte\u00fados patrocinados com potencial de dano \u00e0 [&hellip;]","og_url":"https:\/\/www.legislapp.com.br\/index.php\/avulso-inicial-pl-2749-2025-camara\/","og_site_name":"Legislapp","article_publisher":"https:\/\/www.instagram.com\/legislapp\/","og_image":[{"url":"https:\/\/www.legislapp.com.br\/wp-content\/uploads\/2021\/07\/Logo-Legislapp-1-03-1.png","type":"","width":"","height":""}],"twitter_card":"summary_large_image","twitter_misc":{"Est. tempo de leitura":"6 minutos"},"schema":{"@context":"https:\/\/schema.org","@graph":[{"@type":"WebPage","@id":"https:\/\/www.legislapp.com.br\/index.php\/avulso-inicial-pl-2749-2025-camara\/","url":"https:\/\/www.legislapp.com.br\/index.php\/avulso-inicial-pl-2749-2025-camara\/","name":"Avulso Inicial - PL 2749\/2025 - C\u00e2mara - Legislapp","isPartOf":{"@id":"https:\/\/www.legislapp.com.br\/#website"},"primaryImageOfPage":{"@id":"https:\/\/www.legislapp.com.br\/index.php\/avulso-inicial-pl-2749-2025-camara\/#primaryimage"},"image":{"@id":"https:\/\/www.legislapp.com.br\/index.php\/avulso-inicial-pl-2749-2025-camara\/#primaryimage"},"thumbnailUrl":"https:\/\/www.legislapp.com.br\/wp-content\/uploads\/2021\/07\/Logo-Legislapp-1-03-1.png","datePublished":"2025-12-01T14:39:26+00:00","breadcrumb":{"@id":"https:\/\/www.legislapp.com.br\/index.php\/avulso-inicial-pl-2749-2025-camara\/#breadcrumb"},"inLanguage":"pt-BR","potentialAction":[{"@type":"ReadAction","target":["https:\/\/www.legislapp.com.br\/index.php\/avulso-inicial-pl-2749-2025-camara\/"]}]},{"@type":"ImageObject","inLanguage":"pt-BR","@id":"https:\/\/www.legislapp.com.br\/index.php\/avulso-inicial-pl-2749-2025-camara\/#primaryimage","url":"https:\/\/www.legislapp.com.br\/wp-content\/uploads\/2021\/07\/Logo-Legislapp-1-03-1.png","contentUrl":"https:\/\/www.legislapp.com.br\/wp-content\/uploads\/2021\/07\/Logo-Legislapp-1-03-1.png","width":2679,"height":2697},{"@type":"BreadcrumbList","@id":"https:\/\/www.legislapp.com.br\/index.php\/avulso-inicial-pl-2749-2025-camara\/#breadcrumb","itemListElement":[{"@type":"ListItem","position":1,"name":"In\u00edcio","item":"https:\/\/www.legislapp.com.br\/"},{"@type":"ListItem","position":2,"name":"Avulso Inicial &#8211; PL 2749\/2025 &#8211; C\u00e2mara"}]},{"@type":"WebSite","@id":"https:\/\/www.legislapp.com.br\/#website","url":"https:\/\/www.legislapp.com.br\/","name":"Legislapp","description":"Intelig\u00eancia governamental em tempo real","publisher":{"@id":"https:\/\/www.legislapp.com.br\/#organization"},"potentialAction":[{"@type":"SearchAction","target":{"@type":"EntryPoint","urlTemplate":"https:\/\/www.legislapp.com.br\/?s={search_term_string}"},"query-input":{"@type":"PropertyValueSpecification","valueRequired":true,"valueName":"search_term_string"}}],"inLanguage":"pt-BR"},{"@type":"Organization","@id":"https:\/\/www.legislapp.com.br\/#organization","name":"Legislapp Monitoramento e Intelig\u00eancia Governamental","url":"https:\/\/www.legislapp.com.br\/","logo":{"@type":"ImageObject","inLanguage":"pt-BR","@id":"https:\/\/www.legislapp.com.br\/#\/schema\/logo\/image\/","url":"https:\/\/www.legislapp.com.br\/wp-content\/uploads\/icon.png","contentUrl":"https:\/\/www.legislapp.com.br\/wp-content\/uploads\/icon.png","width":1024,"height":1024,"caption":"Legislapp Monitoramento e Intelig\u00eancia Governamental"},"image":{"@id":"https:\/\/www.legislapp.com.br\/#\/schema\/logo\/image\/"},"sameAs":["https:\/\/www.instagram.com\/legislapp\/"]}]}},"_links":{"self":[{"href":"https:\/\/www.legislapp.com.br\/index.php\/wp-json\/wp\/v2\/pages\/10813","targetHints":{"allow":["GET"]}}],"collection":[{"href":"https:\/\/www.legislapp.com.br\/index.php\/wp-json\/wp\/v2\/pages"}],"about":[{"href":"https:\/\/www.legislapp.com.br\/index.php\/wp-json\/wp\/v2\/types\/page"}],"author":[{"embeddable":true,"href":"https:\/\/www.legislapp.com.br\/index.php\/wp-json\/wp\/v2\/users\/1"}],"replies":[{"embeddable":true,"href":"https:\/\/www.legislapp.com.br\/index.php\/wp-json\/wp\/v2\/comments?post=10813"}],"version-history":[{"count":0,"href":"https:\/\/www.legislapp.com.br\/index.php\/wp-json\/wp\/v2\/pages\/10813\/revisions"}],"wp:attachment":[{"href":"https:\/\/www.legislapp.com.br\/index.php\/wp-json\/wp\/v2\/media?parent=10813"}],"curies":[{"name":"wp","href":"https:\/\/api.w.org\/{rel}","templated":true}]}}