{"id":10854,"date":"2025-12-01T11:42:16","date_gmt":"2025-12-01T14:42:16","guid":{"rendered":"https:\/\/www.legislapp.com.br\/index.php\/avulso-inicial-pl-5727-2025-camara\/"},"modified":"2025-12-01T11:42:16","modified_gmt":"2025-12-01T14:42:16","slug":"avulso-inicial-pl-5727-2025-camara","status":"publish","type":"page","link":"https:\/\/www.legislapp.com.br\/index.php\/avulso-inicial-pl-5727-2025-camara\/","title":{"rendered":"Avulso Inicial &#8211; PL 5727\/2025 &#8211; C\u00e2mara"},"content":{"rendered":"<h1 style='text-align: center;'>Avulso Inicial &#8211; Autoria de Jos\u00e9 Medeiros<\/h3>\n<p><\/p>\n<article>C\u00e2mara dos Deputados<br \/>\nGabinete do Deputado Federal Jos\u00e9 Medeiros<br \/>\nPROJETO DE LEI N\u00ba          , DE 2025<br \/>\n(Do Sr. JOS\u00c9 MEDEIROS)<br \/>\nDisp\u00f5e sobre a limita\u00e7\u00e3o de varia\u00e7\u00f5es<br \/>\ntribut\u00e1rias decorrentes de altera\u00e7\u00e3o de<br \/>\nc\u00f3digo da Classifica\u00e7\u00e3o Nacional de<br \/>\nAtividades Econ\u00f4micas (CNAE) no objeto<br \/>\nsocial de empresas.<br \/>\nO Congresso Nacional decreta:<br \/>\nArt. 1\u00ba A presente Lei aplica-se a pessoas jur\u00eddicas<br \/>\nregularmente constitu\u00eddas no pa\u00eds que estejam enquadradas nos seguintes<br \/>\nregimes tribut\u00e1rios:<br \/>\nI \u2013 o Simples Nacional;<br \/>\nII \u2013 o regime de lucro presumido;<br \/>\nIII \u2013 regimes especiais para microempresas e empresa de<br \/>\npequeno porte, conforme a legisla\u00e7\u00e3o vigente.<br \/>\nArt. 2\u00ba Fica vedado, em decorr\u00eancia exclusiva da altera\u00e7\u00e3o ou<br \/>\ninclus\u00e3o de c\u00f3digo da CNAE no objeto social da empresa, o aumento da<br \/>\nal\u00edquota de tributos que incidem sobre receita bruta ou faturamento no Simples<br \/>\nNacional ou a elequa\u00e7\u00e3o autom\u00e1tica a anexo ou faixa mais gravosa, salvo se<br \/>\nverificado cumulativamente:<br \/>\nI \u2013 mudan\u00e7a substancial da atividade exercida, envolvendo<br \/>\nmaior risco, maior insalubridade ou uso intensivo de insumos distintos;<br \/>\nII \u2013 majora\u00e7\u00e3o expressamente prevista em legisla\u00e7\u00e3o<br \/>\nespec\u00edfica para aquela nova atividade;<br \/>\nIII \u2013 altera\u00e7\u00e3o no regime de tributa\u00e7\u00e3o por determina\u00e7\u00e3o legal<br \/>\nou regulamentar (e n\u00e3o por simples mudan\u00e7a de objeto social).<br \/>\nPara verificar as assinaturas, acesse https:\/\/infoleg-autenticidade-assinatura.camara.leg.br\/CD253990226200<br \/>\nAssinado eletronicamente pelo(a) Dep. Jos\u00e9 Medeiros e outros<br \/>\nApresenta\u00e7\u00e3o: 06\/11\/2025 16:12:50.263 &#8211; Mesa<br \/>\n*CD253990226200* PL n.5727\/2025<br \/>2<br \/>\n\u00a7 1\u00ba Entende-se por \u201cmudan\u00e7a substancial da atividade\u201d aquela<br \/>\nque implique efetiva altera\u00e7\u00e3o da cadeia produtiva, dos insumos ou do perfil de<br \/>\nrisco\/servi\u00e7o em rela\u00e7\u00e3o \u00e0 atividade anterior.<br \/>\nArt. 3\u00ba Esta Lei entra em vigor na data de sua publica\u00e7\u00e3o.<br \/>\nJUSTIFICA\u00c7\u00c3O<br \/>\nO presente Projeto de Lei tem por objetivo coibir distor\u00e7\u00f5es<br \/>\ntribut\u00e1rias que afetam micro, pequenas e m\u00e9dias empresas em raz\u00e3o de mera<br \/>\naltera\u00e7\u00e3o de c\u00f3digo da Classifica\u00e7\u00e3o Nacional de Atividades Econ\u00f4micas<br \/>\n(CNAE) no objeto social.<br \/>\nAtualmente, a simples mudan\u00e7a ou inclus\u00e3o de CNAE pode<br \/>\nresultar em varia\u00e7\u00f5es expressivas de carga tribut\u00e1ria, especialmente no<br \/>\nSimples Nacional, onde o enquadramento por \u201cAnexo\u201d \u00e9 determinado conforme<br \/>\na atividade declarada. Tal cen\u00e1rio cria inseguran\u00e7a jur\u00eddica e um ambiente de<br \/>\ninstabilidade para o empreendedor, que, ao ajustar sua atividade \u00e0s demandas<br \/>\ndo mercado, pode ser surpreendido com aumento de impostos totalmente<br \/>\ndesproporcional.<br \/>\nCasos pr\u00e1ticos s\u00e3o comuns: empresas que atuam em projetos<br \/>\nde arquitetura e passam a incluir servi\u00e7os de decora\u00e7\u00e3o ou design de interiores<br \/>\nsofrem eleva\u00e7\u00e3o s\u00fabita de al\u00edquota, embora mantenham a mesma estrutura<br \/>\noperacional, o mesmo corpo t\u00e9cnico e o mesmo perfil de risco. A mudan\u00e7a de<br \/>\nc\u00f3digo CNAE, meramente formal, acarreta tributa\u00e7\u00e3o significativamente maior,<br \/>\npodendo elevar a al\u00edquota efetiva em at\u00e9 50%, segundo estudos de contadores<br \/>\ne consultorias tribut\u00e1rias especializadas.<br \/>\nTal discrep\u00e2ncia fere o princ\u00edpio da isonomia (art. 150, II, da<br \/>\nConstitui\u00e7\u00e3o Federal) e o princ\u00edpio da capacidade contributiva (art. 145, \u00a71\u00ba),<br \/>\npois empresas com atividades semelhantes acabam sendo tratadas de forma<br \/>\ndesigual, apenas em raz\u00e3o de um c\u00f3digo classificat\u00f3rio que n\u00e3o reflete<br \/>\nsubstancial mudan\u00e7a na natureza do servi\u00e7o.<br \/>\nPara verificar as assinaturas, acesse https:\/\/infoleg-autenticidade-assinatura.camara.leg.br\/CD253990226200<br \/>\nAssinado eletronicamente pelo(a) Dep. Jos\u00e9 Medeiros e outros<br \/>\nApresenta\u00e7\u00e3o: 06\/11\/2025 16:12:50.263 &#8211; Mesa<br \/>\n*CD253990226200* PL n.5727\/2025<br \/>3<br \/>\nAl\u00e9m disso, a imprevisibilidade tribut\u00e1ria decorrente da<br \/>\naltera\u00e7\u00e3o de CNAE \u00e9 apontada como uma das causas da informalidade e da<br \/>\nfragmenta\u00e7\u00e3o de empresas em m\u00faltiplos CNPJs \u2014 estrat\u00e9gia muitas vezes<br \/>\nutilizada apenas para evitar saltos de al\u00edquotas entre atividades correlatas.<br \/>\nA proposta apresentada n\u00e3o elimina a compet\u00eancia da Uni\u00e3o,<br \/>\ndos Estados e dos Munic\u00edpios para definir tributos segundo as atividades<br \/>\necon\u00f4micas, mas estabelece limite e crit\u00e9rio de razoabilidade, vedando<br \/>\naumentos autom\u00e1ticos de carga tribut\u00e1ria quando n\u00e3o houver efetiva mudan\u00e7a<br \/>\nsubstancial da atividade econ\u00f4mica.<br \/>\nCom isso, busca-se:<br \/>\n\uf0b7 preservar a seguran\u00e7a jur\u00eddica e previsibilidade fiscal;<br \/>\n\uf0b7 estimular o empreendedorismo e a adapta\u00e7\u00e3o de empresas a novos<br \/>\nnichos de mercado;<br \/>\n\uf0b7 evitar a penaliza\u00e7\u00e3o por mera atualiza\u00e7\u00e3o cadastral; e<br \/>\n\uf0b7 harmonizar o tratamento tribut\u00e1rio entre atividades com similaridade<br \/>\nt\u00e9cnica e operacional.<br \/>\nTrata-se, portanto, de medida que contribui para a simplifica\u00e7\u00e3o<br \/>\ndo sistema tribut\u00e1rio e para o fortalecimento do ambiente de neg\u00f3cios no pa\u00eds,<br \/>\nem conson\u00e2ncia com os princ\u00edpios da efici\u00eancia e da livre iniciativa<br \/>\nconsagrados pela Constitui\u00e7\u00e3o Federal.<br \/>\nAnte o exposto, solicito o apoio dos meus pares para aprovar o<br \/>\npresente projeto de lei.<br \/>\nSala das Sess\u00f5es, em        de                     de 2025.<br \/>\nDeputado JOS\u00c9 MEDEIROS<br \/>\nPara verificar as assinaturas, acesse https:\/\/infoleg-autenticidade-assinatura.camara.leg.br\/CD253990226200<br \/>\nAssinado eletronicamente pelo(a) Dep. Jos\u00e9 Medeiros e outros<br \/>\nApresenta\u00e7\u00e3o: 06\/11\/2025 16:12:50.263 &#8211; Mesa<br \/>\n*CD253990226200* PL n.5727\/2025<br \/>C\u00c2MARA DOS DEPUTADOS<br \/>\nInfoleg &#8211; Autenticador<br \/>\nProjeto de Lei<\/p>\n<p>Deputado(s)<\/p>\n<p> 1  Dep. Jos\u00e9 Medeiros (PL\/MT)<br \/>\n 2  Dep. Raimundo Santos (PSD\/PA)<br \/>\n 3  Dep. Mario Frias (PL\/SP)<br \/>\nPara verificar as assinaturas, acesse https:\/\/infoleg-autenticidade-assinatura.camara.leg.br\/CD253990226200<br \/>\nAssinado eletronicamente pelo(a) Dep. Jos\u00e9 Medeiros e outros<br \/>\nApresenta\u00e7\u00e3o: 06\/11\/2025 16:12:50.263 &#8211; Mesa<br \/>\nPL n.5727\/2025<\/article>\n<p><a href='https:\/\/app.legislapp.com.br\/#\/busca?termo=Limita\u00e7\u00e3o'>Limita\u00e7\u00e3o<\/a>, <a href='https:\/\/app.legislapp.com.br\/#\/busca?termo=enquadramento'>enquadramento<\/a>, <a href='https:\/\/app.legislapp.com.br\/#\/busca?termo=Atividade empresarial'>Atividade empresarial<\/a>, <a href='https:\/\/app.legislapp.com.br\/#\/busca?termo=Microempresa'>Microempresa<\/a>, <a href='https:\/\/app.legislapp.com.br\/#\/busca?termo=M\u00e9dia empresa'>M\u00e9dia empresa<\/a>, <a href='https:\/\/app.legislapp.com.br\/#\/busca?termo=Classifica\u00e7\u00e3o Nacional de Atividades Econ\u00f4micas (CNAE)'>Classifica\u00e7\u00e3o Nacional de Atividades Econ\u00f4micas (CNAE)<\/a>, <a href='https:\/\/app.legislapp.com.br\/#\/busca?termo=altera\u00e7\u00e3o'>altera\u00e7\u00e3o<\/a>, <a href='https:\/\/app.legislapp.com.br\/#\/busca?termo=Carga tribut\u00e1ria'>Carga tribut\u00e1ria<\/a>, <a href='https:\/\/app.legislapp.com.br\/#\/busca?termo=Sistema tribut\u00e1rio'>Sistema tribut\u00e1rio<\/a>, <a href='https:\/\/app.legislapp.com.br\/#\/busca?termo=Regime Especial Unificado de Arrecada\u00e7\u00e3o de Tributos e Contribui\u00e7\u00f5es devidos pelas Microempresas e Empresas de Pequeno Porte (SIMPLES NACIONAL).'>Regime Especial Unificado de Arrecada\u00e7\u00e3o de Tributos e Contribui\u00e7\u00f5es devidos pelas Microempresas e Empresas de Pequeno Porte (SIMPLES NACIONAL).<\/a><\/p>\n<div style=\"text-align: center\">\n      <img decoding=\"async\" style=\"width: 14%;\" src=\"https:\/\/www.legislapp.com.br\/wp-content\/uploads\/2021\/07\/Logo-Legislapp-1-03-1.png\"><br \/>\n      <\/p>\n<div style=\"margin-bottom: 20px;\" class=\"et_pb_button_module_wrapper et_pb_button_5_tb_body_wrapper et_pb_button_alignment_center et_pb_module \">\n         <a class=\"et_pb_button et_pb_button_5_tb_body et_hover_enabled et_pb_bg_layout_dark\" style=\"width: 50%;background-color: black;\" href=\"https:\/\/app.legislapp.com.br\" target=\"_blank\" rel=\"noopener\">Visualizar completo na nossa plataforma (30 dias gr\u00e1tis)<\/a><\/p><\/div>\n<p>      <a href=\"https:\/\/play.google.com\/store\/apps\/details?id=br.com.legislapp\"><img decoding=\"async\" style=\"width: 15%; min-width: 130px;\" src=\"https:\/\/www.legislapp.com.br\/wp-content\/uploads\/google-play.png\"><\/a><br \/>\n      <a href=\"https:\/\/apps.apple.com\/us\/app\/legislapp\/id1568929859\"><img decoding=\"async\" style=\"width: 15%; min-width: 130px\" src=\"https:\/\/www.legislapp.com.br\/wp-content\/uploads\/apple-store.png\"><\/a>\n   <\/div>\n","protected":false},"excerpt":{"rendered":"<p>Avulso Inicial &#8211; Autoria de Jos\u00e9 Medeiros C\u00e2mara dos Deputados Gabinete do Deputado Federal Jos\u00e9 Medeiros PROJETO DE LEI N\u00ba , DE 2025 (Do Sr. JOS\u00c9 MEDEIROS) Disp\u00f5e sobre a limita\u00e7\u00e3o de varia\u00e7\u00f5es tribut\u00e1rias decorrentes de altera\u00e7\u00e3o de c\u00f3digo da Classifica\u00e7\u00e3o Nacional de Atividades Econ\u00f4micas (CNAE) no objeto social de empresas. O Congresso Nacional decreta: [&hellip;]<\/p>\n","protected":false},"author":1,"featured_media":0,"parent":0,"menu_order":0,"comment_status":"closed","ping_status":"closed","template":"page-template-blank.php","meta":{"_et_pb_use_builder":"","_et_pb_old_content":"","_et_gb_content_width":"1080","ngg_post_thumbnail":0,"footnotes":""},"class_list":["post-10854","page","type-page","status-publish","hentry"],"yoast_head":"<!-- This site is optimized with the Yoast SEO plugin v24.4 - https:\/\/yoast.com\/wordpress\/plugins\/seo\/ -->\n<title>Avulso Inicial - PL 5727\/2025 - C\u00e2mara - Legislapp<\/title>\n<meta name=\"robots\" content=\"index, follow, max-snippet:-1, max-image-preview:large, max-video-preview:-1\" \/>\n<link rel=\"canonical\" href=\"https:\/\/www.legislapp.com.br\/index.php\/avulso-inicial-pl-5727-2025-camara\/\" \/>\n<meta property=\"og:locale\" content=\"pt_BR\" \/>\n<meta property=\"og:type\" content=\"article\" \/>\n<meta property=\"og:title\" content=\"Avulso Inicial - PL 5727\/2025 - C\u00e2mara - Legislapp\" \/>\n<meta property=\"og:description\" content=\"Avulso Inicial &#8211; Autoria de Jos\u00e9 Medeiros C\u00e2mara dos Deputados Gabinete do Deputado Federal Jos\u00e9 Medeiros PROJETO DE LEI N\u00ba , DE 2025 (Do Sr. JOS\u00c9 MEDEIROS) Disp\u00f5e sobre a limita\u00e7\u00e3o de varia\u00e7\u00f5es tribut\u00e1rias decorrentes de altera\u00e7\u00e3o de c\u00f3digo da Classifica\u00e7\u00e3o Nacional de Atividades Econ\u00f4micas (CNAE) no objeto social de empresas. O Congresso Nacional decreta: [&hellip;]\" \/>\n<meta property=\"og:url\" content=\"https:\/\/www.legislapp.com.br\/index.php\/avulso-inicial-pl-5727-2025-camara\/\" \/>\n<meta property=\"og:site_name\" content=\"Legislapp\" \/>\n<meta property=\"article:publisher\" content=\"https:\/\/www.instagram.com\/legislapp\/\" \/>\n<meta property=\"og:image\" content=\"https:\/\/www.legislapp.com.br\/wp-content\/uploads\/2021\/07\/Logo-Legislapp-1-03-1.png\" \/>\n<meta name=\"twitter:card\" content=\"summary_large_image\" \/>\n<meta name=\"twitter:label1\" content=\"Est. tempo de leitura\" \/>\n\t<meta name=\"twitter:data1\" content=\"5 minutos\" \/>\n<script type=\"application\/ld+json\" class=\"yoast-schema-graph\">{\"@context\":\"https:\/\/schema.org\",\"@graph\":[{\"@type\":\"WebPage\",\"@id\":\"https:\/\/www.legislapp.com.br\/index.php\/avulso-inicial-pl-5727-2025-camara\/\",\"url\":\"https:\/\/www.legislapp.com.br\/index.php\/avulso-inicial-pl-5727-2025-camara\/\",\"name\":\"Avulso Inicial - PL 5727\/2025 - C\u00e2mara - Legislapp\",\"isPartOf\":{\"@id\":\"https:\/\/www.legislapp.com.br\/#website\"},\"primaryImageOfPage\":{\"@id\":\"https:\/\/www.legislapp.com.br\/index.php\/avulso-inicial-pl-5727-2025-camara\/#primaryimage\"},\"image\":{\"@id\":\"https:\/\/www.legislapp.com.br\/index.php\/avulso-inicial-pl-5727-2025-camara\/#primaryimage\"},\"thumbnailUrl\":\"https:\/\/www.legislapp.com.br\/wp-content\/uploads\/2021\/07\/Logo-Legislapp-1-03-1.png\",\"datePublished\":\"2025-12-01T14:42:16+00:00\",\"breadcrumb\":{\"@id\":\"https:\/\/www.legislapp.com.br\/index.php\/avulso-inicial-pl-5727-2025-camara\/#breadcrumb\"},\"inLanguage\":\"pt-BR\",\"potentialAction\":[{\"@type\":\"ReadAction\",\"target\":[\"https:\/\/www.legislapp.com.br\/index.php\/avulso-inicial-pl-5727-2025-camara\/\"]}]},{\"@type\":\"ImageObject\",\"inLanguage\":\"pt-BR\",\"@id\":\"https:\/\/www.legislapp.com.br\/index.php\/avulso-inicial-pl-5727-2025-camara\/#primaryimage\",\"url\":\"https:\/\/www.legislapp.com.br\/wp-content\/uploads\/2021\/07\/Logo-Legislapp-1-03-1.png\",\"contentUrl\":\"https:\/\/www.legislapp.com.br\/wp-content\/uploads\/2021\/07\/Logo-Legislapp-1-03-1.png\",\"width\":2679,\"height\":2697},{\"@type\":\"BreadcrumbList\",\"@id\":\"https:\/\/www.legislapp.com.br\/index.php\/avulso-inicial-pl-5727-2025-camara\/#breadcrumb\",\"itemListElement\":[{\"@type\":\"ListItem\",\"position\":1,\"name\":\"In\u00edcio\",\"item\":\"https:\/\/www.legislapp.com.br\/\"},{\"@type\":\"ListItem\",\"position\":2,\"name\":\"Avulso Inicial &#8211; PL 5727\/2025 &#8211; C\u00e2mara\"}]},{\"@type\":\"WebSite\",\"@id\":\"https:\/\/www.legislapp.com.br\/#website\",\"url\":\"https:\/\/www.legislapp.com.br\/\",\"name\":\"Legislapp\",\"description\":\"Intelig\u00eancia governamental em tempo real\",\"publisher\":{\"@id\":\"https:\/\/www.legislapp.com.br\/#organization\"},\"potentialAction\":[{\"@type\":\"SearchAction\",\"target\":{\"@type\":\"EntryPoint\",\"urlTemplate\":\"https:\/\/www.legislapp.com.br\/?s={search_term_string}\"},\"query-input\":{\"@type\":\"PropertyValueSpecification\",\"valueRequired\":true,\"valueName\":\"search_term_string\"}}],\"inLanguage\":\"pt-BR\"},{\"@type\":\"Organization\",\"@id\":\"https:\/\/www.legislapp.com.br\/#organization\",\"name\":\"Legislapp Monitoramento e Intelig\u00eancia Governamental\",\"url\":\"https:\/\/www.legislapp.com.br\/\",\"logo\":{\"@type\":\"ImageObject\",\"inLanguage\":\"pt-BR\",\"@id\":\"https:\/\/www.legislapp.com.br\/#\/schema\/logo\/image\/\",\"url\":\"https:\/\/www.legislapp.com.br\/wp-content\/uploads\/icon.png\",\"contentUrl\":\"https:\/\/www.legislapp.com.br\/wp-content\/uploads\/icon.png\",\"width\":1024,\"height\":1024,\"caption\":\"Legislapp Monitoramento e Intelig\u00eancia Governamental\"},\"image\":{\"@id\":\"https:\/\/www.legislapp.com.br\/#\/schema\/logo\/image\/\"},\"sameAs\":[\"https:\/\/www.instagram.com\/legislapp\/\"]}]}<\/script>\n<!-- \/ Yoast SEO plugin. -->","yoast_head_json":{"title":"Avulso Inicial - PL 5727\/2025 - C\u00e2mara - Legislapp","robots":{"index":"index","follow":"follow","max-snippet":"max-snippet:-1","max-image-preview":"max-image-preview:large","max-video-preview":"max-video-preview:-1"},"canonical":"https:\/\/www.legislapp.com.br\/index.php\/avulso-inicial-pl-5727-2025-camara\/","og_locale":"pt_BR","og_type":"article","og_title":"Avulso Inicial - PL 5727\/2025 - C\u00e2mara - Legislapp","og_description":"Avulso Inicial &#8211; Autoria de Jos\u00e9 Medeiros C\u00e2mara dos Deputados Gabinete do Deputado Federal Jos\u00e9 Medeiros PROJETO DE LEI N\u00ba , DE 2025 (Do Sr. JOS\u00c9 MEDEIROS) Disp\u00f5e sobre a limita\u00e7\u00e3o de varia\u00e7\u00f5es tribut\u00e1rias decorrentes de altera\u00e7\u00e3o de c\u00f3digo da Classifica\u00e7\u00e3o Nacional de Atividades Econ\u00f4micas (CNAE) no objeto social de empresas. O Congresso Nacional decreta: [&hellip;]","og_url":"https:\/\/www.legislapp.com.br\/index.php\/avulso-inicial-pl-5727-2025-camara\/","og_site_name":"Legislapp","article_publisher":"https:\/\/www.instagram.com\/legislapp\/","og_image":[{"url":"https:\/\/www.legislapp.com.br\/wp-content\/uploads\/2021\/07\/Logo-Legislapp-1-03-1.png","type":"","width":"","height":""}],"twitter_card":"summary_large_image","twitter_misc":{"Est. tempo de leitura":"5 minutos"},"schema":{"@context":"https:\/\/schema.org","@graph":[{"@type":"WebPage","@id":"https:\/\/www.legislapp.com.br\/index.php\/avulso-inicial-pl-5727-2025-camara\/","url":"https:\/\/www.legislapp.com.br\/index.php\/avulso-inicial-pl-5727-2025-camara\/","name":"Avulso Inicial - PL 5727\/2025 - C\u00e2mara - Legislapp","isPartOf":{"@id":"https:\/\/www.legislapp.com.br\/#website"},"primaryImageOfPage":{"@id":"https:\/\/www.legislapp.com.br\/index.php\/avulso-inicial-pl-5727-2025-camara\/#primaryimage"},"image":{"@id":"https:\/\/www.legislapp.com.br\/index.php\/avulso-inicial-pl-5727-2025-camara\/#primaryimage"},"thumbnailUrl":"https:\/\/www.legislapp.com.br\/wp-content\/uploads\/2021\/07\/Logo-Legislapp-1-03-1.png","datePublished":"2025-12-01T14:42:16+00:00","breadcrumb":{"@id":"https:\/\/www.legislapp.com.br\/index.php\/avulso-inicial-pl-5727-2025-camara\/#breadcrumb"},"inLanguage":"pt-BR","potentialAction":[{"@type":"ReadAction","target":["https:\/\/www.legislapp.com.br\/index.php\/avulso-inicial-pl-5727-2025-camara\/"]}]},{"@type":"ImageObject","inLanguage":"pt-BR","@id":"https:\/\/www.legislapp.com.br\/index.php\/avulso-inicial-pl-5727-2025-camara\/#primaryimage","url":"https:\/\/www.legislapp.com.br\/wp-content\/uploads\/2021\/07\/Logo-Legislapp-1-03-1.png","contentUrl":"https:\/\/www.legislapp.com.br\/wp-content\/uploads\/2021\/07\/Logo-Legislapp-1-03-1.png","width":2679,"height":2697},{"@type":"BreadcrumbList","@id":"https:\/\/www.legislapp.com.br\/index.php\/avulso-inicial-pl-5727-2025-camara\/#breadcrumb","itemListElement":[{"@type":"ListItem","position":1,"name":"In\u00edcio","item":"https:\/\/www.legislapp.com.br\/"},{"@type":"ListItem","position":2,"name":"Avulso Inicial &#8211; PL 5727\/2025 &#8211; C\u00e2mara"}]},{"@type":"WebSite","@id":"https:\/\/www.legislapp.com.br\/#website","url":"https:\/\/www.legislapp.com.br\/","name":"Legislapp","description":"Intelig\u00eancia governamental em tempo real","publisher":{"@id":"https:\/\/www.legislapp.com.br\/#organization"},"potentialAction":[{"@type":"SearchAction","target":{"@type":"EntryPoint","urlTemplate":"https:\/\/www.legislapp.com.br\/?s={search_term_string}"},"query-input":{"@type":"PropertyValueSpecification","valueRequired":true,"valueName":"search_term_string"}}],"inLanguage":"pt-BR"},{"@type":"Organization","@id":"https:\/\/www.legislapp.com.br\/#organization","name":"Legislapp Monitoramento e Intelig\u00eancia Governamental","url":"https:\/\/www.legislapp.com.br\/","logo":{"@type":"ImageObject","inLanguage":"pt-BR","@id":"https:\/\/www.legislapp.com.br\/#\/schema\/logo\/image\/","url":"https:\/\/www.legislapp.com.br\/wp-content\/uploads\/icon.png","contentUrl":"https:\/\/www.legislapp.com.br\/wp-content\/uploads\/icon.png","width":1024,"height":1024,"caption":"Legislapp Monitoramento e Intelig\u00eancia Governamental"},"image":{"@id":"https:\/\/www.legislapp.com.br\/#\/schema\/logo\/image\/"},"sameAs":["https:\/\/www.instagram.com\/legislapp\/"]}]}},"_links":{"self":[{"href":"https:\/\/www.legislapp.com.br\/index.php\/wp-json\/wp\/v2\/pages\/10854","targetHints":{"allow":["GET"]}}],"collection":[{"href":"https:\/\/www.legislapp.com.br\/index.php\/wp-json\/wp\/v2\/pages"}],"about":[{"href":"https:\/\/www.legislapp.com.br\/index.php\/wp-json\/wp\/v2\/types\/page"}],"author":[{"embeddable":true,"href":"https:\/\/www.legislapp.com.br\/index.php\/wp-json\/wp\/v2\/users\/1"}],"replies":[{"embeddable":true,"href":"https:\/\/www.legislapp.com.br\/index.php\/wp-json\/wp\/v2\/comments?post=10854"}],"version-history":[{"count":0,"href":"https:\/\/www.legislapp.com.br\/index.php\/wp-json\/wp\/v2\/pages\/10854\/revisions"}],"wp:attachment":[{"href":"https:\/\/www.legislapp.com.br\/index.php\/wp-json\/wp\/v2\/media?parent=10854"}],"curies":[{"name":"wp","href":"https:\/\/api.w.org\/{rel}","templated":true}]}}