{"id":10912,"date":"2025-12-01T11:45:46","date_gmt":"2025-12-01T14:45:46","guid":{"rendered":"https:\/\/www.legislapp.com.br\/index.php\/avulso-inicial-pl-5573-2025-camara\/"},"modified":"2025-12-01T11:45:46","modified_gmt":"2025-12-01T14:45:46","slug":"avulso-inicial-pl-5573-2025-camara","status":"publish","type":"page","link":"https:\/\/www.legislapp.com.br\/index.php\/avulso-inicial-pl-5573-2025-camara\/","title":{"rendered":"Avulso Inicial &#8211; PL 5573\/2025 &#8211; C\u00e2mara"},"content":{"rendered":"<h1 style='text-align: center;'>Avulso Inicial &#8211; Autoria de Greyce Elias<\/h3>\n<p><\/p>\n<article>C\u00c2MARA DOS DEPUTADOS<br \/>\nGabinete da Deputada Federal GREYCE ELIAS<br \/>\nPROJETO DE LEI N\u00ba , DE 2025.<br \/>\n(Da Senhora GREYCE ELIAS)<br \/>\nAltera o caput do art. 301 da<br \/>\nConsolida\u00e7\u00e3o das Leis do Trabalho<br \/>\n(CLT), aprovada pelo Decreto-Lei n\u00ba<br \/>\n5.452, de 1\u00ba de maio de 1943, relativo<br \/>\na trabalhos em minas de subsolo.<br \/>\nO Congresso Nacional decreta:<br \/>\nArt. 1\u00ba O caput do art. 301 da Consolida\u00e7\u00e3o das Leis do Trabalho (CLT),<br \/>\naprovada pelo Decreto-Lei n\u00ba 5.452, de 1\u00ba de maio de 1943, passa a vigorar<br \/>\ncom a seguinte reda\u00e7\u00e3o:<br \/>\n&#8230;&#8230;&#8230;&#8230;&#8230;&#8230;&#8230;&#8230;&#8230;&#8230;&#8230;&#8230;&#8230;&#8230;&#8230;&#8230;&#8230;&#8230;&#8230;&#8230;&#8230;&#8230;&#8230;<br \/>\nArt. 301 &#8211; O trabalho no subsolo ser\u00e1 permitido a<br \/>\nhomens e mulheres, com idade superior a 18 (dezoito) anos,<br \/>\nassegurada a transfer\u00eancia para a superf\u00edcie nos termos<br \/>\nprevistos no artigo anterior. (NR)<br \/>\nJUSTIFICA\u00c7\u00c3O<br \/>\nA CLT, criada na d\u00e9cada de 1940, sabidamente n\u00e3o acompanhou os<br \/>\navan\u00e7os tecnol\u00f3gicos do setor mineral, impactando sua competitividade, uma<br \/>\nvez que a falta de atualiza\u00e7\u00e3o das normas trabalhistas \u00e0s novas tecnologias<br \/>\nimp\u00f5e dificuldades ao Brasil em rela\u00e7\u00e3o a outros mercados produtores.<br \/>\nEnquanto pa\u00edses com atratividade mineral semelhante \u00e0 nossa, como<br \/>\nAustr\u00e1lia, Canad\u00e1, Chile, Estados Unidos e Peru, possuem uma legisla\u00e7\u00e3o<br \/>\ntrabalhista moderna, o Brasil ainda segue normas criadas h\u00e1 quase 80 anos,<br \/>\ncomo a disposta no art. 301 da CLT, que restringe o trabalho em minas<br \/>\nsubterr\u00e2neas a homens com idade entre 21 e 50 anos, proibindo<br \/>\nexpressamente que mulheres de qualquer idade e homens com mais de 50<br \/>\nanos exer\u00e7am tais atividades.<br \/>\nPara verificar a assinatura, acesse https:\/\/infoleg-autenticidade-assinatura.camara.leg.br\/CD254882970800<br \/>\nAssinado eletronicamente pelo(a) Dep. Greyce Elias<br \/>\nApresenta\u00e7\u00e3o: 30\/10\/2025 17:36:22.893 &#8211; Mesa<br \/>\n*CD254882970800* PL n.5573\/2025<br \/>C\u00c2MARA DOS DEPUTADOS<br \/>\nGabinete da Deputada Federal GREYCE ELIAS<br \/>\nTrata-se de norma que, al\u00e9m de desatualizada, afronta princ\u00edpios<br \/>\nconstitucionais, como os da igualdade de direitos entre homens e mulheres (art.<br \/>\n5\u00ba, I), da n\u00e3o discrimina\u00e7\u00e3o por idade ou sexo no trabalho (art. 7\u00ba, XXX), da<br \/>\ndignidade da pessoa humana e do valor social do trabalho (art. 1\u00ba, III e IV da<br \/>\nConstitui\u00e7\u00e3o Federal).<br \/>\nHoje, a minera\u00e7\u00e3o utiliza tecnologia avan\u00e7ada e conta com minas<br \/>\nsubterr\u00e2neas amplas e ventiladas, al\u00e9m de maquin\u00e1rios operados<br \/>\nremotamente, enquanto a legisla\u00e7\u00e3o ainda reflete uma realidade<br \/>\nsocioecon\u00f4mica ultrapassada e que n\u00e3o condiz mais com o atual padr\u00e3o de<br \/>\nseguran\u00e7a e desempenho do setor.<br \/>\nDesta forma, atenta ao fato de que a moderniza\u00e7\u00e3o das normas<br \/>\nbrasileiras \u00e9 essencial para garantir a seguran\u00e7a dos trabalhadores e fomentar a<br \/>\ncompetitividade do setor mineral, acompanhando o padr\u00e3o din\u00e2mico e evolutivo<br \/>\nda minera\u00e7\u00e3o global, e assegurando a igualdade de acesso ao trabalho tamb\u00e9m<br \/>\na profissionais experientes com idade superior a 50 anos, conto com o apoio<br \/>\ndos nobres parlamentares para a aprova\u00e7\u00e3o desta importante medida.<br \/>\nPor isso tamb\u00e9m, esta Casa precisar\u00e1 apreciar, em tempo oportuno, a<br \/>\natualiza\u00e7\u00e3o do C\u00f3digo de Minera\u00e7\u00e3o como um todo, pois legisla\u00e7\u00f5es defasadas<br \/>\natrasam o desenvolvimento do setor e imp\u00f5em entraves \u00e0 gera\u00e7\u00e3o de emprego,<br \/>\ne \u00e0 atra\u00e7\u00e3o de investimentos.<br \/>\nSala das Sess\u00f5es, de      de 2025.<br \/>\nDeputada Federal GREYCE ELIAS<br \/>\n(Avante \/ MG)<br \/>\nPara verificar a assinatura, acesse https:\/\/infoleg-autenticidade-assinatura.camara.leg.br\/CD254882970800<br \/>\nAssinado eletronicamente pelo(a) Dep. Greyce Elias<br \/>\nApresenta\u00e7\u00e3o: 30\/10\/2025 17:36:22.893 &#8211; Mesa<br \/>\n*CD254882970800* PL n.5573\/2025<\/article>\n<p><a href='https:\/\/app.legislapp.com.br\/#\/busca?termo=Altera\u00e7\u00e3o'>Altera\u00e7\u00e3o<\/a>, <a href='https:\/\/app.legislapp.com.br\/#\/busca?termo=Consolida\u00e7\u00e3o das Leis do Trabalho (CLT) (1943)'>Consolida\u00e7\u00e3o das Leis do Trabalho (CLT) (1943)<\/a>, <a href='https:\/\/app.legislapp.com.br\/#\/busca?termo=redu\u00e7\u00e3o'>redu\u00e7\u00e3o<\/a>, <a href='https:\/\/app.legislapp.com.br\/#\/busca?termo=idade m\u00ednima'>idade m\u00ednima<\/a>, <a href='https:\/\/app.legislapp.com.br\/#\/busca?termo=exclus\u00e3o'>exclus\u00e3o<\/a>, <a href='https:\/\/app.legislapp.com.br\/#\/busca?termo=idade m\u00e1xima'>idade m\u00e1xima<\/a>, <a href='https:\/\/app.legislapp.com.br\/#\/busca?termo=inclus\u00e3o'>inclus\u00e3o<\/a>, <a href='https:\/\/app.legislapp.com.br\/#\/busca?termo=mulher'>mulher<\/a>, <a href='https:\/\/app.legislapp.com.br\/#\/busca?termo=trabalho'>trabalho<\/a>, <a href='https:\/\/app.legislapp.com.br\/#\/busca?termo=mina'>mina<\/a>, <a href='https:\/\/app.legislapp.com.br\/#\/busca?termo=subsolo'>subsolo<\/a>, <a href='https:\/\/app.legislapp.com.br\/#\/busca?termo=minera\u00e7\u00e3o subterr\u00e2nea'>minera\u00e7\u00e3o subterr\u00e2nea<\/a>, <a href='https:\/\/app.legislapp.com.br\/#\/busca?termo=jazida'>jazida<\/a>, <a href='https:\/\/app.legislapp.com.br\/#\/busca?termo=setor mineral.'>setor mineral.<\/a><\/p>\n<div style=\"text-align: center\">\n      <img decoding=\"async\" style=\"width: 14%;\" src=\"https:\/\/www.legislapp.com.br\/wp-content\/uploads\/2021\/07\/Logo-Legislapp-1-03-1.png\"><br \/>\n      <\/p>\n<div style=\"margin-bottom: 20px;\" class=\"et_pb_button_module_wrapper et_pb_button_5_tb_body_wrapper et_pb_button_alignment_center et_pb_module \">\n         <a class=\"et_pb_button et_pb_button_5_tb_body et_hover_enabled et_pb_bg_layout_dark\" style=\"width: 50%;background-color: black;\" href=\"https:\/\/app.legislapp.com.br\" target=\"_blank\" rel=\"noopener\">Visualizar completo na nossa plataforma (30 dias gr\u00e1tis)<\/a><\/p><\/div>\n<p>      <a href=\"https:\/\/play.google.com\/store\/apps\/details?id=br.com.legislapp\"><img decoding=\"async\" style=\"width: 15%; min-width: 130px;\" src=\"https:\/\/www.legislapp.com.br\/wp-content\/uploads\/google-play.png\"><\/a><br \/>\n      <a href=\"https:\/\/apps.apple.com\/us\/app\/legislapp\/id1568929859\"><img decoding=\"async\" style=\"width: 15%; min-width: 130px\" src=\"https:\/\/www.legislapp.com.br\/wp-content\/uploads\/apple-store.png\"><\/a>\n   <\/div>\n","protected":false},"excerpt":{"rendered":"<p>Avulso Inicial &#8211; Autoria de Greyce Elias C\u00c2MARA DOS DEPUTADOS Gabinete da Deputada Federal GREYCE ELIAS PROJETO DE LEI N\u00ba , DE 2025. (Da Senhora GREYCE ELIAS) Altera o caput do art. 301 da Consolida\u00e7\u00e3o das Leis do Trabalho (CLT), aprovada pelo Decreto-Lei n\u00ba 5.452, de 1\u00ba de maio de 1943, relativo a trabalhos em [&hellip;]<\/p>\n","protected":false},"author":1,"featured_media":0,"parent":0,"menu_order":0,"comment_status":"closed","ping_status":"closed","template":"page-template-blank.php","meta":{"_et_pb_use_builder":"","_et_pb_old_content":"","_et_gb_content_width":"1080","ngg_post_thumbnail":0,"footnotes":""},"class_list":["post-10912","page","type-page","status-publish","hentry"],"yoast_head":"<!-- This site is optimized with the Yoast SEO plugin v24.4 - https:\/\/yoast.com\/wordpress\/plugins\/seo\/ -->\n<title>Avulso Inicial - PL 5573\/2025 - C\u00e2mara - Legislapp<\/title>\n<meta name=\"robots\" content=\"index, follow, max-snippet:-1, max-image-preview:large, max-video-preview:-1\" \/>\n<link rel=\"canonical\" href=\"https:\/\/www.legislapp.com.br\/index.php\/avulso-inicial-pl-5573-2025-camara\/\" \/>\n<meta property=\"og:locale\" content=\"pt_BR\" \/>\n<meta property=\"og:type\" content=\"article\" \/>\n<meta property=\"og:title\" content=\"Avulso Inicial - PL 5573\/2025 - C\u00e2mara - Legislapp\" \/>\n<meta property=\"og:description\" content=\"Avulso Inicial &#8211; Autoria de Greyce Elias C\u00c2MARA DOS DEPUTADOS Gabinete da Deputada Federal GREYCE ELIAS PROJETO DE LEI N\u00ba , DE 2025. (Da Senhora GREYCE ELIAS) Altera o caput do art. 301 da Consolida\u00e7\u00e3o das Leis do Trabalho (CLT), aprovada pelo Decreto-Lei n\u00ba 5.452, de 1\u00ba de maio de 1943, relativo a trabalhos em [&hellip;]\" \/>\n<meta property=\"og:url\" content=\"https:\/\/www.legislapp.com.br\/index.php\/avulso-inicial-pl-5573-2025-camara\/\" \/>\n<meta property=\"og:site_name\" content=\"Legislapp\" \/>\n<meta property=\"article:publisher\" content=\"https:\/\/www.instagram.com\/legislapp\/\" \/>\n<meta property=\"og:image\" content=\"https:\/\/www.legislapp.com.br\/wp-content\/uploads\/2021\/07\/Logo-Legislapp-1-03-1.png\" \/>\n<meta name=\"twitter:card\" content=\"summary_large_image\" \/>\n<meta name=\"twitter:label1\" content=\"Est. tempo de leitura\" \/>\n\t<meta name=\"twitter:data1\" content=\"3 minutos\" \/>\n<script type=\"application\/ld+json\" class=\"yoast-schema-graph\">{\"@context\":\"https:\/\/schema.org\",\"@graph\":[{\"@type\":\"WebPage\",\"@id\":\"https:\/\/www.legislapp.com.br\/index.php\/avulso-inicial-pl-5573-2025-camara\/\",\"url\":\"https:\/\/www.legislapp.com.br\/index.php\/avulso-inicial-pl-5573-2025-camara\/\",\"name\":\"Avulso Inicial - PL 5573\/2025 - C\u00e2mara - Legislapp\",\"isPartOf\":{\"@id\":\"https:\/\/www.legislapp.com.br\/#website\"},\"primaryImageOfPage\":{\"@id\":\"https:\/\/www.legislapp.com.br\/index.php\/avulso-inicial-pl-5573-2025-camara\/#primaryimage\"},\"image\":{\"@id\":\"https:\/\/www.legislapp.com.br\/index.php\/avulso-inicial-pl-5573-2025-camara\/#primaryimage\"},\"thumbnailUrl\":\"https:\/\/www.legislapp.com.br\/wp-content\/uploads\/2021\/07\/Logo-Legislapp-1-03-1.png\",\"datePublished\":\"2025-12-01T14:45:46+00:00\",\"breadcrumb\":{\"@id\":\"https:\/\/www.legislapp.com.br\/index.php\/avulso-inicial-pl-5573-2025-camara\/#breadcrumb\"},\"inLanguage\":\"pt-BR\",\"potentialAction\":[{\"@type\":\"ReadAction\",\"target\":[\"https:\/\/www.legislapp.com.br\/index.php\/avulso-inicial-pl-5573-2025-camara\/\"]}]},{\"@type\":\"ImageObject\",\"inLanguage\":\"pt-BR\",\"@id\":\"https:\/\/www.legislapp.com.br\/index.php\/avulso-inicial-pl-5573-2025-camara\/#primaryimage\",\"url\":\"https:\/\/www.legislapp.com.br\/wp-content\/uploads\/2021\/07\/Logo-Legislapp-1-03-1.png\",\"contentUrl\":\"https:\/\/www.legislapp.com.br\/wp-content\/uploads\/2021\/07\/Logo-Legislapp-1-03-1.png\",\"width\":2679,\"height\":2697},{\"@type\":\"BreadcrumbList\",\"@id\":\"https:\/\/www.legislapp.com.br\/index.php\/avulso-inicial-pl-5573-2025-camara\/#breadcrumb\",\"itemListElement\":[{\"@type\":\"ListItem\",\"position\":1,\"name\":\"In\u00edcio\",\"item\":\"https:\/\/www.legislapp.com.br\/\"},{\"@type\":\"ListItem\",\"position\":2,\"name\":\"Avulso Inicial &#8211; PL 5573\/2025 &#8211; C\u00e2mara\"}]},{\"@type\":\"WebSite\",\"@id\":\"https:\/\/www.legislapp.com.br\/#website\",\"url\":\"https:\/\/www.legislapp.com.br\/\",\"name\":\"Legislapp\",\"description\":\"Intelig\u00eancia governamental em tempo real\",\"publisher\":{\"@id\":\"https:\/\/www.legislapp.com.br\/#organization\"},\"potentialAction\":[{\"@type\":\"SearchAction\",\"target\":{\"@type\":\"EntryPoint\",\"urlTemplate\":\"https:\/\/www.legislapp.com.br\/?s={search_term_string}\"},\"query-input\":{\"@type\":\"PropertyValueSpecification\",\"valueRequired\":true,\"valueName\":\"search_term_string\"}}],\"inLanguage\":\"pt-BR\"},{\"@type\":\"Organization\",\"@id\":\"https:\/\/www.legislapp.com.br\/#organization\",\"name\":\"Legislapp Monitoramento e Intelig\u00eancia Governamental\",\"url\":\"https:\/\/www.legislapp.com.br\/\",\"logo\":{\"@type\":\"ImageObject\",\"inLanguage\":\"pt-BR\",\"@id\":\"https:\/\/www.legislapp.com.br\/#\/schema\/logo\/image\/\",\"url\":\"https:\/\/www.legislapp.com.br\/wp-content\/uploads\/icon.png\",\"contentUrl\":\"https:\/\/www.legislapp.com.br\/wp-content\/uploads\/icon.png\",\"width\":1024,\"height\":1024,\"caption\":\"Legislapp Monitoramento e Intelig\u00eancia Governamental\"},\"image\":{\"@id\":\"https:\/\/www.legislapp.com.br\/#\/schema\/logo\/image\/\"},\"sameAs\":[\"https:\/\/www.instagram.com\/legislapp\/\"]}]}<\/script>\n<!-- \/ Yoast SEO plugin. -->","yoast_head_json":{"title":"Avulso Inicial - PL 5573\/2025 - C\u00e2mara - Legislapp","robots":{"index":"index","follow":"follow","max-snippet":"max-snippet:-1","max-image-preview":"max-image-preview:large","max-video-preview":"max-video-preview:-1"},"canonical":"https:\/\/www.legislapp.com.br\/index.php\/avulso-inicial-pl-5573-2025-camara\/","og_locale":"pt_BR","og_type":"article","og_title":"Avulso Inicial - PL 5573\/2025 - C\u00e2mara - Legislapp","og_description":"Avulso Inicial &#8211; Autoria de Greyce Elias C\u00c2MARA DOS DEPUTADOS Gabinete da Deputada Federal GREYCE ELIAS PROJETO DE LEI N\u00ba , DE 2025. (Da Senhora GREYCE ELIAS) Altera o caput do art. 301 da Consolida\u00e7\u00e3o das Leis do Trabalho (CLT), aprovada pelo Decreto-Lei n\u00ba 5.452, de 1\u00ba de maio de 1943, relativo a trabalhos em [&hellip;]","og_url":"https:\/\/www.legislapp.com.br\/index.php\/avulso-inicial-pl-5573-2025-camara\/","og_site_name":"Legislapp","article_publisher":"https:\/\/www.instagram.com\/legislapp\/","og_image":[{"url":"https:\/\/www.legislapp.com.br\/wp-content\/uploads\/2021\/07\/Logo-Legislapp-1-03-1.png","type":"","width":"","height":""}],"twitter_card":"summary_large_image","twitter_misc":{"Est. tempo de leitura":"3 minutos"},"schema":{"@context":"https:\/\/schema.org","@graph":[{"@type":"WebPage","@id":"https:\/\/www.legislapp.com.br\/index.php\/avulso-inicial-pl-5573-2025-camara\/","url":"https:\/\/www.legislapp.com.br\/index.php\/avulso-inicial-pl-5573-2025-camara\/","name":"Avulso Inicial - PL 5573\/2025 - C\u00e2mara - Legislapp","isPartOf":{"@id":"https:\/\/www.legislapp.com.br\/#website"},"primaryImageOfPage":{"@id":"https:\/\/www.legislapp.com.br\/index.php\/avulso-inicial-pl-5573-2025-camara\/#primaryimage"},"image":{"@id":"https:\/\/www.legislapp.com.br\/index.php\/avulso-inicial-pl-5573-2025-camara\/#primaryimage"},"thumbnailUrl":"https:\/\/www.legislapp.com.br\/wp-content\/uploads\/2021\/07\/Logo-Legislapp-1-03-1.png","datePublished":"2025-12-01T14:45:46+00:00","breadcrumb":{"@id":"https:\/\/www.legislapp.com.br\/index.php\/avulso-inicial-pl-5573-2025-camara\/#breadcrumb"},"inLanguage":"pt-BR","potentialAction":[{"@type":"ReadAction","target":["https:\/\/www.legislapp.com.br\/index.php\/avulso-inicial-pl-5573-2025-camara\/"]}]},{"@type":"ImageObject","inLanguage":"pt-BR","@id":"https:\/\/www.legislapp.com.br\/index.php\/avulso-inicial-pl-5573-2025-camara\/#primaryimage","url":"https:\/\/www.legislapp.com.br\/wp-content\/uploads\/2021\/07\/Logo-Legislapp-1-03-1.png","contentUrl":"https:\/\/www.legislapp.com.br\/wp-content\/uploads\/2021\/07\/Logo-Legislapp-1-03-1.png","width":2679,"height":2697},{"@type":"BreadcrumbList","@id":"https:\/\/www.legislapp.com.br\/index.php\/avulso-inicial-pl-5573-2025-camara\/#breadcrumb","itemListElement":[{"@type":"ListItem","position":1,"name":"In\u00edcio","item":"https:\/\/www.legislapp.com.br\/"},{"@type":"ListItem","position":2,"name":"Avulso Inicial &#8211; PL 5573\/2025 &#8211; C\u00e2mara"}]},{"@type":"WebSite","@id":"https:\/\/www.legislapp.com.br\/#website","url":"https:\/\/www.legislapp.com.br\/","name":"Legislapp","description":"Intelig\u00eancia governamental em tempo real","publisher":{"@id":"https:\/\/www.legislapp.com.br\/#organization"},"potentialAction":[{"@type":"SearchAction","target":{"@type":"EntryPoint","urlTemplate":"https:\/\/www.legislapp.com.br\/?s={search_term_string}"},"query-input":{"@type":"PropertyValueSpecification","valueRequired":true,"valueName":"search_term_string"}}],"inLanguage":"pt-BR"},{"@type":"Organization","@id":"https:\/\/www.legislapp.com.br\/#organization","name":"Legislapp Monitoramento e Intelig\u00eancia Governamental","url":"https:\/\/www.legislapp.com.br\/","logo":{"@type":"ImageObject","inLanguage":"pt-BR","@id":"https:\/\/www.legislapp.com.br\/#\/schema\/logo\/image\/","url":"https:\/\/www.legislapp.com.br\/wp-content\/uploads\/icon.png","contentUrl":"https:\/\/www.legislapp.com.br\/wp-content\/uploads\/icon.png","width":1024,"height":1024,"caption":"Legislapp Monitoramento e Intelig\u00eancia Governamental"},"image":{"@id":"https:\/\/www.legislapp.com.br\/#\/schema\/logo\/image\/"},"sameAs":["https:\/\/www.instagram.com\/legislapp\/"]}]}},"_links":{"self":[{"href":"https:\/\/www.legislapp.com.br\/index.php\/wp-json\/wp\/v2\/pages\/10912","targetHints":{"allow":["GET"]}}],"collection":[{"href":"https:\/\/www.legislapp.com.br\/index.php\/wp-json\/wp\/v2\/pages"}],"about":[{"href":"https:\/\/www.legislapp.com.br\/index.php\/wp-json\/wp\/v2\/types\/page"}],"author":[{"embeddable":true,"href":"https:\/\/www.legislapp.com.br\/index.php\/wp-json\/wp\/v2\/users\/1"}],"replies":[{"embeddable":true,"href":"https:\/\/www.legislapp.com.br\/index.php\/wp-json\/wp\/v2\/comments?post=10912"}],"version-history":[{"count":0,"href":"https:\/\/www.legislapp.com.br\/index.php\/wp-json\/wp\/v2\/pages\/10912\/revisions"}],"wp:attachment":[{"href":"https:\/\/www.legislapp.com.br\/index.php\/wp-json\/wp\/v2\/media?parent=10912"}],"curies":[{"name":"wp","href":"https:\/\/api.w.org\/{rel}","templated":true}]}}