{"id":10949,"date":"2025-12-01T11:47:48","date_gmt":"2025-12-01T14:47:48","guid":{"rendered":"https:\/\/www.legislapp.com.br\/index.php\/avulso-inicial-pl-4385-2025-camara\/"},"modified":"2025-12-01T11:47:48","modified_gmt":"2025-12-01T14:47:48","slug":"avulso-inicial-pl-4385-2025-camara","status":"publish","type":"page","link":"https:\/\/www.legislapp.com.br\/index.php\/avulso-inicial-pl-4385-2025-camara\/","title":{"rendered":"Avulso Inicial &#8211; PL 4385\/2025 &#8211; C\u00e2mara"},"content":{"rendered":"<h1 style='text-align: center;'>Avulso Inicial &#8211; Autoria de Jonas Donizette<\/h3>\n<p><\/p>\n<article>PROJETO DE LEI N\u00ba          , DE 2025<br \/>\n(Do Sr. JONAS DONIZETTE)<br \/>\nAltera a Lei n\u00ba 9.434, de 4 de fevereiro<br \/>\nde 1997, para dispor sobre a retirada de<br \/>\ntecidos, \u00f3rg\u00e3os e partes do corpo de<br \/>\npessoas falecidas para transplantes ou outra<br \/>\nfinalidade terap\u00eautica.<br \/>\nO Congresso Nacional decreta:<br \/>\nArt. 1\u00ba A Lei n\u00ba 9.434, de 4 de fevereiro de 1997, passa a<br \/>\nvigorar acrescida do seguinte art. 4\u00ba-A:<br \/>\n\u201cArt. 4\u00ba-A N\u00e3o ser\u00e1 exigida a autoriza\u00e7\u00e3o de que trata o art. 4\u00ba<br \/>\ndesta Lei se a pessoa falecida houver, em vida, autorizado<br \/>\nexpressamente a retirada de tecidos, \u00f3rg\u00e3os e partes do corpo<br \/>\npara transplantes ou outra finalidade terap\u00eautica ap\u00f3s a morte<br \/>\nmediante documento eletr\u00f4nico \u00fanico espec\u00edfico gerado a partir<br \/>\nde acesso e emprego de plataforma eletr\u00f4nica criada para essa<br \/>\nfinalidade pelo Poder p\u00fablico e que contenha assinatura digital<br \/>\nreconhecida por autenticidade por servi\u00e7o notarial.<br \/>\n\u00a7 1\u00ba A autoriza\u00e7\u00e3o de que trata o caput deste artigo poder\u00e1 ser<br \/>\nrevogada em qualquer momento.<br \/>\n\u00a7 2\u00ba Ap\u00f3s ser efetuada a revoga\u00e7\u00e3o de que cuida o \u00a7 1\u00ba deste<br \/>\nartigo e comunicada a ocorr\u00eancia do fato para fins de registro,<br \/>\npoder\u00e1 ser efetuada nova autoriza\u00e7\u00e3o.\u201d<br \/>\nArt. 2\u00ba Esta Lei entra em vigor na data de sua publica\u00e7\u00e3o.<br \/>\nJUSTIFICA\u00c7\u00c3O<br \/>\nA Lei n\u00ba 9.434, de 4 de fevereiro de 1997, originalmente<br \/>\nestabeleceu que seria presumida a autoriza\u00e7\u00e3o post mortem para doa\u00e7\u00e3o de<br \/>\ntecidos, \u00f3rg\u00e3os ou partes do corpo humano para transplantes ou outra<br \/>\nfinalidade terap\u00eautica, a qual somente poderia ser elidida se houvesse a<br \/>\nmanifesta\u00e7\u00e3o em vida em sentido contr\u00e1rio do doador nos termos legalmente<br \/>\nPara verificar a assinatura, acesse https:\/\/infoleg-autenticidade-assinatura.camara.leg.br\/CD252729301600<br \/>\nAssinado eletronicamente pelo(a) Dep. Jonas Donizette<br \/>\nApresenta\u00e7\u00e3o: 02\/09\/2025 15:53:22.853 &#8211; Mesa<br \/>\n*CD252729301600* PL n.4385\/2025<br \/>2<br \/>\nprevistos, ou seja, mediante a express\u00e3o \u201cn\u00e3o-doador de \u00f3rg\u00e3os e tecidos\u201d a<br \/>\nser gravada, a pedido, \u201cde forma indel\u00e9vel e inviol\u00e1vel, na Carteira de<br \/>\nIdentidade Civil e na Carteira Nacional de Habilita\u00e7\u00e3o da pessoa que optasse<br \/>\npor essa condi\u00e7\u00e3o\u201d.<br \/>\nComo exce\u00e7\u00f5es a essa regra geral inicialmente fixada, previu-<br \/>\nse, nos artigos 5\u00ba e 6\u00ba da referida lei, que \u201cA remo\u00e7\u00e3o post mortem de tecidos,<br \/>\n\u00f3rg\u00e3os ou partes do corpo de pessoa juridicamente incapaz poder\u00e1 ser feita<br \/>\ndesde que permitida expressamente por ambos os pais, ou por seus<br \/>\nrespons\u00e1veis legais\u201d, assim como que restar\u00e1 vedada quando se tratar de<br \/>\npessoas falecidas n\u00e3o identificadas. Ambos esses dispositivos permanecem<br \/>\nvigentes, n\u00e3o tendo sido alterados at\u00e9 a presente data.<br \/>\nA mencionada regra geral, por\u00e9m, foi modificada por interm\u00e9dio<br \/>\nde Medida Provis\u00f3ria n\u00ba 2.083-32, de 2001, posteriormente convertida na Lei n\u00ba<br \/>\n10.211, de 23 de mar\u00e7o de 2001.<br \/>\nEssa lei de 2001 atribuiu nova reda\u00e7\u00e3o ao caput do art. 4\u00ba da<br \/>\nLei n\u00ba 9.434, de 1997, que passou a estabelecer que \u201cA retirada de tecidos,<br \/>\n\u00f3rg\u00e3os e partes do corpo de pessoas falecidas para transplantes ou outra<br \/>\nfinalidade terap\u00eautica, depender\u00e1 da autoriza\u00e7\u00e3o do c\u00f4njuge ou parente, maior<br \/>\nde idade, obedecida a linha sucess\u00f3ria, reta ou colateral, at\u00e9 o segundo grau<br \/>\ninclusive, firmada em documento subscrito por duas testemunhas presentes \u00e0<br \/>\nverifica\u00e7\u00e3o da morte\u201d.<br \/>\nHouve tamb\u00e9m a previs\u00e3o, no projeto de convers\u00e3o em lei da<br \/>\nreferida medida provis\u00f3ria aprovado pelo Congresso Nacional e submetido \u00e0<br \/>\nsan\u00e7\u00e3o ou veto pelo Chefe do Poder Executivo, de um par\u00e1grafo \u00fanico ao<br \/>\nmencionado art. 4\u00ba, que estipulava que \u201cA retirada de tecidos, \u00f3rg\u00e3os e partes<br \/>\ndo corpo de pessoas falecidas\u201d poderia \u201cser realizada a partir de registro feito<br \/>\nem vida, pelo de cujus, nos termos do regulamento\u201d.<br \/>\nContudo, esse par\u00e1grafo \u00fanico foi objeto de veto pelo Chefe do<br \/>\nPoder Executivo assim justificado:<br \/>\n&#8220;A inser\u00e7\u00e3o deste par\u00e1grafo induz o entendimento que, uma<br \/>\nvez o potencial doador tenha registrado em vida a vontade de<br \/>\ndoa\u00e7\u00e3o de \u00f3rg\u00e3os, esta manifesta\u00e7\u00e3o em si s\u00f3 seria suficiente<br \/>\ncomo autoriza\u00e7\u00e3o para a retirada dos \u00f3rg\u00e3os. Isto al\u00e9m de<br \/>\nPara verificar a assinatura, acesse https:\/\/infoleg-autenticidade-assinatura.camara.leg.br\/CD252729301600<br \/>\nAssinado eletronicamente pelo(a) Dep. Jonas Donizette<br \/>\nApresenta\u00e7\u00e3o: 02\/09\/2025 15:53:22.853 &#8211; Mesa<br \/>\n*CD252729301600* PL n.4385\/2025<br \/>3<br \/>\no<br \/>\ncontrariar o disposto no caput do art. 4 &#8211; a autoriza\u00e7\u00e3o familiar,<br \/>\ncontraria a pr\u00e1tica da totalidade das equipes transplantadoras<br \/>\ndo Pa\u00eds, que sempre consultam os familiares (mesmo na<br \/>\nexist\u00eancia de documento com manifesta\u00e7\u00e3o positiva de<br \/>\nvontade do potencial doador) e somente retiram os \u00f3rg\u00e3os se<br \/>\nestes, formalmente, autorizarem a doa\u00e7\u00e3o.&#8221;<br \/>\nA sistem\u00e1tica que poderia ter sido obtida pelo disposto no<br \/>\ncaput do art. 4\u00ba da Lei n\u00ba 9.434, de 1997, com a reda\u00e7\u00e3o dada pela Lei n\u00ba<br \/>\n10.211, de 23 de mar\u00e7o de 2001, combinado com o previsto no aludido<br \/>\npar\u00e1grafo \u00fanico objeto de veto afigura-se, no entanto, mais adequada para<br \/>\npermitir um incremento dos n\u00fameros relativos \u00e0 doa\u00e7\u00e3o de tecidos, \u00f3rg\u00e3os e<br \/>\npartes de corpo de pessoas falecidas para transplantes do que aquela que se<br \/>\nencontra hoje em vigor proveniente, de modo isolado, do estabelecido pelo<br \/>\nreferido caput.<br \/>\nIsso porque o processo desde a localiza\u00e7\u00e3o do doador falecido<br \/>\ne dos familiares para permitir a doa\u00e7\u00e3o at\u00e9 a efetiva\u00e7\u00e3o do transplante no<br \/>\npaciente \u00e9 longo, tem muitas etapas e muitos gargalos, mas o n\u00famero de<br \/>\npotenciais doadores \u00e9, sabidamente, um dos principais gargalos existentes.<br \/>\nBuscando, pois, aprimorar o ordenamento jur\u00eddico vigente, ora<br \/>\npropomos, mediante o presente projeto de lei, estabelecer, embora mantendo a<br \/>\nexig\u00eancia hoje estabelecida quanto \u00e0 autoriza\u00e7\u00e3o familiar nos termos da lei em<br \/>\nvigor (para a retirada, ap\u00f3s a morte, de tecidos, \u00f3rg\u00e3os e partes do corpo para<br \/>\ntransplantes ou outra finalidade terap\u00eautica), a possibilidade de se dispens\u00e1-la<br \/>\nquando houver a pr\u00e9via autoriza\u00e7\u00e3o, feita ainda em vida, de forma inequ\u00edvoca,<br \/>\npela pessoa falecida.<br \/>\nAdicionalmente, propomos estipular que a autoriza\u00e7\u00e3o do<br \/>\ndoador, em vida, caber\u00e1 ser feita, por raz\u00f5es de maior seguran\u00e7a e economia,<br \/>\nmediante documento eletr\u00f4nico \u00fanico espec\u00edfico gerado a partir de acesso e<br \/>\nemprego de plataforma mantida pelo Poder p\u00fablico especificamente para essa<br \/>\nfinalidade e que contenha a sua assinatura digital reconhecida por<br \/>\nautenticidade por servi\u00e7o notarial.<br \/>\nAtualmente, j\u00e1 h\u00e1 uma plataforma em funcionamento apta a ser<br \/>\nutilizada com tal objetivo e que foi desenvolvida pelo Conselho Nacional de<br \/>\nJusti\u00e7a (CNJ) e pelo Col\u00e9gio Notarial do Brasil (CNB\/CF) para permitir que as<br \/>\nPara verificar a assinatura, acesse https:\/\/infoleg-autenticidade-assinatura.camara.leg.br\/CD252729301600<br \/>\nAssinado eletronicamente pelo(a) Dep. Jonas Donizette<br \/>\nApresenta\u00e7\u00e3o: 02\/09\/2025 15:53:22.853 &#8211; Mesa<br \/>\n*CD252729301600* PL n.4385\/2025<br \/>4<br \/>\npessoas formalizem eletronicamente sua vontade de doar \u00f3rg\u00e3os, tecidos e<br \/>\npartes do corpo ap\u00f3s a morte. Nela, pode ser confeccionada a AEDO<br \/>\n(Autoriza\u00e7\u00e3o Eletr\u00f4nica de Doa\u00e7\u00e3o de \u00d3rg\u00e3os) por meio de preenchimento de<br \/>\num formul\u00e1rio online e assinatura digital do documento reconhecida por<br \/>\nautenticidade pelo sistema e-notariado a ser disponibilizada para consulta pelo<br \/>\nSistema Nacional de Transplantes.<br \/>\nCerto de que a import\u00e2ncia deste projeto de lei e os benef\u00edcios<br \/>\nque dele poder\u00e3o advir ser\u00e3o percebidos pelos meus ilustres Pares, esperamos<br \/>\ncontar com o apoio necess\u00e1rio para a sua aprova\u00e7\u00e3o.<br \/>\nSala das Sess\u00f5es, em        de                     de 2025.<br \/>\nDeputado JONAS DONIZETTE<br \/>\n2025-3060<br \/>\nPara verificar a assinatura, acesse https:\/\/infoleg-autenticidade-assinatura.camara.leg.br\/CD252729301600<br \/>\nAssinado eletronicamente pelo(a) Dep. Jonas Donizette<br \/>\nApresenta\u00e7\u00e3o: 02\/09\/2025 15:53:22.853 &#8211; Mesa<br \/>\n*CD252729301600* PL n.4385\/2025<\/article>\n<p><a href='https:\/\/app.legislapp.com.br\/#\/busca?termo=Altera\u00e7\u00e3o'>Altera\u00e7\u00e3o<\/a>, <a href='https:\/\/app.legislapp.com.br\/#\/busca?termo=Lei de Transplantes (1997)'>Lei de Transplantes (1997)<\/a>, <a href='https:\/\/app.legislapp.com.br\/#\/busca?termo=crit\u00e9rio'>crit\u00e9rio<\/a>, <a href='https:\/\/app.legislapp.com.br\/#\/busca?termo=dispensa'>dispensa<\/a>, <a href='https:\/\/app.legislapp.com.br\/#\/busca?termo=autoriza\u00e7\u00e3o'>autoriza\u00e7\u00e3o<\/a>, <a href='https:\/\/app.legislapp.com.br\/#\/busca?termo=retirada'>retirada<\/a>, <a href='https:\/\/app.legislapp.com.br\/#\/busca?termo=Remo\u00e7\u00e3o de \u00f3rg\u00e3o ou tecido'>Remo\u00e7\u00e3o de \u00f3rg\u00e3o ou tecido<\/a>, <a href='https:\/\/app.legislapp.com.br\/#\/busca?termo=pessoa falecida'>pessoa falecida<\/a>, <a href='https:\/\/app.legislapp.com.br\/#\/busca?termo=Autoriza\u00e7\u00e3o em vida.'>Autoriza\u00e7\u00e3o em vida.<\/a><\/p>\n<div style=\"text-align: center\">\n      <img decoding=\"async\" style=\"width: 14%;\" src=\"https:\/\/www.legislapp.com.br\/wp-content\/uploads\/2021\/07\/Logo-Legislapp-1-03-1.png\"><br \/>\n      <\/p>\n<div style=\"margin-bottom: 20px;\" class=\"et_pb_button_module_wrapper et_pb_button_5_tb_body_wrapper et_pb_button_alignment_center et_pb_module \">\n         <a class=\"et_pb_button et_pb_button_5_tb_body et_hover_enabled et_pb_bg_layout_dark\" style=\"width: 50%;background-color: black;\" href=\"https:\/\/app.legislapp.com.br\" target=\"_blank\" rel=\"noopener\">Visualizar completo na nossa plataforma (30 dias gr\u00e1tis)<\/a><\/p><\/div>\n<p>      <a href=\"https:\/\/play.google.com\/store\/apps\/details?id=br.com.legislapp\"><img decoding=\"async\" style=\"width: 15%; min-width: 130px;\" src=\"https:\/\/www.legislapp.com.br\/wp-content\/uploads\/google-play.png\"><\/a><br \/>\n      <a href=\"https:\/\/apps.apple.com\/us\/app\/legislapp\/id1568929859\"><img decoding=\"async\" style=\"width: 15%; min-width: 130px\" src=\"https:\/\/www.legislapp.com.br\/wp-content\/uploads\/apple-store.png\"><\/a>\n   <\/div>\n","protected":false},"excerpt":{"rendered":"<p>Avulso Inicial &#8211; Autoria de Jonas Donizette PROJETO DE LEI N\u00ba , DE 2025 (Do Sr. JONAS DONIZETTE) Altera a Lei n\u00ba 9.434, de 4 de fevereiro de 1997, para dispor sobre a retirada de tecidos, \u00f3rg\u00e3os e partes do corpo de pessoas falecidas para transplantes ou outra finalidade terap\u00eautica. O Congresso Nacional decreta: Art. [&hellip;]<\/p>\n","protected":false},"author":1,"featured_media":0,"parent":0,"menu_order":0,"comment_status":"closed","ping_status":"closed","template":"page-template-blank.php","meta":{"_et_pb_use_builder":"","_et_pb_old_content":"","_et_gb_content_width":"1080","ngg_post_thumbnail":0,"footnotes":""},"class_list":["post-10949","page","type-page","status-publish","hentry"],"yoast_head":"<!-- This site is optimized with the Yoast SEO plugin v24.4 - https:\/\/yoast.com\/wordpress\/plugins\/seo\/ -->\n<title>Avulso Inicial - PL 4385\/2025 - C\u00e2mara - Legislapp<\/title>\n<meta name=\"robots\" content=\"index, follow, max-snippet:-1, max-image-preview:large, max-video-preview:-1\" \/>\n<link rel=\"canonical\" href=\"https:\/\/www.legislapp.com.br\/index.php\/avulso-inicial-pl-4385-2025-camara\/\" \/>\n<meta property=\"og:locale\" content=\"pt_BR\" \/>\n<meta property=\"og:type\" content=\"article\" \/>\n<meta property=\"og:title\" content=\"Avulso Inicial - PL 4385\/2025 - C\u00e2mara - Legislapp\" \/>\n<meta property=\"og:description\" content=\"Avulso Inicial &#8211; Autoria de Jonas Donizette PROJETO DE LEI N\u00ba , DE 2025 (Do Sr. JONAS DONIZETTE) Altera a Lei n\u00ba 9.434, de 4 de fevereiro de 1997, para dispor sobre a retirada de tecidos, \u00f3rg\u00e3os e partes do corpo de pessoas falecidas para transplantes ou outra finalidade terap\u00eautica. O Congresso Nacional decreta: Art. [&hellip;]\" \/>\n<meta property=\"og:url\" content=\"https:\/\/www.legislapp.com.br\/index.php\/avulso-inicial-pl-4385-2025-camara\/\" \/>\n<meta property=\"og:site_name\" content=\"Legislapp\" \/>\n<meta property=\"article:publisher\" content=\"https:\/\/www.instagram.com\/legislapp\/\" \/>\n<meta property=\"og:image\" content=\"https:\/\/www.legislapp.com.br\/wp-content\/uploads\/2021\/07\/Logo-Legislapp-1-03-1.png\" \/>\n<meta name=\"twitter:card\" content=\"summary_large_image\" \/>\n<meta name=\"twitter:label1\" content=\"Est. tempo de leitura\" \/>\n\t<meta name=\"twitter:data1\" content=\"6 minutos\" \/>\n<script type=\"application\/ld+json\" class=\"yoast-schema-graph\">{\"@context\":\"https:\/\/schema.org\",\"@graph\":[{\"@type\":\"WebPage\",\"@id\":\"https:\/\/www.legislapp.com.br\/index.php\/avulso-inicial-pl-4385-2025-camara\/\",\"url\":\"https:\/\/www.legislapp.com.br\/index.php\/avulso-inicial-pl-4385-2025-camara\/\",\"name\":\"Avulso Inicial - PL 4385\/2025 - C\u00e2mara - Legislapp\",\"isPartOf\":{\"@id\":\"https:\/\/www.legislapp.com.br\/#website\"},\"primaryImageOfPage\":{\"@id\":\"https:\/\/www.legislapp.com.br\/index.php\/avulso-inicial-pl-4385-2025-camara\/#primaryimage\"},\"image\":{\"@id\":\"https:\/\/www.legislapp.com.br\/index.php\/avulso-inicial-pl-4385-2025-camara\/#primaryimage\"},\"thumbnailUrl\":\"https:\/\/www.legislapp.com.br\/wp-content\/uploads\/2021\/07\/Logo-Legislapp-1-03-1.png\",\"datePublished\":\"2025-12-01T14:47:48+00:00\",\"breadcrumb\":{\"@id\":\"https:\/\/www.legislapp.com.br\/index.php\/avulso-inicial-pl-4385-2025-camara\/#breadcrumb\"},\"inLanguage\":\"pt-BR\",\"potentialAction\":[{\"@type\":\"ReadAction\",\"target\":[\"https:\/\/www.legislapp.com.br\/index.php\/avulso-inicial-pl-4385-2025-camara\/\"]}]},{\"@type\":\"ImageObject\",\"inLanguage\":\"pt-BR\",\"@id\":\"https:\/\/www.legislapp.com.br\/index.php\/avulso-inicial-pl-4385-2025-camara\/#primaryimage\",\"url\":\"https:\/\/www.legislapp.com.br\/wp-content\/uploads\/2021\/07\/Logo-Legislapp-1-03-1.png\",\"contentUrl\":\"https:\/\/www.legislapp.com.br\/wp-content\/uploads\/2021\/07\/Logo-Legislapp-1-03-1.png\",\"width\":2679,\"height\":2697},{\"@type\":\"BreadcrumbList\",\"@id\":\"https:\/\/www.legislapp.com.br\/index.php\/avulso-inicial-pl-4385-2025-camara\/#breadcrumb\",\"itemListElement\":[{\"@type\":\"ListItem\",\"position\":1,\"name\":\"In\u00edcio\",\"item\":\"https:\/\/www.legislapp.com.br\/\"},{\"@type\":\"ListItem\",\"position\":2,\"name\":\"Avulso Inicial &#8211; PL 4385\/2025 &#8211; C\u00e2mara\"}]},{\"@type\":\"WebSite\",\"@id\":\"https:\/\/www.legislapp.com.br\/#website\",\"url\":\"https:\/\/www.legislapp.com.br\/\",\"name\":\"Legislapp\",\"description\":\"Intelig\u00eancia governamental em tempo real\",\"publisher\":{\"@id\":\"https:\/\/www.legislapp.com.br\/#organization\"},\"potentialAction\":[{\"@type\":\"SearchAction\",\"target\":{\"@type\":\"EntryPoint\",\"urlTemplate\":\"https:\/\/www.legislapp.com.br\/?s={search_term_string}\"},\"query-input\":{\"@type\":\"PropertyValueSpecification\",\"valueRequired\":true,\"valueName\":\"search_term_string\"}}],\"inLanguage\":\"pt-BR\"},{\"@type\":\"Organization\",\"@id\":\"https:\/\/www.legislapp.com.br\/#organization\",\"name\":\"Legislapp Monitoramento e Intelig\u00eancia Governamental\",\"url\":\"https:\/\/www.legislapp.com.br\/\",\"logo\":{\"@type\":\"ImageObject\",\"inLanguage\":\"pt-BR\",\"@id\":\"https:\/\/www.legislapp.com.br\/#\/schema\/logo\/image\/\",\"url\":\"https:\/\/www.legislapp.com.br\/wp-content\/uploads\/icon.png\",\"contentUrl\":\"https:\/\/www.legislapp.com.br\/wp-content\/uploads\/icon.png\",\"width\":1024,\"height\":1024,\"caption\":\"Legislapp Monitoramento e Intelig\u00eancia Governamental\"},\"image\":{\"@id\":\"https:\/\/www.legislapp.com.br\/#\/schema\/logo\/image\/\"},\"sameAs\":[\"https:\/\/www.instagram.com\/legislapp\/\"]}]}<\/script>\n<!-- \/ Yoast SEO plugin. -->","yoast_head_json":{"title":"Avulso Inicial - PL 4385\/2025 - C\u00e2mara - Legislapp","robots":{"index":"index","follow":"follow","max-snippet":"max-snippet:-1","max-image-preview":"max-image-preview:large","max-video-preview":"max-video-preview:-1"},"canonical":"https:\/\/www.legislapp.com.br\/index.php\/avulso-inicial-pl-4385-2025-camara\/","og_locale":"pt_BR","og_type":"article","og_title":"Avulso Inicial - PL 4385\/2025 - C\u00e2mara - Legislapp","og_description":"Avulso Inicial &#8211; Autoria de Jonas Donizette PROJETO DE LEI N\u00ba , DE 2025 (Do Sr. JONAS DONIZETTE) Altera a Lei n\u00ba 9.434, de 4 de fevereiro de 1997, para dispor sobre a retirada de tecidos, \u00f3rg\u00e3os e partes do corpo de pessoas falecidas para transplantes ou outra finalidade terap\u00eautica. O Congresso Nacional decreta: Art. [&hellip;]","og_url":"https:\/\/www.legislapp.com.br\/index.php\/avulso-inicial-pl-4385-2025-camara\/","og_site_name":"Legislapp","article_publisher":"https:\/\/www.instagram.com\/legislapp\/","og_image":[{"url":"https:\/\/www.legislapp.com.br\/wp-content\/uploads\/2021\/07\/Logo-Legislapp-1-03-1.png","type":"","width":"","height":""}],"twitter_card":"summary_large_image","twitter_misc":{"Est. tempo de leitura":"6 minutos"},"schema":{"@context":"https:\/\/schema.org","@graph":[{"@type":"WebPage","@id":"https:\/\/www.legislapp.com.br\/index.php\/avulso-inicial-pl-4385-2025-camara\/","url":"https:\/\/www.legislapp.com.br\/index.php\/avulso-inicial-pl-4385-2025-camara\/","name":"Avulso Inicial - PL 4385\/2025 - C\u00e2mara - Legislapp","isPartOf":{"@id":"https:\/\/www.legislapp.com.br\/#website"},"primaryImageOfPage":{"@id":"https:\/\/www.legislapp.com.br\/index.php\/avulso-inicial-pl-4385-2025-camara\/#primaryimage"},"image":{"@id":"https:\/\/www.legislapp.com.br\/index.php\/avulso-inicial-pl-4385-2025-camara\/#primaryimage"},"thumbnailUrl":"https:\/\/www.legislapp.com.br\/wp-content\/uploads\/2021\/07\/Logo-Legislapp-1-03-1.png","datePublished":"2025-12-01T14:47:48+00:00","breadcrumb":{"@id":"https:\/\/www.legislapp.com.br\/index.php\/avulso-inicial-pl-4385-2025-camara\/#breadcrumb"},"inLanguage":"pt-BR","potentialAction":[{"@type":"ReadAction","target":["https:\/\/www.legislapp.com.br\/index.php\/avulso-inicial-pl-4385-2025-camara\/"]}]},{"@type":"ImageObject","inLanguage":"pt-BR","@id":"https:\/\/www.legislapp.com.br\/index.php\/avulso-inicial-pl-4385-2025-camara\/#primaryimage","url":"https:\/\/www.legislapp.com.br\/wp-content\/uploads\/2021\/07\/Logo-Legislapp-1-03-1.png","contentUrl":"https:\/\/www.legislapp.com.br\/wp-content\/uploads\/2021\/07\/Logo-Legislapp-1-03-1.png","width":2679,"height":2697},{"@type":"BreadcrumbList","@id":"https:\/\/www.legislapp.com.br\/index.php\/avulso-inicial-pl-4385-2025-camara\/#breadcrumb","itemListElement":[{"@type":"ListItem","position":1,"name":"In\u00edcio","item":"https:\/\/www.legislapp.com.br\/"},{"@type":"ListItem","position":2,"name":"Avulso Inicial &#8211; PL 4385\/2025 &#8211; C\u00e2mara"}]},{"@type":"WebSite","@id":"https:\/\/www.legislapp.com.br\/#website","url":"https:\/\/www.legislapp.com.br\/","name":"Legislapp","description":"Intelig\u00eancia governamental em tempo real","publisher":{"@id":"https:\/\/www.legislapp.com.br\/#organization"},"potentialAction":[{"@type":"SearchAction","target":{"@type":"EntryPoint","urlTemplate":"https:\/\/www.legislapp.com.br\/?s={search_term_string}"},"query-input":{"@type":"PropertyValueSpecification","valueRequired":true,"valueName":"search_term_string"}}],"inLanguage":"pt-BR"},{"@type":"Organization","@id":"https:\/\/www.legislapp.com.br\/#organization","name":"Legislapp Monitoramento e Intelig\u00eancia Governamental","url":"https:\/\/www.legislapp.com.br\/","logo":{"@type":"ImageObject","inLanguage":"pt-BR","@id":"https:\/\/www.legislapp.com.br\/#\/schema\/logo\/image\/","url":"https:\/\/www.legislapp.com.br\/wp-content\/uploads\/icon.png","contentUrl":"https:\/\/www.legislapp.com.br\/wp-content\/uploads\/icon.png","width":1024,"height":1024,"caption":"Legislapp Monitoramento e Intelig\u00eancia Governamental"},"image":{"@id":"https:\/\/www.legislapp.com.br\/#\/schema\/logo\/image\/"},"sameAs":["https:\/\/www.instagram.com\/legislapp\/"]}]}},"_links":{"self":[{"href":"https:\/\/www.legislapp.com.br\/index.php\/wp-json\/wp\/v2\/pages\/10949","targetHints":{"allow":["GET"]}}],"collection":[{"href":"https:\/\/www.legislapp.com.br\/index.php\/wp-json\/wp\/v2\/pages"}],"about":[{"href":"https:\/\/www.legislapp.com.br\/index.php\/wp-json\/wp\/v2\/types\/page"}],"author":[{"embeddable":true,"href":"https:\/\/www.legislapp.com.br\/index.php\/wp-json\/wp\/v2\/users\/1"}],"replies":[{"embeddable":true,"href":"https:\/\/www.legislapp.com.br\/index.php\/wp-json\/wp\/v2\/comments?post=10949"}],"version-history":[{"count":0,"href":"https:\/\/www.legislapp.com.br\/index.php\/wp-json\/wp\/v2\/pages\/10949\/revisions"}],"wp:attachment":[{"href":"https:\/\/www.legislapp.com.br\/index.php\/wp-json\/wp\/v2\/media?parent=10949"}],"curies":[{"name":"wp","href":"https:\/\/api.w.org\/{rel}","templated":true}]}}