{"id":10962,"date":"2025-12-01T11:48:34","date_gmt":"2025-12-01T14:48:34","guid":{"rendered":"https:\/\/www.legislapp.com.br\/index.php\/avulso-inicial-pl-4495-2008-camara\/"},"modified":"2025-12-01T11:48:34","modified_gmt":"2025-12-01T14:48:34","slug":"avulso-inicial-pl-4495-2008-camara","status":"publish","type":"page","link":"https:\/\/www.legislapp.com.br\/index.php\/avulso-inicial-pl-4495-2008-camara\/","title":{"rendered":"Avulso Inicial &#8211; PL 4495\/2008 &#8211; C\u00e2mara"},"content":{"rendered":"<h1 style='text-align: center;'>Avulso Inicial &#8211; Autoria de Eduardo Cunha<\/h3>\n<p><\/p>\n<article>PROJETO DE LEI N\u00ba<br \/>\n(Do Senhor Deputado EDUARDO CUNHA)<br \/>\nDisp\u00f5e sobre regulamenta\u00e7\u00e3o do exerc\u00edcio<br \/>\nda profiss\u00e3o de \u201cSommelier\u201d.<br \/>\nO Congresso Nacional decreta:<br \/>\nArt. 1\u00ba Considera-se \u201cSommelier\u201d, para efeitos desta Lei, aquele que executa o servi\u00e7o<br \/>\nespecializado de vinhos e de outras bebidas em empresas de eventos gastron\u00f4micos,<br \/>\n\u201ccatering\u201d de companhias a\u00e9reas, mar\u00edtimas, hotelaria, restaurantes, supermercados e<br \/>\nenotecas.<br \/>\nPar\u00e1grafo \u00fanico. Considerar-se-\u00e1 opcional, aos estabelecimentos referidos no caput deste<br \/>\nartigo, a oferta da atividade exercida pelo \u201cprovador de vinho\u201d ou \u201cdegustador\u201d,<br \/>\nadmitindo-se a sua presen\u00e7a t\u00e3o somente naqueles casos em que o estabelecimento<br \/>\npretenda elevar o n\u00edvel de atendimento dos seus consumidores.<br \/>\nArt. 2\u00ba Somente poder\u00e3o exercer a profiss\u00e3o de \u201cSommelier\u201d os portadores de<br \/>\ncomprovantes de habilita\u00e7\u00e3o em cursos ministrados por institui\u00e7\u00f5es oficiais ou privadas,<br \/>\nnacionais ou estrangeiras, ou aqueles, que \u00e0 data de promulga\u00e7\u00e3o desta Lei, estejam<br \/>\nexercendo efetivamente a profiss\u00e3o h\u00e1 mais de 3 (tr\u00eas) anos.<br \/>\nArt. 3\u00ba S\u00e3o atividades espec\u00edficas do \u201cSommelier\u201d:<br \/>\nI \u2013 participar no planejamento e organiza\u00e7\u00e3o do servi\u00e7o de bebidas:<br \/>\na) colaborando na sele\u00e7\u00e3o e compra das bebidas a serem servidas nos estabelecimentos;<br \/>\nb) colaborando na elabora\u00e7\u00e3o e atualiza\u00e7\u00e3o da carta de vinhos e da carta do bar;<br \/>\nc) colaborando na defini\u00e7\u00e3o das bebidas dirigidas a eventos especiais, tais como,<br \/>\nbanquetes, buf\u00eas e coquet\u00e9is;<br \/>\nII \u2013 assegurar a gest\u00e3o do aprovisionamento e armazenagem dos produtos relacionados<br \/>\nao servi\u00e7o de bebidas:<br \/>a) organizando e dirigindo a cantina, controlando as entradas e sa\u00eddas de produtos,<br \/>\nefetuando as requisi\u00e7\u00f5es necess\u00e1rias, vigiando o estado de conserva\u00e7\u00e3o dos vinhos e<br \/>\nde outras bebidas;<br \/>\nb) controlando o estoque de bebidas na cantina, fornecendo indica\u00e7\u00f5es para a sua<br \/>\nadequada conserva\u00e7\u00e3o e vigiando, periodicamente, o estado dos vinhos,<br \/>\nnomeadamente, por meio da degusta\u00e7\u00e3o;<br \/>\nIII \u2013 preparar o servi\u00e7o de vinhos e de outras bebidas:<br \/>\na) verificando e preparando as condi\u00e7\u00f5es de utiliza\u00e7\u00e3o e limpeza dos equipamentos e<br \/>\nutens\u00edlios utilizados no servi\u00e7o de bebidas e, em especial, preparando o carrinho de<br \/>\nbebidas com aperitivos e digestivos;<br \/>\nb) providenciando a reposi\u00e7\u00e3o de produtos na cantina e assegurando as condi\u00e7\u00f5es<br \/>\nnecess\u00e1rias \u00e0 sua utiliza\u00e7\u00e3o, nomeadamente no que se refere \u00e0 temperatura dos<br \/>\nvinhos adequada \u00e0s suas caracter\u00edsticas;<br \/>\nc) obtendo as informa\u00e7\u00f5es relativas \u00e0 carta do restaurante e pratos do dia, de modo a<br \/>\nmelhor sugerir a bebida adequada;<br \/>\nIV \u2013 executar o servi\u00e7o de vinhos:<br \/>\na) apresentando a carta de vinhos ap\u00f3s consultar o pedido de refei\u00e7\u00e3o dos clientes e<br \/>\naconselh\u00e1-los na sua escolha, em fun\u00e7\u00e3o das iguarias escolhidas e das suas prefer\u00eancias a<br \/>\nfim de harmonizar a sua combina\u00e7\u00e3o;<br \/>\nb)procedendo \u00e0 abertura da garrafa, utilizando os utens\u00edlios adequados \u00e0s caracter\u00edsticas<br \/>\ndo vinho;<br \/>\nc) provando o vinho na presen\u00e7a do cliente, utilizando utens\u00edlios adequados;<br \/>\nd) procedendo \u00e0 decanta\u00e7\u00e3o do vinho com o aux\u00edlio de instrumentos adequados;<br \/>\ne) servindo o vinho aos clientes em copos apropriados, respeitando as regras e as<br \/>\nt\u00e9cnicas do servi\u00e7o e providenciando pela manuten\u00e7\u00e3o da temperatura adequada \u00e0<br \/>\nnatureza do vinho;<br \/>\nV \u2013 preparar e servir outras bebidas alco\u00f3licas e n\u00e3o-alco\u00f3licas:<br \/>\na) oferecendo aperitivos e digestivos aos clientes, apresentando a carta de bebidas e<br \/>\nprestando informa\u00e7\u00f5es e sugest\u00f5es;<br \/>b) preparando e servindo aperitivos e digestivos de acordo com a sua natureza,<br \/>\nmisturando os produtos nas quantidades adequadas, utilizando copos apropriados e<br \/>\nprocedendo \u00e0 sua decora\u00e7\u00e3o quando necess\u00e1rio;<br \/>\nVI \u2013 atender e resolver reclama\u00e7\u00f5es de clientes, tendo em conta a necessidade de<br \/>\nassegurar um bom clima relacional.<br \/>\nArt. 4\u00ba O exerc\u00edcio da profiss\u00e3o de \u201cSommelier\u201d depende de registro na Delegacia<br \/>\nRegional do Trabalho competente.<br \/>\nArt. 5\u00ba A concess\u00e3o do registro dar-se-\u00e1 mediante a apresenta\u00e7\u00e3o, pelo interessado, dos<br \/>\nseguintes documentos, comprovando:<br \/>\nI \u2013 identidade;<br \/>\nII \u2013 estar em dia com as obriga\u00e7\u00f5es eleitorais;<br \/>\nIII \u2013 quita\u00e7\u00e3o com o servi\u00e7o militar;<br \/>\nIV \u2013 ter conclu\u00eddo curso inerente \u00e0 degusta\u00e7\u00e3o, mantido por entidades competentes, ou<br \/>\nV \u2013 ter exercido por mais de 3 (tr\u00eas) anos a fun\u00e7\u00e3o de \u201cSommelier\u201d, nos termos do art.<br \/>\n2\u00ba.<br \/>\nArt. 6\u00ba Esta Lei entra em vigor na data de sua publica\u00e7\u00e3o.<br \/>\nJUSTIFICA\u00c7\u00c3O<br \/>\nEm homenagem \u00e0 iniciativa do Senador Edson Lob\u00e3o, reapresento este pleito,<br \/>\naprovado no Senado Federal e rejeitado na C\u00e2mara dos Deputados, com a transcri\u00e7\u00e3o da<br \/>\njustificativa do ent\u00e3o Projeto de Lei do Senado n\u00ba 179\/2002.<br \/>\n\u201cO Brasil vive fase de quase angustiante busca de exporta\u00e7\u00f5es, imprescind\u00edveis ao<br \/>\nnosso desejado desenvolvimento. E procura, tamb\u00e9m no est\u00edmulo ao turismo, as fontes<br \/>\nque possam ampliar as receitas. Merecem continuado apoio, portanto, todos os esfor\u00e7os<br \/>\nnesse sentido.<br \/>\nA cultura do vinho, no Brasil, tem sido uma esperan\u00e7a para tais pretens\u00f5es. J\u00e1 al<br \/>\n\u00e7ado o prest\u00edgio de tal produto a \u00e2mbito internacional, de vemos preserv\u00e1-lo e aprimor\u00e1-<br \/>\nlo. \u00c9 o que faz, por exemplo, a chamada ABS \u2013 Associa\u00e7\u00e3o Brasileira de Sommeliers, que<br \/>\nh\u00e1 d\u00e9cadas mant\u00e9m seccionais no Rio de Janeiro e S\u00e3o Paulo, e, mais recentemente, em<br \/>\nSalvador e Bras\u00edlia.<br \/>Nesse campo de atividades, \u00e9 fundamental a qualifica\u00e7\u00e3o dos seus profissionais,<br \/>\nque, no Brasil, precisam se igualar aos do exterior. O prest\u00edgio de sommelliers\u201d valoriza ho<br \/>\nt\u00e9is e restaurantes, atraindo o sem n\u00famero de turistas afei\u00e7oados \u00e0 tradi\u00e7\u00e3o do bom vi<br \/>\nnho.<br \/>\nA regulamenta\u00e7\u00e3o da profiss\u00e3o de \u201cSommellier\u201d, a meu ver, se enquadra entre<br \/>\naquelas iniciativas destinadas a melhorar a imagem de nossas ind\u00fastrias vin\u00edcola e tu<br \/>\nr\u00edstica. Esses profissionais s\u00e3o mediadores entre as vin\u00edcolas, restaurantes e turistas. Di<br \/>\nvulgam os vinhos e atuam para que os esfor\u00e7os de qualifica\u00e7\u00e3o desse produto nacional en<br \/>\ncontrem resposta no mercado internacional, com a amplia\u00e7\u00e3o das exporta\u00e7\u00f5es.<br \/>\nEm rela\u00e7\u00e3o ao texto do referido PLS n\u00ba 98, de 1997, alterei do original apenas o<br \/>\nart. 4\u00ba, que fixava em R$305,00 o piso salarial da categoria. Fixei tal piso, ap\u00f3s corrigido<br \/>\nat\u00e9 este m\u00eas de junho de 2002, em R$525,00 (excluidos os centavos).<br \/>\nEm homenagem ao autor inicial da proposi\u00e7\u00e3o, transcrevo a Justifica\u00e7\u00e3o ent\u00e3o<br \/>\nofereci da ao projeto:<br \/>\n\u201cO que se pretende com o Projeto de Lei ora apresentado \u00e9 a regulamenta\u00e7\u00e3o do<br \/>\nexerc\u00edcio da profiss\u00e3o de \u201cSommellier\u201d, ou seja, aquele profissional altamente es<br \/>\npecializado que promove o aconselhamento e serve o vinho ao consumidor nos restauran-<br \/>\ntes ou estabelecimentos similares.<br \/>\nA atividade de \u201dSommellier\u201d, no Brasil, j\u00e1 \u00e9 exercida, de fito, por centenas de pro<br \/>\nfissionais habilitados pela Associa\u00e7\u00e3o Brasileira de Sommelliers \u2013 ABS, com sede na ci<br \/>\ndade do Rio de Janeiro, pessoa jur\u00eddica de direito privado, sem fins lucrativos e que tem<br \/>\ncomo objetivo social qualificar, com refer\u00eancia espec\u00edfica os vinhos e a restaura\u00e7\u00e3o bra<br \/>\nsileira. Para tanto, desenvolve atividades tendentes a propagar o conhecimento e o<br \/>\nconsumo de vinhos, bem como preparar pessoal especializado para trabalhar com este<br \/>\nproduto.<br \/>\nRegistre-se que o Brasil, por iniciativa da ABS,em 1992 sediou o VII Congresso<br \/>\nMundial de Sommelliers, ocasi\u00e3o em que mais de 120 (cento e vinte) profissionais ori<br \/>\nundos de 20 (vinte) pa\u00edses, de pois de visitarem a serra ga\u00facha, onde puderam conhecer<br \/>\nos esfor\u00e7os e os not\u00e1veis resultados de nosso pa\u00eds na produ\u00e7\u00e3o de vinhos finos, estiveram<br \/>\ndisputando, na cidade do Rio de Janeiro, a l\u00e1urea de \u201cMelhor Sommellier do Mun do\u201d.<br \/>\nNo momento em que o nosso Pa\u00eds desenvolve um esfor\u00e7o espec\u00edfico no sentido de<br \/>\npromover a expans\u00e3o do turismo interno e a atra\u00e7\u00e3o de turistas estrangeiros, \u00e9 ineg\u00e1vel<br \/>\nque o requinte, a sofistica\u00e7\u00e3o e o aperfei\u00e7oamento da qualidade dos servi\u00e7os de hotelaria<br \/>\ne dos restaurantes h\u00e3o de contribuir sensivelmente para a mais ampla e r\u00e1pida<br \/>\nrecupera\u00e7\u00e3o do setor tur\u00edstico.<br \/>Assim, al\u00e9m da regulariza\u00e7\u00e3o das relevantes atividades exercidas pelos profissionais<br \/>\n\u201cSommelliers\u201d, j\u00e1 reconhecidos em diversos pa\u00edses sob a \u00e9gide da Association de la Somm<br \/>\nllerie Internationale \u2013 ASI, com sede em Mil\u00e3o, It\u00e1lia, da qual \u00e9 membro a Associa\u00e7\u00e3o Bra<br \/>\nsileira, a proposi\u00e7\u00e3o que ora submetemos \u00e0 considera\u00e7\u00e3o desta Casa contribuir\u00e1, ainda,<br \/>\npara o desenvolvimento s\u00f3cio economico do Brasil, especialmente no que diz respeito \u00e0 in<br \/>\nd\u00fastria do turismo\u2019 \u201c.<br \/>\nSala das Sess\u00f5es, em<br \/>\nDeputado EDUARDO CUNHA<\/article>\n<p><a href='https:\/\/app.legislapp.com.br\/#\/busca?termo=Regulamenta\u00e7\u00e3o'>Regulamenta\u00e7\u00e3o<\/a>, <a href='https:\/\/app.legislapp.com.br\/#\/busca?termo=profiss\u00e3o'>profiss\u00e3o<\/a>, <a href='https:\/\/app.legislapp.com.br\/#\/busca?termo=Sommelier'>Sommelier<\/a>, <a href='https:\/\/app.legislapp.com.br\/#\/busca?termo=exerc\u00edcio profissional'>exerc\u00edcio profissional<\/a>, <a href='https:\/\/app.legislapp.com.br\/#\/busca?termo=habilita\u00e7\u00e3o profissional'>habilita\u00e7\u00e3o profissional<\/a>, <a href='https:\/\/app.legislapp.com.br\/#\/busca?termo=registro profissional'>registro profissional<\/a>, <a href='https:\/\/app.legislapp.com.br\/#\/busca?termo=(DRT)'>(DRT)<\/a>, <a href='https:\/\/app.legislapp.com.br\/#\/busca?termo=atividade profissional'>atividade profissional<\/a>, <a href='https:\/\/app.legislapp.com.br\/#\/busca?termo=degustador de bebidas'>degustador de bebidas<\/a>, <a href='https:\/\/app.legislapp.com.br\/#\/busca?termo=vinho'>vinho<\/a>, <a href='https:\/\/app.legislapp.com.br\/#\/busca?termo=organiza\u00e7\u00e3o'>organiza\u00e7\u00e3o<\/a>, <a href='https:\/\/app.legislapp.com.br\/#\/busca?termo=card\u00e1pio'>card\u00e1pio<\/a>, <a href='https:\/\/app.legislapp.com.br\/#\/busca?termo=armazenagem'>armazenagem<\/a>, <a href='https:\/\/app.legislapp.com.br\/#\/busca?termo=bebida.'>bebida.<\/a><\/p>\n<div style=\"text-align: center\">\n      <img decoding=\"async\" style=\"width: 14%;\" src=\"https:\/\/www.legislapp.com.br\/wp-content\/uploads\/2021\/07\/Logo-Legislapp-1-03-1.png\"><br \/>\n      <\/p>\n<div style=\"margin-bottom: 20px;\" class=\"et_pb_button_module_wrapper et_pb_button_5_tb_body_wrapper et_pb_button_alignment_center et_pb_module \">\n         <a class=\"et_pb_button et_pb_button_5_tb_body et_hover_enabled et_pb_bg_layout_dark\" style=\"width: 50%;background-color: black;\" href=\"https:\/\/app.legislapp.com.br\" target=\"_blank\" rel=\"noopener\">Visualizar completo na nossa plataforma (30 dias gr\u00e1tis)<\/a><\/p><\/div>\n<p>      <a href=\"https:\/\/play.google.com\/store\/apps\/details?id=br.com.legislapp\"><img decoding=\"async\" style=\"width: 15%; min-width: 130px;\" src=\"https:\/\/www.legislapp.com.br\/wp-content\/uploads\/google-play.png\"><\/a><br \/>\n      <a href=\"https:\/\/apps.apple.com\/us\/app\/legislapp\/id1568929859\"><img decoding=\"async\" style=\"width: 15%; min-width: 130px\" src=\"https:\/\/www.legislapp.com.br\/wp-content\/uploads\/apple-store.png\"><\/a>\n   <\/div>\n","protected":false},"excerpt":{"rendered":"<p>Avulso Inicial &#8211; Autoria de Eduardo Cunha PROJETO DE LEI N\u00ba (Do Senhor Deputado EDUARDO CUNHA) Disp\u00f5e sobre regulamenta\u00e7\u00e3o do exerc\u00edcio da profiss\u00e3o de \u201cSommelier\u201d. O Congresso Nacional decreta: Art. 1\u00ba Considera-se \u201cSommelier\u201d, para efeitos desta Lei, aquele que executa o servi\u00e7o especializado de vinhos e de outras bebidas em empresas de eventos gastron\u00f4micos, \u201ccatering\u201d [&hellip;]<\/p>\n","protected":false},"author":1,"featured_media":0,"parent":0,"menu_order":0,"comment_status":"closed","ping_status":"closed","template":"page-template-blank.php","meta":{"_et_pb_use_builder":"","_et_pb_old_content":"","_et_gb_content_width":"1080","ngg_post_thumbnail":0,"footnotes":""},"class_list":["post-10962","page","type-page","status-publish","hentry"],"yoast_head":"<!-- This site is optimized with the Yoast SEO plugin v24.4 - https:\/\/yoast.com\/wordpress\/plugins\/seo\/ -->\n<title>Avulso Inicial - PL 4495\/2008 - C\u00e2mara - Legislapp<\/title>\n<meta name=\"robots\" content=\"index, follow, max-snippet:-1, max-image-preview:large, max-video-preview:-1\" \/>\n<link rel=\"canonical\" href=\"https:\/\/www.legislapp.com.br\/index.php\/avulso-inicial-pl-4495-2008-camara\/\" \/>\n<meta property=\"og:locale\" content=\"pt_BR\" \/>\n<meta property=\"og:type\" content=\"article\" \/>\n<meta property=\"og:title\" content=\"Avulso Inicial - PL 4495\/2008 - C\u00e2mara - Legislapp\" \/>\n<meta property=\"og:description\" content=\"Avulso Inicial &#8211; Autoria de Eduardo Cunha PROJETO DE LEI N\u00ba (Do Senhor Deputado EDUARDO CUNHA) Disp\u00f5e sobre regulamenta\u00e7\u00e3o do exerc\u00edcio da profiss\u00e3o de \u201cSommelier\u201d. O Congresso Nacional decreta: Art. 1\u00ba Considera-se \u201cSommelier\u201d, para efeitos desta Lei, aquele que executa o servi\u00e7o especializado de vinhos e de outras bebidas em empresas de eventos gastron\u00f4micos, \u201ccatering\u201d [&hellip;]\" \/>\n<meta property=\"og:url\" content=\"https:\/\/www.legislapp.com.br\/index.php\/avulso-inicial-pl-4495-2008-camara\/\" \/>\n<meta property=\"og:site_name\" content=\"Legislapp\" \/>\n<meta property=\"article:publisher\" content=\"https:\/\/www.instagram.com\/legislapp\/\" \/>\n<meta property=\"og:image\" content=\"https:\/\/www.legislapp.com.br\/wp-content\/uploads\/2021\/07\/Logo-Legislapp-1-03-1.png\" \/>\n<meta name=\"twitter:card\" content=\"summary_large_image\" \/>\n<meta name=\"twitter:label1\" content=\"Est. tempo de leitura\" \/>\n\t<meta name=\"twitter:data1\" content=\"7 minutos\" \/>\n<script type=\"application\/ld+json\" class=\"yoast-schema-graph\">{\"@context\":\"https:\/\/schema.org\",\"@graph\":[{\"@type\":\"WebPage\",\"@id\":\"https:\/\/www.legislapp.com.br\/index.php\/avulso-inicial-pl-4495-2008-camara\/\",\"url\":\"https:\/\/www.legislapp.com.br\/index.php\/avulso-inicial-pl-4495-2008-camara\/\",\"name\":\"Avulso Inicial - PL 4495\/2008 - C\u00e2mara - Legislapp\",\"isPartOf\":{\"@id\":\"https:\/\/www.legislapp.com.br\/#website\"},\"primaryImageOfPage\":{\"@id\":\"https:\/\/www.legislapp.com.br\/index.php\/avulso-inicial-pl-4495-2008-camara\/#primaryimage\"},\"image\":{\"@id\":\"https:\/\/www.legislapp.com.br\/index.php\/avulso-inicial-pl-4495-2008-camara\/#primaryimage\"},\"thumbnailUrl\":\"https:\/\/www.legislapp.com.br\/wp-content\/uploads\/2021\/07\/Logo-Legislapp-1-03-1.png\",\"datePublished\":\"2025-12-01T14:48:34+00:00\",\"breadcrumb\":{\"@id\":\"https:\/\/www.legislapp.com.br\/index.php\/avulso-inicial-pl-4495-2008-camara\/#breadcrumb\"},\"inLanguage\":\"pt-BR\",\"potentialAction\":[{\"@type\":\"ReadAction\",\"target\":[\"https:\/\/www.legislapp.com.br\/index.php\/avulso-inicial-pl-4495-2008-camara\/\"]}]},{\"@type\":\"ImageObject\",\"inLanguage\":\"pt-BR\",\"@id\":\"https:\/\/www.legislapp.com.br\/index.php\/avulso-inicial-pl-4495-2008-camara\/#primaryimage\",\"url\":\"https:\/\/www.legislapp.com.br\/wp-content\/uploads\/2021\/07\/Logo-Legislapp-1-03-1.png\",\"contentUrl\":\"https:\/\/www.legislapp.com.br\/wp-content\/uploads\/2021\/07\/Logo-Legislapp-1-03-1.png\",\"width\":2679,\"height\":2697},{\"@type\":\"BreadcrumbList\",\"@id\":\"https:\/\/www.legislapp.com.br\/index.php\/avulso-inicial-pl-4495-2008-camara\/#breadcrumb\",\"itemListElement\":[{\"@type\":\"ListItem\",\"position\":1,\"name\":\"In\u00edcio\",\"item\":\"https:\/\/www.legislapp.com.br\/\"},{\"@type\":\"ListItem\",\"position\":2,\"name\":\"Avulso Inicial &#8211; PL 4495\/2008 &#8211; C\u00e2mara\"}]},{\"@type\":\"WebSite\",\"@id\":\"https:\/\/www.legislapp.com.br\/#website\",\"url\":\"https:\/\/www.legislapp.com.br\/\",\"name\":\"Legislapp\",\"description\":\"Intelig\u00eancia governamental em tempo real\",\"publisher\":{\"@id\":\"https:\/\/www.legislapp.com.br\/#organization\"},\"potentialAction\":[{\"@type\":\"SearchAction\",\"target\":{\"@type\":\"EntryPoint\",\"urlTemplate\":\"https:\/\/www.legislapp.com.br\/?s={search_term_string}\"},\"query-input\":{\"@type\":\"PropertyValueSpecification\",\"valueRequired\":true,\"valueName\":\"search_term_string\"}}],\"inLanguage\":\"pt-BR\"},{\"@type\":\"Organization\",\"@id\":\"https:\/\/www.legislapp.com.br\/#organization\",\"name\":\"Legislapp Monitoramento e Intelig\u00eancia Governamental\",\"url\":\"https:\/\/www.legislapp.com.br\/\",\"logo\":{\"@type\":\"ImageObject\",\"inLanguage\":\"pt-BR\",\"@id\":\"https:\/\/www.legislapp.com.br\/#\/schema\/logo\/image\/\",\"url\":\"https:\/\/www.legislapp.com.br\/wp-content\/uploads\/icon.png\",\"contentUrl\":\"https:\/\/www.legislapp.com.br\/wp-content\/uploads\/icon.png\",\"width\":1024,\"height\":1024,\"caption\":\"Legislapp Monitoramento e Intelig\u00eancia Governamental\"},\"image\":{\"@id\":\"https:\/\/www.legislapp.com.br\/#\/schema\/logo\/image\/\"},\"sameAs\":[\"https:\/\/www.instagram.com\/legislapp\/\"]}]}<\/script>\n<!-- \/ Yoast SEO plugin. -->","yoast_head_json":{"title":"Avulso Inicial - PL 4495\/2008 - C\u00e2mara - Legislapp","robots":{"index":"index","follow":"follow","max-snippet":"max-snippet:-1","max-image-preview":"max-image-preview:large","max-video-preview":"max-video-preview:-1"},"canonical":"https:\/\/www.legislapp.com.br\/index.php\/avulso-inicial-pl-4495-2008-camara\/","og_locale":"pt_BR","og_type":"article","og_title":"Avulso Inicial - PL 4495\/2008 - C\u00e2mara - Legislapp","og_description":"Avulso Inicial &#8211; Autoria de Eduardo Cunha PROJETO DE LEI N\u00ba (Do Senhor Deputado EDUARDO CUNHA) Disp\u00f5e sobre regulamenta\u00e7\u00e3o do exerc\u00edcio da profiss\u00e3o de \u201cSommelier\u201d. O Congresso Nacional decreta: Art. 1\u00ba Considera-se \u201cSommelier\u201d, para efeitos desta Lei, aquele que executa o servi\u00e7o especializado de vinhos e de outras bebidas em empresas de eventos gastron\u00f4micos, \u201ccatering\u201d [&hellip;]","og_url":"https:\/\/www.legislapp.com.br\/index.php\/avulso-inicial-pl-4495-2008-camara\/","og_site_name":"Legislapp","article_publisher":"https:\/\/www.instagram.com\/legislapp\/","og_image":[{"url":"https:\/\/www.legislapp.com.br\/wp-content\/uploads\/2021\/07\/Logo-Legislapp-1-03-1.png","type":"","width":"","height":""}],"twitter_card":"summary_large_image","twitter_misc":{"Est. tempo de leitura":"7 minutos"},"schema":{"@context":"https:\/\/schema.org","@graph":[{"@type":"WebPage","@id":"https:\/\/www.legislapp.com.br\/index.php\/avulso-inicial-pl-4495-2008-camara\/","url":"https:\/\/www.legislapp.com.br\/index.php\/avulso-inicial-pl-4495-2008-camara\/","name":"Avulso Inicial - PL 4495\/2008 - C\u00e2mara - Legislapp","isPartOf":{"@id":"https:\/\/www.legislapp.com.br\/#website"},"primaryImageOfPage":{"@id":"https:\/\/www.legislapp.com.br\/index.php\/avulso-inicial-pl-4495-2008-camara\/#primaryimage"},"image":{"@id":"https:\/\/www.legislapp.com.br\/index.php\/avulso-inicial-pl-4495-2008-camara\/#primaryimage"},"thumbnailUrl":"https:\/\/www.legislapp.com.br\/wp-content\/uploads\/2021\/07\/Logo-Legislapp-1-03-1.png","datePublished":"2025-12-01T14:48:34+00:00","breadcrumb":{"@id":"https:\/\/www.legislapp.com.br\/index.php\/avulso-inicial-pl-4495-2008-camara\/#breadcrumb"},"inLanguage":"pt-BR","potentialAction":[{"@type":"ReadAction","target":["https:\/\/www.legislapp.com.br\/index.php\/avulso-inicial-pl-4495-2008-camara\/"]}]},{"@type":"ImageObject","inLanguage":"pt-BR","@id":"https:\/\/www.legislapp.com.br\/index.php\/avulso-inicial-pl-4495-2008-camara\/#primaryimage","url":"https:\/\/www.legislapp.com.br\/wp-content\/uploads\/2021\/07\/Logo-Legislapp-1-03-1.png","contentUrl":"https:\/\/www.legislapp.com.br\/wp-content\/uploads\/2021\/07\/Logo-Legislapp-1-03-1.png","width":2679,"height":2697},{"@type":"BreadcrumbList","@id":"https:\/\/www.legislapp.com.br\/index.php\/avulso-inicial-pl-4495-2008-camara\/#breadcrumb","itemListElement":[{"@type":"ListItem","position":1,"name":"In\u00edcio","item":"https:\/\/www.legislapp.com.br\/"},{"@type":"ListItem","position":2,"name":"Avulso Inicial &#8211; PL 4495\/2008 &#8211; C\u00e2mara"}]},{"@type":"WebSite","@id":"https:\/\/www.legislapp.com.br\/#website","url":"https:\/\/www.legislapp.com.br\/","name":"Legislapp","description":"Intelig\u00eancia governamental em tempo real","publisher":{"@id":"https:\/\/www.legislapp.com.br\/#organization"},"potentialAction":[{"@type":"SearchAction","target":{"@type":"EntryPoint","urlTemplate":"https:\/\/www.legislapp.com.br\/?s={search_term_string}"},"query-input":{"@type":"PropertyValueSpecification","valueRequired":true,"valueName":"search_term_string"}}],"inLanguage":"pt-BR"},{"@type":"Organization","@id":"https:\/\/www.legislapp.com.br\/#organization","name":"Legislapp Monitoramento e Intelig\u00eancia Governamental","url":"https:\/\/www.legislapp.com.br\/","logo":{"@type":"ImageObject","inLanguage":"pt-BR","@id":"https:\/\/www.legislapp.com.br\/#\/schema\/logo\/image\/","url":"https:\/\/www.legislapp.com.br\/wp-content\/uploads\/icon.png","contentUrl":"https:\/\/www.legislapp.com.br\/wp-content\/uploads\/icon.png","width":1024,"height":1024,"caption":"Legislapp Monitoramento e Intelig\u00eancia Governamental"},"image":{"@id":"https:\/\/www.legislapp.com.br\/#\/schema\/logo\/image\/"},"sameAs":["https:\/\/www.instagram.com\/legislapp\/"]}]}},"_links":{"self":[{"href":"https:\/\/www.legislapp.com.br\/index.php\/wp-json\/wp\/v2\/pages\/10962","targetHints":{"allow":["GET"]}}],"collection":[{"href":"https:\/\/www.legislapp.com.br\/index.php\/wp-json\/wp\/v2\/pages"}],"about":[{"href":"https:\/\/www.legislapp.com.br\/index.php\/wp-json\/wp\/v2\/types\/page"}],"author":[{"embeddable":true,"href":"https:\/\/www.legislapp.com.br\/index.php\/wp-json\/wp\/v2\/users\/1"}],"replies":[{"embeddable":true,"href":"https:\/\/www.legislapp.com.br\/index.php\/wp-json\/wp\/v2\/comments?post=10962"}],"version-history":[{"count":0,"href":"https:\/\/www.legislapp.com.br\/index.php\/wp-json\/wp\/v2\/pages\/10962\/revisions"}],"wp:attachment":[{"href":"https:\/\/www.legislapp.com.br\/index.php\/wp-json\/wp\/v2\/media?parent=10962"}],"curies":[{"name":"wp","href":"https:\/\/api.w.org\/{rel}","templated":true}]}}