{"id":11046,"date":"2026-01-19T11:02:18","date_gmt":"2026-01-19T14:02:18","guid":{"rendered":"https:\/\/www.legislapp.com.br\/index.php\/avulso-inicial-pl-5875-2025-camara\/"},"modified":"2026-01-19T11:02:18","modified_gmt":"2026-01-19T14:02:18","slug":"avulso-inicial-pl-5875-2025-camara","status":"publish","type":"page","link":"https:\/\/www.legislapp.com.br\/index.php\/avulso-inicial-pl-5875-2025-camara\/","title":{"rendered":"Avulso Inicial &#8211; PL 5875\/2025 &#8211; C\u00e2mara"},"content":{"rendered":"<h1 style='text-align: center;'>Avulso Inicial &#8211; Autoria de Fl\u00e1via Morais<\/h3>\n<p><\/p>\n<article>C\u00c2MARA DOS DEPUTADOS<br \/>\nPROJETO DE LEI N\u00ba          , DE 2025<br \/>\n(Da Sra. FL\u00c1VIA MORAIS)<br \/>\nAltera a Lei n\u00ba 12.587, de 3 de janeiro<br \/>\nde 2012, (Pol\u00edtica Nacional de Mobilidade<br \/>\nUrbana) para incluir a regulamenta\u00e7\u00e3o do<br \/>\nservi\u00e7o de transporte remunerado privado<br \/>\nindividual de passageiros no conte\u00fado<br \/>\nobrigat\u00f3rio do Plano de Mobilidade Urbana e<br \/>\ncria mecanismos de prote\u00e7\u00e3o aos motoristas<br \/>\nem caso de acidente ou doen\u00e7a.<br \/>\nO Congresso Nacional decreta:<br \/>\nArt. 1\u00ba Esta Lei altera a Lei n\u00ba 12.587, de 3 de janeiro de 2012,<br \/>\n(Pol\u00edtica Nacional de Mobilidade Urbana) para incluir a regulamenta\u00e7\u00e3o do<br \/>\nservi\u00e7o de transporte remunerado privado individual de passageiros no<br \/>\nconte\u00fado obrigat\u00f3rio do Plano de Mobilidade Urbana e cria mecanismos de<br \/>\nprote\u00e7\u00e3o aos motoristas em caso de acidente ou doen\u00e7a.<br \/>\nArt. 2\u00ba A Lei n\u00ba 12.587, de 2012, passa a vigorar com as<br \/>\nseguintes altera\u00e7\u00f5es:<br \/>\n\u201cArt. 11-C As empresas operadoras de aplica\u00e7\u00e3o de<br \/>\ninternet voltadas para servi\u00e7o de transporte remunerado<br \/>\nprivado individual de passageiros previsto no inciso X do<br \/>\nart. 4\u00ba desta Lei dever\u00e3o:<br \/>\nI &#8211; tratar os dados gerados por usu\u00e1rios e motoristas com<br \/>\no<br \/>\nbase na Lei n 13.709, de 14 de agosto de 2018 (Lei Geral<br \/>\nPara verificar a assinatura, acesse https:\/\/infoleg-autenticidade-assinatura.camara.leg.br\/CD259587097500<br \/>\nAssinado eletronicamente pelo(a) Dep. Fl\u00e1via Morais<br \/>\nApresenta\u00e7\u00e3o: 17\/11\/2025 11:33:52.340 &#8211; Mesa<br \/>\n*CD259587097500* PL n.5875\/2025<br \/>2<br \/>\nC\u00c2MARA DOS DEPUTADOS<br \/>\nde Prote\u00e7\u00e3o de Dados Pessoais \u2013 LGPD), respeitados os<br \/>\ndireitos do titular previstos naquela Lei;<br \/>\nII \u2013 estabelecer processo administrativo interno que<br \/>\nassegure o contradit\u00f3rio, a ampla defesa e o direito de<br \/>\nrecurso nos casos de a\u00e7\u00f5es de bloqueio, suspens\u00e3o e<br \/>\nexclus\u00e3o de usu\u00e1rios e de motoristas, assegurada a<br \/>\ninforma\u00e7\u00e3o ao sujeito da a\u00e7\u00e3o acerca do processo em<br \/>\ncurso, a gratuidade e a transpar\u00eancia do processo e a<br \/>\nrevis\u00e3o de eventuais decis\u00f5es por pessoa natural; e<br \/>\nIII &#8211; contratar seguro em benef\u00edcio do trabalhador nela<br \/>\ncadastrado, que garanta uma cobertura m\u00ednima em caso<br \/>\nde acidente ou doen\u00e7a que impe\u00e7a a presta\u00e7\u00e3o regular de<br \/>\nseus servi\u00e7os.<br \/>\n\u00a71\u00ba A empresa operadora arcar\u00e1 integralmente com o<br \/>\ncusto da contrata\u00e7\u00e3o e da manuten\u00e7\u00e3o do seguro de que<br \/>\ntrata o inciso III.<br \/>\n\u00a72\u00ba O seguro previsto no inciso III dever\u00e1 garantir<br \/>\ncoberturas para morte acidental, invalidez e incapacidade<br \/>\ntempor\u00e1ria.<br \/>\n\u00a73\u00ba No caso de incapacidade tempor\u00e1ria, o seguro<br \/>\ncontratado dever\u00e1 garantir cobertura equivalente a, no<br \/>\nm\u00ednimo, 50% (cinquenta por cento) da remunera\u00e7\u00e3o<br \/>\nm\u00e9dia di\u00e1ria do trabalhador apurada nos \u00faltimos 30 dias<br \/>\nde trabalho na plataforma, sendo o benef\u00edcio devido a<br \/>\npartir do primeiro dia de afastamento e pelo per\u00edodo em<br \/>\nque perdurar a incapacidade, limitado a 30 dias por<br \/>\nevento.<br \/>\n\u00a74\u00ba Estados, Distrito Federal e Munic\u00edpios, observado o<br \/>\ndisposto neste artigo, poder\u00e3o estabelecer normas<br \/>\ncomplementares relativas a limites, valores m\u00ednimos e<br \/>\npar\u00e2metros de cobertura do seguro de que trata o inciso<br \/>\nIII, visando \u00e0 adequa\u00e7\u00e3o \u00e0s peculiaridades e<br \/>\nnecessidades locais.\u201d<br \/>\n\u201cArt. 24. &#8230;&#8230;&#8230;&#8230;&#8230;&#8230;&#8230;&#8230;&#8230;&#8230;&#8230;&#8230;&#8230;&#8230;&#8230;&#8230;&#8230;&#8230;&#8230;&#8230;&#8230;&#8230;&#8230;&#8230;&#8230;&#8230;&#8230;&#8230;..<br \/>\n&#8230;&#8230;&#8230;&#8230;&#8230;&#8230;&#8230;&#8230;&#8230;&#8230;&#8230;&#8230;&#8230;&#8230;&#8230;&#8230;&#8230;&#8230;&#8230;&#8230;&#8230;&#8230;&#8230;&#8230;&#8230;&#8230;&#8230;&#8230;&#8230;&#8230;&#8230;&#8230;&#8230;.<br \/>\nPara verificar a assinatura, acesse https:\/\/infoleg-autenticidade-assinatura.camara.leg.br\/CD259587097500<br \/>\nAssinado eletronicamente pelo(a) Dep. Fl\u00e1via Morais<br \/>\nApresenta\u00e7\u00e3o: 17\/11\/2025 11:33:52.340 &#8211; Mesa<br \/>\n*CD259587097500* PL n.5875\/2025<br \/>3<br \/>\nC\u00c2MARA DOS DEPUTADOS<br \/>\nXII \u2013 diretrizes para a integra\u00e7\u00e3o e regulamenta\u00e7\u00e3o do servi\u00e7o<br \/>\nde transporte remunerado privado individual de passageiros,<br \/>\nobservado o disposto no art. 11-A.<br \/>\n&#8230;&#8230;&#8230;&#8230;&#8230;&#8230;&#8230;&#8230;&#8230;&#8230;&#8230;&#8230;&#8230;&#8230;&#8230;&#8230;&#8230;&#8230;&#8230;&#8230;&#8230;&#8230;&#8230;&#8230;&#8230;&#8230;&#8230;&#8230;&#8230;&#8230;..\u201d (NR)<br \/>\nArt. 3\u00ba Esta Lei entra em vigor na data de sua publica\u00e7\u00e3o.<br \/>\nJUSTIFICA\u00c7\u00c3O<br \/>\nA presente proposi\u00e7\u00e3o visa a criar mecanismo que incentive os<br \/>\nMunic\u00edpios a regulamentar o servi\u00e7o de transporte remunerado privado<br \/>\nindividual de passageiros, tamb\u00e9m conhecido como transporte por aplicativos.<br \/>\nPor for\u00e7a constitucional, e segundo as diretrizes da Pol\u00edtica<br \/>\nNacional de Mobilidade Urbana, cabe aos Munic\u00edpios a regulamenta\u00e7\u00e3o desse<br \/>\nservi\u00e7o. Nessa perspectiva, a legisla\u00e7\u00e3o federal n\u00e3o pode editar normas<br \/>\ndetalhadas sobre o tema nem obrigar que os Munic\u00edpios o fa\u00e7am. Como<br \/>\nresultado, ainda que algumas cidades j\u00e1 contem com legisla\u00e7\u00e3o sobre<br \/>\ntransporte por aplicativo, h\u00e1 muitos locais onde o servi\u00e7o \u00e9 prestado sem<br \/>\nregulamenta\u00e7\u00e3o adequada. Onde ainda n\u00e3o se editou lei sobre o<br \/>\nfuncionamento dessas plataformas, motoristas e usu\u00e1rios t\u00eam de conviver com<br \/>\nambiente juridicamente prec\u00e1rio, que flerta com a ilegalidade.<br \/>\nA situa\u00e7\u00e3o \u00e9 indesej\u00e1vel para todos os envolvidos. A falta de<br \/>\ndefini\u00e7\u00e3o das obriga\u00e7\u00f5es e direitos de cada um abre espa\u00e7o para injusti\u00e7as e<br \/>\narbitrariedades. A Administra\u00e7\u00e3o n\u00e3o tem meios adequados para fiscalizar, os<br \/>\nmotoristas ficam \u00e0 merc\u00ea das decis\u00f5es das plataformas e passageiros n\u00e3o t\u00eam<br \/>\na garantia do Estado de poder contar com um servi\u00e7o eficiente, e<br \/>\nprincipalmente seguro.<br \/>\nPara verificar a assinatura, acesse https:\/\/infoleg-autenticidade-assinatura.camara.leg.br\/CD259587097500<br \/>\nAssinado eletronicamente pelo(a) Dep. Fl\u00e1via Morais<br \/>\nApresenta\u00e7\u00e3o: 17\/11\/2025 11:33:52.340 &#8211; Mesa<br \/>\n*CD259587097500* PL n.5875\/2025<br \/>4<br \/>\nC\u00c2MARA DOS DEPUTADOS<br \/>\nDiante disso, propomos que essa regulamenta\u00e7\u00e3o seja parte<br \/>\nintegrante do Plano de Mobilidade Urbana, instrumento que deve ser<br \/>\nobrigatoriamente elaborado pelos grandes Munic\u00edpios. A PNMU prev\u00ea que os<br \/>\nMunic\u00edpios que n\u00e3o tenham aprovado o Plano apenas poder\u00e3o solicitar e<br \/>\nreceber recursos federais destinados \u00e0 mobilidade urbana caso eles sejam<br \/>\nutilizados para elabor\u00e1-lo. Dessa forma, n\u00e3o somente criamos um incentivo<br \/>\npoderoso para a regulamenta\u00e7\u00e3o do transporte por aplicativo, mas tamb\u00e9m<br \/>\ninduzimos os Munic\u00edpios a integra-los ao planejamento da mobilidade local.<br \/>\nDe outra parte, considerando o modelo de reparti\u00e7\u00e3o de<br \/>\ncompet\u00eancias federativas delineado na Constitui\u00e7\u00e3o Federal de 1988 (art. 22,<br \/>\nVII), os direitos sociais \u00e0 sa\u00fade e ao trabalho (art. 6\u00ba) e a latente<br \/>\nvulnerabilidade dos motoristas de aplicativos, com elevada exposi\u00e7\u00e3o a riscos<br \/>\nde acidentes de tr\u00e2nsito, assaltos e agress\u00f5es durante o exerc\u00edcio de suas<br \/>\natividades, estipulamos a obrigatoriedade nacional de contrata\u00e7\u00e3o, pelas<br \/>\nplataformas, de seguro com cobertura para acidentes e doen\u00e7as que<br \/>\ninviabilizem a presta\u00e7\u00e3o dos servi\u00e7os pelo trabalhador.<br \/>\nEm complemento, de modo a garantir os direitos fundamentais<br \/>\ndos usu\u00e1rios e motoristas, em especial o direito \u00e0 intimidade e privacidade,<br \/>\nbem como da ampla defesa em eventuais processos administrativos internos<br \/>\ndas plataformas, inclu\u00edmos dispositivo espec\u00edfico na citada Pol\u00edtica Nacional.<br \/>\nPrimeiro que os dados a serem tratados respeitem a Lei Geral de Prote\u00e7\u00e3o de<br \/>\no<br \/>\nDados Pessoais (LGPD \u2013 Lei n 13.709\/2018), o que assegura que as<br \/>\nplataformas n\u00e3o exponham ou utilizem os dados coletados de forma n\u00e3o<br \/>\nconsentida e para fins il\u00edcitos, dentre outras prote\u00e7\u00f5es previstas naquele<br \/>\ndiploma. E, por fim, assegurar que eventuais processos de exclus\u00e3o ou<br \/>\npuni\u00e7\u00f5es levadas a cabo por plataformas sigam amplo, gratuito e devido<br \/>\nprocesso.<br \/>\nA ideia \u00e9 a exist\u00eancia de patamar m\u00ednimo de prote\u00e7\u00e3o, em<br \/>\nquest\u00f5es de sa\u00fade e seguran\u00e7a no trabalho, dos motoristas de aplicativo.<br \/>\nAssim, na regula\u00e7\u00e3o e fiscaliza\u00e7\u00e3o do servi\u00e7o de transporte remunerado<br \/>\nprivado individual de passageiros em seu \u00e2mbito, o ente municipal ter\u00e1 que<br \/>\nPara verificar a assinatura, acesse https:\/\/infoleg-autenticidade-assinatura.camara.leg.br\/CD259587097500<br \/>\nAssinado eletronicamente pelo(a) Dep. Fl\u00e1via Morais<br \/>\nApresenta\u00e7\u00e3o: 17\/11\/2025 11:33:52.340 &#8211; Mesa<br \/>\n*CD259587097500* PL n.5875\/2025<br \/>5<br \/>\nC\u00c2MARA DOS DEPUTADOS<br \/>\nobservar, obrigatoriamente, a diretriz federal voltada \u00e0 prote\u00e7\u00e3o da sa\u00fade do<br \/>\ntrabalhador ora estabelecida: a contrata\u00e7\u00e3o de um seguro a cargo das<br \/>\nplataformas.<br \/>\nPelo exposto, rogo aos nobres Pares apoio para aprova\u00e7\u00e3o da<br \/>\nmat\u00e9ria.<br \/>\nSala das Sess\u00f5es, em        de                     de 2025.<br \/>\nDeputada FL\u00c1VIA MORAIS<br \/>\n2025-16045<br \/>\nPara verificar a assinatura, acesse https:\/\/infoleg-autenticidade-assinatura.camara.leg.br\/CD259587097500<br \/>\nAssinado eletronicamente pelo(a) Dep. Fl\u00e1via Morais<br \/>\nApresenta\u00e7\u00e3o: 17\/11\/2025 11:33:52.340 &#8211; Mesa<br \/>\n*CD259587097500* PL n.5875\/2025<\/article>\n<p><a href='https:\/\/app.legislapp.com.br\/#\/busca?termo=Altera\u00e7\u00e3o'>Altera\u00e7\u00e3o<\/a>, <a href='https:\/\/app.legislapp.com.br\/#\/busca?termo=Lei da Pol\u00edtica Nacional de Mobilidade Urbana (2012)'>Lei da Pol\u00edtica Nacional de Mobilidade Urbana (2012)<\/a>, <a href='https:\/\/app.legislapp.com.br\/#\/busca?termo=regula\u00e7\u00e3o'>regula\u00e7\u00e3o<\/a>, <a href='https:\/\/app.legislapp.com.br\/#\/busca?termo=servi\u00e7os de transporte'>servi\u00e7os de transporte<\/a>, <a href='https:\/\/app.legislapp.com.br\/#\/busca?termo=transporte privado individual'>transporte privado individual<\/a>, <a href='https:\/\/app.legislapp.com.br\/#\/busca?termo=empresa operadora de aplicativo'>empresa operadora de aplicativo<\/a>, <a href='https:\/\/app.legislapp.com.br\/#\/busca?termo=obrigatoriedade'>obrigatoriedade<\/a>, <a href='https:\/\/app.legislapp.com.br\/#\/busca?termo=seguro'>seguro<\/a>, <a href='https:\/\/app.legislapp.com.br\/#\/busca?termo=trabalhador'>trabalhador<\/a>, <a href='https:\/\/app.legislapp.com.br\/#\/busca?termo=motorista de aplicativo'>motorista de aplicativo<\/a>, <a href='https:\/\/app.legislapp.com.br\/#\/busca?termo=usu\u00e1rio de servi\u00e7os'>usu\u00e1rio de servi\u00e7os<\/a>, <a href='https:\/\/app.legislapp.com.br\/#\/busca?termo=exclus\u00e3o'>exclus\u00e3o<\/a>, <a href='https:\/\/app.legislapp.com.br\/#\/busca?termo=processo administrativo'>processo administrativo<\/a>, <a href='https:\/\/app.legislapp.com.br\/#\/busca?termo=prote\u00e7\u00e3o'>prote\u00e7\u00e3o<\/a>, <a href='https:\/\/app.legislapp.com.br\/#\/busca?termo=dados'>dados<\/a>, <a href='https:\/\/app.legislapp.com.br\/#\/busca?termo=integra\u00e7\u00e3o'>integra\u00e7\u00e3o<\/a>, <a href='https:\/\/app.legislapp.com.br\/#\/busca?termo=Plano de Mobilidade Urbana'>Plano de Mobilidade Urbana<\/a>, <a href='https:\/\/app.legislapp.com.br\/#\/busca?termo=diretrizes.'>diretrizes.<\/a><\/p>\n<div style=\"text-align: center\">\n      <img decoding=\"async\" style=\"width: 14%;\" src=\"https:\/\/www.legislapp.com.br\/wp-content\/uploads\/2021\/07\/Logo-Legislapp-1-03-1.png\"><br \/>\n      <\/p>\n<div style=\"margin-bottom: 20px;\" class=\"et_pb_button_module_wrapper et_pb_button_5_tb_body_wrapper et_pb_button_alignment_center et_pb_module \">\n         <a class=\"et_pb_button et_pb_button_5_tb_body et_hover_enabled et_pb_bg_layout_dark\" style=\"width: 50%;background-color: black;\" href=\"https:\/\/app.legislapp.com.br\" target=\"_blank\" rel=\"noopener\">Visualizar completo na nossa plataforma (30 dias gr\u00e1tis)<\/a><\/p><\/div>\n<p>      <a href=\"https:\/\/play.google.com\/store\/apps\/details?id=br.com.legislapp\"><img decoding=\"async\" style=\"width: 15%; min-width: 130px;\" src=\"https:\/\/www.legislapp.com.br\/wp-content\/uploads\/google-play.png\"><\/a><br \/>\n      <a href=\"https:\/\/apps.apple.com\/us\/app\/legislapp\/id1568929859\"><img decoding=\"async\" style=\"width: 15%; min-width: 130px\" src=\"https:\/\/www.legislapp.com.br\/wp-content\/uploads\/apple-store.png\"><\/a>\n   <\/div>\n","protected":false},"excerpt":{"rendered":"<p>Avulso Inicial &#8211; Autoria de Fl\u00e1via Morais C\u00c2MARA DOS DEPUTADOS PROJETO DE LEI N\u00ba , DE 2025 (Da Sra. FL\u00c1VIA MORAIS) Altera a Lei n\u00ba 12.587, de 3 de janeiro de 2012, (Pol\u00edtica Nacional de Mobilidade Urbana) para incluir a regulamenta\u00e7\u00e3o do servi\u00e7o de transporte remunerado privado individual de passageiros no conte\u00fado obrigat\u00f3rio do Plano [&hellip;]<\/p>\n","protected":false},"author":1,"featured_media":0,"parent":0,"menu_order":0,"comment_status":"closed","ping_status":"closed","template":"page-template-blank.php","meta":{"_et_pb_use_builder":"","_et_pb_old_content":"","_et_gb_content_width":"1080","ngg_post_thumbnail":0,"footnotes":""},"class_list":["post-11046","page","type-page","status-publish","hentry"],"yoast_head":"<!-- This site is optimized with the Yoast SEO plugin v24.4 - https:\/\/yoast.com\/wordpress\/plugins\/seo\/ -->\n<title>Avulso Inicial - PL 5875\/2025 - C\u00e2mara - Legislapp<\/title>\n<meta name=\"robots\" content=\"index, follow, max-snippet:-1, max-image-preview:large, max-video-preview:-1\" \/>\n<link rel=\"canonical\" href=\"https:\/\/www.legislapp.com.br\/index.php\/avulso-inicial-pl-5875-2025-camara\/\" \/>\n<meta property=\"og:locale\" content=\"pt_BR\" \/>\n<meta property=\"og:type\" content=\"article\" \/>\n<meta property=\"og:title\" content=\"Avulso Inicial - PL 5875\/2025 - C\u00e2mara - Legislapp\" \/>\n<meta property=\"og:description\" content=\"Avulso Inicial &#8211; Autoria de Fl\u00e1via Morais C\u00c2MARA DOS DEPUTADOS PROJETO DE LEI N\u00ba , DE 2025 (Da Sra. FL\u00c1VIA MORAIS) Altera a Lei n\u00ba 12.587, de 3 de janeiro de 2012, (Pol\u00edtica Nacional de Mobilidade Urbana) para incluir a regulamenta\u00e7\u00e3o do servi\u00e7o de transporte remunerado privado individual de passageiros no conte\u00fado obrigat\u00f3rio do Plano [&hellip;]\" \/>\n<meta property=\"og:url\" content=\"https:\/\/www.legislapp.com.br\/index.php\/avulso-inicial-pl-5875-2025-camara\/\" \/>\n<meta property=\"og:site_name\" content=\"Legislapp\" \/>\n<meta property=\"article:publisher\" content=\"https:\/\/www.instagram.com\/legislapp\/\" \/>\n<meta property=\"og:image\" content=\"https:\/\/www.legislapp.com.br\/wp-content\/uploads\/2021\/07\/Logo-Legislapp-1-03-1.png\" \/>\n<meta name=\"twitter:card\" content=\"summary_large_image\" \/>\n<meta name=\"twitter:label1\" content=\"Est. tempo de leitura\" \/>\n\t<meta name=\"twitter:data1\" content=\"7 minutos\" \/>\n<script type=\"application\/ld+json\" class=\"yoast-schema-graph\">{\"@context\":\"https:\/\/schema.org\",\"@graph\":[{\"@type\":\"WebPage\",\"@id\":\"https:\/\/www.legislapp.com.br\/index.php\/avulso-inicial-pl-5875-2025-camara\/\",\"url\":\"https:\/\/www.legislapp.com.br\/index.php\/avulso-inicial-pl-5875-2025-camara\/\",\"name\":\"Avulso Inicial - PL 5875\/2025 - C\u00e2mara - Legislapp\",\"isPartOf\":{\"@id\":\"https:\/\/www.legislapp.com.br\/#website\"},\"primaryImageOfPage\":{\"@id\":\"https:\/\/www.legislapp.com.br\/index.php\/avulso-inicial-pl-5875-2025-camara\/#primaryimage\"},\"image\":{\"@id\":\"https:\/\/www.legislapp.com.br\/index.php\/avulso-inicial-pl-5875-2025-camara\/#primaryimage\"},\"thumbnailUrl\":\"https:\/\/www.legislapp.com.br\/wp-content\/uploads\/2021\/07\/Logo-Legislapp-1-03-1.png\",\"datePublished\":\"2026-01-19T14:02:18+00:00\",\"breadcrumb\":{\"@id\":\"https:\/\/www.legislapp.com.br\/index.php\/avulso-inicial-pl-5875-2025-camara\/#breadcrumb\"},\"inLanguage\":\"pt-BR\",\"potentialAction\":[{\"@type\":\"ReadAction\",\"target\":[\"https:\/\/www.legislapp.com.br\/index.php\/avulso-inicial-pl-5875-2025-camara\/\"]}]},{\"@type\":\"ImageObject\",\"inLanguage\":\"pt-BR\",\"@id\":\"https:\/\/www.legislapp.com.br\/index.php\/avulso-inicial-pl-5875-2025-camara\/#primaryimage\",\"url\":\"https:\/\/www.legislapp.com.br\/wp-content\/uploads\/2021\/07\/Logo-Legislapp-1-03-1.png\",\"contentUrl\":\"https:\/\/www.legislapp.com.br\/wp-content\/uploads\/2021\/07\/Logo-Legislapp-1-03-1.png\",\"width\":2679,\"height\":2697},{\"@type\":\"BreadcrumbList\",\"@id\":\"https:\/\/www.legislapp.com.br\/index.php\/avulso-inicial-pl-5875-2025-camara\/#breadcrumb\",\"itemListElement\":[{\"@type\":\"ListItem\",\"position\":1,\"name\":\"In\u00edcio\",\"item\":\"https:\/\/www.legislapp.com.br\/\"},{\"@type\":\"ListItem\",\"position\":2,\"name\":\"Avulso Inicial &#8211; PL 5875\/2025 &#8211; C\u00e2mara\"}]},{\"@type\":\"WebSite\",\"@id\":\"https:\/\/www.legislapp.com.br\/#website\",\"url\":\"https:\/\/www.legislapp.com.br\/\",\"name\":\"Legislapp\",\"description\":\"Intelig\u00eancia governamental em tempo real\",\"publisher\":{\"@id\":\"https:\/\/www.legislapp.com.br\/#organization\"},\"potentialAction\":[{\"@type\":\"SearchAction\",\"target\":{\"@type\":\"EntryPoint\",\"urlTemplate\":\"https:\/\/www.legislapp.com.br\/?s={search_term_string}\"},\"query-input\":{\"@type\":\"PropertyValueSpecification\",\"valueRequired\":true,\"valueName\":\"search_term_string\"}}],\"inLanguage\":\"pt-BR\"},{\"@type\":\"Organization\",\"@id\":\"https:\/\/www.legislapp.com.br\/#organization\",\"name\":\"Legislapp Monitoramento e Intelig\u00eancia Governamental\",\"url\":\"https:\/\/www.legislapp.com.br\/\",\"logo\":{\"@type\":\"ImageObject\",\"inLanguage\":\"pt-BR\",\"@id\":\"https:\/\/www.legislapp.com.br\/#\/schema\/logo\/image\/\",\"url\":\"https:\/\/www.legislapp.com.br\/wp-content\/uploads\/icon.png\",\"contentUrl\":\"https:\/\/www.legislapp.com.br\/wp-content\/uploads\/icon.png\",\"width\":1024,\"height\":1024,\"caption\":\"Legislapp Monitoramento e Intelig\u00eancia Governamental\"},\"image\":{\"@id\":\"https:\/\/www.legislapp.com.br\/#\/schema\/logo\/image\/\"},\"sameAs\":[\"https:\/\/www.instagram.com\/legislapp\/\"]}]}<\/script>\n<!-- \/ Yoast SEO plugin. -->","yoast_head_json":{"title":"Avulso Inicial - PL 5875\/2025 - C\u00e2mara - Legislapp","robots":{"index":"index","follow":"follow","max-snippet":"max-snippet:-1","max-image-preview":"max-image-preview:large","max-video-preview":"max-video-preview:-1"},"canonical":"https:\/\/www.legislapp.com.br\/index.php\/avulso-inicial-pl-5875-2025-camara\/","og_locale":"pt_BR","og_type":"article","og_title":"Avulso Inicial - PL 5875\/2025 - C\u00e2mara - Legislapp","og_description":"Avulso Inicial &#8211; Autoria de Fl\u00e1via Morais C\u00c2MARA DOS DEPUTADOS PROJETO DE LEI N\u00ba , DE 2025 (Da Sra. FL\u00c1VIA MORAIS) Altera a Lei n\u00ba 12.587, de 3 de janeiro de 2012, (Pol\u00edtica Nacional de Mobilidade Urbana) para incluir a regulamenta\u00e7\u00e3o do servi\u00e7o de transporte remunerado privado individual de passageiros no conte\u00fado obrigat\u00f3rio do Plano [&hellip;]","og_url":"https:\/\/www.legislapp.com.br\/index.php\/avulso-inicial-pl-5875-2025-camara\/","og_site_name":"Legislapp","article_publisher":"https:\/\/www.instagram.com\/legislapp\/","og_image":[{"url":"https:\/\/www.legislapp.com.br\/wp-content\/uploads\/2021\/07\/Logo-Legislapp-1-03-1.png","type":"","width":"","height":""}],"twitter_card":"summary_large_image","twitter_misc":{"Est. tempo de leitura":"7 minutos"},"schema":{"@context":"https:\/\/schema.org","@graph":[{"@type":"WebPage","@id":"https:\/\/www.legislapp.com.br\/index.php\/avulso-inicial-pl-5875-2025-camara\/","url":"https:\/\/www.legislapp.com.br\/index.php\/avulso-inicial-pl-5875-2025-camara\/","name":"Avulso Inicial - PL 5875\/2025 - C\u00e2mara - Legislapp","isPartOf":{"@id":"https:\/\/www.legislapp.com.br\/#website"},"primaryImageOfPage":{"@id":"https:\/\/www.legislapp.com.br\/index.php\/avulso-inicial-pl-5875-2025-camara\/#primaryimage"},"image":{"@id":"https:\/\/www.legislapp.com.br\/index.php\/avulso-inicial-pl-5875-2025-camara\/#primaryimage"},"thumbnailUrl":"https:\/\/www.legislapp.com.br\/wp-content\/uploads\/2021\/07\/Logo-Legislapp-1-03-1.png","datePublished":"2026-01-19T14:02:18+00:00","breadcrumb":{"@id":"https:\/\/www.legislapp.com.br\/index.php\/avulso-inicial-pl-5875-2025-camara\/#breadcrumb"},"inLanguage":"pt-BR","potentialAction":[{"@type":"ReadAction","target":["https:\/\/www.legislapp.com.br\/index.php\/avulso-inicial-pl-5875-2025-camara\/"]}]},{"@type":"ImageObject","inLanguage":"pt-BR","@id":"https:\/\/www.legislapp.com.br\/index.php\/avulso-inicial-pl-5875-2025-camara\/#primaryimage","url":"https:\/\/www.legislapp.com.br\/wp-content\/uploads\/2021\/07\/Logo-Legislapp-1-03-1.png","contentUrl":"https:\/\/www.legislapp.com.br\/wp-content\/uploads\/2021\/07\/Logo-Legislapp-1-03-1.png","width":2679,"height":2697},{"@type":"BreadcrumbList","@id":"https:\/\/www.legislapp.com.br\/index.php\/avulso-inicial-pl-5875-2025-camara\/#breadcrumb","itemListElement":[{"@type":"ListItem","position":1,"name":"In\u00edcio","item":"https:\/\/www.legislapp.com.br\/"},{"@type":"ListItem","position":2,"name":"Avulso Inicial &#8211; PL 5875\/2025 &#8211; C\u00e2mara"}]},{"@type":"WebSite","@id":"https:\/\/www.legislapp.com.br\/#website","url":"https:\/\/www.legislapp.com.br\/","name":"Legislapp","description":"Intelig\u00eancia governamental em tempo real","publisher":{"@id":"https:\/\/www.legislapp.com.br\/#organization"},"potentialAction":[{"@type":"SearchAction","target":{"@type":"EntryPoint","urlTemplate":"https:\/\/www.legislapp.com.br\/?s={search_term_string}"},"query-input":{"@type":"PropertyValueSpecification","valueRequired":true,"valueName":"search_term_string"}}],"inLanguage":"pt-BR"},{"@type":"Organization","@id":"https:\/\/www.legislapp.com.br\/#organization","name":"Legislapp Monitoramento e Intelig\u00eancia Governamental","url":"https:\/\/www.legislapp.com.br\/","logo":{"@type":"ImageObject","inLanguage":"pt-BR","@id":"https:\/\/www.legislapp.com.br\/#\/schema\/logo\/image\/","url":"https:\/\/www.legislapp.com.br\/wp-content\/uploads\/icon.png","contentUrl":"https:\/\/www.legislapp.com.br\/wp-content\/uploads\/icon.png","width":1024,"height":1024,"caption":"Legislapp Monitoramento e Intelig\u00eancia Governamental"},"image":{"@id":"https:\/\/www.legislapp.com.br\/#\/schema\/logo\/image\/"},"sameAs":["https:\/\/www.instagram.com\/legislapp\/"]}]}},"_links":{"self":[{"href":"https:\/\/www.legislapp.com.br\/index.php\/wp-json\/wp\/v2\/pages\/11046","targetHints":{"allow":["GET"]}}],"collection":[{"href":"https:\/\/www.legislapp.com.br\/index.php\/wp-json\/wp\/v2\/pages"}],"about":[{"href":"https:\/\/www.legislapp.com.br\/index.php\/wp-json\/wp\/v2\/types\/page"}],"author":[{"embeddable":true,"href":"https:\/\/www.legislapp.com.br\/index.php\/wp-json\/wp\/v2\/users\/1"}],"replies":[{"embeddable":true,"href":"https:\/\/www.legislapp.com.br\/index.php\/wp-json\/wp\/v2\/comments?post=11046"}],"version-history":[{"count":0,"href":"https:\/\/www.legislapp.com.br\/index.php\/wp-json\/wp\/v2\/pages\/11046\/revisions"}],"wp:attachment":[{"href":"https:\/\/www.legislapp.com.br\/index.php\/wp-json\/wp\/v2\/media?parent=11046"}],"curies":[{"name":"wp","href":"https:\/\/api.w.org\/{rel}","templated":true}]}}