{"id":11117,"date":"2026-01-19T11:31:33","date_gmt":"2026-01-19T14:31:33","guid":{"rendered":"https:\/\/www.legislapp.com.br\/index.php\/avulso-inicial-pl-6140-2025-camara\/"},"modified":"2026-01-19T11:31:33","modified_gmt":"2026-01-19T14:31:33","slug":"avulso-inicial-pl-6140-2025-camara","status":"publish","type":"page","link":"https:\/\/www.legislapp.com.br\/index.php\/avulso-inicial-pl-6140-2025-camara\/","title":{"rendered":"Avulso Inicial &#8211; PL 6140\/2025 &#8211; C\u00e2mara"},"content":{"rendered":"<h1 style='text-align: center;'>Avulso Inicial &#8211; Autoria de Tal\u00edria Petrone<\/h3>\n<p><\/p>\n<article>\n<p>PROJETO DE LEI N\u00ba          , DE 2025<br \/>\n(Da Sra. TAL\u00cdRIA PETRONE)<br \/>\nAcrescenta dispositivo \u00e0 Lei n\u00ba 10.714, de 13 de<br \/>\nagosto de 2003, para tornar obrigat\u00f3ria a<br \/>\ndivulga\u00e7\u00e3o do servi\u00e7o Ligue 180 em not\u00edcias e<br \/>\ninforma\u00e7\u00f5es relativas \u00e0 viol\u00eancia contra a mulher<br \/>\nveiculada em qualquer meio de comunica\u00e7\u00e3o.<br \/>\nArt. 1\u00b0 Esta lei estabelece a necessidade de divulga\u00e7\u00e3o do Ligue 180 nas<br \/>\nnot\u00edcias relacionadas \u00e0 viol\u00eancia contra a mulher veiculada em qualquer meio<br \/>\nde comunica\u00e7\u00e3o.<br \/>\nArt. 2\u00b0 A Lei 10.714, de 13 de agosto de 2003, passa a vigorar acrescida<br \/>\ndo seguinte:<br \/>\n\u201cArt. 2\u00b0 Toda not\u00edcia ou informa\u00e7\u00e3o sobre viol\u00eancia contra a<br \/>\nmulher deve exibir tarja contendo o seguinte conte\u00fado:<br \/>\nEM CASO DE VIOL\u00caNCIA CONTRA A MULHER, LIGUE<br \/>\nGRATUITAMENTE 180, DISPON\u00cdVEL 24 HORAS.<br \/>\nPar\u00e1grafo \u00fanico. O aviso previsto no caput dever\u00e1 ser veiculado<br \/>\nem todos os meios de comunica\u00e7\u00e3o, inclusive r\u00e1dio, televis\u00e3o,<br \/>\njornais impressos, portais digitais, redes sociais e demais<br \/>\nplataformas de divulga\u00e7\u00e3o de conte\u00fado, podendo ser adaptado<br \/>\n\u00e0 forma mais adequada a cada ve\u00edculo, como por meio de tarja,<br \/>\nlocu\u00e7\u00e3o, inser\u00e7\u00e3o ao final do texto ou outro formato<br \/>\nPara verificar a assinatura, acesse https:\/\/infoleg-autenticidade-assinatura.camara.leg.br\/CD254400947200<br \/>\nAssinado eletronicamente pelo(a) Dep. Tal\u00edria Petrone<br \/>\nApresenta\u00e7\u00e3o: 03\/12\/2025 14:34:11.103 &#8211; Mesa<br \/>\n*CD254400947200* PL n.6140\/2025<br \/>equivalente que assegure sua adequada visibilidade ou<br \/>\naudibilidade. (NR)<br \/>\nArt. 3\u00ba. \u00c9 responsabilidade do Minist\u00e9rio da Ci\u00eancia, Tecnologia,<br \/>\nInova\u00e7\u00f5es e Comunica\u00e7\u00f5es (MCTIC), a regulamenta\u00e7\u00e3o desta<br \/>\nlei, bem como a fiscaliza\u00e7\u00e3o e verifica\u00e7\u00e3o do cumprimento de<br \/>\nsuas disposi\u00e7\u00f5es.\u201d<br \/>\nArt. 3\u00ba Esta Lei entra em vigor na data de sua publica\u00e7\u00e3o<br \/>\nJUSTIFICA\u00c7\u00c3O<br \/>\nA presente iniciativa tem por objetivo refor\u00e7ar a pol\u00edtica de enfrentamento \u00e0<br \/>\nviol\u00eancia contra a mulher, ao tornar obrigat\u00f3ria a divulga\u00e7\u00e3o do servi\u00e7o Ligue 180 em todas<br \/>\nas not\u00edcias e conte\u00fados que tratem de viol\u00eancia de g\u00eanero, em quaisquer meios de<br \/>\ncomunica\u00e7\u00e3o. A proposta se ancora na Lei n\u00ba 10.714, de 13 de agosto de 2003, que<br \/>\nautorizou o Poder Executivo a disponibilizar, em \u00e2mbito nacional, n\u00famero telef\u00f4nico<br \/>\ndestinado a atender den\u00fancias de viol\u00eancia contra a mulher, base normativa da Central de<br \/>\n1<br \/>\nAtendimento \u00e0 Mulher \u2013 Ligue 180 .<br \/>\nOs dados mais recentes demonstram que a viol\u00eancia contra a mulher permanece em<br \/>\npatamares alarmantes no Brasil. A 10\u00aa edi\u00e7\u00e3o da Pesquisa Nacional de Viol\u00eancia contra a<br \/>\nMulher, do DataSenado, indica que 30% das brasileiras j\u00e1 sofreram algum tipo de viol\u00eancia<br \/>\n2<br \/>\ndom\u00e9stica ou familiar praticada por um homem ao longo da vida . Em 2025, nova rodada da<br \/>\npesquisa estimou que 3,7 milh\u00f5es de mulheres sofreram viol\u00eancia dom\u00e9stica ou familiar nos<br \/>\n12 meses anteriores, sinalizando a magnitude e a persist\u00eancia do problema. Paralelamente,<br \/>\ndados do Anu\u00e1rio Brasileiro de Seguran\u00e7a P\u00fablica mostram que o pa\u00eds registrou 1.492<br \/>\n1<br \/>\n https:\/\/www.planalto.gov.br\/ccivil_03\/leis\/2003\/l10.714.htm<br \/>\n2<br \/>\n https:\/\/www12.senado.leg.br\/noticias\/materias\/2025\/11\/24\/datasenado-violencia-de-genero-atinge-<br \/>\n3-7-milhoes-de-brasileiras<br \/>\nPara verificar a assinatura, acesse https:\/\/infoleg-autenticidade-assinatura.camara.leg.br\/CD254400947200<br \/>\nAssinado eletronicamente pelo(a) Dep. Tal\u00edria Petrone<br \/>\nApresenta\u00e7\u00e3o: 03\/12\/2025 14:34:11.103 &#8211; Mesa<br \/>\n*CD254400947200* PL n.6140\/2025<br \/>feminic\u00eddios em 2024, maior n\u00famero da s\u00e9rie hist\u00f3rica, o que equivale a cerca de quatro<br \/>\n3<br \/>\nmulheres assassinadas por dia por raz\u00f5es de g\u00eanero .<br \/>\nNesse contexto, o Ligue 180 se consolidou como canal estrat\u00e9gico da rede de<br \/>\nprote\u00e7\u00e3o. Informa\u00e7\u00f5es oficiais do governo federal apontam que o servi\u00e7o funciona 24 horas<br \/>\npor dia, todos os dias da semana, \u00e9 gratuito, pode ser acessado por telefone e WhatsApp, e<br \/>\noferece acolhimento, orienta\u00e7\u00e3o sobre direitos e encaminhamento de den\u00fancias aos \u00f3rg\u00e3os<br \/>\n4<br \/>\ncompetentes . Em 2024, a Central atendeu 691.444 liga\u00e7\u00f5es em todo o territ\u00f3rio nacional,<br \/>\num aumento de 21,6% em rela\u00e7\u00e3o a 2023, e as den\u00fancias registradas passaram de 114.626<br \/>\npara 132.084, crescimento de 15,2% em um ano, o que evidencia o uso crescente do canal<br \/>\npela popula\u00e7\u00e3o.<br \/>\nA obrigatoriedade de divulga\u00e7\u00e3o do Ligue 180 sempre que houver not\u00edcia ou<br \/>\ninforma\u00e7\u00e3o sobre viol\u00eancia contra a mulher se inspira em boas pr\u00e1ticas j\u00e1 consolidadas em<br \/>\noutras \u00e1reas sens\u00edveis, como a preven\u00e7\u00e3o do suic\u00eddio. Organismos internacionais, como a<br \/>\nOrganiza\u00e7\u00e3o Mundial da Sa\u00fade (OMS) e a Organiza\u00e7\u00e3o Pan-Americana da Sa\u00fade (OPAS),<br \/>\ndestacam o papel crucial da m\u00eddia na preven\u00e7\u00e3o, recomendando que reportagens sobre<br \/>\nsuic\u00eddio incluam, de forma vis\u00edvel, informa\u00e7\u00f5es sobre servi\u00e7os de ajuda, como linhas<br \/>\ntelef\u00f4nicas de apoio, por se tratar de medida simples, de baixo custo e que pode contribuir<br \/>\n5<br \/>\npara a redu\u00e7\u00e3o de casos ao incentivar a procura por ajuda especializada .<br \/>\nAo determinar que a mensagem sobre o Ligue 180 conste, de forma adaptada \u00e0<br \/>\nnatureza de cada meio (tarja, locu\u00e7\u00e3o, aviso ao final do texto, legenda ou formato<br \/>\nequivalente), em televis\u00e3o, r\u00e1dio, jornais, portais, redes sociais e demais plataformas, o<br \/>\nprojeto concilia efic\u00e1cia e razoabilidade. N\u00e3o se interfere no conte\u00fado editorial das<br \/>\nmat\u00e9rias, mas se garante que a sociedade seja sistematicamente informada da exist\u00eancia de<br \/>\num canal nacional e especializado de atendimento \u00e0s mulheres em situa\u00e7\u00e3o de viol\u00eancia.<br \/>\nTrata-se de medida de baix\u00edssimo custo e alto potencial preventivo, alinhada aos princ\u00edpios<br \/>\nconstitucionais da dignidade da pessoa humana e da prote\u00e7\u00e3o dos direitos humanos das<br \/>\n3<br \/>\n https:\/\/www.cnnbrasil.com.br\/nacional\/brasil\/feminicidio-bate-recorde-no-brasil-em-2024-diz-estudo<br \/>\n4<br \/>\n https:\/\/www.gov.br\/secom\/pt-br\/acesso-a-informacao\/comunicabr\/lista-de-acoes-e-programas\/<br \/>\ncentral-de-atendimento-a-mulher-ligue-180<br \/>\n5<br \/>\n https:\/\/brasil.un.org\/pt-br\/84132-oms-cobertura-jornal%C3%ADstica-respons%C3%A1vel-pode-<br \/>\ncontribuir-para-preven%C3%A7%C3%A3o-de-suic%C3%ADdios<br \/>\nPara verificar a assinatura, acesse https:\/\/infoleg-autenticidade-assinatura.camara.leg.br\/CD254400947200<br \/>\nAssinado eletronicamente pelo(a) Dep. Tal\u00edria Petrone<br \/>\nApresenta\u00e7\u00e3o: 03\/12\/2025 14:34:11.103 &#8211; Mesa<br \/>\n*CD254400947200* PL n.6140\/2025<br \/>mulheres, bem como \u00e0s pol\u00edticas p\u00fablicas de enfrentamento \u00e0 viol\u00eancia de g\u00eanero e \u00e0<br \/>\nlegisla\u00e7\u00e3o vigente, a exemplo da Lei Maria da Penha e da pr\u00f3pria Lei n\u00ba 10.714\/2003.<br \/>\nPor esses motivos, e diante da urg\u00eancia de se proteger a vida das mulheres<br \/>\nbrasileiras, \u00e9 que submeto este projeto \u00e0 aprecia\u00e7\u00e3o desta Casa Legislativa.<\/p>\n<p>Sala das Sess\u00f5es, em        de                     de 2025.<br \/>\nDeputada TAL\u00cdRIA PETRONE <\/p>\n<p>Para verificar a assinatura, acesse https:\/\/infoleg-autenticidade-assinatura.camara.leg.br\/CD254400947200<br \/>\nAssinado eletronicamente pelo(a) Dep. Tal\u00edria Petrone<br \/>\nApresenta\u00e7\u00e3o: 03\/12\/2025 14:34:11.103 &#8211; Mesa<br \/>\n*CD254400947200* PL n.6140\/2025<\/article>\n<p><a href='https:\/\/app.legislapp.com.br\/#\/busca?termo=Altera\u00e7\u00e3o'>Altera\u00e7\u00e3o<\/a>, <a href='https:\/\/app.legislapp.com.br\/#\/busca?termo=Legisla\u00e7\u00e3o'>Legisla\u00e7\u00e3o<\/a>, <a href='https:\/\/app.legislapp.com.br\/#\/busca?termo=obrigatoriedade'>obrigatoriedade<\/a>, <a href='https:\/\/app.legislapp.com.br\/#\/busca?termo=disponibiliza\u00e7\u00e3o'>disponibiliza\u00e7\u00e3o<\/a>, <a href='https:\/\/app.legislapp.com.br\/#\/busca?termo=Telefone de emerg\u00eancia'>Telefone de emerg\u00eancia<\/a>, <a href='https:\/\/app.legislapp.com.br\/#\/busca?termo=Central de Atendimento \u00e0 Mulher'>Central de Atendimento \u00e0 Mulher<\/a>, <a href='https:\/\/app.legislapp.com.br\/#\/busca?termo=veicula\u00e7\u00e3o'>veicula\u00e7\u00e3o<\/a>, <a href='https:\/\/app.legislapp.com.br\/#\/busca?termo=M\u00eddia'>M\u00eddia<\/a>, <a href='https:\/\/app.legislapp.com.br\/#\/busca?termo=Not\u00edcia jornal\u00edstica'>Not\u00edcia jornal\u00edstica<\/a>, <a href='https:\/\/app.legislapp.com.br\/#\/busca?termo=Viol\u00eancia contra a mulher'>Viol\u00eancia contra a mulher<\/a>, <a href='https:\/\/app.legislapp.com.br\/#\/busca?termo=Viol\u00eancia de g\u00eanero'>Viol\u00eancia de g\u00eanero<\/a>, <a href='https:\/\/app.legislapp.com.br\/#\/busca?termo=Viol\u00eancia dom\u00e9stica.'>Viol\u00eancia dom\u00e9stica.<\/a><\/p>\n<div style=\"text-align: center\">\n      <img decoding=\"async\" style=\"width: 14%;\" src=\"https:\/\/www.legislapp.com.br\/wp-content\/uploads\/2021\/07\/Logo-Legislapp-1-03-1.png\"><br \/>\n      <\/p>\n<div style=\"margin-bottom: 20px;\" class=\"et_pb_button_module_wrapper et_pb_button_5_tb_body_wrapper et_pb_button_alignment_center et_pb_module \">\n         <a class=\"et_pb_button et_pb_button_5_tb_body et_hover_enabled et_pb_bg_layout_dark\" style=\"width: 50%;background-color: black;\" href=\"https:\/\/app.legislapp.com.br\" target=\"_blank\" rel=\"noopener\">Visualizar completo na nossa plataforma (30 dias gr\u00e1tis)<\/a><\/p><\/div>\n<p>      <a href=\"https:\/\/play.google.com\/store\/apps\/details?id=br.com.legislapp\"><img decoding=\"async\" style=\"width: 15%; min-width: 130px;\" src=\"https:\/\/www.legislapp.com.br\/wp-content\/uploads\/google-play.png\"><\/a><br \/>\n      <a href=\"https:\/\/apps.apple.com\/us\/app\/legislapp\/id1568929859\"><img decoding=\"async\" style=\"width: 15%; min-width: 130px\" src=\"https:\/\/www.legislapp.com.br\/wp-content\/uploads\/apple-store.png\"><\/a>\n   <\/div>\n","protected":false},"excerpt":{"rendered":"<p>Avulso Inicial &#8211; Autoria de Tal\u00edria Petrone PROJETO DE LEI N\u00ba , DE 2025 (Da Sra. TAL\u00cdRIA PETRONE) Acrescenta dispositivo \u00e0 Lei n\u00ba 10.714, de 13 de agosto de 2003, para tornar obrigat\u00f3ria a divulga\u00e7\u00e3o do servi\u00e7o Ligue 180 em not\u00edcias e informa\u00e7\u00f5es relativas \u00e0 viol\u00eancia contra a mulher veiculada em qualquer meio de comunica\u00e7\u00e3o. [&hellip;]<\/p>\n","protected":false},"author":1,"featured_media":0,"parent":0,"menu_order":0,"comment_status":"closed","ping_status":"closed","template":"page-template-blank.php","meta":{"_et_pb_use_builder":"","_et_pb_old_content":"","_et_gb_content_width":"1080","ngg_post_thumbnail":0,"footnotes":""},"class_list":["post-11117","page","type-page","status-publish","hentry"],"yoast_head":"<!-- This site is optimized with the Yoast SEO plugin v24.4 - https:\/\/yoast.com\/wordpress\/plugins\/seo\/ -->\n<title>Avulso Inicial - PL 6140\/2025 - C\u00e2mara - Legislapp<\/title>\n<meta name=\"robots\" content=\"index, follow, max-snippet:-1, max-image-preview:large, max-video-preview:-1\" \/>\n<link rel=\"canonical\" href=\"https:\/\/www.legislapp.com.br\/index.php\/avulso-inicial-pl-6140-2025-camara\/\" \/>\n<meta property=\"og:locale\" content=\"pt_BR\" \/>\n<meta property=\"og:type\" content=\"article\" \/>\n<meta property=\"og:title\" content=\"Avulso Inicial - PL 6140\/2025 - C\u00e2mara - Legislapp\" \/>\n<meta property=\"og:description\" content=\"Avulso Inicial &#8211; Autoria de Tal\u00edria Petrone PROJETO DE LEI N\u00ba , DE 2025 (Da Sra. TAL\u00cdRIA PETRONE) Acrescenta dispositivo \u00e0 Lei n\u00ba 10.714, de 13 de agosto de 2003, para tornar obrigat\u00f3ria a divulga\u00e7\u00e3o do servi\u00e7o Ligue 180 em not\u00edcias e informa\u00e7\u00f5es relativas \u00e0 viol\u00eancia contra a mulher veiculada em qualquer meio de comunica\u00e7\u00e3o. [&hellip;]\" \/>\n<meta property=\"og:url\" content=\"https:\/\/www.legislapp.com.br\/index.php\/avulso-inicial-pl-6140-2025-camara\/\" \/>\n<meta property=\"og:site_name\" content=\"Legislapp\" \/>\n<meta property=\"article:publisher\" content=\"https:\/\/www.instagram.com\/legislapp\/\" \/>\n<meta property=\"og:image\" content=\"https:\/\/www.legislapp.com.br\/wp-content\/uploads\/2021\/07\/Logo-Legislapp-1-03-1.png\" \/>\n<meta name=\"twitter:card\" content=\"summary_large_image\" \/>\n<meta name=\"twitter:label1\" content=\"Est. tempo de leitura\" \/>\n\t<meta name=\"twitter:data1\" content=\"5 minutos\" \/>\n<script type=\"application\/ld+json\" class=\"yoast-schema-graph\">{\"@context\":\"https:\/\/schema.org\",\"@graph\":[{\"@type\":\"WebPage\",\"@id\":\"https:\/\/www.legislapp.com.br\/index.php\/avulso-inicial-pl-6140-2025-camara\/\",\"url\":\"https:\/\/www.legislapp.com.br\/index.php\/avulso-inicial-pl-6140-2025-camara\/\",\"name\":\"Avulso Inicial - PL 6140\/2025 - C\u00e2mara - Legislapp\",\"isPartOf\":{\"@id\":\"https:\/\/www.legislapp.com.br\/#website\"},\"primaryImageOfPage\":{\"@id\":\"https:\/\/www.legislapp.com.br\/index.php\/avulso-inicial-pl-6140-2025-camara\/#primaryimage\"},\"image\":{\"@id\":\"https:\/\/www.legislapp.com.br\/index.php\/avulso-inicial-pl-6140-2025-camara\/#primaryimage\"},\"thumbnailUrl\":\"https:\/\/www.legislapp.com.br\/wp-content\/uploads\/2021\/07\/Logo-Legislapp-1-03-1.png\",\"datePublished\":\"2026-01-19T14:31:33+00:00\",\"breadcrumb\":{\"@id\":\"https:\/\/www.legislapp.com.br\/index.php\/avulso-inicial-pl-6140-2025-camara\/#breadcrumb\"},\"inLanguage\":\"pt-BR\",\"potentialAction\":[{\"@type\":\"ReadAction\",\"target\":[\"https:\/\/www.legislapp.com.br\/index.php\/avulso-inicial-pl-6140-2025-camara\/\"]}]},{\"@type\":\"ImageObject\",\"inLanguage\":\"pt-BR\",\"@id\":\"https:\/\/www.legislapp.com.br\/index.php\/avulso-inicial-pl-6140-2025-camara\/#primaryimage\",\"url\":\"https:\/\/www.legislapp.com.br\/wp-content\/uploads\/2021\/07\/Logo-Legislapp-1-03-1.png\",\"contentUrl\":\"https:\/\/www.legislapp.com.br\/wp-content\/uploads\/2021\/07\/Logo-Legislapp-1-03-1.png\",\"width\":2679,\"height\":2697},{\"@type\":\"BreadcrumbList\",\"@id\":\"https:\/\/www.legislapp.com.br\/index.php\/avulso-inicial-pl-6140-2025-camara\/#breadcrumb\",\"itemListElement\":[{\"@type\":\"ListItem\",\"position\":1,\"name\":\"In\u00edcio\",\"item\":\"https:\/\/www.legislapp.com.br\/\"},{\"@type\":\"ListItem\",\"position\":2,\"name\":\"Avulso Inicial &#8211; PL 6140\/2025 &#8211; C\u00e2mara\"}]},{\"@type\":\"WebSite\",\"@id\":\"https:\/\/www.legislapp.com.br\/#website\",\"url\":\"https:\/\/www.legislapp.com.br\/\",\"name\":\"Legislapp\",\"description\":\"Intelig\u00eancia governamental em tempo real\",\"publisher\":{\"@id\":\"https:\/\/www.legislapp.com.br\/#organization\"},\"potentialAction\":[{\"@type\":\"SearchAction\",\"target\":{\"@type\":\"EntryPoint\",\"urlTemplate\":\"https:\/\/www.legislapp.com.br\/?s={search_term_string}\"},\"query-input\":{\"@type\":\"PropertyValueSpecification\",\"valueRequired\":true,\"valueName\":\"search_term_string\"}}],\"inLanguage\":\"pt-BR\"},{\"@type\":\"Organization\",\"@id\":\"https:\/\/www.legislapp.com.br\/#organization\",\"name\":\"Legislapp Monitoramento e Intelig\u00eancia Governamental\",\"url\":\"https:\/\/www.legislapp.com.br\/\",\"logo\":{\"@type\":\"ImageObject\",\"inLanguage\":\"pt-BR\",\"@id\":\"https:\/\/www.legislapp.com.br\/#\/schema\/logo\/image\/\",\"url\":\"https:\/\/www.legislapp.com.br\/wp-content\/uploads\/icon.png\",\"contentUrl\":\"https:\/\/www.legislapp.com.br\/wp-content\/uploads\/icon.png\",\"width\":1024,\"height\":1024,\"caption\":\"Legislapp Monitoramento e Intelig\u00eancia Governamental\"},\"image\":{\"@id\":\"https:\/\/www.legislapp.com.br\/#\/schema\/logo\/image\/\"},\"sameAs\":[\"https:\/\/www.instagram.com\/legislapp\/\"]}]}<\/script>\n<!-- \/ Yoast SEO plugin. -->","yoast_head_json":{"title":"Avulso Inicial - PL 6140\/2025 - C\u00e2mara - Legislapp","robots":{"index":"index","follow":"follow","max-snippet":"max-snippet:-1","max-image-preview":"max-image-preview:large","max-video-preview":"max-video-preview:-1"},"canonical":"https:\/\/www.legislapp.com.br\/index.php\/avulso-inicial-pl-6140-2025-camara\/","og_locale":"pt_BR","og_type":"article","og_title":"Avulso Inicial - PL 6140\/2025 - C\u00e2mara - Legislapp","og_description":"Avulso Inicial &#8211; Autoria de Tal\u00edria Petrone PROJETO DE LEI N\u00ba , DE 2025 (Da Sra. TAL\u00cdRIA PETRONE) Acrescenta dispositivo \u00e0 Lei n\u00ba 10.714, de 13 de agosto de 2003, para tornar obrigat\u00f3ria a divulga\u00e7\u00e3o do servi\u00e7o Ligue 180 em not\u00edcias e informa\u00e7\u00f5es relativas \u00e0 viol\u00eancia contra a mulher veiculada em qualquer meio de comunica\u00e7\u00e3o. [&hellip;]","og_url":"https:\/\/www.legislapp.com.br\/index.php\/avulso-inicial-pl-6140-2025-camara\/","og_site_name":"Legislapp","article_publisher":"https:\/\/www.instagram.com\/legislapp\/","og_image":[{"url":"https:\/\/www.legislapp.com.br\/wp-content\/uploads\/2021\/07\/Logo-Legislapp-1-03-1.png","type":"","width":"","height":""}],"twitter_card":"summary_large_image","twitter_misc":{"Est. tempo de leitura":"5 minutos"},"schema":{"@context":"https:\/\/schema.org","@graph":[{"@type":"WebPage","@id":"https:\/\/www.legislapp.com.br\/index.php\/avulso-inicial-pl-6140-2025-camara\/","url":"https:\/\/www.legislapp.com.br\/index.php\/avulso-inicial-pl-6140-2025-camara\/","name":"Avulso Inicial - PL 6140\/2025 - C\u00e2mara - Legislapp","isPartOf":{"@id":"https:\/\/www.legislapp.com.br\/#website"},"primaryImageOfPage":{"@id":"https:\/\/www.legislapp.com.br\/index.php\/avulso-inicial-pl-6140-2025-camara\/#primaryimage"},"image":{"@id":"https:\/\/www.legislapp.com.br\/index.php\/avulso-inicial-pl-6140-2025-camara\/#primaryimage"},"thumbnailUrl":"https:\/\/www.legislapp.com.br\/wp-content\/uploads\/2021\/07\/Logo-Legislapp-1-03-1.png","datePublished":"2026-01-19T14:31:33+00:00","breadcrumb":{"@id":"https:\/\/www.legislapp.com.br\/index.php\/avulso-inicial-pl-6140-2025-camara\/#breadcrumb"},"inLanguage":"pt-BR","potentialAction":[{"@type":"ReadAction","target":["https:\/\/www.legislapp.com.br\/index.php\/avulso-inicial-pl-6140-2025-camara\/"]}]},{"@type":"ImageObject","inLanguage":"pt-BR","@id":"https:\/\/www.legislapp.com.br\/index.php\/avulso-inicial-pl-6140-2025-camara\/#primaryimage","url":"https:\/\/www.legislapp.com.br\/wp-content\/uploads\/2021\/07\/Logo-Legislapp-1-03-1.png","contentUrl":"https:\/\/www.legislapp.com.br\/wp-content\/uploads\/2021\/07\/Logo-Legislapp-1-03-1.png","width":2679,"height":2697},{"@type":"BreadcrumbList","@id":"https:\/\/www.legislapp.com.br\/index.php\/avulso-inicial-pl-6140-2025-camara\/#breadcrumb","itemListElement":[{"@type":"ListItem","position":1,"name":"In\u00edcio","item":"https:\/\/www.legislapp.com.br\/"},{"@type":"ListItem","position":2,"name":"Avulso Inicial &#8211; PL 6140\/2025 &#8211; C\u00e2mara"}]},{"@type":"WebSite","@id":"https:\/\/www.legislapp.com.br\/#website","url":"https:\/\/www.legislapp.com.br\/","name":"Legislapp","description":"Intelig\u00eancia governamental em tempo real","publisher":{"@id":"https:\/\/www.legislapp.com.br\/#organization"},"potentialAction":[{"@type":"SearchAction","target":{"@type":"EntryPoint","urlTemplate":"https:\/\/www.legislapp.com.br\/?s={search_term_string}"},"query-input":{"@type":"PropertyValueSpecification","valueRequired":true,"valueName":"search_term_string"}}],"inLanguage":"pt-BR"},{"@type":"Organization","@id":"https:\/\/www.legislapp.com.br\/#organization","name":"Legislapp Monitoramento e Intelig\u00eancia Governamental","url":"https:\/\/www.legislapp.com.br\/","logo":{"@type":"ImageObject","inLanguage":"pt-BR","@id":"https:\/\/www.legislapp.com.br\/#\/schema\/logo\/image\/","url":"https:\/\/www.legislapp.com.br\/wp-content\/uploads\/icon.png","contentUrl":"https:\/\/www.legislapp.com.br\/wp-content\/uploads\/icon.png","width":1024,"height":1024,"caption":"Legislapp Monitoramento e Intelig\u00eancia Governamental"},"image":{"@id":"https:\/\/www.legislapp.com.br\/#\/schema\/logo\/image\/"},"sameAs":["https:\/\/www.instagram.com\/legislapp\/"]}]}},"_links":{"self":[{"href":"https:\/\/www.legislapp.com.br\/index.php\/wp-json\/wp\/v2\/pages\/11117","targetHints":{"allow":["GET"]}}],"collection":[{"href":"https:\/\/www.legislapp.com.br\/index.php\/wp-json\/wp\/v2\/pages"}],"about":[{"href":"https:\/\/www.legislapp.com.br\/index.php\/wp-json\/wp\/v2\/types\/page"}],"author":[{"embeddable":true,"href":"https:\/\/www.legislapp.com.br\/index.php\/wp-json\/wp\/v2\/users\/1"}],"replies":[{"embeddable":true,"href":"https:\/\/www.legislapp.com.br\/index.php\/wp-json\/wp\/v2\/comments?post=11117"}],"version-history":[{"count":0,"href":"https:\/\/www.legislapp.com.br\/index.php\/wp-json\/wp\/v2\/pages\/11117\/revisions"}],"wp:attachment":[{"href":"https:\/\/www.legislapp.com.br\/index.php\/wp-json\/wp\/v2\/media?parent=11117"}],"curies":[{"name":"wp","href":"https:\/\/api.w.org\/{rel}","templated":true}]}}