{"id":11124,"date":"2026-01-19T11:32:03","date_gmt":"2026-01-19T14:32:03","guid":{"rendered":"https:\/\/www.legislapp.com.br\/index.php\/avulso-inicial-pl-5956-2025-camara\/"},"modified":"2026-01-19T11:32:03","modified_gmt":"2026-01-19T14:32:03","slug":"avulso-inicial-pl-5956-2025-camara","status":"publish","type":"page","link":"https:\/\/www.legislapp.com.br\/index.php\/avulso-inicial-pl-5956-2025-camara\/","title":{"rendered":"Avulso Inicial &#8211; PL 5956\/2025 &#8211; C\u00e2mara"},"content":{"rendered":"<h1 style='text-align: center;'>Avulso Inicial &#8211; Autoria de Enfermeira Ana Paula<\/h3>\n<p><\/p>\n<article>\n                          C\u00c2MARA DOS DEPUTADOS<br \/>\nDeputada Enfermeira Ana Paula<br \/>\nPROJETO DE LEI N\u00ba DE 2025<br \/>\n(Da Sra. Enfermeira Ana Paula)<br \/>\nDisp\u00f5e sobre a obrigatoriedade da presen\u00e7a<br \/>\nde socorristas habilitados em casas de show,<br \/>\neventos musicais e demais estabelecimentos de<br \/>\ngrande circula\u00e7\u00e3o, e d\u00e1 outras provid\u00eancias.<br \/>\nO Congresso Nacional decreta: <\/p>\n<p>Art. 1\u00ba Esta Lei estabelece a obrigatoriedade da presen\u00e7a de socorristas<br \/>\nhabilitados em casas de show, eventos musicais e demais estabelecimentos de grande<br \/>\ncircula\u00e7\u00e3o abertos ao p\u00fablico.<br \/>\nArt. 2\u00ba Para os fins desta Lei, considera-se estabelecimento de grande circula\u00e7\u00e3o<br \/>\no local que receba, simultaneamente, p\u00fablico igual ou superior a 100 (cem) pessoas.<br \/>\nArt. 3\u00ba Os estabelecimentos e eventos abrangidos por esta Lei dever\u00e3o manter,<br \/>\ndurante todo o per\u00edodo de funcionamento ou realiza\u00e7\u00e3o, ao menos um socorrista<br \/>\nhabilitado, devidamente certificado em atendimento pr\u00e9-hospitalar e primeiros socorros.<br \/>\nArt. 4\u00b0 Os organizadores e os respons\u00e1veis pelos estabelecimentos dever\u00e3o<br \/>\nassegurar que o socorrista disponha de equipamentos m\u00ednimos para atendimento<br \/>\nimediato, definidos em regulamento.<br \/>\nArt. 5\u00b0 Aplica-se a obrigatoriedade desta Lei em estabelecimentos com<br \/>\naglomera\u00e7\u00e3o significativa, conforme regulamenta\u00e7\u00e3o, incluindo:<br \/>\nI &#8211; eventos em locais ao ar livre ou fechados com p\u00fablico superior a 50 pessoas;<br \/>\nII &#8211; casas de show, boates e teatros;<br \/>\nIII &#8211; festivais musicais, shows e eventos culturais ao ar livre ou fechados;<br \/>\nIV &#8211; demais estabelecimentos com aglomera\u00e7\u00e3o significativa, conforme<br \/>\nregulamenta\u00e7\u00e3o.<br \/>\nPara verificar a assinatura, acesse https:\/\/infoleg-autenticidade-assinatura.camara.leg.br\/CD257397108100<br \/>\nAssinado eletronicamente pelo(a) Dep. Enfermeira Ana Paula<br \/>\nApresenta\u00e7\u00e3o: 25\/11\/2025 15:15:48.130 &#8211; Mesa<br \/>\n*CD257397108100* PL n.5956\/2025<br \/>2<br \/>\nArt. 6\u00b0 O Poder Executivo regulamentar\u00e1 esta Lei no prazo de 180 (cento e<br \/>\noitenta dias), contado da data de sua publica\u00e7\u00e3o.<br \/>\nArt. 7\u00b0 Esta Lei entra em vigor no prazo de 180 (cento e oitenta dias) de sua<br \/>\npublica\u00e7\u00e3o.<br \/>\nJUSTIFICA\u00c7\u00c3O<br \/>\nO presente Projeto de Lei visa instituir a obrigatoriedade da presen\u00e7a<br \/>\nde socorristas habilitados em casas de show, eventos musicais e demais<br \/>\nestabelecimentos de grande circula\u00e7\u00e3o, por meio da inclus\u00e3o do Programa de<br \/>\nAtendimento Emergencial, em articula\u00e7\u00e3o com o Sistema \u00danico de Sa\u00fade (SUS). A<br \/>\nmedida busca garantir atendimento imediato, seguro e eficaz em situa\u00e7\u00f5es de urg\u00eancia,<br \/>\nprevenindo complica\u00e7\u00f5es e reduzindo riscos \u00e0 sa\u00fade da popula\u00e7\u00e3o.<br \/>\nA proposta tem amparo no art. 196 da Constitui\u00e7\u00e3o Federal, que<br \/>\ndisp\u00f5e que a sa\u00fade \u00e9 direito de todos e dever do Estado, sendo garantida por meio de<br \/>\npol\u00edticas sociais e econ\u00f4micas voltadas \u00e0 redu\u00e7\u00e3o de riscos de doen\u00e7as e outros agravos.<br \/>\nConsiderando que ambientes de entretenimento, culturais ou recreativos concentram<br \/>\ngrande n\u00famero de pessoas, eleva-se de forma significativa a ocorr\u00eancia de<br \/>\nintercorr\u00eancias cl\u00ednicas, acidentes, mal s\u00fabitos e demais eventos adversos que<br \/>\ndemandam resposta imediata para a preserva\u00e7\u00e3o da vida.<br \/>\nCasos amplamente registrados, envolvendo desmaios, intoxica\u00e7\u00f5es,<br \/>\ntraumas f\u00edsicos, paradas cardiorrespirat\u00f3rias e outras emerg\u00eancias, evidenciam que<br \/>\ndiversos estabelecimentos ainda carecem de equipes capacitadas ou de estrutura m\u00ednima<br \/>\npara o atendimento inicial. Nessas situa\u00e7\u00f5es, cada minuto \u00e9 decisivo para evitar sequelas<br \/>\nirrevers\u00edveis ou mesmo \u00f3bitos, o que refor\u00e7a a necessidade de garantir a presen\u00e7a<br \/>\nobrigat\u00f3ria de profissionais habilitados a prestar primeiros socorros, realizar reanima\u00e7\u00e3o<br \/>\ncardiopulmonar (RCP) e promover a estabiliza\u00e7\u00e3o imediata at\u00e9 a chegada do<br \/>\natendimento m\u00f3vel especializado.<br \/>\nA institui\u00e7\u00e3o do Programa de Atendimento Emergencial possibilitar\u00e1 a<br \/>\narticula\u00e7\u00e3o entre gestores p\u00fablicos, servi\u00e7os de sa\u00fade e setores privados, assegurando<br \/>\nPara verificar a assinatura, acesse https:\/\/infoleg-autenticidade-assinatura.camara.leg.br\/CD257397108100<br \/>\nAssinado eletronicamente pelo(a) Dep. Enfermeira Ana Paula<br \/>\nApresenta\u00e7\u00e3o: 25\/11\/2025 15:15:48.130 &#8211; Mesa<br \/>\n*CD257397108100* PL n.5956\/2025<br \/>3<br \/>\nque eventos de pequeno, m\u00e9dio ou grande porte disponham de equipes qualificadas,<br \/>\nequipamentos adequados e comunica\u00e7\u00e3o eficiente com o Servi\u00e7o de Atendimento<br \/>\nM\u00f3vel de Urg\u00eancia (SAMU). Essa estrutura\u00e7\u00e3o fortalece a seguran\u00e7a dos participantes,<br \/>\ncontribui para a preven\u00e7\u00e3o de incidentes graves e aprimora a capacidade de resposta \u00e0s<br \/>\nemerg\u00eancias em \u00e2mbito nacional.<br \/>\nAdemais, a obrigatoriedade ora proposta favorece a padroniza\u00e7\u00e3o<br \/>\nt\u00e9cnica, o fortalecimento dos mecanismos de fiscaliza\u00e7\u00e3o, a capacita\u00e7\u00e3o cont\u00ednua dos<br \/>\nprofissionais e a ado\u00e7\u00e3o de diretrizes atualizadas de atua\u00e7\u00e3o, garantindo que os<br \/>\nsocorristas desempenhem suas fun\u00e7\u00f5es com base em protocolos reconhecidos. Tal<br \/>\nmedida assegura maior seguran\u00e7a ao p\u00fablico e \u00e0s equipes respons\u00e1veis pela organiza\u00e7\u00e3o<br \/>\ndos eventos.<br \/>\nDiante da relev\u00e2ncia social do tema, solicitamos o apoio dos nobres<br \/>\nParlamentares para a aprova\u00e7\u00e3o deste Projeto de Lei.<br \/>\nSala da Sess\u00f5es, em        de            de 2025.<br \/>\nDeputada Enfermeira Ana Paula<br \/>\nPODE\/CE<br \/>\nPara verificar a assinatura, acesse https:\/\/infoleg-autenticidade-assinatura.camara.leg.br\/CD257397108100<br \/>\nAssinado eletronicamente pelo(a) Dep. Enfermeira Ana Paula<br \/>\nApresenta\u00e7\u00e3o: 25\/11\/2025 15:15:48.130 &#8211; Mesa<br \/>\n*CD257397108100* PL n.5956\/2025<\/article>\n<p><a href='https:\/\/app.legislapp.com.br\/#\/busca?termo=Obrigatoriedade'>Obrigatoriedade<\/a>, <a href='https:\/\/app.legislapp.com.br\/#\/busca?termo=socorrista'>socorrista<\/a>, <a href='https:\/\/app.legislapp.com.br\/#\/busca?termo=Casa noturna'>Casa noturna<\/a>, <a href='https:\/\/app.legislapp.com.br\/#\/busca?termo=evento musical'>evento musical<\/a>, <a href='https:\/\/app.legislapp.com.br\/#\/busca?termo=Espet\u00e1culo'>Espet\u00e1culo<\/a>, <a href='https:\/\/app.legislapp.com.br\/#\/busca?termo=estabelecimento comercial'>estabelecimento comercial<\/a>, <a href='https:\/\/app.legislapp.com.br\/#\/busca?termo=aglomera\u00e7\u00e3o'>aglomera\u00e7\u00e3o<\/a>, <a href='https:\/\/app.legislapp.com.br\/#\/busca?termo=diretrizes.'>diretrizes.<\/a><\/p>\n<div style=\"text-align: center\">\n      <img decoding=\"async\" style=\"width: 14%;\" src=\"https:\/\/www.legislapp.com.br\/wp-content\/uploads\/2021\/07\/Logo-Legislapp-1-03-1.png\"><br \/>\n      <\/p>\n<div style=\"margin-bottom: 20px;\" class=\"et_pb_button_module_wrapper et_pb_button_5_tb_body_wrapper et_pb_button_alignment_center et_pb_module \">\n         <a class=\"et_pb_button et_pb_button_5_tb_body et_hover_enabled et_pb_bg_layout_dark\" style=\"width: 50%;background-color: black;\" href=\"https:\/\/app.legislapp.com.br\" target=\"_blank\" rel=\"noopener\">Visualizar completo na nossa plataforma (30 dias gr\u00e1tis)<\/a><\/p><\/div>\n<p>      <a href=\"https:\/\/play.google.com\/store\/apps\/details?id=br.com.legislapp\"><img decoding=\"async\" style=\"width: 15%; min-width: 130px;\" src=\"https:\/\/www.legislapp.com.br\/wp-content\/uploads\/google-play.png\"><\/a><br \/>\n      <a href=\"https:\/\/apps.apple.com\/us\/app\/legislapp\/id1568929859\"><img decoding=\"async\" style=\"width: 15%; min-width: 130px\" src=\"https:\/\/www.legislapp.com.br\/wp-content\/uploads\/apple-store.png\"><\/a>\n   <\/div>\n","protected":false},"excerpt":{"rendered":"<p>Avulso Inicial &#8211; Autoria de Enfermeira Ana Paula C\u00c2MARA DOS DEPUTADOS Deputada Enfermeira Ana Paula PROJETO DE LEI N\u00ba DE 2025 (Da Sra. Enfermeira Ana Paula) Disp\u00f5e sobre a obrigatoriedade da presen\u00e7a de socorristas habilitados em casas de show, eventos musicais e demais estabelecimentos de grande circula\u00e7\u00e3o, e d\u00e1 outras provid\u00eancias. O Congresso Nacional decreta: [&hellip;]<\/p>\n","protected":false},"author":1,"featured_media":0,"parent":0,"menu_order":0,"comment_status":"closed","ping_status":"closed","template":"page-template-blank.php","meta":{"_et_pb_use_builder":"","_et_pb_old_content":"","_et_gb_content_width":"1080","ngg_post_thumbnail":0,"footnotes":""},"class_list":["post-11124","page","type-page","status-publish","hentry"],"yoast_head":"<!-- This site is optimized with the Yoast SEO plugin v24.4 - https:\/\/yoast.com\/wordpress\/plugins\/seo\/ -->\n<title>Avulso Inicial - PL 5956\/2025 - C\u00e2mara - Legislapp<\/title>\n<meta name=\"robots\" content=\"index, follow, max-snippet:-1, max-image-preview:large, max-video-preview:-1\" \/>\n<link rel=\"canonical\" href=\"https:\/\/www.legislapp.com.br\/index.php\/avulso-inicial-pl-5956-2025-camara\/\" \/>\n<meta property=\"og:locale\" content=\"pt_BR\" \/>\n<meta property=\"og:type\" content=\"article\" \/>\n<meta property=\"og:title\" content=\"Avulso Inicial - PL 5956\/2025 - C\u00e2mara - Legislapp\" \/>\n<meta property=\"og:description\" content=\"Avulso Inicial &#8211; Autoria de Enfermeira Ana Paula C\u00c2MARA DOS DEPUTADOS Deputada Enfermeira Ana Paula PROJETO DE LEI N\u00ba DE 2025 (Da Sra. Enfermeira Ana Paula) Disp\u00f5e sobre a obrigatoriedade da presen\u00e7a de socorristas habilitados em casas de show, eventos musicais e demais estabelecimentos de grande circula\u00e7\u00e3o, e d\u00e1 outras provid\u00eancias. O Congresso Nacional decreta: [&hellip;]\" \/>\n<meta property=\"og:url\" content=\"https:\/\/www.legislapp.com.br\/index.php\/avulso-inicial-pl-5956-2025-camara\/\" \/>\n<meta property=\"og:site_name\" content=\"Legislapp\" \/>\n<meta property=\"article:publisher\" content=\"https:\/\/www.instagram.com\/legislapp\/\" \/>\n<meta property=\"og:image\" content=\"https:\/\/www.legislapp.com.br\/wp-content\/uploads\/2021\/07\/Logo-Legislapp-1-03-1.png\" \/>\n<meta name=\"twitter:card\" content=\"summary_large_image\" \/>\n<meta name=\"twitter:label1\" content=\"Est. tempo de leitura\" \/>\n\t<meta name=\"twitter:data1\" content=\"4 minutos\" \/>\n<script type=\"application\/ld+json\" class=\"yoast-schema-graph\">{\"@context\":\"https:\/\/schema.org\",\"@graph\":[{\"@type\":\"WebPage\",\"@id\":\"https:\/\/www.legislapp.com.br\/index.php\/avulso-inicial-pl-5956-2025-camara\/\",\"url\":\"https:\/\/www.legislapp.com.br\/index.php\/avulso-inicial-pl-5956-2025-camara\/\",\"name\":\"Avulso Inicial - PL 5956\/2025 - C\u00e2mara - Legislapp\",\"isPartOf\":{\"@id\":\"https:\/\/www.legislapp.com.br\/#website\"},\"primaryImageOfPage\":{\"@id\":\"https:\/\/www.legislapp.com.br\/index.php\/avulso-inicial-pl-5956-2025-camara\/#primaryimage\"},\"image\":{\"@id\":\"https:\/\/www.legislapp.com.br\/index.php\/avulso-inicial-pl-5956-2025-camara\/#primaryimage\"},\"thumbnailUrl\":\"https:\/\/www.legislapp.com.br\/wp-content\/uploads\/2021\/07\/Logo-Legislapp-1-03-1.png\",\"datePublished\":\"2026-01-19T14:32:03+00:00\",\"breadcrumb\":{\"@id\":\"https:\/\/www.legislapp.com.br\/index.php\/avulso-inicial-pl-5956-2025-camara\/#breadcrumb\"},\"inLanguage\":\"pt-BR\",\"potentialAction\":[{\"@type\":\"ReadAction\",\"target\":[\"https:\/\/www.legislapp.com.br\/index.php\/avulso-inicial-pl-5956-2025-camara\/\"]}]},{\"@type\":\"ImageObject\",\"inLanguage\":\"pt-BR\",\"@id\":\"https:\/\/www.legislapp.com.br\/index.php\/avulso-inicial-pl-5956-2025-camara\/#primaryimage\",\"url\":\"https:\/\/www.legislapp.com.br\/wp-content\/uploads\/2021\/07\/Logo-Legislapp-1-03-1.png\",\"contentUrl\":\"https:\/\/www.legislapp.com.br\/wp-content\/uploads\/2021\/07\/Logo-Legislapp-1-03-1.png\",\"width\":2679,\"height\":2697},{\"@type\":\"BreadcrumbList\",\"@id\":\"https:\/\/www.legislapp.com.br\/index.php\/avulso-inicial-pl-5956-2025-camara\/#breadcrumb\",\"itemListElement\":[{\"@type\":\"ListItem\",\"position\":1,\"name\":\"In\u00edcio\",\"item\":\"https:\/\/www.legislapp.com.br\/\"},{\"@type\":\"ListItem\",\"position\":2,\"name\":\"Avulso Inicial &#8211; PL 5956\/2025 &#8211; C\u00e2mara\"}]},{\"@type\":\"WebSite\",\"@id\":\"https:\/\/www.legislapp.com.br\/#website\",\"url\":\"https:\/\/www.legislapp.com.br\/\",\"name\":\"Legislapp\",\"description\":\"Intelig\u00eancia governamental em tempo real\",\"publisher\":{\"@id\":\"https:\/\/www.legislapp.com.br\/#organization\"},\"potentialAction\":[{\"@type\":\"SearchAction\",\"target\":{\"@type\":\"EntryPoint\",\"urlTemplate\":\"https:\/\/www.legislapp.com.br\/?s={search_term_string}\"},\"query-input\":{\"@type\":\"PropertyValueSpecification\",\"valueRequired\":true,\"valueName\":\"search_term_string\"}}],\"inLanguage\":\"pt-BR\"},{\"@type\":\"Organization\",\"@id\":\"https:\/\/www.legislapp.com.br\/#organization\",\"name\":\"Legislapp Monitoramento e Intelig\u00eancia Governamental\",\"url\":\"https:\/\/www.legislapp.com.br\/\",\"logo\":{\"@type\":\"ImageObject\",\"inLanguage\":\"pt-BR\",\"@id\":\"https:\/\/www.legislapp.com.br\/#\/schema\/logo\/image\/\",\"url\":\"https:\/\/www.legislapp.com.br\/wp-content\/uploads\/icon.png\",\"contentUrl\":\"https:\/\/www.legislapp.com.br\/wp-content\/uploads\/icon.png\",\"width\":1024,\"height\":1024,\"caption\":\"Legislapp Monitoramento e Intelig\u00eancia Governamental\"},\"image\":{\"@id\":\"https:\/\/www.legislapp.com.br\/#\/schema\/logo\/image\/\"},\"sameAs\":[\"https:\/\/www.instagram.com\/legislapp\/\"]}]}<\/script>\n<!-- \/ Yoast SEO plugin. -->","yoast_head_json":{"title":"Avulso Inicial - PL 5956\/2025 - C\u00e2mara - Legislapp","robots":{"index":"index","follow":"follow","max-snippet":"max-snippet:-1","max-image-preview":"max-image-preview:large","max-video-preview":"max-video-preview:-1"},"canonical":"https:\/\/www.legislapp.com.br\/index.php\/avulso-inicial-pl-5956-2025-camara\/","og_locale":"pt_BR","og_type":"article","og_title":"Avulso Inicial - PL 5956\/2025 - C\u00e2mara - Legislapp","og_description":"Avulso Inicial &#8211; Autoria de Enfermeira Ana Paula C\u00c2MARA DOS DEPUTADOS Deputada Enfermeira Ana Paula PROJETO DE LEI N\u00ba DE 2025 (Da Sra. Enfermeira Ana Paula) Disp\u00f5e sobre a obrigatoriedade da presen\u00e7a de socorristas habilitados em casas de show, eventos musicais e demais estabelecimentos de grande circula\u00e7\u00e3o, e d\u00e1 outras provid\u00eancias. O Congresso Nacional decreta: [&hellip;]","og_url":"https:\/\/www.legislapp.com.br\/index.php\/avulso-inicial-pl-5956-2025-camara\/","og_site_name":"Legislapp","article_publisher":"https:\/\/www.instagram.com\/legislapp\/","og_image":[{"url":"https:\/\/www.legislapp.com.br\/wp-content\/uploads\/2021\/07\/Logo-Legislapp-1-03-1.png","type":"","width":"","height":""}],"twitter_card":"summary_large_image","twitter_misc":{"Est. tempo de leitura":"4 minutos"},"schema":{"@context":"https:\/\/schema.org","@graph":[{"@type":"WebPage","@id":"https:\/\/www.legislapp.com.br\/index.php\/avulso-inicial-pl-5956-2025-camara\/","url":"https:\/\/www.legislapp.com.br\/index.php\/avulso-inicial-pl-5956-2025-camara\/","name":"Avulso Inicial - PL 5956\/2025 - C\u00e2mara - Legislapp","isPartOf":{"@id":"https:\/\/www.legislapp.com.br\/#website"},"primaryImageOfPage":{"@id":"https:\/\/www.legislapp.com.br\/index.php\/avulso-inicial-pl-5956-2025-camara\/#primaryimage"},"image":{"@id":"https:\/\/www.legislapp.com.br\/index.php\/avulso-inicial-pl-5956-2025-camara\/#primaryimage"},"thumbnailUrl":"https:\/\/www.legislapp.com.br\/wp-content\/uploads\/2021\/07\/Logo-Legislapp-1-03-1.png","datePublished":"2026-01-19T14:32:03+00:00","breadcrumb":{"@id":"https:\/\/www.legislapp.com.br\/index.php\/avulso-inicial-pl-5956-2025-camara\/#breadcrumb"},"inLanguage":"pt-BR","potentialAction":[{"@type":"ReadAction","target":["https:\/\/www.legislapp.com.br\/index.php\/avulso-inicial-pl-5956-2025-camara\/"]}]},{"@type":"ImageObject","inLanguage":"pt-BR","@id":"https:\/\/www.legislapp.com.br\/index.php\/avulso-inicial-pl-5956-2025-camara\/#primaryimage","url":"https:\/\/www.legislapp.com.br\/wp-content\/uploads\/2021\/07\/Logo-Legislapp-1-03-1.png","contentUrl":"https:\/\/www.legislapp.com.br\/wp-content\/uploads\/2021\/07\/Logo-Legislapp-1-03-1.png","width":2679,"height":2697},{"@type":"BreadcrumbList","@id":"https:\/\/www.legislapp.com.br\/index.php\/avulso-inicial-pl-5956-2025-camara\/#breadcrumb","itemListElement":[{"@type":"ListItem","position":1,"name":"In\u00edcio","item":"https:\/\/www.legislapp.com.br\/"},{"@type":"ListItem","position":2,"name":"Avulso Inicial &#8211; PL 5956\/2025 &#8211; C\u00e2mara"}]},{"@type":"WebSite","@id":"https:\/\/www.legislapp.com.br\/#website","url":"https:\/\/www.legislapp.com.br\/","name":"Legislapp","description":"Intelig\u00eancia governamental em tempo real","publisher":{"@id":"https:\/\/www.legislapp.com.br\/#organization"},"potentialAction":[{"@type":"SearchAction","target":{"@type":"EntryPoint","urlTemplate":"https:\/\/www.legislapp.com.br\/?s={search_term_string}"},"query-input":{"@type":"PropertyValueSpecification","valueRequired":true,"valueName":"search_term_string"}}],"inLanguage":"pt-BR"},{"@type":"Organization","@id":"https:\/\/www.legislapp.com.br\/#organization","name":"Legislapp Monitoramento e Intelig\u00eancia Governamental","url":"https:\/\/www.legislapp.com.br\/","logo":{"@type":"ImageObject","inLanguage":"pt-BR","@id":"https:\/\/www.legislapp.com.br\/#\/schema\/logo\/image\/","url":"https:\/\/www.legislapp.com.br\/wp-content\/uploads\/icon.png","contentUrl":"https:\/\/www.legislapp.com.br\/wp-content\/uploads\/icon.png","width":1024,"height":1024,"caption":"Legislapp Monitoramento e Intelig\u00eancia Governamental"},"image":{"@id":"https:\/\/www.legislapp.com.br\/#\/schema\/logo\/image\/"},"sameAs":["https:\/\/www.instagram.com\/legislapp\/"]}]}},"_links":{"self":[{"href":"https:\/\/www.legislapp.com.br\/index.php\/wp-json\/wp\/v2\/pages\/11124","targetHints":{"allow":["GET"]}}],"collection":[{"href":"https:\/\/www.legislapp.com.br\/index.php\/wp-json\/wp\/v2\/pages"}],"about":[{"href":"https:\/\/www.legislapp.com.br\/index.php\/wp-json\/wp\/v2\/types\/page"}],"author":[{"embeddable":true,"href":"https:\/\/www.legislapp.com.br\/index.php\/wp-json\/wp\/v2\/users\/1"}],"replies":[{"embeddable":true,"href":"https:\/\/www.legislapp.com.br\/index.php\/wp-json\/wp\/v2\/comments?post=11124"}],"version-history":[{"count":0,"href":"https:\/\/www.legislapp.com.br\/index.php\/wp-json\/wp\/v2\/pages\/11124\/revisions"}],"wp:attachment":[{"href":"https:\/\/www.legislapp.com.br\/index.php\/wp-json\/wp\/v2\/media?parent=11124"}],"curies":[{"name":"wp","href":"https:\/\/api.w.org\/{rel}","templated":true}]}}