{"id":11187,"date":"2026-01-19T11:37:10","date_gmt":"2026-01-19T14:37:10","guid":{"rendered":"https:\/\/www.legislapp.com.br\/index.php\/cam-legislativa-de-mg-pl-4434-2025\/"},"modified":"2026-01-19T11:37:10","modified_gmt":"2026-01-19T14:37:10","slug":"cam-legislativa-de-mg-pl-4434-2025","status":"publish","type":"page","link":"https:\/\/www.legislapp.com.br\/index.php\/cam-legislativa-de-mg-pl-4434-2025\/","title":{"rendered":"PL 4434\/2025 &#8211; Deputados"},"content":{"rendered":"<h1 style='text-align: center;'>C\u00e2m. Legislativa de MG &#8211; Autoria de Deputados<\/h3>\n<p><\/p>\n<article style='text-align: center'>Institui a Semana Estadual do N\u00e3o te julgo, te ajudo.<\/article>\n<p><\/p>\n<p style='text-align: center'><a href='https:\/\/app.legislapp.com.br\/#\/busca?termo='><\/a><\/p>\n<p><\/p>\n<article>Institui no Calend\u00e1rio Oficial de Eventos do Estado a Semana Estadual do \u201cN\u00e3o te julgo, te ajudo\u201d.<br \/>\nA Assembleia Legislativa do Estado de Minas Gerais decreta:<br \/>\nArt. 1\u00ba \u2013 Fica institu\u00edda e inclu\u00edda no Calend\u00e1rio Oficial de Eventos do Estado a Semana Estadual do \u201cN\u00e3o te julgo, te ajudo\u201d, que ser\u00e1 realizada, anualmente, na segunda semana do m\u00eas de setembro.<br \/>\nArt. 2\u00ba \u2013 S\u00e3o objetivos da Semana Estadual do \u201cN\u00e3o te julgo, te ajudo\u201d:<br \/>\nI \u2013 divulgar as diversas formas de transtornos psicol\u00f3gicos, como: depress\u00e3o, s\u00edndrome do p\u00e2nico, ansiedade, ang\u00fastia e outros pensamentos intrusivos e as suas consequ\u00eancias para a sa\u00fade mental e emocional dos indiv\u00edduos, como a automutila\u00e7\u00e3o e os pensamentos de suic\u00eddio;<br \/>\nII \u2013 promover meios para incentivar atividades educativas e de conscientiza\u00e7\u00e3o dos problemas relacionados aos transtornos psicol\u00f3gicos, por meio de encontros, palestras e distribui\u00e7\u00e3o de material informativo;<br \/>\nIII \u2013 fomentar a\u00e7\u00f5es para conscientiza\u00e7\u00e3o da popula\u00e7\u00e3o sobre o suic\u00eddio e a automutila\u00e7\u00e3o, bem como evitar o seu acontecimento e a efetiva supera\u00e7\u00e3o das pessoas acometidas pelos pensamentos intrusivos;<br \/>\nIV \u2013 esclarecer as consequ\u00eancias para a sa\u00fade mental e emocional decorrentes dos transtornos psicol\u00f3gicos, por meio de a\u00e7\u00f5es e palestras, em especial nas escolas da rede p\u00fablica de ensino;<br \/>\nV \u2013 prestar atendimento e orienta\u00e7\u00e3o \u00e0s pessoas que buscam o apoio psicol\u00f3gico e emocional, bem como o apoio das respectivas fam\u00edlias afetadas;<br \/>\nVI \u2013 criar eventos para debater os problemas sociais ligados aos pensamentos suicidas e \u00e0 automutila\u00e7\u00e3o e medidas para o enfrentamento dos transtornos psicol\u00f3gicos e a valoriza\u00e7\u00e3o da vida.<br \/>\nArt. 3\u00ba \u2013 Como atividades da Semana Estadual do \u201cN\u00e3o te julgo, te ajudo\u201d poder\u00e3o ser realizadas, por entidades e associa\u00e7\u00f5es, palestras, oficinas tem\u00e1ticas, mesas redondas, debates, atividades educativas, \u201cshows\u201d, pe\u00e7as teatrais, apresenta\u00e7\u00f5es musicais, apresenta\u00e7\u00f5es de dan\u00e7a e outras atividades pertinentes, em especial nas escolas da rede estadual de ensino, que permitir\u00e3o o acesso, em suas unidades, para essas atividades.<br \/>\nPar\u00e1grafo \u00fanico \u2013 Na Semana Estadual do \u201cN\u00e3o te julgo, te ajudo\u201d poder\u00e3o ser distribu\u00eddos materiais informativos como: cartilhas, panfletos e livros que tratem da preven\u00e7\u00e3o ao suic\u00eddio e da automutila\u00e7\u00e3o.<br \/>\nArt. 4\u00ba \u2013 A Semana Estadual do \u201cN\u00e3o te julgo, te ajudo\u201d ser\u00e1 organizada pelos \u00f3rg\u00e3os p\u00fablicos em parceria com entidades e associa\u00e7\u00f5es atuantes no enfrentamento das doen\u00e7as mentais, no apoio emocional e preven\u00e7\u00e3o do suic\u00eddio e da automutila\u00e7\u00e3o.<br \/>\nArt. 5\u00ba \u2013 Esta lei entra em vigor na data de sua publica\u00e7\u00e3o.<br \/>\nSala das Reuni\u00f5es, 17 de setembro de 2025.<br \/>\nCharles Santos (Republicanos)<br \/>\nJustifica\u00e7\u00e3o: O presente projeto de lei tem como objetivo instituir a Semana Estadual do \u201cN\u00e3o te julgo, te ajudo\u201d, a ser realizada, anualmente, na segunda semana de setembro, integrando o Calend\u00e1rio Oficial de Eventos do Estado.<br \/>\nA iniciativa fundamenta-se na necessidade urgente de ampliar o debate e a conscientiza\u00e7\u00e3o acerca dos transtornos psicol\u00f3gicos que afetam parcela significativa da popula\u00e7\u00e3o, tais como depress\u00e3o, ansiedade, s\u00edndrome do p\u00e2nico, ang\u00fastia e outros quadros que, muitas vezes, culminam em automutila\u00e7\u00e3o e pensamentos suicidas.<br \/>\nA Semana Estadual do \u201cN\u00e3o te julgo, te ajudo\u201d prop\u00f5e-se a ser um espa\u00e7o permanente de di\u00e1logo e aprendizado, estimulando atividades educativas, culturais e de mobiliza\u00e7\u00e3o social. Busca-se, sobretudo, sensibilizar a popula\u00e7\u00e3o sobre a relev\u00e2ncia da sa\u00fade mental, reduzir preconceitos e estigmas, al\u00e9m de oferecer apoio e orienta\u00e7\u00e3o \u00e0s pessoas em sofrimento ps\u00edquico e suas fam\u00edlias.<br \/>\nCom a\u00e7\u00f5es em escolas, entidades, associa\u00e7\u00f5es e demais espa\u00e7os comunit\u00e1rios, o projeto cria oportunidades para que jovens, educadores, profissionais de sa\u00fade e a sociedade em geral participem de debates, palestras, oficinas, apresenta\u00e7\u00f5es culturais e distribui\u00e7\u00e3o de materiais informativos, fortalecendo a cultura da preven\u00e7\u00e3o e do cuidado.<br \/>\nAssim, a proposta n\u00e3o se restringe apenas a um evento simb\u00f3lico, mas configura-se como instrumento de fortalecimento da rede de apoio emocional e de promo\u00e7\u00e3o da vida.<br \/>\nDiante do exposto, pe\u00e7o o apoio dos meu Pares para aprova\u00e7\u00e3o deste projeto, que representa um passo essencial no enfrentamento aos transtornos psicol\u00f3gicos e na valoriza\u00e7\u00e3o da vida.<br \/>\n\u2013 Publicado, vai o projeto \u00e0 Comiss\u00e3o de Justi\u00e7a e de Sa\u00fade para parecer, nos termos do art. 190, c\/c o art. 102, do Regimento Interno.<\/article>\n<div style=\"text-align: center\">\n<div style=\"margin-bottom: 20px;\" class=\"et_pb_button_module_wrapper et_pb_button_5_tb_body_wrapper et_pb_button_alignment_center et_pb_module \">\n         <a class=\"et_pb_button et_pb_button_5_tb_body et_hover_enabled et_pb_bg_layout_dark\" style=\"width: 50%;background-color: black;\" href=\"https:\/\/app.legislapp.com.br\" target=\"_blank\" rel=\"noopener\">Visualizar completo na nossa plataforma (30 dias gr\u00e1tis)<\/a><\/p><\/div>\n<p>      <a href=\"https:\/\/play.google.com\/store\/apps\/details?id=br.com.legislapp\"><img decoding=\"async\" style=\"width: 15%; min-width: 130px;\" src=\"https:\/\/www.legislapp.com.br\/wp-content\/uploads\/google-play.png\"><\/a><br \/>\n      <a href=\"https:\/\/apps.apple.com\/us\/app\/legislapp\/id1568929859\"><img decoding=\"async\" style=\"width: 15%; min-width: 130px\" src=\"https:\/\/www.legislapp.com.br\/wp-content\/uploads\/apple-store.png\"><\/a>\n   <\/div>\n","protected":false},"excerpt":{"rendered":"<p>C\u00e2m. Legislativa de MG &#8211; Autoria de Deputados Institui a Semana Estadual do N\u00e3o te julgo, te ajudo. Institui no Calend\u00e1rio Oficial de Eventos do Estado a Semana Estadual do \u201cN\u00e3o te julgo, te ajudo\u201d. A Assembleia Legislativa do Estado de Minas Gerais decreta: Art. 1\u00ba \u2013 Fica institu\u00edda e inclu\u00edda no Calend\u00e1rio Oficial de [&hellip;]<\/p>\n","protected":false},"author":1,"featured_media":0,"parent":0,"menu_order":0,"comment_status":"closed","ping_status":"closed","template":"page-template-blank.php","meta":{"_et_pb_use_builder":"","_et_pb_old_content":"","_et_gb_content_width":"1080","ngg_post_thumbnail":0,"footnotes":""},"class_list":["post-11187","page","type-page","status-publish","hentry"],"yoast_head":"<!-- This site is optimized with the Yoast SEO plugin v24.4 - https:\/\/yoast.com\/wordpress\/plugins\/seo\/ -->\n<title>PL 4434\/2025 - Deputados - Legislapp<\/title>\n<meta name=\"robots\" content=\"index, follow, max-snippet:-1, max-image-preview:large, max-video-preview:-1\" \/>\n<link rel=\"canonical\" href=\"https:\/\/www.legislapp.com.br\/index.php\/cam-legislativa-de-mg-pl-4434-2025\/\" \/>\n<meta property=\"og:locale\" content=\"pt_BR\" \/>\n<meta property=\"og:type\" content=\"article\" \/>\n<meta property=\"og:title\" content=\"PL 4434\/2025 - Deputados - Legislapp\" \/>\n<meta property=\"og:description\" content=\"C\u00e2m. Legislativa de MG &#8211; Autoria de Deputados Institui a Semana Estadual do N\u00e3o te julgo, te ajudo. Institui no Calend\u00e1rio Oficial de Eventos do Estado a Semana Estadual do \u201cN\u00e3o te julgo, te ajudo\u201d. A Assembleia Legislativa do Estado de Minas Gerais decreta: Art. 1\u00ba \u2013 Fica institu\u00edda e inclu\u00edda no Calend\u00e1rio Oficial de [&hellip;]\" \/>\n<meta property=\"og:url\" content=\"https:\/\/www.legislapp.com.br\/index.php\/cam-legislativa-de-mg-pl-4434-2025\/\" \/>\n<meta property=\"og:site_name\" content=\"Legislapp\" \/>\n<meta property=\"article:publisher\" content=\"https:\/\/www.instagram.com\/legislapp\/\" \/>\n<meta property=\"og:image\" content=\"https:\/\/www.legislapp.com.br\/wp-content\/uploads\/google-play.png\" \/>\n<meta name=\"twitter:card\" content=\"summary_large_image\" \/>\n<meta name=\"twitter:label1\" content=\"Est. tempo de leitura\" \/>\n\t<meta name=\"twitter:data1\" content=\"4 minutos\" \/>\n<script type=\"application\/ld+json\" class=\"yoast-schema-graph\">{\"@context\":\"https:\/\/schema.org\",\"@graph\":[{\"@type\":\"WebPage\",\"@id\":\"https:\/\/www.legislapp.com.br\/index.php\/cam-legislativa-de-mg-pl-4434-2025\/\",\"url\":\"https:\/\/www.legislapp.com.br\/index.php\/cam-legislativa-de-mg-pl-4434-2025\/\",\"name\":\"PL 4434\/2025 - Deputados - Legislapp\",\"isPartOf\":{\"@id\":\"https:\/\/www.legislapp.com.br\/#website\"},\"primaryImageOfPage\":{\"@id\":\"https:\/\/www.legislapp.com.br\/index.php\/cam-legislativa-de-mg-pl-4434-2025\/#primaryimage\"},\"image\":{\"@id\":\"https:\/\/www.legislapp.com.br\/index.php\/cam-legislativa-de-mg-pl-4434-2025\/#primaryimage\"},\"thumbnailUrl\":\"https:\/\/www.legislapp.com.br\/wp-content\/uploads\/google-play.png\",\"datePublished\":\"2026-01-19T14:37:10+00:00\",\"breadcrumb\":{\"@id\":\"https:\/\/www.legislapp.com.br\/index.php\/cam-legislativa-de-mg-pl-4434-2025\/#breadcrumb\"},\"inLanguage\":\"pt-BR\",\"potentialAction\":[{\"@type\":\"ReadAction\",\"target\":[\"https:\/\/www.legislapp.com.br\/index.php\/cam-legislativa-de-mg-pl-4434-2025\/\"]}]},{\"@type\":\"ImageObject\",\"inLanguage\":\"pt-BR\",\"@id\":\"https:\/\/www.legislapp.com.br\/index.php\/cam-legislativa-de-mg-pl-4434-2025\/#primaryimage\",\"url\":\"https:\/\/www.legislapp.com.br\/wp-content\/uploads\/google-play.png\",\"contentUrl\":\"https:\/\/www.legislapp.com.br\/wp-content\/uploads\/google-play.png\",\"width\":564,\"height\":168},{\"@type\":\"BreadcrumbList\",\"@id\":\"https:\/\/www.legislapp.com.br\/index.php\/cam-legislativa-de-mg-pl-4434-2025\/#breadcrumb\",\"itemListElement\":[{\"@type\":\"ListItem\",\"position\":1,\"name\":\"In\u00edcio\",\"item\":\"https:\/\/www.legislapp.com.br\/\"},{\"@type\":\"ListItem\",\"position\":2,\"name\":\"PL 4434\/2025 &#8211; Deputados\"}]},{\"@type\":\"WebSite\",\"@id\":\"https:\/\/www.legislapp.com.br\/#website\",\"url\":\"https:\/\/www.legislapp.com.br\/\",\"name\":\"Legislapp\",\"description\":\"Intelig\u00eancia governamental em tempo real\",\"publisher\":{\"@id\":\"https:\/\/www.legislapp.com.br\/#organization\"},\"potentialAction\":[{\"@type\":\"SearchAction\",\"target\":{\"@type\":\"EntryPoint\",\"urlTemplate\":\"https:\/\/www.legislapp.com.br\/?s={search_term_string}\"},\"query-input\":{\"@type\":\"PropertyValueSpecification\",\"valueRequired\":true,\"valueName\":\"search_term_string\"}}],\"inLanguage\":\"pt-BR\"},{\"@type\":\"Organization\",\"@id\":\"https:\/\/www.legislapp.com.br\/#organization\",\"name\":\"Legislapp Monitoramento e Intelig\u00eancia Governamental\",\"url\":\"https:\/\/www.legislapp.com.br\/\",\"logo\":{\"@type\":\"ImageObject\",\"inLanguage\":\"pt-BR\",\"@id\":\"https:\/\/www.legislapp.com.br\/#\/schema\/logo\/image\/\",\"url\":\"https:\/\/www.legislapp.com.br\/wp-content\/uploads\/icon.png\",\"contentUrl\":\"https:\/\/www.legislapp.com.br\/wp-content\/uploads\/icon.png\",\"width\":1024,\"height\":1024,\"caption\":\"Legislapp Monitoramento e Intelig\u00eancia Governamental\"},\"image\":{\"@id\":\"https:\/\/www.legislapp.com.br\/#\/schema\/logo\/image\/\"},\"sameAs\":[\"https:\/\/www.instagram.com\/legislapp\/\"]}]}<\/script>\n<!-- \/ Yoast SEO plugin. -->","yoast_head_json":{"title":"PL 4434\/2025 - Deputados - Legislapp","robots":{"index":"index","follow":"follow","max-snippet":"max-snippet:-1","max-image-preview":"max-image-preview:large","max-video-preview":"max-video-preview:-1"},"canonical":"https:\/\/www.legislapp.com.br\/index.php\/cam-legislativa-de-mg-pl-4434-2025\/","og_locale":"pt_BR","og_type":"article","og_title":"PL 4434\/2025 - Deputados - Legislapp","og_description":"C\u00e2m. Legislativa de MG &#8211; Autoria de Deputados Institui a Semana Estadual do N\u00e3o te julgo, te ajudo. Institui no Calend\u00e1rio Oficial de Eventos do Estado a Semana Estadual do \u201cN\u00e3o te julgo, te ajudo\u201d. A Assembleia Legislativa do Estado de Minas Gerais decreta: Art. 1\u00ba \u2013 Fica institu\u00edda e inclu\u00edda no Calend\u00e1rio Oficial de [&hellip;]","og_url":"https:\/\/www.legislapp.com.br\/index.php\/cam-legislativa-de-mg-pl-4434-2025\/","og_site_name":"Legislapp","article_publisher":"https:\/\/www.instagram.com\/legislapp\/","og_image":[{"url":"https:\/\/www.legislapp.com.br\/wp-content\/uploads\/google-play.png","type":"","width":"","height":""}],"twitter_card":"summary_large_image","twitter_misc":{"Est. tempo de leitura":"4 minutos"},"schema":{"@context":"https:\/\/schema.org","@graph":[{"@type":"WebPage","@id":"https:\/\/www.legislapp.com.br\/index.php\/cam-legislativa-de-mg-pl-4434-2025\/","url":"https:\/\/www.legislapp.com.br\/index.php\/cam-legislativa-de-mg-pl-4434-2025\/","name":"PL 4434\/2025 - Deputados - Legislapp","isPartOf":{"@id":"https:\/\/www.legislapp.com.br\/#website"},"primaryImageOfPage":{"@id":"https:\/\/www.legislapp.com.br\/index.php\/cam-legislativa-de-mg-pl-4434-2025\/#primaryimage"},"image":{"@id":"https:\/\/www.legislapp.com.br\/index.php\/cam-legislativa-de-mg-pl-4434-2025\/#primaryimage"},"thumbnailUrl":"https:\/\/www.legislapp.com.br\/wp-content\/uploads\/google-play.png","datePublished":"2026-01-19T14:37:10+00:00","breadcrumb":{"@id":"https:\/\/www.legislapp.com.br\/index.php\/cam-legislativa-de-mg-pl-4434-2025\/#breadcrumb"},"inLanguage":"pt-BR","potentialAction":[{"@type":"ReadAction","target":["https:\/\/www.legislapp.com.br\/index.php\/cam-legislativa-de-mg-pl-4434-2025\/"]}]},{"@type":"ImageObject","inLanguage":"pt-BR","@id":"https:\/\/www.legislapp.com.br\/index.php\/cam-legislativa-de-mg-pl-4434-2025\/#primaryimage","url":"https:\/\/www.legislapp.com.br\/wp-content\/uploads\/google-play.png","contentUrl":"https:\/\/www.legislapp.com.br\/wp-content\/uploads\/google-play.png","width":564,"height":168},{"@type":"BreadcrumbList","@id":"https:\/\/www.legislapp.com.br\/index.php\/cam-legislativa-de-mg-pl-4434-2025\/#breadcrumb","itemListElement":[{"@type":"ListItem","position":1,"name":"In\u00edcio","item":"https:\/\/www.legislapp.com.br\/"},{"@type":"ListItem","position":2,"name":"PL 4434\/2025 &#8211; Deputados"}]},{"@type":"WebSite","@id":"https:\/\/www.legislapp.com.br\/#website","url":"https:\/\/www.legislapp.com.br\/","name":"Legislapp","description":"Intelig\u00eancia governamental em tempo real","publisher":{"@id":"https:\/\/www.legislapp.com.br\/#organization"},"potentialAction":[{"@type":"SearchAction","target":{"@type":"EntryPoint","urlTemplate":"https:\/\/www.legislapp.com.br\/?s={search_term_string}"},"query-input":{"@type":"PropertyValueSpecification","valueRequired":true,"valueName":"search_term_string"}}],"inLanguage":"pt-BR"},{"@type":"Organization","@id":"https:\/\/www.legislapp.com.br\/#organization","name":"Legislapp Monitoramento e Intelig\u00eancia Governamental","url":"https:\/\/www.legislapp.com.br\/","logo":{"@type":"ImageObject","inLanguage":"pt-BR","@id":"https:\/\/www.legislapp.com.br\/#\/schema\/logo\/image\/","url":"https:\/\/www.legislapp.com.br\/wp-content\/uploads\/icon.png","contentUrl":"https:\/\/www.legislapp.com.br\/wp-content\/uploads\/icon.png","width":1024,"height":1024,"caption":"Legislapp Monitoramento e Intelig\u00eancia Governamental"},"image":{"@id":"https:\/\/www.legislapp.com.br\/#\/schema\/logo\/image\/"},"sameAs":["https:\/\/www.instagram.com\/legislapp\/"]}]}},"_links":{"self":[{"href":"https:\/\/www.legislapp.com.br\/index.php\/wp-json\/wp\/v2\/pages\/11187","targetHints":{"allow":["GET"]}}],"collection":[{"href":"https:\/\/www.legislapp.com.br\/index.php\/wp-json\/wp\/v2\/pages"}],"about":[{"href":"https:\/\/www.legislapp.com.br\/index.php\/wp-json\/wp\/v2\/types\/page"}],"author":[{"embeddable":true,"href":"https:\/\/www.legislapp.com.br\/index.php\/wp-json\/wp\/v2\/users\/1"}],"replies":[{"embeddable":true,"href":"https:\/\/www.legislapp.com.br\/index.php\/wp-json\/wp\/v2\/comments?post=11187"}],"version-history":[{"count":0,"href":"https:\/\/www.legislapp.com.br\/index.php\/wp-json\/wp\/v2\/pages\/11187\/revisions"}],"wp:attachment":[{"href":"https:\/\/www.legislapp.com.br\/index.php\/wp-json\/wp\/v2\/media?parent=11187"}],"curies":[{"name":"wp","href":"https:\/\/api.w.org\/{rel}","templated":true}]}}