{"id":11203,"date":"2026-01-19T11:40:12","date_gmt":"2026-01-19T14:40:12","guid":{"rendered":"https:\/\/www.legislapp.com.br\/index.php\/avulso-inicial-pl-5972-2025-camara\/"},"modified":"2026-01-19T11:40:12","modified_gmt":"2026-01-19T14:40:12","slug":"avulso-inicial-pl-5972-2025-camara","status":"publish","type":"page","link":"https:\/\/www.legislapp.com.br\/index.php\/avulso-inicial-pl-5972-2025-camara\/","title":{"rendered":"Avulso Inicial &#8211; PL 5972\/2025 &#8211; C\u00e2mara"},"content":{"rendered":"<h1 style='text-align: center;'>Avulso Inicial &#8211; Autoria de Ana Paula Lima<\/h3>\n<p><\/p>\n<article>PROJETO DE LEI N\u00ba          , DE 2025<br \/>\n(Da Sra. ANA PAULA LIMA)<br \/>\nAltera a Lei n.\u00ba 8.069, de 13 de julho de<br \/>\n1990, para substituir, em seus dispositivos,<br \/>\npor express\u00e3o equivalente em cada<br \/>\nsitua\u00e7\u00e3o, o termo \u201cmenor\u201d e suas variantes,<br \/>\nbem como express\u00f5es que contenham<br \/>\nqualquer deles, quando estejam empregados<br \/>\npara fazer refer\u00eancia a crian\u00e7a ou<br \/>\nadolescente ou \u00e0s respectivas pluralidades.<br \/>\nO Congresso Nacional decreta:<br \/>\nArt. 1\u00ba A Lei n.\u00ba 8.069, de 13 de julho de 1990, passa a vigorar<br \/>\ncom as seguintes altera\u00e7\u00f5es:<br \/>\n\u201cArt. 22. Aos pais incumbe o dever de sustento, guarda,<br \/>\nconviv\u00eancia, assist\u00eancia material e afetiva e educa\u00e7\u00e3o dos<br \/>\nfilhos enquanto forem crian\u00e7as ou adolescentes, cabendo-lhes<br \/>\nainda, no interesse destes, a obriga\u00e7\u00e3o de cumprir e fazer<br \/>\ncumprir as determina\u00e7\u00f5es judiciais.\u201d (NR)<br \/>\n\u201cArt. 48. &#8230;&#8230;&#8230;&#8230;&#8230;&#8230;&#8230;&#8230;&#8230;&#8230;&#8230;&#8230;&#8230;&#8230;&#8230;.<br \/>\nPar\u00e1grafo \u00fanico.  O acesso ao processo de ado\u00e7\u00e3o poder\u00e1 ser<br \/>\ntamb\u00e9m deferido ao adotado que n\u00e3o haja atingido a idade de<br \/>\ndezoito anos, a seu pedido, assegurada orienta\u00e7\u00e3o e<br \/>\nassist\u00eancia jur\u00eddica e psicol\u00f3gica.\u201d (NR)<br \/>\n\u201cArt. 60. \u00c9 proibido qualquer trabalho a adolescentes que n\u00e3o<br \/>\ntenham atingido a idade de quatorze anos, salvo na condi\u00e7\u00e3o<br \/>\nde aprendiz.\u201d (NR)<br \/>\n\u201cArt. 75. &#8230;&#8230;&#8230;&#8230;&#8230;&#8230;&#8230;&#8230;&#8230;&#8230;&#8230;&#8230;&#8230;&#8230;&#8230;<br \/>\nPar\u00e1grafo \u00fanico. As crian\u00e7as que n\u00e3o tenham atingido a idade<br \/>\nde dez anos somente poder\u00e3o ingressar e permanecer nos<br \/>\nlocais de apresenta\u00e7\u00e3o ou exibi\u00e7\u00e3o quando acompanhadas dos<br \/>\npais ou respons\u00e1vel.\u201d (NR)<br \/>\n\u201cArt. 83.  Nenhuma crian\u00e7a ou adolescente com idade inferior a<br \/>\ndezesseis anos poder\u00e1 viajar para fora da comarca onde reside<br \/>\ndesacompanhado dos pais ou dos respons\u00e1veis sem expressa<br \/>\nautoriza\u00e7\u00e3o judicial.<br \/>\nPara verificar a assinatura, acesse https:\/\/infoleg-autenticidade-assinatura.camara.leg.br\/CD250486961500<br \/>\nAssinado eletronicamente pelo(a) Dep. Ana Paula Lima<br \/>\nApresenta\u00e7\u00e3o: 25\/11\/2025 19:46:59.343 &#8211; Mesa<br \/>\n*CD250486961500* PL n.5972\/2025<br \/>2<br \/>\n\u00a7 1\u00ba &#8230;&#8230;&#8230;&#8230;&#8230;&#8230;&#8230;&#8230;&#8230;&#8230;&#8230;&#8230;&#8230;&#8230;&#8230;&#8230;<br \/>\na) tratar-se de comarca cont\u00edgua \u00e0 da resid\u00eancia da crian\u00e7a ou<br \/>\ndo adolescente com idade inferior a dezesseis anos, se na<br \/>\nmesma unidade da Federa\u00e7\u00e3o, ou inclu\u00edda na mesma regi\u00e3o<br \/>\nmetropolitana;<br \/>\nb) a crian\u00e7a ou o adolescente com idade inferior a 16<br \/>\n(dezesseis) anos completos estiver acompanhado:<br \/>\n&#8230;&#8230;&#8230;&#8230;&#8230;&#8230;&#8230;&#8230;&#8230;&#8230;&#8230;&#8230;&#8230;&#8230;&#8230;.\u201d (NR)<br \/>\n\u201cArt. 104. S\u00e3o penalmente inimput\u00e1veis as crian\u00e7as e<br \/>\nadolescentes, ficando sujeitos \u00e0s medidas previstas nesta Lei.\u201d<br \/>\n(NR)<br \/>\n\u201cArt. 142. As crian\u00e7as e os adolescentes com idade inferior a<br \/>\ndezesseis anos ser\u00e3o representados e os adolescentes com<br \/>\nidade igual ou superior a dezesseis anos ser\u00e3o assistidos por<br \/>\nseus pais, tutores ou curadores, na forma da legisla\u00e7\u00e3o civil ou<br \/>\nprocessual.\u201d (NR)<br \/>\n\u201cArt. 244-B.  Corromper ou facilitar a corrup\u00e7\u00e3o de crian\u00e7a ou<br \/>\nadolescente, praticando com qualquer deles infra\u00e7\u00e3o penal ou<br \/>\no induzindo a pratic\u00e1-la:<br \/>\n&#8230;&#8230;&#8230;&#8230;&#8230;&#8230;&#8230;&#8230;&#8230;&#8230;&#8230;&#8230;&#8230;&#8230;&#8230;.\u201d (NR)<br \/>\nArt. 2\u00ba Esta Lei entra em vigor na data de sua publica\u00e7\u00e3o.<br \/>\nJUSTIFICA\u00c7\u00c3O<br \/>\nA ANDI \u2013 Comunica\u00e7\u00e3o e Direitos, em parceria com o Coletivo<br \/>\nColo, tendo ainda a colabora\u00e7\u00e3o de Abej, Abraji, Fenaj, Jeduca e SBPJor,<br \/>\nlan\u00e7ou, consoante mat\u00e9ria publicada em s\u00edtio da Ag\u00eancia Pulsar na rede<br \/>\n1<br \/>\nmundial de computadores , a campanha #N\u00e3o\u00c9Menor, uma iniciativa de<br \/>\ncar\u00e1ter nacional para desconstruir o uso inadequado do termo \u201cmenor\u201d nos<br \/>\nmeios de comunica\u00e7\u00e3o em geral, em espa\u00e7os p\u00fablicos e no cotidiano para se<br \/>\nreferir a crian\u00e7a ou adolescente.<br \/>\nSegundo a mencionada institui\u00e7\u00e3o, o referido termo carrega<br \/>\numa heran\u00e7a hist\u00f3rica de estigmatiza\u00e7\u00e3o e criminaliza\u00e7\u00e3o da inf\u00e2ncia e<br \/>\njuventude no Brasil, constituindo \u201cresqu\u00edcio\u201d do j\u00e1 revogado C\u00f3digo de<br \/>\n1<br \/>\n N\u00c3O \u00c9 MENOR: Campanha nacional combate uso de termo que estigmatiza crian\u00e7as e<br \/>\nadolescentes. Dispon\u00edvel em: <https:\/\/agenciapulsarbrasil.org\/nao-e-menor-campanha-nacional-\ncombate-uso-de-termo-que-estigmatiza-criancas-e-adolescentes\/>. Acesso em: 12 novembro 2025.<br \/>\nPara verificar a assinatura, acesse https:\/\/infoleg-autenticidade-assinatura.camara.leg.br\/CD250486961500<br \/>\nAssinado eletronicamente pelo(a) Dep. Ana Paula Lima<br \/>\nApresenta\u00e7\u00e3o: 25\/11\/2025 19:46:59.343 &#8211; Mesa<br \/>\n*CD250486961500* PL n.5972\/2025<br \/>3<br \/>\nMenores, que institucionalizou respostas punitivas e classificat\u00f3rias a crian\u00e7as<br \/>\ne adolescentes em situa\u00e7\u00e3o de vulnerabilidade.<br \/>\nPor sua vez, o objetivo da mencionada campanha \u00e9<br \/>\nconscientizar jornalistas, comunicadores, educadores, estudantes e fam\u00edlias<br \/>\nsobre os impactos negativos do termo em quest\u00e3o e estimular a ado\u00e7\u00e3o de<br \/>\numa linguagem mais respeitosa com as crian\u00e7as e adolescentes e alinhada \u00e0<br \/>\nlegisla\u00e7\u00e3o brasileira, especialmente \u00e0 doutrina da prote\u00e7\u00e3o integral consagrada<br \/>\npela Constitui\u00e7\u00e3o Federal de 1988 e prevista no Estatuto da Crian\u00e7a e do<br \/>\nAdolescente (Lei n.\u00ba 8.069, de 13 de julho de 1990).<br \/>\nDesde j\u00e1 reconhecemos o grande m\u00e9rito da aludida campanha<br \/>\ne avaliamos que ela deve ecoar tamb\u00e9m neste Parlamento nacional, com<br \/>\nespecial relevo para as atividades de elabora\u00e7\u00e3o legislativa.<br \/>\nCom efeito, revela-se imperioso que, doravante, as novas leis e<br \/>\nnormas que forem erigidas no \u00e2mbito deste Congresso Nacional recebam<br \/>\nreda\u00e7\u00e3o compat\u00edvel com as orienta\u00e7\u00f5es trazidas mencionada campanha, ou<br \/>\nseja, que n\u00e3o passem mais a empregar, em suas disposi\u00e7\u00f5es, o pejorativo<br \/>\ntermo \u201cmenor\u201d ou qualquer de suas variantes, ou ainda express\u00f5es que<br \/>\ncontenham qualquer dessas palavras, para fazer refer\u00eancia a crian\u00e7a ou<br \/>\nadolescente ou \u00e0s respectivas pluralidades.<br \/>\nTamb\u00e9m releva aperfei\u00e7oar o ordenamento jur\u00eddico vigente<br \/>\npara suprimir dele os termos ou express\u00f5es aludidos que estejam empregados<br \/>\ncom a mesma finalidade referida, o que sabidamente exigir\u00e1 grandes esfor\u00e7os<br \/>\nlegislativos durante vasto per\u00edodo de tempo, posto ser, atualmente, bastante<br \/>\nelevado o n\u00famero de leis com um ou mais ou mesmo m\u00faltiplos dispositivos em<br \/>\nvigor que ter\u00e3o de ser adaptados com o mencionado fim de aprimoramento e<br \/>\nse dedicam a tratar n\u00e3o s\u00f3 do direito civil, mas tamb\u00e9m de temas e assuntos de<br \/>\ndireito penal, trabalhista, processual, etc.<br \/>\nContudo, a fim de dar um simb\u00f3lico e importante primeiro<br \/>\npasso nesse sentido aludido, ora propomos o presente projeto de lei destinado<br \/>\na alterar o principal marco legal existente de prote\u00e7\u00e3o das crian\u00e7as e dos<br \/>\nadolescentes (que \u00e9 o Estatuto da Crian\u00e7a e do Adolescente) para livrar o<br \/>\nrespectivo texto em vigor (\u00e0 exce\u00e7\u00e3o das normas que foram nele erigidas com<br \/>\nPara verificar a assinatura, acesse https:\/\/infoleg-autenticidade-assinatura.camara.leg.br\/CD250486961500<br \/>\nAssinado eletronicamente pelo(a) Dep. Ana Paula Lima<br \/>\nApresenta\u00e7\u00e3o: 25\/11\/2025 19:46:59.343 &#8211; Mesa<br \/>\n*CD250486961500* PL n.5972\/2025<br \/>4<br \/>\no objetivo de modificar a reda\u00e7\u00e3o de disposi\u00e7\u00f5es de outros diplomas legais) do<br \/>\nconstatado emprego dos termos ou express\u00f5es mencionados para fazer<br \/>\nrefer\u00eancia a crian\u00e7a ou adolescente ou \u00e0s respectivas pluralidades.<br \/>\nCerta de que a import\u00e2ncia desta proposi\u00e7\u00e3o e os benef\u00edcios<br \/>\nque dela poder\u00e3o advir ser\u00e3o percebidos pelos meus ilustres Pares, esperamos<br \/>\ncontar com o apoio necess\u00e1rio para a sua aprova\u00e7\u00e3o.<br \/>\nSala das Sess\u00f5es, em 25 de novembro de 2025.<br \/>\nDeputada ANA PAULA LIMA<br \/>\nPara verificar a assinatura, acesse https:\/\/infoleg-autenticidade-assinatura.camara.leg.br\/CD250486961500<br \/>\nAssinado eletronicamente pelo(a) Dep. Ana Paula Lima<br \/>\nApresenta\u00e7\u00e3o: 25\/11\/2025 19:46:59.343 &#8211; Mesa<br \/>\n*CD250486961500* PL n.5972\/2025<\/article>\n<p><a href='https:\/\/app.legislapp.com.br\/#\/busca?termo=Altera\u00e7\u00e3o'>Altera\u00e7\u00e3o<\/a>, <a href='https:\/\/app.legislapp.com.br\/#\/busca?termo=Estatuto da Crian\u00e7a e do Adolescente (ECA) (1990)'>Estatuto da Crian\u00e7a e do Adolescente (ECA) (1990)<\/a>, <a href='https:\/\/app.legislapp.com.br\/#\/busca?termo=substitui\u00e7\u00e3o'>substitui\u00e7\u00e3o<\/a>, <a href='https:\/\/app.legislapp.com.br\/#\/busca?termo=Express\u00e3o textual'>Express\u00e3o textual<\/a>, <a href='https:\/\/app.legislapp.com.br\/#\/busca?termo=Menor de idade'>Menor de idade<\/a>, <a href='https:\/\/app.legislapp.com.br\/#\/busca?termo=refer\u00eancia'>refer\u00eancia<\/a>, <a href='https:\/\/app.legislapp.com.br\/#\/busca?termo=crian\u00e7a'>crian\u00e7a<\/a>, <a href='https:\/\/app.legislapp.com.br\/#\/busca?termo=adolescente'>adolescente<\/a>, <a href='https:\/\/app.legislapp.com.br\/#\/busca?termo=decorr\u00eancia'>decorr\u00eancia<\/a>, <a href='https:\/\/app.legislapp.com.br\/#\/busca?termo=discrimina\u00e7\u00e3o'>discrimina\u00e7\u00e3o<\/a>, <a href='https:\/\/app.legislapp.com.br\/#\/busca?termo=criminaliza\u00e7\u00e3o'>criminaliza\u00e7\u00e3o<\/a>, <a href='https:\/\/app.legislapp.com.br\/#\/busca?termo=inf\u00e2ncia'>inf\u00e2ncia<\/a>, <a href='https:\/\/app.legislapp.com.br\/#\/busca?termo=juventude.'>juventude.<\/a><\/p>\n<div style=\"text-align: center\">\n      <img decoding=\"async\" style=\"width: 14%;\" src=\"https:\/\/www.legislapp.com.br\/wp-content\/uploads\/2021\/07\/Logo-Legislapp-1-03-1.png\"><br \/>\n      <\/p>\n<div style=\"margin-bottom: 20px;\" class=\"et_pb_button_module_wrapper et_pb_button_5_tb_body_wrapper et_pb_button_alignment_center et_pb_module \">\n         <a class=\"et_pb_button et_pb_button_5_tb_body et_hover_enabled et_pb_bg_layout_dark\" style=\"width: 50%;background-color: black;\" href=\"https:\/\/app.legislapp.com.br\" target=\"_blank\" rel=\"noopener\">Visualizar completo na nossa plataforma (30 dias gr\u00e1tis)<\/a><\/p><\/div>\n<p>      <a href=\"https:\/\/play.google.com\/store\/apps\/details?id=br.com.legislapp\"><img decoding=\"async\" style=\"width: 15%; min-width: 130px;\" src=\"https:\/\/www.legislapp.com.br\/wp-content\/uploads\/google-play.png\"><\/a><br \/>\n      <a href=\"https:\/\/apps.apple.com\/us\/app\/legislapp\/id1568929859\"><img decoding=\"async\" style=\"width: 15%; min-width: 130px\" src=\"https:\/\/www.legislapp.com.br\/wp-content\/uploads\/apple-store.png\"><\/a>\n   <\/div>\n","protected":false},"excerpt":{"rendered":"<p>Avulso Inicial &#8211; Autoria de Ana Paula Lima PROJETO DE LEI N\u00ba , DE 2025 (Da Sra. ANA PAULA LIMA) Altera a Lei n.\u00ba 8.069, de 13 de julho de 1990, para substituir, em seus dispositivos, por express\u00e3o equivalente em cada situa\u00e7\u00e3o, o termo \u201cmenor\u201d e suas variantes, bem como express\u00f5es que contenham qualquer deles, [&hellip;]<\/p>\n","protected":false},"author":1,"featured_media":0,"parent":0,"menu_order":0,"comment_status":"closed","ping_status":"closed","template":"page-template-blank.php","meta":{"_et_pb_use_builder":"","_et_pb_old_content":"","_et_gb_content_width":"1080","ngg_post_thumbnail":0,"footnotes":""},"class_list":["post-11203","page","type-page","status-publish","hentry"],"yoast_head":"<!-- This site is optimized with the Yoast SEO plugin v24.4 - https:\/\/yoast.com\/wordpress\/plugins\/seo\/ -->\n<title>Avulso Inicial - PL 5972\/2025 - C\u00e2mara - Legislapp<\/title>\n<meta name=\"robots\" content=\"index, follow, max-snippet:-1, max-image-preview:large, max-video-preview:-1\" \/>\n<link rel=\"canonical\" href=\"https:\/\/www.legislapp.com.br\/index.php\/avulso-inicial-pl-5972-2025-camara\/\" \/>\n<meta property=\"og:locale\" content=\"pt_BR\" \/>\n<meta property=\"og:type\" content=\"article\" \/>\n<meta property=\"og:title\" content=\"Avulso Inicial - PL 5972\/2025 - C\u00e2mara - Legislapp\" \/>\n<meta property=\"og:description\" content=\"Avulso Inicial &#8211; Autoria de Ana Paula Lima PROJETO DE LEI N\u00ba , DE 2025 (Da Sra. ANA PAULA LIMA) Altera a Lei n.\u00ba 8.069, de 13 de julho de 1990, para substituir, em seus dispositivos, por express\u00e3o equivalente em cada situa\u00e7\u00e3o, o termo \u201cmenor\u201d e suas variantes, bem como express\u00f5es que contenham qualquer deles, [&hellip;]\" \/>\n<meta property=\"og:url\" content=\"https:\/\/www.legislapp.com.br\/index.php\/avulso-inicial-pl-5972-2025-camara\/\" \/>\n<meta property=\"og:site_name\" content=\"Legislapp\" \/>\n<meta property=\"article:publisher\" content=\"https:\/\/www.instagram.com\/legislapp\/\" \/>\n<meta property=\"og:image\" content=\"https:\/\/www.legislapp.com.br\/wp-content\/uploads\/2021\/07\/Logo-Legislapp-1-03-1.png\" \/>\n<meta name=\"twitter:card\" content=\"summary_large_image\" \/>\n<meta name=\"twitter:label1\" content=\"Est. tempo de leitura\" \/>\n\t<meta name=\"twitter:data1\" content=\"6 minutos\" \/>\n<script type=\"application\/ld+json\" class=\"yoast-schema-graph\">{\"@context\":\"https:\/\/schema.org\",\"@graph\":[{\"@type\":\"WebPage\",\"@id\":\"https:\/\/www.legislapp.com.br\/index.php\/avulso-inicial-pl-5972-2025-camara\/\",\"url\":\"https:\/\/www.legislapp.com.br\/index.php\/avulso-inicial-pl-5972-2025-camara\/\",\"name\":\"Avulso Inicial - PL 5972\/2025 - C\u00e2mara - Legislapp\",\"isPartOf\":{\"@id\":\"https:\/\/www.legislapp.com.br\/#website\"},\"primaryImageOfPage\":{\"@id\":\"https:\/\/www.legislapp.com.br\/index.php\/avulso-inicial-pl-5972-2025-camara\/#primaryimage\"},\"image\":{\"@id\":\"https:\/\/www.legislapp.com.br\/index.php\/avulso-inicial-pl-5972-2025-camara\/#primaryimage\"},\"thumbnailUrl\":\"https:\/\/www.legislapp.com.br\/wp-content\/uploads\/2021\/07\/Logo-Legislapp-1-03-1.png\",\"datePublished\":\"2026-01-19T14:40:12+00:00\",\"breadcrumb\":{\"@id\":\"https:\/\/www.legislapp.com.br\/index.php\/avulso-inicial-pl-5972-2025-camara\/#breadcrumb\"},\"inLanguage\":\"pt-BR\",\"potentialAction\":[{\"@type\":\"ReadAction\",\"target\":[\"https:\/\/www.legislapp.com.br\/index.php\/avulso-inicial-pl-5972-2025-camara\/\"]}]},{\"@type\":\"ImageObject\",\"inLanguage\":\"pt-BR\",\"@id\":\"https:\/\/www.legislapp.com.br\/index.php\/avulso-inicial-pl-5972-2025-camara\/#primaryimage\",\"url\":\"https:\/\/www.legislapp.com.br\/wp-content\/uploads\/2021\/07\/Logo-Legislapp-1-03-1.png\",\"contentUrl\":\"https:\/\/www.legislapp.com.br\/wp-content\/uploads\/2021\/07\/Logo-Legislapp-1-03-1.png\",\"width\":2679,\"height\":2697},{\"@type\":\"BreadcrumbList\",\"@id\":\"https:\/\/www.legislapp.com.br\/index.php\/avulso-inicial-pl-5972-2025-camara\/#breadcrumb\",\"itemListElement\":[{\"@type\":\"ListItem\",\"position\":1,\"name\":\"In\u00edcio\",\"item\":\"https:\/\/www.legislapp.com.br\/\"},{\"@type\":\"ListItem\",\"position\":2,\"name\":\"Avulso Inicial &#8211; PL 5972\/2025 &#8211; C\u00e2mara\"}]},{\"@type\":\"WebSite\",\"@id\":\"https:\/\/www.legislapp.com.br\/#website\",\"url\":\"https:\/\/www.legislapp.com.br\/\",\"name\":\"Legislapp\",\"description\":\"Intelig\u00eancia governamental em tempo real\",\"publisher\":{\"@id\":\"https:\/\/www.legislapp.com.br\/#organization\"},\"potentialAction\":[{\"@type\":\"SearchAction\",\"target\":{\"@type\":\"EntryPoint\",\"urlTemplate\":\"https:\/\/www.legislapp.com.br\/?s={search_term_string}\"},\"query-input\":{\"@type\":\"PropertyValueSpecification\",\"valueRequired\":true,\"valueName\":\"search_term_string\"}}],\"inLanguage\":\"pt-BR\"},{\"@type\":\"Organization\",\"@id\":\"https:\/\/www.legislapp.com.br\/#organization\",\"name\":\"Legislapp Monitoramento e Intelig\u00eancia Governamental\",\"url\":\"https:\/\/www.legislapp.com.br\/\",\"logo\":{\"@type\":\"ImageObject\",\"inLanguage\":\"pt-BR\",\"@id\":\"https:\/\/www.legislapp.com.br\/#\/schema\/logo\/image\/\",\"url\":\"https:\/\/www.legislapp.com.br\/wp-content\/uploads\/icon.png\",\"contentUrl\":\"https:\/\/www.legislapp.com.br\/wp-content\/uploads\/icon.png\",\"width\":1024,\"height\":1024,\"caption\":\"Legislapp Monitoramento e Intelig\u00eancia Governamental\"},\"image\":{\"@id\":\"https:\/\/www.legislapp.com.br\/#\/schema\/logo\/image\/\"},\"sameAs\":[\"https:\/\/www.instagram.com\/legislapp\/\"]}]}<\/script>\n<!-- \/ Yoast SEO plugin. -->","yoast_head_json":{"title":"Avulso Inicial - PL 5972\/2025 - C\u00e2mara - Legislapp","robots":{"index":"index","follow":"follow","max-snippet":"max-snippet:-1","max-image-preview":"max-image-preview:large","max-video-preview":"max-video-preview:-1"},"canonical":"https:\/\/www.legislapp.com.br\/index.php\/avulso-inicial-pl-5972-2025-camara\/","og_locale":"pt_BR","og_type":"article","og_title":"Avulso Inicial - PL 5972\/2025 - C\u00e2mara - Legislapp","og_description":"Avulso Inicial &#8211; Autoria de Ana Paula Lima PROJETO DE LEI N\u00ba , DE 2025 (Da Sra. ANA PAULA LIMA) Altera a Lei n.\u00ba 8.069, de 13 de julho de 1990, para substituir, em seus dispositivos, por express\u00e3o equivalente em cada situa\u00e7\u00e3o, o termo \u201cmenor\u201d e suas variantes, bem como express\u00f5es que contenham qualquer deles, [&hellip;]","og_url":"https:\/\/www.legislapp.com.br\/index.php\/avulso-inicial-pl-5972-2025-camara\/","og_site_name":"Legislapp","article_publisher":"https:\/\/www.instagram.com\/legislapp\/","og_image":[{"url":"https:\/\/www.legislapp.com.br\/wp-content\/uploads\/2021\/07\/Logo-Legislapp-1-03-1.png","type":"","width":"","height":""}],"twitter_card":"summary_large_image","twitter_misc":{"Est. tempo de leitura":"6 minutos"},"schema":{"@context":"https:\/\/schema.org","@graph":[{"@type":"WebPage","@id":"https:\/\/www.legislapp.com.br\/index.php\/avulso-inicial-pl-5972-2025-camara\/","url":"https:\/\/www.legislapp.com.br\/index.php\/avulso-inicial-pl-5972-2025-camara\/","name":"Avulso Inicial - PL 5972\/2025 - C\u00e2mara - Legislapp","isPartOf":{"@id":"https:\/\/www.legislapp.com.br\/#website"},"primaryImageOfPage":{"@id":"https:\/\/www.legislapp.com.br\/index.php\/avulso-inicial-pl-5972-2025-camara\/#primaryimage"},"image":{"@id":"https:\/\/www.legislapp.com.br\/index.php\/avulso-inicial-pl-5972-2025-camara\/#primaryimage"},"thumbnailUrl":"https:\/\/www.legislapp.com.br\/wp-content\/uploads\/2021\/07\/Logo-Legislapp-1-03-1.png","datePublished":"2026-01-19T14:40:12+00:00","breadcrumb":{"@id":"https:\/\/www.legislapp.com.br\/index.php\/avulso-inicial-pl-5972-2025-camara\/#breadcrumb"},"inLanguage":"pt-BR","potentialAction":[{"@type":"ReadAction","target":["https:\/\/www.legislapp.com.br\/index.php\/avulso-inicial-pl-5972-2025-camara\/"]}]},{"@type":"ImageObject","inLanguage":"pt-BR","@id":"https:\/\/www.legislapp.com.br\/index.php\/avulso-inicial-pl-5972-2025-camara\/#primaryimage","url":"https:\/\/www.legislapp.com.br\/wp-content\/uploads\/2021\/07\/Logo-Legislapp-1-03-1.png","contentUrl":"https:\/\/www.legislapp.com.br\/wp-content\/uploads\/2021\/07\/Logo-Legislapp-1-03-1.png","width":2679,"height":2697},{"@type":"BreadcrumbList","@id":"https:\/\/www.legislapp.com.br\/index.php\/avulso-inicial-pl-5972-2025-camara\/#breadcrumb","itemListElement":[{"@type":"ListItem","position":1,"name":"In\u00edcio","item":"https:\/\/www.legislapp.com.br\/"},{"@type":"ListItem","position":2,"name":"Avulso Inicial &#8211; PL 5972\/2025 &#8211; C\u00e2mara"}]},{"@type":"WebSite","@id":"https:\/\/www.legislapp.com.br\/#website","url":"https:\/\/www.legislapp.com.br\/","name":"Legislapp","description":"Intelig\u00eancia governamental em tempo real","publisher":{"@id":"https:\/\/www.legislapp.com.br\/#organization"},"potentialAction":[{"@type":"SearchAction","target":{"@type":"EntryPoint","urlTemplate":"https:\/\/www.legislapp.com.br\/?s={search_term_string}"},"query-input":{"@type":"PropertyValueSpecification","valueRequired":true,"valueName":"search_term_string"}}],"inLanguage":"pt-BR"},{"@type":"Organization","@id":"https:\/\/www.legislapp.com.br\/#organization","name":"Legislapp Monitoramento e Intelig\u00eancia Governamental","url":"https:\/\/www.legislapp.com.br\/","logo":{"@type":"ImageObject","inLanguage":"pt-BR","@id":"https:\/\/www.legislapp.com.br\/#\/schema\/logo\/image\/","url":"https:\/\/www.legislapp.com.br\/wp-content\/uploads\/icon.png","contentUrl":"https:\/\/www.legislapp.com.br\/wp-content\/uploads\/icon.png","width":1024,"height":1024,"caption":"Legislapp Monitoramento e Intelig\u00eancia Governamental"},"image":{"@id":"https:\/\/www.legislapp.com.br\/#\/schema\/logo\/image\/"},"sameAs":["https:\/\/www.instagram.com\/legislapp\/"]}]}},"_links":{"self":[{"href":"https:\/\/www.legislapp.com.br\/index.php\/wp-json\/wp\/v2\/pages\/11203","targetHints":{"allow":["GET"]}}],"collection":[{"href":"https:\/\/www.legislapp.com.br\/index.php\/wp-json\/wp\/v2\/pages"}],"about":[{"href":"https:\/\/www.legislapp.com.br\/index.php\/wp-json\/wp\/v2\/types\/page"}],"author":[{"embeddable":true,"href":"https:\/\/www.legislapp.com.br\/index.php\/wp-json\/wp\/v2\/users\/1"}],"replies":[{"embeddable":true,"href":"https:\/\/www.legislapp.com.br\/index.php\/wp-json\/wp\/v2\/comments?post=11203"}],"version-history":[{"count":0,"href":"https:\/\/www.legislapp.com.br\/index.php\/wp-json\/wp\/v2\/pages\/11203\/revisions"}],"wp:attachment":[{"href":"https:\/\/www.legislapp.com.br\/index.php\/wp-json\/wp\/v2\/media?parent=11203"}],"curies":[{"name":"wp","href":"https:\/\/api.w.org\/{rel}","templated":true}]}}