{"id":11313,"date":"2026-01-19T11:48:57","date_gmt":"2026-01-19T14:48:57","guid":{"rendered":"https:\/\/www.legislapp.com.br\/index.php\/avulso-inicial-pl-5994-2025-camara\/"},"modified":"2026-01-19T11:48:57","modified_gmt":"2026-01-19T14:48:57","slug":"avulso-inicial-pl-5994-2025-camara","status":"publish","type":"page","link":"https:\/\/www.legislapp.com.br\/index.php\/avulso-inicial-pl-5994-2025-camara\/","title":{"rendered":"Avulso Inicial &#8211; PL 5994\/2025 &#8211; C\u00e2mara"},"content":{"rendered":"<h1 style='text-align: center;'>Avulso Inicial &#8211; Autoria de Yury do Pared\u00e3o<\/h3>\n<p><\/p>\n<article>PROJETO DE LEI N\u00ba , de 2025.<br \/>\n(Do Sr. Yury do Pared\u00e3o)<br \/>\nDeclara a Festa da Padroeira da<br \/>\nRegi\u00e3o Metropolitana do Cariri,<br \/>\ndedicada a Nossa Senhora de<br \/>\nF\u00e1tima, como Manifesta\u00e7\u00e3o da<br \/>\nCultura Nacional.<br \/>\nO CONGRESSO NACIONAL decreta:<br \/>\nArt. 1\u00ba Fica declarada como Manifesta\u00e7\u00e3o da Cultura Nacional a Festa da<br \/>\nPadroeira da Regi\u00e3o Metropolitana do Cariri, dedicada a Nossa Senhora de<br \/>\nF\u00e1tima, a ser celebrada anualmente no Munic\u00edpio de Crato, Estado do<br \/>\nCear\u00e1, no dia 13 de novembro.<br \/>\nArt. 2\u00ba O Poder P\u00fablico poder\u00e1 apoiar, valorizar e proteger a manifesta\u00e7\u00e3o<br \/>\ncultural de que trata esta Lei, nos termos da legisla\u00e7\u00e3o vigente.<br \/>\nArt. 3\u00ba Esta Lei entra em vigor na data de sua publica\u00e7\u00e3o.<br \/>\nJUSTIFICATIVA<br \/>\nO presente Projeto de Lei tem por finalidade declarar a Festa da<br \/>\nPadroeira da Regi\u00e3o Metropolitana do Cariri, dedicada a Nossa Senhora de<br \/>\nF\u00e1tima e celebrada no Munic\u00edpio de Crato, como Manifesta\u00e7\u00e3o da Cultura<br \/>\nNacional, em conson\u00e2ncia com o art. 215 da Constitui\u00e7\u00e3o Federal, que<br \/>\natribui ao Estado o dever de proteger e promover as manifesta\u00e7\u00f5es<br \/>\nculturais brasileiras, em todas as suas formas de express\u00e3o.<br \/>\nA Assembleia Legislativa do Estado do Cear\u00e1 (ALECE), por meio<br \/>\nde legisla\u00e7\u00e3o aprovada em novembro de 2025, instituiu o dia 13 de<br \/>\nnovembro como o Dia da Padroeira da Regi\u00e3o Metropolitana do Cariri,<br \/>\ninserindo-o no Calend\u00e1rio Oficial de Eventos do Estado do Cear\u00e1. Essa<br \/>\niniciativa conferiu reconhecimento oficial \u00e0 devo\u00e7\u00e3o largamente presente no<br \/>\nMunic\u00edpio de Crato e em toda regi\u00e3o, estabelecendo o marco regulat\u00f3rio e<br \/>\ncultural para a realiza\u00e7\u00e3o anual da festa e assegurando sua integra\u00e7\u00e3o ao<br \/>\ncalend\u00e1rio religioso regional e cultural cearense.<br \/>\nA declara\u00e7\u00e3o ora proposta tem car\u00e1ter preventivo e protetivo, ao<br \/>\nreconhecer desde j\u00e1 a relev\u00e2ncia cultural, espiritual e social da celebra\u00e7\u00e3o<br \/>\nque ser\u00e1 realizada anualmente em homenagem a Nossa Senhora de F\u00e1tima.<br \/>\nA Regi\u00e3o Metropolitana do Cariri apresenta caracter\u00edsticas singulares do<br \/>\nPara verificar a assinatura, acesse https:\/\/infoleg-autenticidade-assinatura.camara.leg.br\/CD257934201600<br \/>\nAssinado eletronicamente pelo(a) Dep. Yury do Pared\u00e3o<br \/>\nApresenta\u00e7\u00e3o: 26\/11\/2025 18:23:57.590 &#8211; Mesa<br \/>\n*CD257934201600* PL n.5994\/2025<br \/>ponto de vista cultural e religioso, destacando-se, em especial, pela<br \/>\npresen\u00e7a da maior imagem do mundo dedicada a Nossa Senhora de F\u00e1tima,<br \/>\nsituada no Munic\u00edpio de Crato. Esse monumento, de expressivo valor<br \/>\nsimb\u00f3lico, art\u00edstico e arquitet\u00f4nico, projeta o Cariri no cen\u00e1rio nacional e<br \/>\ninternacional do turismo religioso, consolidando-o como refer\u00eancia para<br \/>\nperegrinos e devotos.<br \/>\nAssim, o reconhecimento federal contribui para assegurar a<br \/>\nprote\u00e7\u00e3o e a valoriza\u00e7\u00e3o dessa manifesta\u00e7\u00e3o cultural, cuja relev\u00e2ncia \u00e9<br \/>\namplamente percept\u00edvel pela tradi\u00e7\u00e3o religiosa regional e pelo impacto<br \/>\ncultural e social associado \u00e0 devo\u00e7\u00e3o a Nossa Senhora de F\u00e1tima. A medida<br \/>\nfortalece pol\u00edticas de preserva\u00e7\u00e3o do patrim\u00f4nio cultural imaterial e<br \/>\nincentiva a\u00e7\u00f5es p\u00fablicas e privadas voltadas \u00e0 promo\u00e7\u00e3o de pr\u00e1ticas<br \/>\nculturais que integram a identidade do povo cearense.<br \/>\nAo conferir reconhecimento nacional \u00e0 festa, o presente projeto<br \/>\ncontribui para:<br \/>\n\uf0b7 estimular pol\u00edticas p\u00fablicas de apoio cultural, patrimonial e tur\u00edstico;<br \/>\n\uf0b7 preservar e consolidar pr\u00e1ticas religiosas tradicionais da regi\u00e3o;<br \/>\n\uf0b7 fortalecer a identidade cultural do Cariri cearense;<br \/>\n\uf0b7 ampliar a prote\u00e7\u00e3o institucional de celebra\u00e7\u00f5es que expressam a<br \/>\ndiversidade cultural brasileira.<br \/>\nDiante do exposto, e considerando o recente reconhecimento<br \/>\nestadual da data comemorativa, bem como a import\u00e2ncia hist\u00f3rica,<br \/>\nespiritual e cultural da devo\u00e7\u00e3o a Nossa Senhora de F\u00e1tima para a Regi\u00e3o<br \/>\nMetropolitana do Cariri, solicita-se o apoio dos nobres Parlamentares para a<br \/>\naprova\u00e7\u00e3o do presente Projeto de Lei.<br \/>\nSala das Sess\u00f5es, em de de 2025.<br \/>\nYURY DO PARED\u00c3O<br \/>\nDEPUTADO FEDERAL \u2013 MDB\/CE<br \/>\nPara verificar a assinatura, acesse https:\/\/infoleg-autenticidade-assinatura.camara.leg.br\/CD257934201600<br \/>\nAssinado eletronicamente pelo(a) Dep. Yury do Pared\u00e3o<br \/>\nApresenta\u00e7\u00e3o: 26\/11\/2025 18:23:57.590 &#8211; Mesa<br \/>\n*CD257934201600* PL n.5994\/2025<\/article>\n<p><a href='https:\/\/app.legislapp.com.br\/#\/busca?termo=Declara\u00e7\u00e3o'>Declara\u00e7\u00e3o<\/a>, <a href='https:\/\/app.legislapp.com.br\/#\/busca?termo=Festa da Padroeira da Regi\u00e3o Metropolitana do Cariri'>Festa da Padroeira da Regi\u00e3o Metropolitana do Cariri<\/a>, <a href='https:\/\/app.legislapp.com.br\/#\/busca?termo=novembro'>novembro<\/a>, <a href='https:\/\/app.legislapp.com.br\/#\/busca?termo=manifesta\u00e7\u00e3o cultural'>manifesta\u00e7\u00e3o cultural<\/a>, <a href='https:\/\/app.legislapp.com.br\/#\/busca?termo=Crato (CE)'>Crato (CE)<\/a>, <a href='https:\/\/app.legislapp.com.br\/#\/busca?termo=Cear\u00e1'>Cear\u00e1<\/a>, <a href='https:\/\/app.legislapp.com.br\/#\/busca?termo=diretrizes.'>diretrizes.<\/a><\/p>\n<div style=\"text-align: center\">\n      <img decoding=\"async\" style=\"width: 14%;\" src=\"https:\/\/www.legislapp.com.br\/wp-content\/uploads\/2021\/07\/Logo-Legislapp-1-03-1.png\"><br \/>\n      <\/p>\n<div style=\"margin-bottom: 20px;\" class=\"et_pb_button_module_wrapper et_pb_button_5_tb_body_wrapper et_pb_button_alignment_center et_pb_module \">\n         <a class=\"et_pb_button et_pb_button_5_tb_body et_hover_enabled et_pb_bg_layout_dark\" style=\"width: 50%;background-color: black;\" href=\"https:\/\/app.legislapp.com.br\" target=\"_blank\" rel=\"noopener\">Visualizar completo na nossa plataforma (30 dias gr\u00e1tis)<\/a><\/p><\/div>\n<p>      <a href=\"https:\/\/play.google.com\/store\/apps\/details?id=br.com.legislapp\"><img decoding=\"async\" style=\"width: 15%; min-width: 130px;\" src=\"https:\/\/www.legislapp.com.br\/wp-content\/uploads\/google-play.png\"><\/a><br \/>\n      <a href=\"https:\/\/apps.apple.com\/us\/app\/legislapp\/id1568929859\"><img decoding=\"async\" style=\"width: 15%; min-width: 130px\" src=\"https:\/\/www.legislapp.com.br\/wp-content\/uploads\/apple-store.png\"><\/a>\n   <\/div>\n","protected":false},"excerpt":{"rendered":"<p>Avulso Inicial &#8211; Autoria de Yury do Pared\u00e3o PROJETO DE LEI N\u00ba , de 2025. (Do Sr. Yury do Pared\u00e3o) Declara a Festa da Padroeira da Regi\u00e3o Metropolitana do Cariri, dedicada a Nossa Senhora de F\u00e1tima, como Manifesta\u00e7\u00e3o da Cultura Nacional. O CONGRESSO NACIONAL decreta: Art. 1\u00ba Fica declarada como Manifesta\u00e7\u00e3o da Cultura Nacional a [&hellip;]<\/p>\n","protected":false},"author":1,"featured_media":0,"parent":0,"menu_order":0,"comment_status":"closed","ping_status":"closed","template":"page-template-blank.php","meta":{"_et_pb_use_builder":"","_et_pb_old_content":"","_et_gb_content_width":"1080","ngg_post_thumbnail":0,"footnotes":""},"class_list":["post-11313","page","type-page","status-publish","hentry"],"yoast_head":"<!-- This site is optimized with the Yoast SEO plugin v24.4 - https:\/\/yoast.com\/wordpress\/plugins\/seo\/ -->\n<title>Avulso Inicial - PL 5994\/2025 - C\u00e2mara - Legislapp<\/title>\n<meta name=\"robots\" content=\"index, follow, max-snippet:-1, max-image-preview:large, max-video-preview:-1\" \/>\n<link rel=\"canonical\" href=\"https:\/\/www.legislapp.com.br\/index.php\/avulso-inicial-pl-5994-2025-camara\/\" \/>\n<meta property=\"og:locale\" content=\"pt_BR\" \/>\n<meta property=\"og:type\" content=\"article\" \/>\n<meta property=\"og:title\" content=\"Avulso Inicial - PL 5994\/2025 - C\u00e2mara - Legislapp\" \/>\n<meta property=\"og:description\" content=\"Avulso Inicial &#8211; Autoria de Yury do Pared\u00e3o PROJETO DE LEI N\u00ba , de 2025. (Do Sr. Yury do Pared\u00e3o) Declara a Festa da Padroeira da Regi\u00e3o Metropolitana do Cariri, dedicada a Nossa Senhora de F\u00e1tima, como Manifesta\u00e7\u00e3o da Cultura Nacional. O CONGRESSO NACIONAL decreta: Art. 1\u00ba Fica declarada como Manifesta\u00e7\u00e3o da Cultura Nacional a [&hellip;]\" \/>\n<meta property=\"og:url\" content=\"https:\/\/www.legislapp.com.br\/index.php\/avulso-inicial-pl-5994-2025-camara\/\" \/>\n<meta property=\"og:site_name\" content=\"Legislapp\" \/>\n<meta property=\"article:publisher\" content=\"https:\/\/www.instagram.com\/legislapp\/\" \/>\n<meta property=\"og:image\" content=\"https:\/\/www.legislapp.com.br\/wp-content\/uploads\/2021\/07\/Logo-Legislapp-1-03-1.png\" \/>\n<meta name=\"twitter:card\" content=\"summary_large_image\" \/>\n<meta name=\"twitter:label1\" content=\"Est. tempo de leitura\" \/>\n\t<meta name=\"twitter:data1\" content=\"3 minutos\" \/>\n<script type=\"application\/ld+json\" class=\"yoast-schema-graph\">{\"@context\":\"https:\/\/schema.org\",\"@graph\":[{\"@type\":\"WebPage\",\"@id\":\"https:\/\/www.legislapp.com.br\/index.php\/avulso-inicial-pl-5994-2025-camara\/\",\"url\":\"https:\/\/www.legislapp.com.br\/index.php\/avulso-inicial-pl-5994-2025-camara\/\",\"name\":\"Avulso Inicial - PL 5994\/2025 - C\u00e2mara - Legislapp\",\"isPartOf\":{\"@id\":\"https:\/\/www.legislapp.com.br\/#website\"},\"primaryImageOfPage\":{\"@id\":\"https:\/\/www.legislapp.com.br\/index.php\/avulso-inicial-pl-5994-2025-camara\/#primaryimage\"},\"image\":{\"@id\":\"https:\/\/www.legislapp.com.br\/index.php\/avulso-inicial-pl-5994-2025-camara\/#primaryimage\"},\"thumbnailUrl\":\"https:\/\/www.legislapp.com.br\/wp-content\/uploads\/2021\/07\/Logo-Legislapp-1-03-1.png\",\"datePublished\":\"2026-01-19T14:48:57+00:00\",\"breadcrumb\":{\"@id\":\"https:\/\/www.legislapp.com.br\/index.php\/avulso-inicial-pl-5994-2025-camara\/#breadcrumb\"},\"inLanguage\":\"pt-BR\",\"potentialAction\":[{\"@type\":\"ReadAction\",\"target\":[\"https:\/\/www.legislapp.com.br\/index.php\/avulso-inicial-pl-5994-2025-camara\/\"]}]},{\"@type\":\"ImageObject\",\"inLanguage\":\"pt-BR\",\"@id\":\"https:\/\/www.legislapp.com.br\/index.php\/avulso-inicial-pl-5994-2025-camara\/#primaryimage\",\"url\":\"https:\/\/www.legislapp.com.br\/wp-content\/uploads\/2021\/07\/Logo-Legislapp-1-03-1.png\",\"contentUrl\":\"https:\/\/www.legislapp.com.br\/wp-content\/uploads\/2021\/07\/Logo-Legislapp-1-03-1.png\",\"width\":2679,\"height\":2697},{\"@type\":\"BreadcrumbList\",\"@id\":\"https:\/\/www.legislapp.com.br\/index.php\/avulso-inicial-pl-5994-2025-camara\/#breadcrumb\",\"itemListElement\":[{\"@type\":\"ListItem\",\"position\":1,\"name\":\"In\u00edcio\",\"item\":\"https:\/\/www.legislapp.com.br\/\"},{\"@type\":\"ListItem\",\"position\":2,\"name\":\"Avulso Inicial &#8211; PL 5994\/2025 &#8211; C\u00e2mara\"}]},{\"@type\":\"WebSite\",\"@id\":\"https:\/\/www.legislapp.com.br\/#website\",\"url\":\"https:\/\/www.legislapp.com.br\/\",\"name\":\"Legislapp\",\"description\":\"Intelig\u00eancia governamental em tempo real\",\"publisher\":{\"@id\":\"https:\/\/www.legislapp.com.br\/#organization\"},\"potentialAction\":[{\"@type\":\"SearchAction\",\"target\":{\"@type\":\"EntryPoint\",\"urlTemplate\":\"https:\/\/www.legislapp.com.br\/?s={search_term_string}\"},\"query-input\":{\"@type\":\"PropertyValueSpecification\",\"valueRequired\":true,\"valueName\":\"search_term_string\"}}],\"inLanguage\":\"pt-BR\"},{\"@type\":\"Organization\",\"@id\":\"https:\/\/www.legislapp.com.br\/#organization\",\"name\":\"Legislapp Monitoramento e Intelig\u00eancia Governamental\",\"url\":\"https:\/\/www.legislapp.com.br\/\",\"logo\":{\"@type\":\"ImageObject\",\"inLanguage\":\"pt-BR\",\"@id\":\"https:\/\/www.legislapp.com.br\/#\/schema\/logo\/image\/\",\"url\":\"https:\/\/www.legislapp.com.br\/wp-content\/uploads\/icon.png\",\"contentUrl\":\"https:\/\/www.legislapp.com.br\/wp-content\/uploads\/icon.png\",\"width\":1024,\"height\":1024,\"caption\":\"Legislapp Monitoramento e Intelig\u00eancia Governamental\"},\"image\":{\"@id\":\"https:\/\/www.legislapp.com.br\/#\/schema\/logo\/image\/\"},\"sameAs\":[\"https:\/\/www.instagram.com\/legislapp\/\"]}]}<\/script>\n<!-- \/ Yoast SEO plugin. -->","yoast_head_json":{"title":"Avulso Inicial - PL 5994\/2025 - C\u00e2mara - Legislapp","robots":{"index":"index","follow":"follow","max-snippet":"max-snippet:-1","max-image-preview":"max-image-preview:large","max-video-preview":"max-video-preview:-1"},"canonical":"https:\/\/www.legislapp.com.br\/index.php\/avulso-inicial-pl-5994-2025-camara\/","og_locale":"pt_BR","og_type":"article","og_title":"Avulso Inicial - PL 5994\/2025 - C\u00e2mara - Legislapp","og_description":"Avulso Inicial &#8211; Autoria de Yury do Pared\u00e3o PROJETO DE LEI N\u00ba , de 2025. (Do Sr. Yury do Pared\u00e3o) Declara a Festa da Padroeira da Regi\u00e3o Metropolitana do Cariri, dedicada a Nossa Senhora de F\u00e1tima, como Manifesta\u00e7\u00e3o da Cultura Nacional. O CONGRESSO NACIONAL decreta: Art. 1\u00ba Fica declarada como Manifesta\u00e7\u00e3o da Cultura Nacional a [&hellip;]","og_url":"https:\/\/www.legislapp.com.br\/index.php\/avulso-inicial-pl-5994-2025-camara\/","og_site_name":"Legislapp","article_publisher":"https:\/\/www.instagram.com\/legislapp\/","og_image":[{"url":"https:\/\/www.legislapp.com.br\/wp-content\/uploads\/2021\/07\/Logo-Legislapp-1-03-1.png","type":"","width":"","height":""}],"twitter_card":"summary_large_image","twitter_misc":{"Est. tempo de leitura":"3 minutos"},"schema":{"@context":"https:\/\/schema.org","@graph":[{"@type":"WebPage","@id":"https:\/\/www.legislapp.com.br\/index.php\/avulso-inicial-pl-5994-2025-camara\/","url":"https:\/\/www.legislapp.com.br\/index.php\/avulso-inicial-pl-5994-2025-camara\/","name":"Avulso Inicial - PL 5994\/2025 - C\u00e2mara - Legislapp","isPartOf":{"@id":"https:\/\/www.legislapp.com.br\/#website"},"primaryImageOfPage":{"@id":"https:\/\/www.legislapp.com.br\/index.php\/avulso-inicial-pl-5994-2025-camara\/#primaryimage"},"image":{"@id":"https:\/\/www.legislapp.com.br\/index.php\/avulso-inicial-pl-5994-2025-camara\/#primaryimage"},"thumbnailUrl":"https:\/\/www.legislapp.com.br\/wp-content\/uploads\/2021\/07\/Logo-Legislapp-1-03-1.png","datePublished":"2026-01-19T14:48:57+00:00","breadcrumb":{"@id":"https:\/\/www.legislapp.com.br\/index.php\/avulso-inicial-pl-5994-2025-camara\/#breadcrumb"},"inLanguage":"pt-BR","potentialAction":[{"@type":"ReadAction","target":["https:\/\/www.legislapp.com.br\/index.php\/avulso-inicial-pl-5994-2025-camara\/"]}]},{"@type":"ImageObject","inLanguage":"pt-BR","@id":"https:\/\/www.legislapp.com.br\/index.php\/avulso-inicial-pl-5994-2025-camara\/#primaryimage","url":"https:\/\/www.legislapp.com.br\/wp-content\/uploads\/2021\/07\/Logo-Legislapp-1-03-1.png","contentUrl":"https:\/\/www.legislapp.com.br\/wp-content\/uploads\/2021\/07\/Logo-Legislapp-1-03-1.png","width":2679,"height":2697},{"@type":"BreadcrumbList","@id":"https:\/\/www.legislapp.com.br\/index.php\/avulso-inicial-pl-5994-2025-camara\/#breadcrumb","itemListElement":[{"@type":"ListItem","position":1,"name":"In\u00edcio","item":"https:\/\/www.legislapp.com.br\/"},{"@type":"ListItem","position":2,"name":"Avulso Inicial &#8211; PL 5994\/2025 &#8211; C\u00e2mara"}]},{"@type":"WebSite","@id":"https:\/\/www.legislapp.com.br\/#website","url":"https:\/\/www.legislapp.com.br\/","name":"Legislapp","description":"Intelig\u00eancia governamental em tempo real","publisher":{"@id":"https:\/\/www.legislapp.com.br\/#organization"},"potentialAction":[{"@type":"SearchAction","target":{"@type":"EntryPoint","urlTemplate":"https:\/\/www.legislapp.com.br\/?s={search_term_string}"},"query-input":{"@type":"PropertyValueSpecification","valueRequired":true,"valueName":"search_term_string"}}],"inLanguage":"pt-BR"},{"@type":"Organization","@id":"https:\/\/www.legislapp.com.br\/#organization","name":"Legislapp Monitoramento e Intelig\u00eancia Governamental","url":"https:\/\/www.legislapp.com.br\/","logo":{"@type":"ImageObject","inLanguage":"pt-BR","@id":"https:\/\/www.legislapp.com.br\/#\/schema\/logo\/image\/","url":"https:\/\/www.legislapp.com.br\/wp-content\/uploads\/icon.png","contentUrl":"https:\/\/www.legislapp.com.br\/wp-content\/uploads\/icon.png","width":1024,"height":1024,"caption":"Legislapp Monitoramento e Intelig\u00eancia Governamental"},"image":{"@id":"https:\/\/www.legislapp.com.br\/#\/schema\/logo\/image\/"},"sameAs":["https:\/\/www.instagram.com\/legislapp\/"]}]}},"_links":{"self":[{"href":"https:\/\/www.legislapp.com.br\/index.php\/wp-json\/wp\/v2\/pages\/11313","targetHints":{"allow":["GET"]}}],"collection":[{"href":"https:\/\/www.legislapp.com.br\/index.php\/wp-json\/wp\/v2\/pages"}],"about":[{"href":"https:\/\/www.legislapp.com.br\/index.php\/wp-json\/wp\/v2\/types\/page"}],"author":[{"embeddable":true,"href":"https:\/\/www.legislapp.com.br\/index.php\/wp-json\/wp\/v2\/users\/1"}],"replies":[{"embeddable":true,"href":"https:\/\/www.legislapp.com.br\/index.php\/wp-json\/wp\/v2\/comments?post=11313"}],"version-history":[{"count":0,"href":"https:\/\/www.legislapp.com.br\/index.php\/wp-json\/wp\/v2\/pages\/11313\/revisions"}],"wp:attachment":[{"href":"https:\/\/www.legislapp.com.br\/index.php\/wp-json\/wp\/v2\/media?parent=11313"}],"curies":[{"name":"wp","href":"https:\/\/api.w.org\/{rel}","templated":true}]}}