{"id":11598,"date":"2026-03-03T18:58:30","date_gmt":"2026-03-03T21:58:30","guid":{"rendered":"https:\/\/www.legislapp.com.br\/index.php\/avulso-inicial-pl-56-2026-camara\/"},"modified":"2026-03-03T18:58:30","modified_gmt":"2026-03-03T21:58:30","slug":"avulso-inicial-pl-56-2026-camara","status":"publish","type":"page","link":"https:\/\/www.legislapp.com.br\/index.php\/avulso-inicial-pl-56-2026-camara\/","title":{"rendered":"Avulso Inicial &#8211; PL 56\/2026 &#8211; C\u00e2mara"},"content":{"rendered":"<h1 style='text-align: center;'>Avulso Inicial &#8211; Autoria de Rubens Pereira J\u00fanior<\/h3>\n<p><\/p>\n<article>PROJETO DE LEI N\u00ba                   , DE 2026.<br \/>\n(Do Sr. Rubens Pereira J\u00fanior)<br \/>\nEstabelece crit\u00e9rios prudenciais r\u00edgidos<br \/>\nna aplica\u00e7\u00e3o de recursos dos Regimes<br \/>\nPr\u00f3prios de Previd\u00eancia Social (RPPS),<br \/>\nvedando investimentos em ativos sem<br \/>\ngrau de investimento ou garantias reais,<br \/>\ne disp\u00f5e sobre a responsabilidade<br \/>\nadministrativa, civil e penal de gestores<br \/>\npor gest\u00e3o temer\u00e1ria.<br \/>\nO Congresso Nacional decreta:<br \/>\nArt. 1\u00ba Esta Lei altera a Lei n\u00ba 9.717, de 27 de novembro de 1998, para<br \/>\nestabelecer crit\u00e9rios prudenciais r\u00edgidos na aplica\u00e7\u00e3o de recursos dos Regimes<br \/>\nPr\u00f3prios de Previd\u00eancia Social (RPPS), vedando investimentos em ativos sem grau<br \/>\nde investimento ou garantias reais, e disp\u00f5e sobre a responsabilidade administrativa,<br \/>\ncivil e penal de gestores por gest\u00e3o temer\u00e1ria.<br \/>\nArt. 2\u00ba A Lei n\u00ba 9.717, de 27 de novembro de 1998, passa a vigorar com as<br \/>\nseguintes altera\u00e7\u00f5es:<br \/>\n\u201cArt. 6\u00ba &#8230;&#8230;&#8230;&#8230;&#8230;&#8230;&#8230;&#8230;&#8230;&#8230;&#8230;&#8230;&#8230;&#8230;&#8230;&#8230;&#8230;&#8230;&#8230;&#8230;&#8230;&#8230;&#8230;&#8230;&#8230;&#8230;&#8230;&#8230;&#8230;&#8230;&#8230;&#8230;&#8230;&#8230;&#8230;&#8230;&#8230;<br \/>\n&#8230;&#8230;&#8230;&#8230;&#8230;&#8230;&#8230;&#8230;&#8230;&#8230;&#8230;&#8230;&#8230;&#8230;&#8230;&#8230;&#8230;&#8230;&#8230;&#8230;&#8230;&#8230;&#8230;&#8230;&#8230;&#8230;&#8230;&#8230;&#8230;&#8230;&#8230;&#8230;&#8230;&#8230;&#8230;&#8230;&#8230;&#8230;&#8230;&#8230;..<br \/>\n\u00a7 8\u00ba \u00c9 expressamente vedada a aplica\u00e7\u00e3o das reservas t\u00e9cnicas, fundos e<br \/>\nprovis\u00f5es dos regimes pr\u00f3prios de previd\u00eancia social em ativos de institui\u00e7\u00f5es<br \/>\nfinanceiras, fundos de investimento ou valores mobili\u00e1rios que:<br \/>\nI \u2013 n\u00e3o possuam classifica\u00e7\u00e3o de risco de cr\u00e9dito (rating) equivalente a \u2018grau<br \/>\nde investimento\u2019 em escala nacional, vigente na data do aporte, atribu\u00edda por<br \/>\nag\u00eancia classificadora de risco reconhecida pela Comiss\u00e3o de Valores Mobili\u00e1rios;<br \/>\nou<br \/>\nPara verificar a assinatura, acesse https:\/\/infoleg-autenticidade-assinatura.camara.leg.br\/CD262940681300<br \/>\nAssinado eletronicamente pelo(a) Dep. Rubens Pereira J\u00fanior<br \/>\nApresenta\u00e7\u00e3o: 02\/02\/2026 11:51:40.353 &#8211; Mesa<br \/>\n*CD262940681300* PL n.56\/2026<br \/>II \u2013 n\u00e3o ofere\u00e7am garantias reais ou fidejuss\u00f3rias id\u00f4neas que assegurem a<br \/>\ncobertura de 100% (cem por cento) do valor total aportado, devendo tais garantias<br \/>\nser l\u00edquidas e de livre movimenta\u00e7\u00e3o.<br \/>\n&#8230;&#8230;&#8230;&#8230;&#8230;&#8230;&#8230;&#8230;&#8230;&#8230;&#8230;&#8230;&#8230;&#8230;&#8230;&#8230;&#8230;&#8230;&#8230;&#8230;&#8230;&#8230;&#8230;&#8230;&#8230;&#8230;&#8230;&#8230;&#8230;&#8230;&#8230;&#8230;&#8230;&#8230;&#8230;&#8230;&#8230;&#8230;&#8230;&#8230;..\u201d (NR)<br \/>\n\u201cArt. 6\u00ba-A. A realiza\u00e7\u00e3o de aplica\u00e7\u00f5es financeiras ou investimentos que<br \/>\nrepresentem montante superior a 1% (um por cento) do patrim\u00f4nio l\u00edquido do<br \/>\nrespectivo regime pr\u00f3prio de previd\u00eancia social depender\u00e1, obrigatoriamente, de<br \/>\npr\u00e9via an\u00e1lise de due diligence qualificada e independente.<br \/>\n\u00a7 1\u00ba A due diligence de que trata o caput deste artigo dever\u00e1 consistir em<br \/>\nrelat\u00f3rio t\u00e9cnico circunstanciado que avalie a solidez financeira do emissor, a<br \/>\ngovernan\u00e7a corporativa, a conformidade regulat\u00f3ria e os riscos jur\u00eddicos e de<br \/>\nmercado envolvidos na opera\u00e7\u00e3o.<br \/>\n\u00a7 2\u00ba A inobserv\u00e2ncia da obrigatoriedade prevista no caput deste artigo<br \/>\nacarretar\u00e1 a responsabilidade solid\u00e1ria dos membros do Comit\u00ea de Investimentos,<br \/>\nou \u00f3rg\u00e3o equivalente, por eventuais preju\u00edzos financeiros causados ao er\u00e1rio,<br \/>\nindependentemente da demonstra\u00e7\u00e3o de dolo.\u201d<br \/>\n\u201cArt. 8\u00ba &#8230;&#8230;&#8230;&#8230;&#8230;&#8230;&#8230;&#8230;&#8230;&#8230;&#8230;&#8230;&#8230;&#8230;&#8230;&#8230;&#8230;&#8230;&#8230;&#8230;&#8230;&#8230;&#8230;&#8230;&#8230;&#8230;&#8230;&#8230;&#8230;&#8230;&#8230;&#8230;&#8230;&#8230;&#8230;&#8230;&#8230;<br \/>\n&#8230;&#8230;&#8230;&#8230;&#8230;&#8230;&#8230;&#8230;&#8230;&#8230;&#8230;&#8230;&#8230;&#8230;&#8230;&#8230;&#8230;&#8230;&#8230;&#8230;&#8230;&#8230;&#8230;&#8230;&#8230;&#8230;&#8230;&#8230;&#8230;&#8230;&#8230;&#8230;&#8230;&#8230;&#8230;&#8230;&#8230;&#8230;&#8230;&#8230;..<br \/>\n\u00a7 3\u00ba A aloca\u00e7\u00e3o de recursos dos regimes pr\u00f3prios de previd\u00eancia social em<br \/>\ndesacordo com as diretrizes estabelecidas pelo Conselho Monet\u00e1rio Nacional que<br \/>\nresulte em preju\u00edzo financeiro ao er\u00e1rio caracterizar\u00e1:<br \/>\nI \u2013 ato de improbidade administrativa que causa preju\u00edzo ao er\u00e1rio, nos<br \/>\ntermos da Lei n\u00ba 8.429, de 2 de junho de 1992; e<br \/>\nII \u2013 crime de gest\u00e3o temer\u00e1ria, tipificado no par\u00e1grafo \u00fanico do art. 4\u00ba da Lei<br \/>\nn\u00ba 7.492, de 16 de junho de 1986.<br \/>\n\u00a7 4\u00ba Os gestores e membros de comit\u00eas de investimento envolvidos nas<br \/>\ncondutas descritas no \u00a7 3\u00ba deste artigo ficar\u00e3o sujeitos \u00e0 inabilita\u00e7\u00e3o para o exerc\u00edcio<br \/>\nde cargo, emprego ou fun\u00e7\u00e3o p\u00fablica na administra\u00e7\u00e3o direta e indireta da Uni\u00e3o,<br \/>\ndos Estados, do Distrito Federal e dos Munic\u00edpios, pelo prazo de at\u00e9 10 (dez) anos,<br \/>\nsem preju\u00edzo das demais san\u00e7\u00f5es penais, civis e administrativas cab\u00edveis.<br \/>\n&#8230;&#8230;&#8230;&#8230;&#8230;&#8230;&#8230;&#8230;&#8230;&#8230;&#8230;&#8230;&#8230;&#8230;&#8230;&#8230;&#8230;&#8230;&#8230;&#8230;&#8230;&#8230;&#8230;&#8230;&#8230;&#8230;&#8230;&#8230;&#8230;&#8230;&#8230;&#8230;&#8230;&#8230;&#8230;&#8230;&#8230;&#8230;&#8230;&#8230;..\u201d (NR)<br \/>\nPara verificar a assinatura, acesse https:\/\/infoleg-autenticidade-assinatura.camara.leg.br\/CD262940681300<br \/>\nAssinado eletronicamente pelo(a) Dep. Rubens Pereira J\u00fanior<br \/>\nApresenta\u00e7\u00e3o: 02\/02\/2026 11:51:40.353 &#8211; Mesa<br \/>\n*CD262940681300* PL n.56\/2026<br \/>Art. 3\u00ba O Conselho Monet\u00e1rio Nacional dever\u00e1, no prazo de 90 (noventa) dias,<br \/>\nadequar as resolu\u00e7\u00f5es pertinentes \u00e0s disposi\u00e7\u00f5es desta Lei.<br \/>\nArt. 4\u00ba Esta Lei entra em vigor na data de sua publica\u00e7\u00e3o.<br \/>\nArt. 5\u00ba Revogam-se as disposi\u00e7\u00f5es em contr\u00e1rio.<br \/>\nJUSTIFICA\u00c7\u00c3O<br \/>\nA sustentabilidade dos Regimes Pr\u00f3prios de Previd\u00eancia Social<br \/>\n(RPPS) \u00e9 pilar fundamental do equil\u00edbrio fiscal da Federa\u00e7\u00e3o e da seguran\u00e7a<br \/>\nsocial dos servidores p\u00fablicos. Recentemente, opera\u00e7\u00f5es financeiras sob<br \/>\ninvestiga\u00e7\u00e3o, envolvendo institui\u00e7\u00f5es como o Banco Master e a gestora Reag<br \/>\nInvestimentos, revelaram a exposi\u00e7\u00e3o perigosa de fundos de pens\u00e3o estaduais<br \/>\ne municipais a ativos de baixa liquidez e alto risco, como Letras Financeiras<br \/>\nsem garantias robustas. Tais pr\u00e1ticas, muitas vezes mascaradas por uma<br \/>\nprecifica\u00e7\u00e3o de ativos artificialmente inflada, colocam em risco a solv\u00eancia dos<br \/>\nregimes e, em \u00faltima inst\u00e2ncia, o Tesouro dos entes federativos, que s\u00e3o<br \/>\nsolid\u00e1rios no pagamento dos benef\u00edcios.<br \/>\nJuridicamente, a proposta visa concretizar os princ\u00edpios da<br \/>\nefici\u00eancia, moralidade e seguran\u00e7a jur\u00eddica (art. 37 da CF) e o equil\u00edbrio<br \/>\nfinanceiro e atuarial (art. 40 da CF). Diante da complexidade dos produtos<br \/>\nfinanceiros modernos, a legisla\u00e7\u00e3o atual mostra-se permissiva, permitindo a<br \/>\ncaptura de gestores p\u00fablicos por ofertas de rentabilidade irreais que ocultam a<br \/>\n&#8216;desidrata\u00e7\u00e3o&#8217; do patrim\u00f4nio p\u00fablico. A medida proposta blinda os recursos<br \/>\nprevidenci\u00e1rios ao exigir grau de investimento e garantias reais, al\u00e9m de<br \/>\nendurecer a responsabiliza\u00e7\u00e3o pessoal dos gestores, desestimulando a m\u00e1-f\u00e9 e<br \/>\na neglig\u00eancia na administra\u00e7\u00e3o de recursos de terceiros.<br \/>\nSala das Sess\u00f5es, 02 de fevereiro de 2026.<br \/>\nPara verificar a assinatura, acesse https:\/\/infoleg-autenticidade-assinatura.camara.leg.br\/CD262940681300<br \/>\nAssinado eletronicamente pelo(a) Dep. Rubens Pereira J\u00fanior<br \/>\nApresenta\u00e7\u00e3o: 02\/02\/2026 11:51:40.353 &#8211; Mesa<br \/>\n*CD262940681300* PL n.56\/2026<br \/>RUBENS PEREIRA J\u00daNIOR<br \/>\nDeputado Federal<br \/>\nPara verificar a assinatura, acesse https:\/\/infoleg-autenticidade-assinatura.camara.leg.br\/CD262940681300<br \/>\nAssinado eletronicamente pelo(a) Dep. Rubens Pereira J\u00fanior<br \/>\nApresenta\u00e7\u00e3o: 02\/02\/2026 11:51:40.353 &#8211; Mesa<br \/>\n*CD262940681300* PL n.56\/2026<\/article>\n<p><a href='https:\/\/app.legislapp.com.br\/#\/busca?termo=Altera\u00e7\u00e3o'>Altera\u00e7\u00e3o<\/a>, <a href='https:\/\/app.legislapp.com.br\/#\/busca?termo=Lei dos Regimes Pr\u00f3prios de Previd\u00eancia Social (1998)'>Lei dos Regimes Pr\u00f3prios de Previd\u00eancia Social (1998)<\/a>, <a href='https:\/\/app.legislapp.com.br\/#\/busca?termo=regulamenta\u00e7\u00e3o'>regulamenta\u00e7\u00e3o<\/a>, <a href='https:\/\/app.legislapp.com.br\/#\/busca?termo=aplica\u00e7\u00e3o'>aplica\u00e7\u00e3o<\/a>, <a href='https:\/\/app.legislapp.com.br\/#\/busca?termo=recursos financeiros'>recursos financeiros<\/a>, <a href='https:\/\/app.legislapp.com.br\/#\/busca?termo=Regime Pr\u00f3prio de Previd\u00eancia Social (RPPS)'>Regime Pr\u00f3prio de Previd\u00eancia Social (RPPS)<\/a>, <a href='https:\/\/app.legislapp.com.br\/#\/busca?termo=ativo'>ativo<\/a>, <a href='https:\/\/app.legislapp.com.br\/#\/busca?termo=investimento'>investimento<\/a>, <a href='https:\/\/app.legislapp.com.br\/#\/busca?termo=investimento financeiro'>investimento financeiro<\/a>, <a href='https:\/\/app.legislapp.com.br\/#\/busca?termo=responsabilidade administrativa'>responsabilidade administrativa<\/a>, <a href='https:\/\/app.legislapp.com.br\/#\/busca?termo=responsabilidade civil'>responsabilidade civil<\/a>, <a href='https:\/\/app.legislapp.com.br\/#\/busca?termo=responsabilidade civil'>responsabilidade civil<\/a>, <a href='https:\/\/app.legislapp.com.br\/#\/busca?termo=gestor.'>gestor.<\/a><\/p>\n<div style=\"text-align: center\">\n      <img decoding=\"async\" style=\"width: 14%;\" src=\"https:\/\/www.legislapp.com.br\/wp-content\/uploads\/2021\/07\/Logo-Legislapp-1-03-1.png\"><br \/>\n      <\/p>\n<div style=\"margin-bottom: 20px;\" class=\"et_pb_button_module_wrapper et_pb_button_5_tb_body_wrapper et_pb_button_alignment_center et_pb_module \">\n         <a class=\"et_pb_button et_pb_button_5_tb_body et_hover_enabled et_pb_bg_layout_dark\" style=\"width: 50%;background-color: black;\" href=\"https:\/\/app.legislapp.com.br\" target=\"_blank\" rel=\"noopener\">Visualizar completo na nossa plataforma (30 dias gr\u00e1tis)<\/a><\/p><\/div>\n<p>      <a href=\"https:\/\/play.google.com\/store\/apps\/details?id=br.com.legislapp\"><img decoding=\"async\" style=\"width: 15%; min-width: 130px;\" src=\"https:\/\/www.legislapp.com.br\/wp-content\/uploads\/google-play.png\"><\/a><br \/>\n      <a href=\"https:\/\/apps.apple.com\/us\/app\/legislapp\/id1568929859\"><img decoding=\"async\" style=\"width: 15%; min-width: 130px\" src=\"https:\/\/www.legislapp.com.br\/wp-content\/uploads\/apple-store.png\"><\/a>\n   <\/div>\n","protected":false},"excerpt":{"rendered":"<p>Avulso Inicial &#8211; Autoria de Rubens Pereira J\u00fanior PROJETO DE LEI N\u00ba , DE 2026. (Do Sr. Rubens Pereira J\u00fanior) Estabelece crit\u00e9rios prudenciais r\u00edgidos na aplica\u00e7\u00e3o de recursos dos Regimes Pr\u00f3prios de Previd\u00eancia Social (RPPS), vedando investimentos em ativos sem grau de investimento ou garantias reais, e disp\u00f5e sobre a responsabilidade administrativa, civil e penal [&hellip;]<\/p>\n","protected":false},"author":1,"featured_media":0,"parent":0,"menu_order":0,"comment_status":"closed","ping_status":"closed","template":"page-template-blank.php","meta":{"_et_pb_use_builder":"","_et_pb_old_content":"","_et_gb_content_width":"1080","ngg_post_thumbnail":0,"footnotes":""},"class_list":["post-11598","page","type-page","status-publish","hentry"],"yoast_head":"<!-- This site is optimized with the Yoast SEO plugin v24.4 - https:\/\/yoast.com\/wordpress\/plugins\/seo\/ -->\n<title>Avulso Inicial - PL 56\/2026 - C\u00e2mara - Legislapp<\/title>\n<meta name=\"robots\" content=\"index, follow, max-snippet:-1, max-image-preview:large, max-video-preview:-1\" \/>\n<link rel=\"canonical\" href=\"https:\/\/www.legislapp.com.br\/index.php\/avulso-inicial-pl-56-2026-camara\/\" \/>\n<meta property=\"og:locale\" content=\"pt_BR\" \/>\n<meta property=\"og:type\" content=\"article\" \/>\n<meta property=\"og:title\" content=\"Avulso Inicial - PL 56\/2026 - C\u00e2mara - Legislapp\" \/>\n<meta property=\"og:description\" content=\"Avulso Inicial &#8211; Autoria de Rubens Pereira J\u00fanior PROJETO DE LEI N\u00ba , DE 2026. (Do Sr. Rubens Pereira J\u00fanior) Estabelece crit\u00e9rios prudenciais r\u00edgidos na aplica\u00e7\u00e3o de recursos dos Regimes Pr\u00f3prios de Previd\u00eancia Social (RPPS), vedando investimentos em ativos sem grau de investimento ou garantias reais, e disp\u00f5e sobre a responsabilidade administrativa, civil e penal [&hellip;]\" \/>\n<meta property=\"og:url\" content=\"https:\/\/www.legislapp.com.br\/index.php\/avulso-inicial-pl-56-2026-camara\/\" \/>\n<meta property=\"og:site_name\" content=\"Legislapp\" \/>\n<meta property=\"article:publisher\" content=\"https:\/\/www.instagram.com\/legislapp\/\" \/>\n<meta property=\"og:image\" content=\"https:\/\/www.legislapp.com.br\/wp-content\/uploads\/2021\/07\/Logo-Legislapp-1-03-1.png\" \/>\n<meta name=\"twitter:card\" content=\"summary_large_image\" \/>\n<meta name=\"twitter:label1\" content=\"Est. tempo de leitura\" \/>\n\t<meta name=\"twitter:data1\" content=\"5 minutos\" \/>\n<script type=\"application\/ld+json\" class=\"yoast-schema-graph\">{\"@context\":\"https:\/\/schema.org\",\"@graph\":[{\"@type\":\"WebPage\",\"@id\":\"https:\/\/www.legislapp.com.br\/index.php\/avulso-inicial-pl-56-2026-camara\/\",\"url\":\"https:\/\/www.legislapp.com.br\/index.php\/avulso-inicial-pl-56-2026-camara\/\",\"name\":\"Avulso Inicial - PL 56\/2026 - C\u00e2mara - Legislapp\",\"isPartOf\":{\"@id\":\"https:\/\/www.legislapp.com.br\/#website\"},\"primaryImageOfPage\":{\"@id\":\"https:\/\/www.legislapp.com.br\/index.php\/avulso-inicial-pl-56-2026-camara\/#primaryimage\"},\"image\":{\"@id\":\"https:\/\/www.legislapp.com.br\/index.php\/avulso-inicial-pl-56-2026-camara\/#primaryimage\"},\"thumbnailUrl\":\"https:\/\/www.legislapp.com.br\/wp-content\/uploads\/2021\/07\/Logo-Legislapp-1-03-1.png\",\"datePublished\":\"2026-03-03T21:58:30+00:00\",\"breadcrumb\":{\"@id\":\"https:\/\/www.legislapp.com.br\/index.php\/avulso-inicial-pl-56-2026-camara\/#breadcrumb\"},\"inLanguage\":\"pt-BR\",\"potentialAction\":[{\"@type\":\"ReadAction\",\"target\":[\"https:\/\/www.legislapp.com.br\/index.php\/avulso-inicial-pl-56-2026-camara\/\"]}]},{\"@type\":\"ImageObject\",\"inLanguage\":\"pt-BR\",\"@id\":\"https:\/\/www.legislapp.com.br\/index.php\/avulso-inicial-pl-56-2026-camara\/#primaryimage\",\"url\":\"https:\/\/www.legislapp.com.br\/wp-content\/uploads\/2021\/07\/Logo-Legislapp-1-03-1.png\",\"contentUrl\":\"https:\/\/www.legislapp.com.br\/wp-content\/uploads\/2021\/07\/Logo-Legislapp-1-03-1.png\",\"width\":2679,\"height\":2697},{\"@type\":\"BreadcrumbList\",\"@id\":\"https:\/\/www.legislapp.com.br\/index.php\/avulso-inicial-pl-56-2026-camara\/#breadcrumb\",\"itemListElement\":[{\"@type\":\"ListItem\",\"position\":1,\"name\":\"In\u00edcio\",\"item\":\"https:\/\/www.legislapp.com.br\/\"},{\"@type\":\"ListItem\",\"position\":2,\"name\":\"Avulso Inicial &#8211; PL 56\/2026 &#8211; C\u00e2mara\"}]},{\"@type\":\"WebSite\",\"@id\":\"https:\/\/www.legislapp.com.br\/#website\",\"url\":\"https:\/\/www.legislapp.com.br\/\",\"name\":\"Legislapp\",\"description\":\"Intelig\u00eancia governamental em tempo real\",\"publisher\":{\"@id\":\"https:\/\/www.legislapp.com.br\/#organization\"},\"potentialAction\":[{\"@type\":\"SearchAction\",\"target\":{\"@type\":\"EntryPoint\",\"urlTemplate\":\"https:\/\/www.legislapp.com.br\/?s={search_term_string}\"},\"query-input\":{\"@type\":\"PropertyValueSpecification\",\"valueRequired\":true,\"valueName\":\"search_term_string\"}}],\"inLanguage\":\"pt-BR\"},{\"@type\":\"Organization\",\"@id\":\"https:\/\/www.legislapp.com.br\/#organization\",\"name\":\"Legislapp Monitoramento e Intelig\u00eancia Governamental\",\"url\":\"https:\/\/www.legislapp.com.br\/\",\"logo\":{\"@type\":\"ImageObject\",\"inLanguage\":\"pt-BR\",\"@id\":\"https:\/\/www.legislapp.com.br\/#\/schema\/logo\/image\/\",\"url\":\"https:\/\/www.legislapp.com.br\/wp-content\/uploads\/icon.png\",\"contentUrl\":\"https:\/\/www.legislapp.com.br\/wp-content\/uploads\/icon.png\",\"width\":1024,\"height\":1024,\"caption\":\"Legislapp Monitoramento e Intelig\u00eancia Governamental\"},\"image\":{\"@id\":\"https:\/\/www.legislapp.com.br\/#\/schema\/logo\/image\/\"},\"sameAs\":[\"https:\/\/www.instagram.com\/legislapp\/\"]}]}<\/script>\n<!-- \/ Yoast SEO plugin. -->","yoast_head_json":{"title":"Avulso Inicial - PL 56\/2026 - C\u00e2mara - Legislapp","robots":{"index":"index","follow":"follow","max-snippet":"max-snippet:-1","max-image-preview":"max-image-preview:large","max-video-preview":"max-video-preview:-1"},"canonical":"https:\/\/www.legislapp.com.br\/index.php\/avulso-inicial-pl-56-2026-camara\/","og_locale":"pt_BR","og_type":"article","og_title":"Avulso Inicial - PL 56\/2026 - C\u00e2mara - Legislapp","og_description":"Avulso Inicial &#8211; Autoria de Rubens Pereira J\u00fanior PROJETO DE LEI N\u00ba , DE 2026. (Do Sr. Rubens Pereira J\u00fanior) Estabelece crit\u00e9rios prudenciais r\u00edgidos na aplica\u00e7\u00e3o de recursos dos Regimes Pr\u00f3prios de Previd\u00eancia Social (RPPS), vedando investimentos em ativos sem grau de investimento ou garantias reais, e disp\u00f5e sobre a responsabilidade administrativa, civil e penal [&hellip;]","og_url":"https:\/\/www.legislapp.com.br\/index.php\/avulso-inicial-pl-56-2026-camara\/","og_site_name":"Legislapp","article_publisher":"https:\/\/www.instagram.com\/legislapp\/","og_image":[{"url":"https:\/\/www.legislapp.com.br\/wp-content\/uploads\/2021\/07\/Logo-Legislapp-1-03-1.png","type":"","width":"","height":""}],"twitter_card":"summary_large_image","twitter_misc":{"Est. tempo de leitura":"5 minutos"},"schema":{"@context":"https:\/\/schema.org","@graph":[{"@type":"WebPage","@id":"https:\/\/www.legislapp.com.br\/index.php\/avulso-inicial-pl-56-2026-camara\/","url":"https:\/\/www.legislapp.com.br\/index.php\/avulso-inicial-pl-56-2026-camara\/","name":"Avulso Inicial - PL 56\/2026 - C\u00e2mara - Legislapp","isPartOf":{"@id":"https:\/\/www.legislapp.com.br\/#website"},"primaryImageOfPage":{"@id":"https:\/\/www.legislapp.com.br\/index.php\/avulso-inicial-pl-56-2026-camara\/#primaryimage"},"image":{"@id":"https:\/\/www.legislapp.com.br\/index.php\/avulso-inicial-pl-56-2026-camara\/#primaryimage"},"thumbnailUrl":"https:\/\/www.legislapp.com.br\/wp-content\/uploads\/2021\/07\/Logo-Legislapp-1-03-1.png","datePublished":"2026-03-03T21:58:30+00:00","breadcrumb":{"@id":"https:\/\/www.legislapp.com.br\/index.php\/avulso-inicial-pl-56-2026-camara\/#breadcrumb"},"inLanguage":"pt-BR","potentialAction":[{"@type":"ReadAction","target":["https:\/\/www.legislapp.com.br\/index.php\/avulso-inicial-pl-56-2026-camara\/"]}]},{"@type":"ImageObject","inLanguage":"pt-BR","@id":"https:\/\/www.legislapp.com.br\/index.php\/avulso-inicial-pl-56-2026-camara\/#primaryimage","url":"https:\/\/www.legislapp.com.br\/wp-content\/uploads\/2021\/07\/Logo-Legislapp-1-03-1.png","contentUrl":"https:\/\/www.legislapp.com.br\/wp-content\/uploads\/2021\/07\/Logo-Legislapp-1-03-1.png","width":2679,"height":2697},{"@type":"BreadcrumbList","@id":"https:\/\/www.legislapp.com.br\/index.php\/avulso-inicial-pl-56-2026-camara\/#breadcrumb","itemListElement":[{"@type":"ListItem","position":1,"name":"In\u00edcio","item":"https:\/\/www.legislapp.com.br\/"},{"@type":"ListItem","position":2,"name":"Avulso Inicial &#8211; PL 56\/2026 &#8211; C\u00e2mara"}]},{"@type":"WebSite","@id":"https:\/\/www.legislapp.com.br\/#website","url":"https:\/\/www.legislapp.com.br\/","name":"Legislapp","description":"Intelig\u00eancia governamental em tempo real","publisher":{"@id":"https:\/\/www.legislapp.com.br\/#organization"},"potentialAction":[{"@type":"SearchAction","target":{"@type":"EntryPoint","urlTemplate":"https:\/\/www.legislapp.com.br\/?s={search_term_string}"},"query-input":{"@type":"PropertyValueSpecification","valueRequired":true,"valueName":"search_term_string"}}],"inLanguage":"pt-BR"},{"@type":"Organization","@id":"https:\/\/www.legislapp.com.br\/#organization","name":"Legislapp Monitoramento e Intelig\u00eancia Governamental","url":"https:\/\/www.legislapp.com.br\/","logo":{"@type":"ImageObject","inLanguage":"pt-BR","@id":"https:\/\/www.legislapp.com.br\/#\/schema\/logo\/image\/","url":"https:\/\/www.legislapp.com.br\/wp-content\/uploads\/icon.png","contentUrl":"https:\/\/www.legislapp.com.br\/wp-content\/uploads\/icon.png","width":1024,"height":1024,"caption":"Legislapp Monitoramento e Intelig\u00eancia Governamental"},"image":{"@id":"https:\/\/www.legislapp.com.br\/#\/schema\/logo\/image\/"},"sameAs":["https:\/\/www.instagram.com\/legislapp\/"]}]}},"_links":{"self":[{"href":"https:\/\/www.legislapp.com.br\/index.php\/wp-json\/wp\/v2\/pages\/11598","targetHints":{"allow":["GET"]}}],"collection":[{"href":"https:\/\/www.legislapp.com.br\/index.php\/wp-json\/wp\/v2\/pages"}],"about":[{"href":"https:\/\/www.legislapp.com.br\/index.php\/wp-json\/wp\/v2\/types\/page"}],"author":[{"embeddable":true,"href":"https:\/\/www.legislapp.com.br\/index.php\/wp-json\/wp\/v2\/users\/1"}],"replies":[{"embeddable":true,"href":"https:\/\/www.legislapp.com.br\/index.php\/wp-json\/wp\/v2\/comments?post=11598"}],"version-history":[{"count":0,"href":"https:\/\/www.legislapp.com.br\/index.php\/wp-json\/wp\/v2\/pages\/11598\/revisions"}],"wp:attachment":[{"href":"https:\/\/www.legislapp.com.br\/index.php\/wp-json\/wp\/v2\/media?parent=11598"}],"curies":[{"name":"wp","href":"https:\/\/api.w.org\/{rel}","templated":true}]}}