{"id":11603,"date":"2026-03-03T18:59:07","date_gmt":"2026-03-03T21:59:07","guid":{"rendered":"https:\/\/www.legislapp.com.br\/index.php\/avulso-inicial-pl-102-2026-camara\/"},"modified":"2026-03-03T18:59:07","modified_gmt":"2026-03-03T21:59:07","slug":"avulso-inicial-pl-102-2026-camara","status":"publish","type":"page","link":"https:\/\/www.legislapp.com.br\/index.php\/avulso-inicial-pl-102-2026-camara\/","title":{"rendered":"Avulso Inicial &#8211; PL 102\/2026 &#8211; C\u00e2mara"},"content":{"rendered":"<h1 style='text-align: center;'>Avulso Inicial &#8211; Autoria de Z\u00e9 Trov\u00e3o<\/h3>\n<p><\/p>\n<article>PROJETO DE LEI N\u00ba          , DE 2026<br \/>\n(Do Sr. Z\u00c9 TROV\u00c3O)<br \/>\nAltera a Lei n\u00ba 9.504, de 30 de setembro de 1997,<br \/>\npara vedar o uso de recursos p\u00fablicos no<br \/>\nfinanciamento de eventos culturais, art\u00edsticos ou<br \/>\nfestivos que promovam ou homenageiem agente<br \/>\npol\u00edtico em ano eleitoral, estabelecendo penalidades,<br \/>\ne d\u00e1 outras provid\u00eancias.<br \/>\nO CONGRESSO NACIONAL decreta:<br \/>\nArt. 1\u00ba O art. 73 da Lei n\u00ba 9.504, de 30 de setembro de 1997, passa a<br \/>\nvigorar acrescido do seguinte inciso VIIII ao caput e dos \u00a7\u00a7 1, 2 e 3:<br \/>\n\u201cArt. 73. (\u2026)<br \/>\nVIIII \u2013 autorizar, realizar ou permitir, no ano em que se realizarem<br \/>\nelei\u00e7\u00f5es, o uso de recursos p\u00fablicos, inclusive por meio de conv\u00eanios,<br \/>\ntermos de fomento, patroc\u00ednios, subven\u00e7\u00f5es ou incentivos fiscais, para<br \/>\nfinanciar eventos culturais, art\u00edsticos ou festivos que promovam,<br \/>\nhomenageiem ou fa\u00e7am refer\u00eancia personalista a agente p\u00fablico detentor<br \/>\nde mandato eletivo ou ocupante de cargo no Poder Executivo.<br \/>\n\u00a7 1\u00ba Para os fins do inciso VIII, considera-se promo\u00e7\u00e3o ou homenagem<br \/>\npersonalista qualquer exalta\u00e7\u00e3o nominal, simb\u00f3lica, visual, narrativa ou<br \/>\ntem\u00e1tica que associe o evento \u00e0 figura do agente p\u00fablico.<br \/>\n\u00a7 2\u00b0 A veda\u00e7\u00e3o prevista no inciso VIII aplica-se ainda que o agente<br \/>\np\u00fablico homenageado n\u00e3o seja candidato no pleito eleitoral.<br \/>\nPara verificar a assinatura, acesse https:\/\/infoleg-autenticidade-assinatura.camara.leg.br\/CD266938875000<br \/>\nAssinado eletronicamente pelo(a) Dep. Z\u00e9 Trov\u00e3o<br \/>\nApresenta\u00e7\u00e3o: 02\/02\/2026 16:05:02.383 &#8211; Mesa<br \/>\n*CD266938875000* PL n.102\/2026<br \/>\u00a7 3\u00b0  O descumprimento do disposto no inciso VIIII sujeita os<br \/>\nrespons\u00e1veis \u00e0s penalidades previstas no \u00a7 4\u00ba deste artigo, sem preju\u00edzo:<br \/>\nI \u2013 da restitui\u00e7\u00e3o integral dos valores repassados, devidamente<br \/>\natualizados;<br \/>\nII \u2013 da apura\u00e7\u00e3o de ato de improbidade administrativa, nos termos da<br \/>\nlegisla\u00e7\u00e3o vigente;<br \/>\nIII \u2013 da responsabiliza\u00e7\u00e3o solid\u00e1ria do agente p\u00fablico que autorizou o<br \/>\nrepasse e do dirigente da entidade benefici\u00e1ria, quando comprovada<br \/>\nci\u00eancia da veda\u00e7\u00e3o legal.\u201d<br \/>\nArt. 2\u00ba Esta Lei entra em vigor na data de sua publica\u00e7\u00e3o.<br \/>\nJUSTIFICA\u00c7\u00c3O<br \/>\nA presente proposi\u00e7\u00e3o legislativa nasce da necessidade premente de refor\u00e7ar a<br \/>\nneutralidade do Estado e proteger o uso de recursos p\u00fablicos contra pr\u00e1ticas que<br \/>\npossam configurar promo\u00e7\u00e3o pol\u00edtica velada em ano eleitoral.<br \/>\nNo in\u00edcio de 2026, em pleno ano eleitoral presidencial, o Governo Federal<br \/>\nautorizou um repasse de R$ 12 milh\u00f5es a escolas de samba do Grupo Especial do Rio<br \/>\nde Janeiro, distribu\u00eddos em R$ 1 milh\u00e3o para cada agremia\u00e7\u00e3o, por meio de um termo<br \/>\nde coopera\u00e7\u00e3o t\u00e9cnica entre a Embratur, o Minist\u00e9rio da Cultura e a Liga Independente<br \/>\ndas Escolas de Samba (LIESA) \u2014 verba esta que inclui a escola Acad\u00eamicos de<br \/>\nNiter\u00f3i.<br \/>\nDentre as agremia\u00e7\u00f5es, a Acad\u00eamicos de Niter\u00f3i ter\u00e1 como enredo, no Carnaval<br \/>\nde 2026, uma homenagem \u00e0 trajet\u00f3ria pessoal e pol\u00edtica do Presidente da Rep\u00fablica,<br \/>\nLuiz In\u00e1cio Lula da Silva \u2014 que j\u00e1 anunciou sua inten\u00e7\u00e3o de disputar a reelei\u00e7\u00e3o no<br \/>\nmesmo ano.<br \/>\nEsse contexto tem gerado rea\u00e7\u00f5es p\u00fablicas e instrumentos legais de<br \/>\ncontesta\u00e7\u00e3o, como a\u00e7\u00f5es populares ajuizadas por parlamentares e representa\u00e7\u00f5es<br \/>\nPara verificar a assinatura, acesse https:\/\/infoleg-autenticidade-assinatura.camara.leg.br\/CD266938875000<br \/>\nAssinado eletronicamente pelo(a) Dep. Z\u00e9 Trov\u00e3o<br \/>\nApresenta\u00e7\u00e3o: 02\/02\/2026 16:05:02.383 &#8211; Mesa<br \/>\n*CD266938875000* PL n.102\/2026<br \/>junto ao Tribunal de Contas da Uni\u00e3o (TCU) e \u00e0 Procuradoria-Geral Eleitoral (PGE),<br \/>\napontando poss\u00edvel desvio de finalidade, viola\u00e7\u00e3o dos princ\u00edpios da impessoalidade e<br \/>\nda moralidade administrativa e evidente risco de propaganda eleitoral antecipada.<br \/>\nA utiliza\u00e7\u00e3o de verbas p\u00fablicas para patrocinar e impulsionar eventos com<br \/>\ndiscurso nitidamente dedicado a um agente pol\u00edtico em exerc\u00edcio, especialmente em<br \/>\nano de disputa eleitoral, abre perigosa brecha para promo\u00e7\u00e3o pessoal dissimulada,<br \/>\ndiluindo a fronteira entre pol\u00edticas p\u00fablicas leg\u00edtimas de fomento cultural e instrumentos<br \/>\nde propaganda eleitoral indireta. O samba-enredo em quest\u00e3o, al\u00e9m de rememorar a<br \/>\ntrajet\u00f3ria pol\u00edtica do Presidente, cont\u00e9m refer\u00eancias partid\u00e1rias e simb\u00f3licas que podem<br \/>\nrefor\u00e7ar mensagens com conota\u00e7\u00e3o eleitoral em um evento de enorme alcance de<br \/>\np\u00fablico e exposi\u00e7\u00e3o midi\u00e1tica.<br \/>\nA Constitui\u00e7\u00e3o Federal, ao consagrar os princ\u00edpios da impessoalidade, da<br \/>\nmoralidade e da legalidade (art. 37), veda expressamente que a administra\u00e7\u00e3o p\u00fablica<br \/>\nutilize recursos p\u00fablicos para fins que extrapolem a finalidade p\u00fablica e adentrem a<br \/>\nseara da promo\u00e7\u00e3o de imagem de autoridades. A Lei n\u00ba 9.504\/1997 (Lei das Elei\u00e7\u00f5es)<br \/>\ntamb\u00e9m pro\u00edbe a utiliza\u00e7\u00e3o de a\u00e7\u00f5es do poder p\u00fablico que configurem vantagem<br \/>\nindevida a determinados agentes pol\u00edticos em ano eleitoral.<br \/>\nAssim, esta proposi\u00e7\u00e3o visa garantir que eventos culturais, por mais leg\u00edtimos que<br \/>\nsejam em sua express\u00e3o art\u00edstica, n\u00e3o se tornem palcos ou instrumentos de<br \/>\npropaganda pol\u00edtica velada com o uso de dinheiro p\u00fablico.<br \/>\nO projeto prop\u00f5e, portanto, a veda\u00e7\u00e3o expressa do uso de recursos p\u00fablicos<br \/>\nfederais, estaduais e municipais no financiamento de eventos culturais que promovam<br \/>\nou homenageiem agentes pol\u00edticos detentores de mandatos eletivos ou ocupantes de<br \/>\ncargos no Poder Executivo, em ano eleitoral, bem como a previs\u00e3o de penalidades<br \/>\nclaras em caso de descumprimento, de modo a refor\u00e7ar a prote\u00e7\u00e3o dos princ\u00edpios<br \/>\nconstitucionais e a integridade do processo democr\u00e1tico.<br \/>\nSala das Sess\u00f5es, em        de                     de 2026.<br \/>\nDeputado Z\u00c9 TROV\u00c3O<br \/>\nPL\/SC<br \/>\nPara verificar a assinatura, acesse https:\/\/infoleg-autenticidade-assinatura.camara.leg.br\/CD266938875000<br \/>\nAssinado eletronicamente pelo(a) Dep. Z\u00e9 Trov\u00e3o<br \/>\nApresenta\u00e7\u00e3o: 02\/02\/2026 16:05:02.383 &#8211; Mesa<br \/>\n*CD266938875000* PL n.102\/2026<\/article>\n<p><a href='https:\/\/app.legislapp.com.br\/#\/busca?termo=Altera\u00e7\u00e3o'>Altera\u00e7\u00e3o<\/a>, <a href='https:\/\/app.legislapp.com.br\/#\/busca?termo=Lei das Elei\u00e7\u00f5es (1997)'>Lei das Elei\u00e7\u00f5es (1997)<\/a>, <a href='https:\/\/app.legislapp.com.br\/#\/busca?termo=proibi\u00e7\u00e3o'>proibi\u00e7\u00e3o<\/a>, <a href='https:\/\/app.legislapp.com.br\/#\/busca?termo=agente p\u00fablico'>agente p\u00fablico<\/a>, <a href='https:\/\/app.legislapp.com.br\/#\/busca?termo=utiliza\u00e7\u00e3o'>utiliza\u00e7\u00e3o<\/a>, <a href='https:\/\/app.legislapp.com.br\/#\/busca?termo=recursos p\u00fablicos'>recursos p\u00fablicos<\/a>, <a href='https:\/\/app.legislapp.com.br\/#\/busca?termo=financiamento'>financiamento<\/a>, <a href='https:\/\/app.legislapp.com.br\/#\/busca?termo=evento cultural'>evento cultural<\/a>, <a href='https:\/\/app.legislapp.com.br\/#\/busca?termo=Homenagem'>Homenagem<\/a>, <a href='https:\/\/app.legislapp.com.br\/#\/busca?termo=refer\u00eancia'>refer\u00eancia<\/a>, <a href='https:\/\/app.legislapp.com.br\/#\/busca?termo=agente pol\u00edtico'>agente pol\u00edtico<\/a>, <a href='https:\/\/app.legislapp.com.br\/#\/busca?termo=Ano eleitoral.'>Ano eleitoral.<\/a><\/p>\n<div style=\"text-align: center\">\n      <img decoding=\"async\" style=\"width: 14%;\" src=\"https:\/\/www.legislapp.com.br\/wp-content\/uploads\/2021\/07\/Logo-Legislapp-1-03-1.png\"><br \/>\n      <\/p>\n<div style=\"margin-bottom: 20px;\" class=\"et_pb_button_module_wrapper et_pb_button_5_tb_body_wrapper et_pb_button_alignment_center et_pb_module \">\n         <a class=\"et_pb_button et_pb_button_5_tb_body et_hover_enabled et_pb_bg_layout_dark\" style=\"width: 50%;background-color: black;\" href=\"https:\/\/app.legislapp.com.br\" target=\"_blank\" rel=\"noopener\">Visualizar completo na nossa plataforma (30 dias gr\u00e1tis)<\/a><\/p><\/div>\n<p>      <a href=\"https:\/\/play.google.com\/store\/apps\/details?id=br.com.legislapp\"><img decoding=\"async\" style=\"width: 15%; min-width: 130px;\" src=\"https:\/\/www.legislapp.com.br\/wp-content\/uploads\/google-play.png\"><\/a><br \/>\n      <a href=\"https:\/\/apps.apple.com\/us\/app\/legislapp\/id1568929859\"><img decoding=\"async\" style=\"width: 15%; min-width: 130px\" src=\"https:\/\/www.legislapp.com.br\/wp-content\/uploads\/apple-store.png\"><\/a>\n   <\/div>\n","protected":false},"excerpt":{"rendered":"<p>Avulso Inicial &#8211; Autoria de Z\u00e9 Trov\u00e3o PROJETO DE LEI N\u00ba , DE 2026 (Do Sr. Z\u00c9 TROV\u00c3O) Altera a Lei n\u00ba 9.504, de 30 de setembro de 1997, para vedar o uso de recursos p\u00fablicos no financiamento de eventos culturais, art\u00edsticos ou festivos que promovam ou homenageiem agente pol\u00edtico em ano eleitoral, estabelecendo penalidades, [&hellip;]<\/p>\n","protected":false},"author":1,"featured_media":0,"parent":0,"menu_order":0,"comment_status":"closed","ping_status":"closed","template":"page-template-blank.php","meta":{"_et_pb_use_builder":"","_et_pb_old_content":"","_et_gb_content_width":"1080","ngg_post_thumbnail":0,"footnotes":""},"class_list":["post-11603","page","type-page","status-publish","hentry"],"yoast_head":"<!-- This site is optimized with the Yoast SEO plugin v24.4 - https:\/\/yoast.com\/wordpress\/plugins\/seo\/ -->\n<title>Avulso Inicial - PL 102\/2026 - C\u00e2mara - Legislapp<\/title>\n<meta name=\"robots\" content=\"index, follow, max-snippet:-1, max-image-preview:large, max-video-preview:-1\" \/>\n<link rel=\"canonical\" href=\"https:\/\/www.legislapp.com.br\/index.php\/avulso-inicial-pl-102-2026-camara\/\" \/>\n<meta property=\"og:locale\" content=\"pt_BR\" \/>\n<meta property=\"og:type\" content=\"article\" \/>\n<meta property=\"og:title\" content=\"Avulso Inicial - PL 102\/2026 - C\u00e2mara - Legislapp\" \/>\n<meta property=\"og:description\" content=\"Avulso Inicial &#8211; Autoria de Z\u00e9 Trov\u00e3o PROJETO DE LEI N\u00ba , DE 2026 (Do Sr. Z\u00c9 TROV\u00c3O) Altera a Lei n\u00ba 9.504, de 30 de setembro de 1997, para vedar o uso de recursos p\u00fablicos no financiamento de eventos culturais, art\u00edsticos ou festivos que promovam ou homenageiem agente pol\u00edtico em ano eleitoral, estabelecendo penalidades, [&hellip;]\" \/>\n<meta property=\"og:url\" content=\"https:\/\/www.legislapp.com.br\/index.php\/avulso-inicial-pl-102-2026-camara\/\" \/>\n<meta property=\"og:site_name\" content=\"Legislapp\" \/>\n<meta property=\"article:publisher\" content=\"https:\/\/www.instagram.com\/legislapp\/\" \/>\n<meta property=\"og:image\" content=\"https:\/\/www.legislapp.com.br\/wp-content\/uploads\/2021\/07\/Logo-Legislapp-1-03-1.png\" \/>\n<meta name=\"twitter:card\" content=\"summary_large_image\" \/>\n<meta name=\"twitter:label1\" content=\"Est. tempo de leitura\" \/>\n\t<meta name=\"twitter:data1\" content=\"5 minutos\" \/>\n<script type=\"application\/ld+json\" class=\"yoast-schema-graph\">{\"@context\":\"https:\/\/schema.org\",\"@graph\":[{\"@type\":\"WebPage\",\"@id\":\"https:\/\/www.legislapp.com.br\/index.php\/avulso-inicial-pl-102-2026-camara\/\",\"url\":\"https:\/\/www.legislapp.com.br\/index.php\/avulso-inicial-pl-102-2026-camara\/\",\"name\":\"Avulso Inicial - PL 102\/2026 - C\u00e2mara - Legislapp\",\"isPartOf\":{\"@id\":\"https:\/\/www.legislapp.com.br\/#website\"},\"primaryImageOfPage\":{\"@id\":\"https:\/\/www.legislapp.com.br\/index.php\/avulso-inicial-pl-102-2026-camara\/#primaryimage\"},\"image\":{\"@id\":\"https:\/\/www.legislapp.com.br\/index.php\/avulso-inicial-pl-102-2026-camara\/#primaryimage\"},\"thumbnailUrl\":\"https:\/\/www.legislapp.com.br\/wp-content\/uploads\/2021\/07\/Logo-Legislapp-1-03-1.png\",\"datePublished\":\"2026-03-03T21:59:07+00:00\",\"breadcrumb\":{\"@id\":\"https:\/\/www.legislapp.com.br\/index.php\/avulso-inicial-pl-102-2026-camara\/#breadcrumb\"},\"inLanguage\":\"pt-BR\",\"potentialAction\":[{\"@type\":\"ReadAction\",\"target\":[\"https:\/\/www.legislapp.com.br\/index.php\/avulso-inicial-pl-102-2026-camara\/\"]}]},{\"@type\":\"ImageObject\",\"inLanguage\":\"pt-BR\",\"@id\":\"https:\/\/www.legislapp.com.br\/index.php\/avulso-inicial-pl-102-2026-camara\/#primaryimage\",\"url\":\"https:\/\/www.legislapp.com.br\/wp-content\/uploads\/2021\/07\/Logo-Legislapp-1-03-1.png\",\"contentUrl\":\"https:\/\/www.legislapp.com.br\/wp-content\/uploads\/2021\/07\/Logo-Legislapp-1-03-1.png\",\"width\":2679,\"height\":2697},{\"@type\":\"BreadcrumbList\",\"@id\":\"https:\/\/www.legislapp.com.br\/index.php\/avulso-inicial-pl-102-2026-camara\/#breadcrumb\",\"itemListElement\":[{\"@type\":\"ListItem\",\"position\":1,\"name\":\"In\u00edcio\",\"item\":\"https:\/\/www.legislapp.com.br\/\"},{\"@type\":\"ListItem\",\"position\":2,\"name\":\"Avulso Inicial &#8211; PL 102\/2026 &#8211; C\u00e2mara\"}]},{\"@type\":\"WebSite\",\"@id\":\"https:\/\/www.legislapp.com.br\/#website\",\"url\":\"https:\/\/www.legislapp.com.br\/\",\"name\":\"Legislapp\",\"description\":\"Intelig\u00eancia governamental em tempo real\",\"publisher\":{\"@id\":\"https:\/\/www.legislapp.com.br\/#organization\"},\"potentialAction\":[{\"@type\":\"SearchAction\",\"target\":{\"@type\":\"EntryPoint\",\"urlTemplate\":\"https:\/\/www.legislapp.com.br\/?s={search_term_string}\"},\"query-input\":{\"@type\":\"PropertyValueSpecification\",\"valueRequired\":true,\"valueName\":\"search_term_string\"}}],\"inLanguage\":\"pt-BR\"},{\"@type\":\"Organization\",\"@id\":\"https:\/\/www.legislapp.com.br\/#organization\",\"name\":\"Legislapp Monitoramento e Intelig\u00eancia Governamental\",\"url\":\"https:\/\/www.legislapp.com.br\/\",\"logo\":{\"@type\":\"ImageObject\",\"inLanguage\":\"pt-BR\",\"@id\":\"https:\/\/www.legislapp.com.br\/#\/schema\/logo\/image\/\",\"url\":\"https:\/\/www.legislapp.com.br\/wp-content\/uploads\/icon.png\",\"contentUrl\":\"https:\/\/www.legislapp.com.br\/wp-content\/uploads\/icon.png\",\"width\":1024,\"height\":1024,\"caption\":\"Legislapp Monitoramento e Intelig\u00eancia Governamental\"},\"image\":{\"@id\":\"https:\/\/www.legislapp.com.br\/#\/schema\/logo\/image\/\"},\"sameAs\":[\"https:\/\/www.instagram.com\/legislapp\/\"]}]}<\/script>\n<!-- \/ Yoast SEO plugin. -->","yoast_head_json":{"title":"Avulso Inicial - PL 102\/2026 - C\u00e2mara - Legislapp","robots":{"index":"index","follow":"follow","max-snippet":"max-snippet:-1","max-image-preview":"max-image-preview:large","max-video-preview":"max-video-preview:-1"},"canonical":"https:\/\/www.legislapp.com.br\/index.php\/avulso-inicial-pl-102-2026-camara\/","og_locale":"pt_BR","og_type":"article","og_title":"Avulso Inicial - PL 102\/2026 - C\u00e2mara - Legislapp","og_description":"Avulso Inicial &#8211; Autoria de Z\u00e9 Trov\u00e3o PROJETO DE LEI N\u00ba , DE 2026 (Do Sr. Z\u00c9 TROV\u00c3O) Altera a Lei n\u00ba 9.504, de 30 de setembro de 1997, para vedar o uso de recursos p\u00fablicos no financiamento de eventos culturais, art\u00edsticos ou festivos que promovam ou homenageiem agente pol\u00edtico em ano eleitoral, estabelecendo penalidades, [&hellip;]","og_url":"https:\/\/www.legislapp.com.br\/index.php\/avulso-inicial-pl-102-2026-camara\/","og_site_name":"Legislapp","article_publisher":"https:\/\/www.instagram.com\/legislapp\/","og_image":[{"url":"https:\/\/www.legislapp.com.br\/wp-content\/uploads\/2021\/07\/Logo-Legislapp-1-03-1.png","type":"","width":"","height":""}],"twitter_card":"summary_large_image","twitter_misc":{"Est. tempo de leitura":"5 minutos"},"schema":{"@context":"https:\/\/schema.org","@graph":[{"@type":"WebPage","@id":"https:\/\/www.legislapp.com.br\/index.php\/avulso-inicial-pl-102-2026-camara\/","url":"https:\/\/www.legislapp.com.br\/index.php\/avulso-inicial-pl-102-2026-camara\/","name":"Avulso Inicial - PL 102\/2026 - C\u00e2mara - Legislapp","isPartOf":{"@id":"https:\/\/www.legislapp.com.br\/#website"},"primaryImageOfPage":{"@id":"https:\/\/www.legislapp.com.br\/index.php\/avulso-inicial-pl-102-2026-camara\/#primaryimage"},"image":{"@id":"https:\/\/www.legislapp.com.br\/index.php\/avulso-inicial-pl-102-2026-camara\/#primaryimage"},"thumbnailUrl":"https:\/\/www.legislapp.com.br\/wp-content\/uploads\/2021\/07\/Logo-Legislapp-1-03-1.png","datePublished":"2026-03-03T21:59:07+00:00","breadcrumb":{"@id":"https:\/\/www.legislapp.com.br\/index.php\/avulso-inicial-pl-102-2026-camara\/#breadcrumb"},"inLanguage":"pt-BR","potentialAction":[{"@type":"ReadAction","target":["https:\/\/www.legislapp.com.br\/index.php\/avulso-inicial-pl-102-2026-camara\/"]}]},{"@type":"ImageObject","inLanguage":"pt-BR","@id":"https:\/\/www.legislapp.com.br\/index.php\/avulso-inicial-pl-102-2026-camara\/#primaryimage","url":"https:\/\/www.legislapp.com.br\/wp-content\/uploads\/2021\/07\/Logo-Legislapp-1-03-1.png","contentUrl":"https:\/\/www.legislapp.com.br\/wp-content\/uploads\/2021\/07\/Logo-Legislapp-1-03-1.png","width":2679,"height":2697},{"@type":"BreadcrumbList","@id":"https:\/\/www.legislapp.com.br\/index.php\/avulso-inicial-pl-102-2026-camara\/#breadcrumb","itemListElement":[{"@type":"ListItem","position":1,"name":"In\u00edcio","item":"https:\/\/www.legislapp.com.br\/"},{"@type":"ListItem","position":2,"name":"Avulso Inicial &#8211; PL 102\/2026 &#8211; C\u00e2mara"}]},{"@type":"WebSite","@id":"https:\/\/www.legislapp.com.br\/#website","url":"https:\/\/www.legislapp.com.br\/","name":"Legislapp","description":"Intelig\u00eancia governamental em tempo real","publisher":{"@id":"https:\/\/www.legislapp.com.br\/#organization"},"potentialAction":[{"@type":"SearchAction","target":{"@type":"EntryPoint","urlTemplate":"https:\/\/www.legislapp.com.br\/?s={search_term_string}"},"query-input":{"@type":"PropertyValueSpecification","valueRequired":true,"valueName":"search_term_string"}}],"inLanguage":"pt-BR"},{"@type":"Organization","@id":"https:\/\/www.legislapp.com.br\/#organization","name":"Legislapp Monitoramento e Intelig\u00eancia Governamental","url":"https:\/\/www.legislapp.com.br\/","logo":{"@type":"ImageObject","inLanguage":"pt-BR","@id":"https:\/\/www.legislapp.com.br\/#\/schema\/logo\/image\/","url":"https:\/\/www.legislapp.com.br\/wp-content\/uploads\/icon.png","contentUrl":"https:\/\/www.legislapp.com.br\/wp-content\/uploads\/icon.png","width":1024,"height":1024,"caption":"Legislapp Monitoramento e Intelig\u00eancia Governamental"},"image":{"@id":"https:\/\/www.legislapp.com.br\/#\/schema\/logo\/image\/"},"sameAs":["https:\/\/www.instagram.com\/legislapp\/"]}]}},"_links":{"self":[{"href":"https:\/\/www.legislapp.com.br\/index.php\/wp-json\/wp\/v2\/pages\/11603","targetHints":{"allow":["GET"]}}],"collection":[{"href":"https:\/\/www.legislapp.com.br\/index.php\/wp-json\/wp\/v2\/pages"}],"about":[{"href":"https:\/\/www.legislapp.com.br\/index.php\/wp-json\/wp\/v2\/types\/page"}],"author":[{"embeddable":true,"href":"https:\/\/www.legislapp.com.br\/index.php\/wp-json\/wp\/v2\/users\/1"}],"replies":[{"embeddable":true,"href":"https:\/\/www.legislapp.com.br\/index.php\/wp-json\/wp\/v2\/comments?post=11603"}],"version-history":[{"count":0,"href":"https:\/\/www.legislapp.com.br\/index.php\/wp-json\/wp\/v2\/pages\/11603\/revisions"}],"wp:attachment":[{"href":"https:\/\/www.legislapp.com.br\/index.php\/wp-json\/wp\/v2\/media?parent=11603"}],"curies":[{"name":"wp","href":"https:\/\/api.w.org\/{rel}","templated":true}]}}