{"id":11608,"date":"2026-03-03T19:00:21","date_gmt":"2026-03-03T22:00:21","guid":{"rendered":"https:\/\/www.legislapp.com.br\/index.php\/avulso-inicial-pl-6662-2025-camara\/"},"modified":"2026-03-03T19:00:21","modified_gmt":"2026-03-03T22:00:21","slug":"avulso-inicial-pl-6662-2025-camara","status":"publish","type":"page","link":"https:\/\/www.legislapp.com.br\/index.php\/avulso-inicial-pl-6662-2025-camara\/","title":{"rendered":"Avulso Inicial &#8211; PL 6662\/2025 &#8211; C\u00e2mara"},"content":{"rendered":"<h1 style='text-align: center;'>Avulso Inicial &#8211; Autoria de Amom Mandel<\/h3>\n<p><\/p>\n<article> C\u00c2MARA DOS DEPUTADOS<br \/>\n Gabinete do Deputado Federal AMOM MANDEL \u2013 CIDADANIA\/AM<br \/>\nPROJETO DE LEI N\u00ba      , DE 2025<br \/>\n(Do Sr. AMOM MANDEL)<br \/>\nAltera a Lei n\u00ba 9.096, de 19 de<br \/>\nsetembro de 1995 (Lei dos Partidos<br \/>\nPol\u00edticos), para instituir a transpar\u00eancia e a<br \/>\nequidade no financiamento de campanhas<br \/>\nde candidaturas de mulheres negras.<br \/>\nO Congresso Nacional decreta:<br \/>\nArt. 1\u00ba A Lei n\u00ba 9.096, de 19 de setembro de 1995, passa a vigorar<br \/>\nacrescida do seguinte artigo:<br \/>\n\u201cArt. 44-B. Os partidos pol\u00edticos dever\u00e3o publicar, em s\u00edtio<br \/>\neletr\u00f4nico pr\u00f3prio e de f\u00e1cil acesso, o detalhamento integral dos<br \/>\nrepasses de recursos dos fundos p\u00fablicos (Fundo Partid\u00e1rio e<br \/>\nFEFC) destinados a todas as candidaturas que se enquadrem nos<br \/>\ncrit\u00e9rios de cotas de g\u00eanero e ra\u00e7a, contendo:<br \/>\nI \u2013 identifica\u00e7\u00e3o completa da candidata (nome e CNPJ da<br \/>\ncampanha);<br \/>\nII \u2013 valor e data de cada repasse realizado;<br \/>\nIII \u2013 percentual do total da cota distribu\u00eddo para candidaturas de<br \/>\nmulheres negras.&#8221; (NR)<br \/>\nArt. 2\u00ba Esta Lei entra em vigor na data de sua publica\u00e7\u00e3o.<br \/>\n___________________________________________________________________________<br \/>\nC\u00e2mara dos Deputados | Anexo IV Gabinete 760 | \u2013 CEP: 70160-900 \u2013<br \/>\nBras\u00edlia-DF<br \/>\nTel (61) 3215-5760 | dep.amommandel@camara.leg.br<br \/>\nPara verificar a assinatura, acesse https:\/\/infoleg-autenticidade-assinatura.camara.leg.br\/CD252359918500<br \/>\nAssinado eletronicamente pelo(a) Dep. Amom Mandel<br \/>\nApresenta\u00e7\u00e3o: 22\/12\/2025 14:35:02.990 &#8211; Mesa<br \/>\n*CD252359918500* PL n.6662\/2025<br \/> C\u00c2MARA DOS DEPUTADOS<br \/>\n Gabinete do Deputado Federal AMOM MANDEL \u2013 CIDADANIA\/AM<br \/>\nJUSTIFICA\u00c7\u00c3O<br \/>\nO presente Projeto de Lei busca enfrentar um dos principais mecanismos<br \/>\nde exclus\u00e3o pol\u00edtica que afetam as mulheres negras no Brasil: a falta de transpar\u00eancia<br \/>\nna distribui\u00e7\u00e3o dos recursos p\u00fablicos destinados \u00e0s campanhas eleitorais. Apesar de<br \/>\navan\u00e7os normativos recentes, as experi\u00eancias relatadas por dez candidatas negras no<br \/>\nlivro Rosas da Resist\u00eancia: trajet\u00f3rias e aprendizados de mulheres negras n\u00e3o eleitas<br \/>\ndemonstram que, na pr\u00e1tica, o acesso ao Fundo Especial de Financiamento de<br \/>\nCampanha (FEFC) e ao Fundo Partid\u00e1rio permanece marcado por repasses tardios,<br \/>\nvalores insuficientes e decis\u00f5es internas pouco justificadas pelos partidos. Muitas<br \/>\ndessas candidatas, embora reconhecidas como lideran\u00e7as comunit\u00e1rias, precisaram<br \/>\nusar recursos pr\u00f3prios para sustentar suas campanhas, evidenciando uma<br \/>\ndesigualdade estrutural que se reflete nos resultados eleitorais: em 2024, apenas<br \/>\n7,19% das quase 80 mil candidatas negras conseguiram se eleger.<br \/>\nDiante desse cen\u00e1rio, torna-se evidente que a falta de transpar\u00eancia<br \/>\ncompromete o cumprimento efetivo das cotas raciais e de g\u00eanero, impede o controle<br \/>\nsocial e fragiliza a disputa eleitoral das mulheres negras, que constituem o maior grupo<br \/>\npopulacional do pa\u00eds, mas seguem sendo o menos representado nas institui\u00e7\u00f5es<br \/>\npol\u00edticas. Para corrigir essa distor\u00e7\u00e3o democr\u00e1tica, o projeto prop\u00f5e incluir na Lei dos<br \/>\nPartidos Pol\u00edticos a obrigatoriedade de publica\u00e7\u00e3o, em s\u00edtio eletr\u00f4nico de f\u00e1cil acesso,<br \/>\ndo detalhamento completo dos repasses dos fundos p\u00fablicos destinados \u00e0s<br \/>\ncandidaturas enquadradas nas cotas de g\u00eanero e ra\u00e7a, com informa\u00e7\u00e3o sobre a<br \/>\nidentifica\u00e7\u00e3o das candidatas, os valores e datas dos repasses e o percentual destinado<br \/>\n\u00e0s mulheres negras.<br \/>\nTrata-se de medida simples, por\u00e9m decisiva, para garantir previsibilidade,<br \/>\npublicidade e justi\u00e7a na distribui\u00e7\u00e3o dos recursos, fortalecendo a efetividade das cotas<br \/>\n___________________________________________________________________________<br \/>\nC\u00e2mara dos Deputados | Anexo IV Gabinete 760 | \u2013 CEP: 70160-900 \u2013<br \/>\nBras\u00edlia-DF<br \/>\nTel (61) 3215-5760 | dep.amommandel@camara.leg.br<br \/>\nPara verificar a assinatura, acesse https:\/\/infoleg-autenticidade-assinatura.camara.leg.br\/CD252359918500<br \/>\nAssinado eletronicamente pelo(a) Dep. Amom Mandel<br \/>\nApresenta\u00e7\u00e3o: 22\/12\/2025 14:35:02.990 &#8211; Mesa<br \/>\n*CD252359918500* PL n.6662\/2025<br \/> C\u00c2MARA DOS DEPUTADOS<br \/>\n Gabinete do Deputado Federal AMOM MANDEL \u2013 CIDADANIA\/AM<br \/>\ne permitindo que candidatas e sociedade fiscalizem o comportamento dos partidos. Ao<br \/>\npromover transpar\u00eancia e equidade, o projeto contribui para ampliar a participa\u00e7\u00e3o das<br \/>\nmulheres negras na pol\u00edtica institucional e para consolidar um sistema democr\u00e1tico<br \/>\nmais representativo e inclusivo. Diante do exposto, \u00e9 fundamental o apoio dos demais<br \/>\nparlamentares \u00e0 aprova\u00e7\u00e3o desta proposi\u00e7\u00e3o.<br \/>\nSala das Sess\u00f5es, em        de                     de 2025.<br \/>\nDeputado AMOM MANDEL<br \/>\n(CIDADANIA\/AM)<br \/>\n___________________________________________________________________________<br \/>\nC\u00e2mara dos Deputados | Anexo IV Gabinete 760 | \u2013 CEP: 70160-900 \u2013<br \/>\nBras\u00edlia-DF<br \/>\nTel (61) 3215-5760 | dep.amommandel@camara.leg.br<br \/>\nPara verificar a assinatura, acesse https:\/\/infoleg-autenticidade-assinatura.camara.leg.br\/CD252359918500<br \/>\nAssinado eletronicamente pelo(a) Dep. Amom Mandel<br \/>\nApresenta\u00e7\u00e3o: 22\/12\/2025 14:35:02.990 &#8211; Mesa<br \/>\n*CD252359918500* PL n.6662\/2025<\/article>\n<p><a href='https:\/\/app.legislapp.com.br\/#\/busca?termo=Altera\u00e7\u00e3o'>Altera\u00e7\u00e3o<\/a>, <a href='https:\/\/app.legislapp.com.br\/#\/busca?termo=Lei Org\u00e2nica dos Partidos Pol\u00edticos (1995)'>Lei Org\u00e2nica dos Partidos Pol\u00edticos (1995)<\/a>, <a href='https:\/\/app.legislapp.com.br\/#\/busca?termo=incentivo'>incentivo<\/a>, <a href='https:\/\/app.legislapp.com.br\/#\/busca?termo=transpar\u00eancia'>transpar\u00eancia<\/a>, <a href='https:\/\/app.legislapp.com.br\/#\/busca?termo=Equidade'>Equidade<\/a>, <a href='https:\/\/app.legislapp.com.br\/#\/busca?termo=Financiamento'>Financiamento<\/a>, <a href='https:\/\/app.legislapp.com.br\/#\/busca?termo=Campanha eleitoral'>Campanha eleitoral<\/a>, <a href='https:\/\/app.legislapp.com.br\/#\/busca?termo=Candidato a cargo eletivo'>Candidato a cargo eletivo<\/a>, <a href='https:\/\/app.legislapp.com.br\/#\/busca?termo=divulga\u00e7\u00e3o'>divulga\u00e7\u00e3o<\/a>, <a href='https:\/\/app.legislapp.com.br\/#\/busca?termo=informa\u00e7\u00e3o'>informa\u00e7\u00e3o<\/a>, <a href='https:\/\/app.legislapp.com.br\/#\/busca?termo=dados'>dados<\/a>, <a href='https:\/\/app.legislapp.com.br\/#\/busca?termo=recursos'>recursos<\/a>, <a href='https:\/\/app.legislapp.com.br\/#\/busca?termo='><\/a>, <a href='https:\/\/app.legislapp.com.br\/#\/busca?termo=Sistema de cotas raciais'>Sistema de cotas raciais<\/a>, <a href='https:\/\/app.legislapp.com.br\/#\/busca?termo=cota'>cota<\/a>, <a href='https:\/\/app.legislapp.com.br\/#\/busca?termo=mulher'>mulher<\/a>, <a href='https:\/\/app.legislapp.com.br\/#\/busca?termo=candidata'>candidata<\/a>, <a href='https:\/\/app.legislapp.com.br\/#\/busca?termo=negros'>negros<\/a>, <a href='https:\/\/app.legislapp.com.br\/#\/busca?termo=representatividade feminina'>representatividade feminina<\/a>, <a href='https:\/\/app.legislapp.com.br\/#\/busca?termo=enfrentamento'>enfrentamento<\/a>, <a href='https:\/\/app.legislapp.com.br\/#\/busca?termo=machismo'>machismo<\/a>, <a href='https:\/\/app.legislapp.com.br\/#\/busca?termo=racismo'>racismo<\/a>, <a href='https:\/\/app.legislapp.com.br\/#\/busca?termo=viol\u00eancia de g\u00eanero'>viol\u00eancia de g\u00eanero<\/a>, <a href='https:\/\/app.legislapp.com.br\/#\/busca?termo=viol\u00eancia pol\u00edtico-eleitoral.'>viol\u00eancia pol\u00edtico-eleitoral.<\/a><\/p>\n<div style=\"text-align: center\">\n      <img decoding=\"async\" style=\"width: 14%;\" src=\"https:\/\/www.legislapp.com.br\/wp-content\/uploads\/2021\/07\/Logo-Legislapp-1-03-1.png\"><br \/>\n      <\/p>\n<div style=\"margin-bottom: 20px;\" class=\"et_pb_button_module_wrapper et_pb_button_5_tb_body_wrapper et_pb_button_alignment_center et_pb_module \">\n         <a class=\"et_pb_button et_pb_button_5_tb_body et_hover_enabled et_pb_bg_layout_dark\" style=\"width: 50%;background-color: black;\" href=\"https:\/\/app.legislapp.com.br\" target=\"_blank\" rel=\"noopener\">Visualizar completo na nossa plataforma (30 dias gr\u00e1tis)<\/a><\/p><\/div>\n<p>      <a href=\"https:\/\/play.google.com\/store\/apps\/details?id=br.com.legislapp\"><img decoding=\"async\" style=\"width: 15%; min-width: 130px;\" src=\"https:\/\/www.legislapp.com.br\/wp-content\/uploads\/google-play.png\"><\/a><br \/>\n      <a href=\"https:\/\/apps.apple.com\/us\/app\/legislapp\/id1568929859\"><img decoding=\"async\" style=\"width: 15%; min-width: 130px\" src=\"https:\/\/www.legislapp.com.br\/wp-content\/uploads\/apple-store.png\"><\/a>\n   <\/div>\n","protected":false},"excerpt":{"rendered":"<p>Avulso Inicial &#8211; Autoria de Amom Mandel C\u00c2MARA DOS DEPUTADOS Gabinete do Deputado Federal AMOM MANDEL \u2013 CIDADANIA\/AM PROJETO DE LEI N\u00ba , DE 2025 (Do Sr. AMOM MANDEL) Altera a Lei n\u00ba 9.096, de 19 de setembro de 1995 (Lei dos Partidos Pol\u00edticos), para instituir a transpar\u00eancia e a equidade no financiamento de campanhas [&hellip;]<\/p>\n","protected":false},"author":1,"featured_media":0,"parent":0,"menu_order":0,"comment_status":"closed","ping_status":"closed","template":"page-template-blank.php","meta":{"_et_pb_use_builder":"","_et_pb_old_content":"","_et_gb_content_width":"1080","ngg_post_thumbnail":0,"footnotes":""},"class_list":["post-11608","page","type-page","status-publish","hentry"],"yoast_head":"<!-- This site is optimized with the Yoast SEO plugin v24.4 - https:\/\/yoast.com\/wordpress\/plugins\/seo\/ -->\n<title>Avulso Inicial - PL 6662\/2025 - C\u00e2mara - Legislapp<\/title>\n<meta name=\"robots\" content=\"index, follow, max-snippet:-1, max-image-preview:large, max-video-preview:-1\" \/>\n<link rel=\"canonical\" href=\"https:\/\/www.legislapp.com.br\/index.php\/avulso-inicial-pl-6662-2025-camara\/\" \/>\n<meta property=\"og:locale\" content=\"pt_BR\" \/>\n<meta property=\"og:type\" content=\"article\" \/>\n<meta property=\"og:title\" content=\"Avulso Inicial - PL 6662\/2025 - C\u00e2mara - Legislapp\" \/>\n<meta property=\"og:description\" content=\"Avulso Inicial &#8211; Autoria de Amom Mandel C\u00c2MARA DOS DEPUTADOS Gabinete do Deputado Federal AMOM MANDEL \u2013 CIDADANIA\/AM PROJETO DE LEI N\u00ba , DE 2025 (Do Sr. AMOM MANDEL) Altera a Lei n\u00ba 9.096, de 19 de setembro de 1995 (Lei dos Partidos Pol\u00edticos), para instituir a transpar\u00eancia e a equidade no financiamento de campanhas [&hellip;]\" \/>\n<meta property=\"og:url\" content=\"https:\/\/www.legislapp.com.br\/index.php\/avulso-inicial-pl-6662-2025-camara\/\" \/>\n<meta property=\"og:site_name\" content=\"Legislapp\" \/>\n<meta property=\"article:publisher\" content=\"https:\/\/www.instagram.com\/legislapp\/\" \/>\n<meta property=\"og:image\" content=\"https:\/\/www.legislapp.com.br\/wp-content\/uploads\/2021\/07\/Logo-Legislapp-1-03-1.png\" \/>\n<meta name=\"twitter:card\" content=\"summary_large_image\" \/>\n<meta name=\"twitter:label1\" content=\"Est. tempo de leitura\" \/>\n\t<meta name=\"twitter:data1\" content=\"4 minutos\" \/>\n<script type=\"application\/ld+json\" class=\"yoast-schema-graph\">{\"@context\":\"https:\/\/schema.org\",\"@graph\":[{\"@type\":\"WebPage\",\"@id\":\"https:\/\/www.legislapp.com.br\/index.php\/avulso-inicial-pl-6662-2025-camara\/\",\"url\":\"https:\/\/www.legislapp.com.br\/index.php\/avulso-inicial-pl-6662-2025-camara\/\",\"name\":\"Avulso Inicial - PL 6662\/2025 - C\u00e2mara - Legislapp\",\"isPartOf\":{\"@id\":\"https:\/\/www.legislapp.com.br\/#website\"},\"primaryImageOfPage\":{\"@id\":\"https:\/\/www.legislapp.com.br\/index.php\/avulso-inicial-pl-6662-2025-camara\/#primaryimage\"},\"image\":{\"@id\":\"https:\/\/www.legislapp.com.br\/index.php\/avulso-inicial-pl-6662-2025-camara\/#primaryimage\"},\"thumbnailUrl\":\"https:\/\/www.legislapp.com.br\/wp-content\/uploads\/2021\/07\/Logo-Legislapp-1-03-1.png\",\"datePublished\":\"2026-03-03T22:00:21+00:00\",\"breadcrumb\":{\"@id\":\"https:\/\/www.legislapp.com.br\/index.php\/avulso-inicial-pl-6662-2025-camara\/#breadcrumb\"},\"inLanguage\":\"pt-BR\",\"potentialAction\":[{\"@type\":\"ReadAction\",\"target\":[\"https:\/\/www.legislapp.com.br\/index.php\/avulso-inicial-pl-6662-2025-camara\/\"]}]},{\"@type\":\"ImageObject\",\"inLanguage\":\"pt-BR\",\"@id\":\"https:\/\/www.legislapp.com.br\/index.php\/avulso-inicial-pl-6662-2025-camara\/#primaryimage\",\"url\":\"https:\/\/www.legislapp.com.br\/wp-content\/uploads\/2021\/07\/Logo-Legislapp-1-03-1.png\",\"contentUrl\":\"https:\/\/www.legislapp.com.br\/wp-content\/uploads\/2021\/07\/Logo-Legislapp-1-03-1.png\",\"width\":2679,\"height\":2697},{\"@type\":\"BreadcrumbList\",\"@id\":\"https:\/\/www.legislapp.com.br\/index.php\/avulso-inicial-pl-6662-2025-camara\/#breadcrumb\",\"itemListElement\":[{\"@type\":\"ListItem\",\"position\":1,\"name\":\"In\u00edcio\",\"item\":\"https:\/\/www.legislapp.com.br\/\"},{\"@type\":\"ListItem\",\"position\":2,\"name\":\"Avulso Inicial &#8211; PL 6662\/2025 &#8211; C\u00e2mara\"}]},{\"@type\":\"WebSite\",\"@id\":\"https:\/\/www.legislapp.com.br\/#website\",\"url\":\"https:\/\/www.legislapp.com.br\/\",\"name\":\"Legislapp\",\"description\":\"Intelig\u00eancia governamental em tempo real\",\"publisher\":{\"@id\":\"https:\/\/www.legislapp.com.br\/#organization\"},\"potentialAction\":[{\"@type\":\"SearchAction\",\"target\":{\"@type\":\"EntryPoint\",\"urlTemplate\":\"https:\/\/www.legislapp.com.br\/?s={search_term_string}\"},\"query-input\":{\"@type\":\"PropertyValueSpecification\",\"valueRequired\":true,\"valueName\":\"search_term_string\"}}],\"inLanguage\":\"pt-BR\"},{\"@type\":\"Organization\",\"@id\":\"https:\/\/www.legislapp.com.br\/#organization\",\"name\":\"Legislapp Monitoramento e Intelig\u00eancia Governamental\",\"url\":\"https:\/\/www.legislapp.com.br\/\",\"logo\":{\"@type\":\"ImageObject\",\"inLanguage\":\"pt-BR\",\"@id\":\"https:\/\/www.legislapp.com.br\/#\/schema\/logo\/image\/\",\"url\":\"https:\/\/www.legislapp.com.br\/wp-content\/uploads\/icon.png\",\"contentUrl\":\"https:\/\/www.legislapp.com.br\/wp-content\/uploads\/icon.png\",\"width\":1024,\"height\":1024,\"caption\":\"Legislapp Monitoramento e Intelig\u00eancia Governamental\"},\"image\":{\"@id\":\"https:\/\/www.legislapp.com.br\/#\/schema\/logo\/image\/\"},\"sameAs\":[\"https:\/\/www.instagram.com\/legislapp\/\"]}]}<\/script>\n<!-- \/ Yoast SEO plugin. -->","yoast_head_json":{"title":"Avulso Inicial - PL 6662\/2025 - C\u00e2mara - Legislapp","robots":{"index":"index","follow":"follow","max-snippet":"max-snippet:-1","max-image-preview":"max-image-preview:large","max-video-preview":"max-video-preview:-1"},"canonical":"https:\/\/www.legislapp.com.br\/index.php\/avulso-inicial-pl-6662-2025-camara\/","og_locale":"pt_BR","og_type":"article","og_title":"Avulso Inicial - PL 6662\/2025 - C\u00e2mara - Legislapp","og_description":"Avulso Inicial &#8211; Autoria de Amom Mandel C\u00c2MARA DOS DEPUTADOS Gabinete do Deputado Federal AMOM MANDEL \u2013 CIDADANIA\/AM PROJETO DE LEI N\u00ba , DE 2025 (Do Sr. AMOM MANDEL) Altera a Lei n\u00ba 9.096, de 19 de setembro de 1995 (Lei dos Partidos Pol\u00edticos), para instituir a transpar\u00eancia e a equidade no financiamento de campanhas [&hellip;]","og_url":"https:\/\/www.legislapp.com.br\/index.php\/avulso-inicial-pl-6662-2025-camara\/","og_site_name":"Legislapp","article_publisher":"https:\/\/www.instagram.com\/legislapp\/","og_image":[{"url":"https:\/\/www.legislapp.com.br\/wp-content\/uploads\/2021\/07\/Logo-Legislapp-1-03-1.png","type":"","width":"","height":""}],"twitter_card":"summary_large_image","twitter_misc":{"Est. tempo de leitura":"4 minutos"},"schema":{"@context":"https:\/\/schema.org","@graph":[{"@type":"WebPage","@id":"https:\/\/www.legislapp.com.br\/index.php\/avulso-inicial-pl-6662-2025-camara\/","url":"https:\/\/www.legislapp.com.br\/index.php\/avulso-inicial-pl-6662-2025-camara\/","name":"Avulso Inicial - PL 6662\/2025 - C\u00e2mara - Legislapp","isPartOf":{"@id":"https:\/\/www.legislapp.com.br\/#website"},"primaryImageOfPage":{"@id":"https:\/\/www.legislapp.com.br\/index.php\/avulso-inicial-pl-6662-2025-camara\/#primaryimage"},"image":{"@id":"https:\/\/www.legislapp.com.br\/index.php\/avulso-inicial-pl-6662-2025-camara\/#primaryimage"},"thumbnailUrl":"https:\/\/www.legislapp.com.br\/wp-content\/uploads\/2021\/07\/Logo-Legislapp-1-03-1.png","datePublished":"2026-03-03T22:00:21+00:00","breadcrumb":{"@id":"https:\/\/www.legislapp.com.br\/index.php\/avulso-inicial-pl-6662-2025-camara\/#breadcrumb"},"inLanguage":"pt-BR","potentialAction":[{"@type":"ReadAction","target":["https:\/\/www.legislapp.com.br\/index.php\/avulso-inicial-pl-6662-2025-camara\/"]}]},{"@type":"ImageObject","inLanguage":"pt-BR","@id":"https:\/\/www.legislapp.com.br\/index.php\/avulso-inicial-pl-6662-2025-camara\/#primaryimage","url":"https:\/\/www.legislapp.com.br\/wp-content\/uploads\/2021\/07\/Logo-Legislapp-1-03-1.png","contentUrl":"https:\/\/www.legislapp.com.br\/wp-content\/uploads\/2021\/07\/Logo-Legislapp-1-03-1.png","width":2679,"height":2697},{"@type":"BreadcrumbList","@id":"https:\/\/www.legislapp.com.br\/index.php\/avulso-inicial-pl-6662-2025-camara\/#breadcrumb","itemListElement":[{"@type":"ListItem","position":1,"name":"In\u00edcio","item":"https:\/\/www.legislapp.com.br\/"},{"@type":"ListItem","position":2,"name":"Avulso Inicial &#8211; PL 6662\/2025 &#8211; C\u00e2mara"}]},{"@type":"WebSite","@id":"https:\/\/www.legislapp.com.br\/#website","url":"https:\/\/www.legislapp.com.br\/","name":"Legislapp","description":"Intelig\u00eancia governamental em tempo real","publisher":{"@id":"https:\/\/www.legislapp.com.br\/#organization"},"potentialAction":[{"@type":"SearchAction","target":{"@type":"EntryPoint","urlTemplate":"https:\/\/www.legislapp.com.br\/?s={search_term_string}"},"query-input":{"@type":"PropertyValueSpecification","valueRequired":true,"valueName":"search_term_string"}}],"inLanguage":"pt-BR"},{"@type":"Organization","@id":"https:\/\/www.legislapp.com.br\/#organization","name":"Legislapp Monitoramento e Intelig\u00eancia Governamental","url":"https:\/\/www.legislapp.com.br\/","logo":{"@type":"ImageObject","inLanguage":"pt-BR","@id":"https:\/\/www.legislapp.com.br\/#\/schema\/logo\/image\/","url":"https:\/\/www.legislapp.com.br\/wp-content\/uploads\/icon.png","contentUrl":"https:\/\/www.legislapp.com.br\/wp-content\/uploads\/icon.png","width":1024,"height":1024,"caption":"Legislapp Monitoramento e Intelig\u00eancia Governamental"},"image":{"@id":"https:\/\/www.legislapp.com.br\/#\/schema\/logo\/image\/"},"sameAs":["https:\/\/www.instagram.com\/legislapp\/"]}]}},"_links":{"self":[{"href":"https:\/\/www.legislapp.com.br\/index.php\/wp-json\/wp\/v2\/pages\/11608","targetHints":{"allow":["GET"]}}],"collection":[{"href":"https:\/\/www.legislapp.com.br\/index.php\/wp-json\/wp\/v2\/pages"}],"about":[{"href":"https:\/\/www.legislapp.com.br\/index.php\/wp-json\/wp\/v2\/types\/page"}],"author":[{"embeddable":true,"href":"https:\/\/www.legislapp.com.br\/index.php\/wp-json\/wp\/v2\/users\/1"}],"replies":[{"embeddable":true,"href":"https:\/\/www.legislapp.com.br\/index.php\/wp-json\/wp\/v2\/comments?post=11608"}],"version-history":[{"count":0,"href":"https:\/\/www.legislapp.com.br\/index.php\/wp-json\/wp\/v2\/pages\/11608\/revisions"}],"wp:attachment":[{"href":"https:\/\/www.legislapp.com.br\/index.php\/wp-json\/wp\/v2\/media?parent=11608"}],"curies":[{"name":"wp","href":"https:\/\/api.w.org\/{rel}","templated":true}]}}