{"id":1225,"date":"2023-06-08T07:16:00","date_gmt":"2023-06-08T10:16:00","guid":{"rendered":"https:\/\/www.legislapp.com.br\/index.php\/pl-3905-2021\/"},"modified":"2023-06-08T07:16:00","modified_gmt":"2023-06-08T10:16:00","slug":"pl-3905-2021","status":"publish","type":"page","link":"https:\/\/www.legislapp.com.br\/index.php\/pl-3905-2021\/","title":{"rendered":"PL 3905\/2021"},"content":{"rendered":"<h1 style='text-align: center;'>C\u00e2mara &#8211; Autoria de AIRTON LUIZ FALEIRO<br \/><img src='https:\/\/www.camara.leg.br\/internet\/deputado\/bandep\/204495.jpg' alt='AIRTON LUIZ FALEIRO' \/><\/h3>\n<p><\/p>\n<article>Estabelece o marco regulat\u00f3rio do fomento \u00e0 cultura, no \u00e2mbito da administra\u00e7\u00e3o p\u00fablica da Uni\u00e3o, dos Estados, do Distrito Federal e dos Munic\u00edpios.<\/article>\n<p><a href='https:\/\/app.legislapp.com.br\/#\/busca?termo=Cria\u00e7\u00e3o'>Cria\u00e7\u00e3o<\/a>, <a href='https:\/\/app.legislapp.com.br\/#\/busca?termo=Marco regulat\u00f3rio'>Marco regulat\u00f3rio<\/a>, <a href='https:\/\/app.legislapp.com.br\/#\/busca?termo=fomento'>fomento<\/a>, <a href='https:\/\/app.legislapp.com.br\/#\/busca?termo=cultura (artes)'>cultura (artes)<\/a>, <a href='https:\/\/app.legislapp.com.br\/#\/busca?termo=\u00e2mbito'>\u00e2mbito<\/a>, <a href='https:\/\/app.legislapp.com.br\/#\/busca?termo=Administra\u00e7\u00e3o federal'>Administra\u00e7\u00e3o federal<\/a>, <a href='https:\/\/app.legislapp.com.br\/#\/busca?termo=Administra\u00e7\u00e3o estadual'>Administra\u00e7\u00e3o estadual<\/a>, <a href='https:\/\/app.legislapp.com.br\/#\/busca?termo=Administra\u00e7\u00e3o distrital'>Administra\u00e7\u00e3o distrital<\/a>, <a href='https:\/\/app.legislapp.com.br\/#\/busca?termo=Administra\u00e7\u00e3o municipal'>Administra\u00e7\u00e3o municipal<\/a>, <a href='https:\/\/app.legislapp.com.br\/#\/busca?termo=Uni\u00e3o'>Uni\u00e3o<\/a>, <a href='https:\/\/app.legislapp.com.br\/#\/busca?termo=execu\u00e7\u00e3o'>execu\u00e7\u00e3o<\/a>, <a href='https:\/\/app.legislapp.com.br\/#\/busca?termo=pol\u00edtica p\u00fablica'>pol\u00edtica p\u00fablica<\/a>, <a href='https:\/\/app.legislapp.com.br\/#\/busca?termo=regime pr\u00f3prio'>regime pr\u00f3prio<\/a>, <a href='https:\/\/app.legislapp.com.br\/#\/busca?termo=defini\u00e7\u00e3o. _Execu\u00e7\u00e3o'>defini\u00e7\u00e3o. _Execu\u00e7\u00e3o<\/a>, <a href='https:\/\/app.legislapp.com.br\/#\/busca?termo=regime pr\u00f3prio de fomento a cultura'>regime pr\u00f3prio de fomento a cultura<\/a>, <a href='https:\/\/app.legislapp.com.br\/#\/busca?termo=meios'>meios<\/a>, <a href='https:\/\/app.legislapp.com.br\/#\/busca?termo=chamada p\u00fablica'>chamada p\u00fablica<\/a>, <a href='https:\/\/app.legislapp.com.br\/#\/busca?termo=fase'>fase<\/a>, <a href='https:\/\/app.legislapp.com.br\/#\/busca?termo=planejamento'>planejamento<\/a>, <a href='https:\/\/app.legislapp.com.br\/#\/busca?termo=processamento'>processamento<\/a>, <a href='https:\/\/app.legislapp.com.br\/#\/busca?termo=formaliza\u00e7\u00e3o. _Procedimento'>formaliza\u00e7\u00e3o. _Procedimento<\/a>, <a href='https:\/\/app.legislapp.com.br\/#\/busca?termo=instrumento'>instrumento<\/a>, <a href='https:\/\/app.legislapp.com.br\/#\/busca?termo=termo de execu\u00e7\u00e3o cultural'>termo de execu\u00e7\u00e3o cultural<\/a>, <a href='https:\/\/app.legislapp.com.br\/#\/busca?termo=obriga\u00e7\u00f5es'>obriga\u00e7\u00f5es<\/a>, <a href='https:\/\/app.legislapp.com.br\/#\/busca?termo=administra\u00e7\u00e3o p\u00fablica'>administra\u00e7\u00e3o p\u00fablica<\/a>, <a href='https:\/\/app.legislapp.com.br\/#\/busca?termo=agente cultural'>agente cultural<\/a>, <a href='https:\/\/app.legislapp.com.br\/#\/busca?termo=utiliza\u00e7\u00e3o'>utiliza\u00e7\u00e3o<\/a>, <a href='https:\/\/app.legislapp.com.br\/#\/busca?termo=recursos'>recursos<\/a>, <a href='https:\/\/app.legislapp.com.br\/#\/busca?termo=presta\u00e7\u00e3o de contas'>presta\u00e7\u00e3o de contas<\/a>, <a href='https:\/\/app.legislapp.com.br\/#\/busca?termo=termo de premia\u00e7\u00e3o cultural'>termo de premia\u00e7\u00e3o cultural<\/a>, <a href='https:\/\/app.legislapp.com.br\/#\/busca?termo=termo de bolsa cultural'>termo de bolsa cultural<\/a>, <a href='https:\/\/app.legislapp.com.br\/#\/busca?termo=termo de ocupa\u00e7\u00e3o cultural'>termo de ocupa\u00e7\u00e3o cultural<\/a>, <a href='https:\/\/app.legislapp.com.br\/#\/busca?termo=coopera\u00e7\u00e3o cultural'>coopera\u00e7\u00e3o cultural<\/a>, <a href='https:\/\/app.legislapp.com.br\/#\/busca?termo=monitoramento'>monitoramento<\/a>, <a href='https:\/\/app.legislapp.com.br\/#\/busca?termo=controle. _Recursos'>controle. _Recursos<\/a>, <a href='https:\/\/app.legislapp.com.br\/#\/busca?termo=pol\u00edtica p\u00fablica'>pol\u00edtica p\u00fablica<\/a>, <a href='https:\/\/app.legislapp.com.br\/#\/busca?termo=fomento'>fomento<\/a>, <a href='https:\/\/app.legislapp.com.br\/#\/busca?termo=cultura'>cultura<\/a>, <a href='https:\/\/app.legislapp.com.br\/#\/busca?termo=meios'>meios<\/a>, <a href='https:\/\/app.legislapp.com.br\/#\/busca?termo=transfer\u00eancia'>transfer\u00eancia<\/a>, <a href='https:\/\/app.legislapp.com.br\/#\/busca?termo=capta\u00e7\u00e3o'>capta\u00e7\u00e3o<\/a>, <a href='https:\/\/app.legislapp.com.br\/#\/busca?termo=recurso privado'>recurso privado<\/a>, <a href='https:\/\/app.legislapp.com.br\/#\/busca?termo=proposta de financiamento'>proposta de financiamento<\/a>, <a href='https:\/\/app.legislapp.com.br\/#\/busca?termo=patroc\u00ednio'>patroc\u00ednio<\/a>, <a href='https:\/\/app.legislapp.com.br\/#\/busca?termo=acordo'>acordo<\/a>, <a href='https:\/\/app.legislapp.com.br\/#\/busca?termo=disposi\u00e7\u00e3o final.'>disposi\u00e7\u00e3o final.<\/a><\/p>\n<div style=\"text-align: center\">\n      <img decoding=\"async\" style=\"width: 14%;\" src=\"https:\/\/legislapp.com.br\/wp-content\/uploads\/2021\/07\/Logo-Legislapp-1-03-1.png\"><br \/>\n      <\/p>\n<div style=\"margin-bottom: 20px;\" class=\"et_pb_button_module_wrapper et_pb_button_5_tb_body_wrapper et_pb_button_alignment_center et_pb_module \">\n         <a class=\"et_pb_button et_pb_button_5_tb_body et_hover_enabled et_pb_bg_layout_dark\" style=\"width: 50%;background-color: black;\" href=\"https:\/\/app.legislapp.com.br\" target=\"_blank\" rel=\"noopener\">Visualizar completo na nossa plataforma (30 dias gr\u00e1tis)<\/a><\/p><\/div>\n<p>      <a href=\"https:\/\/play.google.com\/store\/apps\/details?id=br.com.legislapp\"><img decoding=\"async\" style=\"width: 15%; min-width: 130px;\" src=\"https:\/\/legislapp.com.br\/wp-content\/uploads\/google-play.png\"><\/a><br \/>\n      <a href=\"https:\/\/apps.apple.com\/us\/app\/legislapp\/id1568929859\"><img decoding=\"async\" style=\"width: 15%; min-width: 130px\" src=\"https:\/\/legislapp.com.br\/wp-content\/uploads\/apple-store.png\"><\/a>\n   <\/div>\n","protected":false},"excerpt":{"rendered":"<p>C\u00e2mara &#8211; Autoria de AIRTON LUIZ FALEIRO Estabelece o marco regulat\u00f3rio do fomento \u00e0 cultura, no \u00e2mbito da administra\u00e7\u00e3o p\u00fablica da Uni\u00e3o, dos Estados, do Distrito Federal e dos Munic\u00edpios. Cria\u00e7\u00e3o, Marco regulat\u00f3rio, fomento, cultura (artes), \u00e2mbito, Administra\u00e7\u00e3o federal, Administra\u00e7\u00e3o estadual, Administra\u00e7\u00e3o distrital, Administra\u00e7\u00e3o municipal, Uni\u00e3o, execu\u00e7\u00e3o, pol\u00edtica p\u00fablica, regime pr\u00f3prio, defini\u00e7\u00e3o. _Execu\u00e7\u00e3o, regime pr\u00f3prio [&hellip;]<\/p>\n","protected":false},"author":1,"featured_media":0,"parent":0,"menu_order":0,"comment_status":"closed","ping_status":"closed","template":"page-template-blank.php","meta":{"_et_pb_use_builder":"","_et_pb_old_content":"","_et_gb_content_width":"1080","ngg_post_thumbnail":0,"footnotes":""},"class_list":["post-1225","page","type-page","status-publish","hentry"],"yoast_head":"<!-- This site is optimized with the Yoast SEO plugin v24.4 - https:\/\/yoast.com\/wordpress\/plugins\/seo\/ -->\n<title>PL 3905\/2021 - Legislapp<\/title>\n<meta name=\"robots\" content=\"index, follow, max-snippet:-1, max-image-preview:large, max-video-preview:-1\" \/>\n<link rel=\"canonical\" href=\"https:\/\/www.legislapp.com.br\/index.php\/pl-3905-2021\/\" \/>\n<meta property=\"og:locale\" content=\"pt_BR\" \/>\n<meta property=\"og:type\" content=\"article\" \/>\n<meta property=\"og:title\" content=\"PL 3905\/2021 - Legislapp\" \/>\n<meta property=\"og:description\" content=\"C\u00e2mara &#8211; Autoria de AIRTON LUIZ FALEIRO Estabelece o marco regulat\u00f3rio do fomento \u00e0 cultura, no \u00e2mbito da administra\u00e7\u00e3o p\u00fablica da Uni\u00e3o, dos Estados, do Distrito Federal e dos Munic\u00edpios. Cria\u00e7\u00e3o, Marco regulat\u00f3rio, fomento, cultura (artes), \u00e2mbito, Administra\u00e7\u00e3o federal, Administra\u00e7\u00e3o estadual, Administra\u00e7\u00e3o distrital, Administra\u00e7\u00e3o municipal, Uni\u00e3o, execu\u00e7\u00e3o, pol\u00edtica p\u00fablica, regime pr\u00f3prio, defini\u00e7\u00e3o. _Execu\u00e7\u00e3o, regime pr\u00f3prio [&hellip;]\" \/>\n<meta property=\"og:url\" content=\"https:\/\/www.legislapp.com.br\/index.php\/pl-3905-2021\/\" \/>\n<meta property=\"og:site_name\" content=\"Legislapp\" \/>\n<meta property=\"article:publisher\" content=\"https:\/\/www.instagram.com\/legislapp\/\" \/>\n<meta property=\"og:image\" content=\"https:\/\/www.camara.leg.br\/internet\/deputado\/bandep\/204495.jpg\" \/>\n<meta name=\"twitter:card\" content=\"summary_large_image\" \/>\n<meta name=\"twitter:label1\" content=\"Est. tempo de leitura\" \/>\n\t<meta name=\"twitter:data1\" content=\"1 minuto\" \/>\n<script type=\"application\/ld+json\" class=\"yoast-schema-graph\">{\"@context\":\"https:\/\/schema.org\",\"@graph\":[{\"@type\":\"WebPage\",\"@id\":\"https:\/\/www.legislapp.com.br\/index.php\/pl-3905-2021\/\",\"url\":\"https:\/\/www.legislapp.com.br\/index.php\/pl-3905-2021\/\",\"name\":\"PL 3905\/2021 - Legislapp\",\"isPartOf\":{\"@id\":\"https:\/\/www.legislapp.com.br\/#website\"},\"primaryImageOfPage\":{\"@id\":\"https:\/\/www.legislapp.com.br\/index.php\/pl-3905-2021\/#primaryimage\"},\"image\":{\"@id\":\"https:\/\/www.legislapp.com.br\/index.php\/pl-3905-2021\/#primaryimage\"},\"thumbnailUrl\":\"https:\/\/www.camara.leg.br\/internet\/deputado\/bandep\/204495.jpg\",\"datePublished\":\"2023-06-08T10:16:00+00:00\",\"breadcrumb\":{\"@id\":\"https:\/\/www.legislapp.com.br\/index.php\/pl-3905-2021\/#breadcrumb\"},\"inLanguage\":\"pt-BR\",\"potentialAction\":[{\"@type\":\"ReadAction\",\"target\":[\"https:\/\/www.legislapp.com.br\/index.php\/pl-3905-2021\/\"]}]},{\"@type\":\"ImageObject\",\"inLanguage\":\"pt-BR\",\"@id\":\"https:\/\/www.legislapp.com.br\/index.php\/pl-3905-2021\/#primaryimage\",\"url\":\"https:\/\/www.camara.leg.br\/internet\/deputado\/bandep\/204495.jpg\",\"contentUrl\":\"https:\/\/www.camara.leg.br\/internet\/deputado\/bandep\/204495.jpg\"},{\"@type\":\"BreadcrumbList\",\"@id\":\"https:\/\/www.legislapp.com.br\/index.php\/pl-3905-2021\/#breadcrumb\",\"itemListElement\":[{\"@type\":\"ListItem\",\"position\":1,\"name\":\"In\u00edcio\",\"item\":\"https:\/\/www.legislapp.com.br\/\"},{\"@type\":\"ListItem\",\"position\":2,\"name\":\"PL 3905\/2021\"}]},{\"@type\":\"WebSite\",\"@id\":\"https:\/\/www.legislapp.com.br\/#website\",\"url\":\"https:\/\/www.legislapp.com.br\/\",\"name\":\"Legislapp\",\"description\":\"Intelig\u00eancia governamental em tempo real\",\"publisher\":{\"@id\":\"https:\/\/www.legislapp.com.br\/#organization\"},\"potentialAction\":[{\"@type\":\"SearchAction\",\"target\":{\"@type\":\"EntryPoint\",\"urlTemplate\":\"https:\/\/www.legislapp.com.br\/?s={search_term_string}\"},\"query-input\":{\"@type\":\"PropertyValueSpecification\",\"valueRequired\":true,\"valueName\":\"search_term_string\"}}],\"inLanguage\":\"pt-BR\"},{\"@type\":\"Organization\",\"@id\":\"https:\/\/www.legislapp.com.br\/#organization\",\"name\":\"Legislapp Monitoramento e Intelig\u00eancia Governamental\",\"url\":\"https:\/\/www.legislapp.com.br\/\",\"logo\":{\"@type\":\"ImageObject\",\"inLanguage\":\"pt-BR\",\"@id\":\"https:\/\/www.legislapp.com.br\/#\/schema\/logo\/image\/\",\"url\":\"https:\/\/www.legislapp.com.br\/wp-content\/uploads\/icon.png\",\"contentUrl\":\"https:\/\/www.legislapp.com.br\/wp-content\/uploads\/icon.png\",\"width\":1024,\"height\":1024,\"caption\":\"Legislapp Monitoramento e Intelig\u00eancia Governamental\"},\"image\":{\"@id\":\"https:\/\/www.legislapp.com.br\/#\/schema\/logo\/image\/\"},\"sameAs\":[\"https:\/\/www.instagram.com\/legislapp\/\"]}]}<\/script>\n<!-- \/ Yoast SEO plugin. -->","yoast_head_json":{"title":"PL 3905\/2021 - Legislapp","robots":{"index":"index","follow":"follow","max-snippet":"max-snippet:-1","max-image-preview":"max-image-preview:large","max-video-preview":"max-video-preview:-1"},"canonical":"https:\/\/www.legislapp.com.br\/index.php\/pl-3905-2021\/","og_locale":"pt_BR","og_type":"article","og_title":"PL 3905\/2021 - Legislapp","og_description":"C\u00e2mara &#8211; Autoria de AIRTON LUIZ FALEIRO Estabelece o marco regulat\u00f3rio do fomento \u00e0 cultura, no \u00e2mbito da administra\u00e7\u00e3o p\u00fablica da Uni\u00e3o, dos Estados, do Distrito Federal e dos Munic\u00edpios. Cria\u00e7\u00e3o, Marco regulat\u00f3rio, fomento, cultura (artes), \u00e2mbito, Administra\u00e7\u00e3o federal, Administra\u00e7\u00e3o estadual, Administra\u00e7\u00e3o distrital, Administra\u00e7\u00e3o municipal, Uni\u00e3o, execu\u00e7\u00e3o, pol\u00edtica p\u00fablica, regime pr\u00f3prio, defini\u00e7\u00e3o. _Execu\u00e7\u00e3o, regime pr\u00f3prio [&hellip;]","og_url":"https:\/\/www.legislapp.com.br\/index.php\/pl-3905-2021\/","og_site_name":"Legislapp","article_publisher":"https:\/\/www.instagram.com\/legislapp\/","og_image":[{"url":"https:\/\/www.camara.leg.br\/internet\/deputado\/bandep\/204495.jpg","type":"","width":"","height":""}],"twitter_card":"summary_large_image","twitter_misc":{"Est. tempo de leitura":"1 minuto"},"schema":{"@context":"https:\/\/schema.org","@graph":[{"@type":"WebPage","@id":"https:\/\/www.legislapp.com.br\/index.php\/pl-3905-2021\/","url":"https:\/\/www.legislapp.com.br\/index.php\/pl-3905-2021\/","name":"PL 3905\/2021 - Legislapp","isPartOf":{"@id":"https:\/\/www.legislapp.com.br\/#website"},"primaryImageOfPage":{"@id":"https:\/\/www.legislapp.com.br\/index.php\/pl-3905-2021\/#primaryimage"},"image":{"@id":"https:\/\/www.legislapp.com.br\/index.php\/pl-3905-2021\/#primaryimage"},"thumbnailUrl":"https:\/\/www.camara.leg.br\/internet\/deputado\/bandep\/204495.jpg","datePublished":"2023-06-08T10:16:00+00:00","breadcrumb":{"@id":"https:\/\/www.legislapp.com.br\/index.php\/pl-3905-2021\/#breadcrumb"},"inLanguage":"pt-BR","potentialAction":[{"@type":"ReadAction","target":["https:\/\/www.legislapp.com.br\/index.php\/pl-3905-2021\/"]}]},{"@type":"ImageObject","inLanguage":"pt-BR","@id":"https:\/\/www.legislapp.com.br\/index.php\/pl-3905-2021\/#primaryimage","url":"https:\/\/www.camara.leg.br\/internet\/deputado\/bandep\/204495.jpg","contentUrl":"https:\/\/www.camara.leg.br\/internet\/deputado\/bandep\/204495.jpg"},{"@type":"BreadcrumbList","@id":"https:\/\/www.legislapp.com.br\/index.php\/pl-3905-2021\/#breadcrumb","itemListElement":[{"@type":"ListItem","position":1,"name":"In\u00edcio","item":"https:\/\/www.legislapp.com.br\/"},{"@type":"ListItem","position":2,"name":"PL 3905\/2021"}]},{"@type":"WebSite","@id":"https:\/\/www.legislapp.com.br\/#website","url":"https:\/\/www.legislapp.com.br\/","name":"Legislapp","description":"Intelig\u00eancia governamental em tempo real","publisher":{"@id":"https:\/\/www.legislapp.com.br\/#organization"},"potentialAction":[{"@type":"SearchAction","target":{"@type":"EntryPoint","urlTemplate":"https:\/\/www.legislapp.com.br\/?s={search_term_string}"},"query-input":{"@type":"PropertyValueSpecification","valueRequired":true,"valueName":"search_term_string"}}],"inLanguage":"pt-BR"},{"@type":"Organization","@id":"https:\/\/www.legislapp.com.br\/#organization","name":"Legislapp Monitoramento e Intelig\u00eancia Governamental","url":"https:\/\/www.legislapp.com.br\/","logo":{"@type":"ImageObject","inLanguage":"pt-BR","@id":"https:\/\/www.legislapp.com.br\/#\/schema\/logo\/image\/","url":"https:\/\/www.legislapp.com.br\/wp-content\/uploads\/icon.png","contentUrl":"https:\/\/www.legislapp.com.br\/wp-content\/uploads\/icon.png","width":1024,"height":1024,"caption":"Legislapp Monitoramento e Intelig\u00eancia Governamental"},"image":{"@id":"https:\/\/www.legislapp.com.br\/#\/schema\/logo\/image\/"},"sameAs":["https:\/\/www.instagram.com\/legislapp\/"]}]}},"_links":{"self":[{"href":"https:\/\/www.legislapp.com.br\/index.php\/wp-json\/wp\/v2\/pages\/1225","targetHints":{"allow":["GET"]}}],"collection":[{"href":"https:\/\/www.legislapp.com.br\/index.php\/wp-json\/wp\/v2\/pages"}],"about":[{"href":"https:\/\/www.legislapp.com.br\/index.php\/wp-json\/wp\/v2\/types\/page"}],"author":[{"embeddable":true,"href":"https:\/\/www.legislapp.com.br\/index.php\/wp-json\/wp\/v2\/users\/1"}],"replies":[{"embeddable":true,"href":"https:\/\/www.legislapp.com.br\/index.php\/wp-json\/wp\/v2\/comments?post=1225"}],"version-history":[{"count":0,"href":"https:\/\/www.legislapp.com.br\/index.php\/wp-json\/wp\/v2\/pages\/1225\/revisions"}],"wp:attachment":[{"href":"https:\/\/www.legislapp.com.br\/index.php\/wp-json\/wp\/v2\/media?parent=1225"}],"curies":[{"name":"wp","href":"https:\/\/api.w.org\/{rel}","templated":true}]}}