{"id":1470,"date":"2023-06-08T07:24:55","date_gmt":"2023-06-08T10:24:55","guid":{"rendered":"https:\/\/www.legislapp.com.br\/index.php\/pl-2346-2019\/"},"modified":"2023-06-08T07:24:55","modified_gmt":"2023-06-08T10:24:55","slug":"pl-2346-2019","status":"publish","type":"page","link":"https:\/\/www.legislapp.com.br\/index.php\/pl-2346-2019\/","title":{"rendered":"PL 2346\/2019"},"content":{"rendered":"<h1 style='text-align: center;'>C\u00e2mara &#8211; Autoria de RUBENS OTONI GOMIDE<br \/><img src='https:\/\/www.camara.leg.br\/internet\/deputado\/bandep\/74371.jpg' alt='RUBENS OTONI GOMIDE' \/><\/h3>\n<p><\/p>\n<article>Acrescenta par\u00e1grafo \u00fanico ao Art.20 da Lei 13.146 de 6 de julho de 2015, para garantir o acesso da pessoa com defici\u00eancia \u00e0 seguros pessoais privados.<\/article>\n<p><a href='https:\/\/app.legislapp.com.br\/#\/busca?termo=Altera\u00e7\u00e3o'>Altera\u00e7\u00e3o<\/a>, <a href='https:\/\/app.legislapp.com.br\/#\/busca?termo=Estatuto da Pessoa com Defici\u00eancia'>Estatuto da Pessoa com Defici\u00eancia<\/a>, <a href='https:\/\/app.legislapp.com.br\/#\/busca?termo=obrigatoriedade'>obrigatoriedade<\/a>, <a href='https:\/\/app.legislapp.com.br\/#\/busca?termo=Empresa operadora'>Empresa operadora<\/a>, <a href='https:\/\/app.legislapp.com.br\/#\/busca?termo=venda'>venda<\/a>, <a href='https:\/\/app.legislapp.com.br\/#\/busca?termo=seguro privado'>seguro privado<\/a>, <a href='https:\/\/app.legislapp.com.br\/#\/busca?termo=pessoa com defici\u00eancia.'>pessoa com defici\u00eancia.<\/a><\/p>\n<div style=\"text-align: center\">\n      <img decoding=\"async\" style=\"width: 14%;\" src=\"https:\/\/legislapp.com.br\/wp-content\/uploads\/2021\/07\/Logo-Legislapp-1-03-1.png\"><br \/>\n      <\/p>\n<div style=\"margin-bottom: 20px;\" class=\"et_pb_button_module_wrapper et_pb_button_5_tb_body_wrapper et_pb_button_alignment_center et_pb_module \">\n         <a class=\"et_pb_button et_pb_button_5_tb_body et_hover_enabled et_pb_bg_layout_dark\" style=\"width: 50%;background-color: black;\" href=\"https:\/\/app.legislapp.com.br\" target=\"_blank\" rel=\"noopener\">Visualizar completo na nossa plataforma (30 dias gr\u00e1tis)<\/a><\/p><\/div>\n<p>      <a href=\"https:\/\/play.google.com\/store\/apps\/details?id=br.com.legislapp\"><img decoding=\"async\" style=\"width: 15%; min-width: 130px;\" src=\"https:\/\/legislapp.com.br\/wp-content\/uploads\/google-play.png\"><\/a><br \/>\n      <a href=\"https:\/\/apps.apple.com\/us\/app\/legislapp\/id1568929859\"><img decoding=\"async\" style=\"width: 15%; min-width: 130px\" src=\"https:\/\/legislapp.com.br\/wp-content\/uploads\/apple-store.png\"><\/a>\n   <\/div>\n","protected":false},"excerpt":{"rendered":"<p>C\u00e2mara &#8211; Autoria de RUBENS OTONI GOMIDE Acrescenta par\u00e1grafo \u00fanico ao Art.20 da Lei 13.146 de 6 de julho de 2015, para garantir o acesso da pessoa com defici\u00eancia \u00e0 seguros pessoais privados. Altera\u00e7\u00e3o, Estatuto da Pessoa com Defici\u00eancia, obrigatoriedade, Empresa operadora, venda, seguro privado, pessoa com defici\u00eancia. Visualizar completo na nossa plataforma (30 dias [&hellip;]<\/p>\n","protected":false},"author":1,"featured_media":0,"parent":0,"menu_order":0,"comment_status":"closed","ping_status":"closed","template":"page-template-blank.php","meta":{"_et_pb_use_builder":"","_et_pb_old_content":"","_et_gb_content_width":"1080","ngg_post_thumbnail":0,"footnotes":""},"class_list":["post-1470","page","type-page","status-publish","hentry"],"yoast_head":"<!-- This site is optimized with the Yoast SEO plugin v24.4 - https:\/\/yoast.com\/wordpress\/plugins\/seo\/ -->\n<title>PL 2346\/2019 - Legislapp<\/title>\n<meta name=\"robots\" content=\"index, follow, max-snippet:-1, max-image-preview:large, max-video-preview:-1\" \/>\n<link rel=\"canonical\" href=\"https:\/\/www.legislapp.com.br\/index.php\/pl-2346-2019\/\" \/>\n<meta property=\"og:locale\" content=\"pt_BR\" \/>\n<meta property=\"og:type\" content=\"article\" \/>\n<meta property=\"og:title\" content=\"PL 2346\/2019 - Legislapp\" \/>\n<meta property=\"og:description\" content=\"C\u00e2mara &#8211; Autoria de RUBENS OTONI GOMIDE Acrescenta par\u00e1grafo \u00fanico ao Art.20 da Lei 13.146 de 6 de julho de 2015, para garantir o acesso da pessoa com defici\u00eancia \u00e0 seguros pessoais privados. Altera\u00e7\u00e3o, Estatuto da Pessoa com Defici\u00eancia, obrigatoriedade, Empresa operadora, venda, seguro privado, pessoa com defici\u00eancia. Visualizar completo na nossa plataforma (30 dias [&hellip;]\" \/>\n<meta property=\"og:url\" content=\"https:\/\/www.legislapp.com.br\/index.php\/pl-2346-2019\/\" \/>\n<meta property=\"og:site_name\" content=\"Legislapp\" \/>\n<meta property=\"article:publisher\" content=\"https:\/\/www.instagram.com\/legislapp\/\" \/>\n<meta property=\"og:image\" content=\"https:\/\/www.camara.leg.br\/internet\/deputado\/bandep\/74371.jpg\" \/>\n<meta name=\"twitter:card\" content=\"summary_large_image\" \/>\n<script type=\"application\/ld+json\" class=\"yoast-schema-graph\">{\"@context\":\"https:\/\/schema.org\",\"@graph\":[{\"@type\":\"WebPage\",\"@id\":\"https:\/\/www.legislapp.com.br\/index.php\/pl-2346-2019\/\",\"url\":\"https:\/\/www.legislapp.com.br\/index.php\/pl-2346-2019\/\",\"name\":\"PL 2346\/2019 - Legislapp\",\"isPartOf\":{\"@id\":\"https:\/\/www.legislapp.com.br\/#website\"},\"primaryImageOfPage\":{\"@id\":\"https:\/\/www.legislapp.com.br\/index.php\/pl-2346-2019\/#primaryimage\"},\"image\":{\"@id\":\"https:\/\/www.legislapp.com.br\/index.php\/pl-2346-2019\/#primaryimage\"},\"thumbnailUrl\":\"https:\/\/www.camara.leg.br\/internet\/deputado\/bandep\/74371.jpg\",\"datePublished\":\"2023-06-08T10:24:55+00:00\",\"breadcrumb\":{\"@id\":\"https:\/\/www.legislapp.com.br\/index.php\/pl-2346-2019\/#breadcrumb\"},\"inLanguage\":\"pt-BR\",\"potentialAction\":[{\"@type\":\"ReadAction\",\"target\":[\"https:\/\/www.legislapp.com.br\/index.php\/pl-2346-2019\/\"]}]},{\"@type\":\"ImageObject\",\"inLanguage\":\"pt-BR\",\"@id\":\"https:\/\/www.legislapp.com.br\/index.php\/pl-2346-2019\/#primaryimage\",\"url\":\"https:\/\/www.camara.leg.br\/internet\/deputado\/bandep\/74371.jpg\",\"contentUrl\":\"https:\/\/www.camara.leg.br\/internet\/deputado\/bandep\/74371.jpg\"},{\"@type\":\"BreadcrumbList\",\"@id\":\"https:\/\/www.legislapp.com.br\/index.php\/pl-2346-2019\/#breadcrumb\",\"itemListElement\":[{\"@type\":\"ListItem\",\"position\":1,\"name\":\"In\u00edcio\",\"item\":\"https:\/\/www.legislapp.com.br\/\"},{\"@type\":\"ListItem\",\"position\":2,\"name\":\"PL 2346\/2019\"}]},{\"@type\":\"WebSite\",\"@id\":\"https:\/\/www.legislapp.com.br\/#website\",\"url\":\"https:\/\/www.legislapp.com.br\/\",\"name\":\"Legislapp\",\"description\":\"Intelig\u00eancia governamental em tempo real\",\"publisher\":{\"@id\":\"https:\/\/www.legislapp.com.br\/#organization\"},\"potentialAction\":[{\"@type\":\"SearchAction\",\"target\":{\"@type\":\"EntryPoint\",\"urlTemplate\":\"https:\/\/www.legislapp.com.br\/?s={search_term_string}\"},\"query-input\":{\"@type\":\"PropertyValueSpecification\",\"valueRequired\":true,\"valueName\":\"search_term_string\"}}],\"inLanguage\":\"pt-BR\"},{\"@type\":\"Organization\",\"@id\":\"https:\/\/www.legislapp.com.br\/#organization\",\"name\":\"Legislapp Monitoramento e Intelig\u00eancia Governamental\",\"url\":\"https:\/\/www.legislapp.com.br\/\",\"logo\":{\"@type\":\"ImageObject\",\"inLanguage\":\"pt-BR\",\"@id\":\"https:\/\/www.legislapp.com.br\/#\/schema\/logo\/image\/\",\"url\":\"https:\/\/www.legislapp.com.br\/wp-content\/uploads\/icon.png\",\"contentUrl\":\"https:\/\/www.legislapp.com.br\/wp-content\/uploads\/icon.png\",\"width\":1024,\"height\":1024,\"caption\":\"Legislapp Monitoramento e Intelig\u00eancia Governamental\"},\"image\":{\"@id\":\"https:\/\/www.legislapp.com.br\/#\/schema\/logo\/image\/\"},\"sameAs\":[\"https:\/\/www.instagram.com\/legislapp\/\"]}]}<\/script>\n<!-- \/ Yoast SEO plugin. -->","yoast_head_json":{"title":"PL 2346\/2019 - Legislapp","robots":{"index":"index","follow":"follow","max-snippet":"max-snippet:-1","max-image-preview":"max-image-preview:large","max-video-preview":"max-video-preview:-1"},"canonical":"https:\/\/www.legislapp.com.br\/index.php\/pl-2346-2019\/","og_locale":"pt_BR","og_type":"article","og_title":"PL 2346\/2019 - Legislapp","og_description":"C\u00e2mara &#8211; Autoria de RUBENS OTONI GOMIDE Acrescenta par\u00e1grafo \u00fanico ao Art.20 da Lei 13.146 de 6 de julho de 2015, para garantir o acesso da pessoa com defici\u00eancia \u00e0 seguros pessoais privados. Altera\u00e7\u00e3o, Estatuto da Pessoa com Defici\u00eancia, obrigatoriedade, Empresa operadora, venda, seguro privado, pessoa com defici\u00eancia. Visualizar completo na nossa plataforma (30 dias [&hellip;]","og_url":"https:\/\/www.legislapp.com.br\/index.php\/pl-2346-2019\/","og_site_name":"Legislapp","article_publisher":"https:\/\/www.instagram.com\/legislapp\/","og_image":[{"url":"https:\/\/www.camara.leg.br\/internet\/deputado\/bandep\/74371.jpg","type":"","width":"","height":""}],"twitter_card":"summary_large_image","schema":{"@context":"https:\/\/schema.org","@graph":[{"@type":"WebPage","@id":"https:\/\/www.legislapp.com.br\/index.php\/pl-2346-2019\/","url":"https:\/\/www.legislapp.com.br\/index.php\/pl-2346-2019\/","name":"PL 2346\/2019 - Legislapp","isPartOf":{"@id":"https:\/\/www.legislapp.com.br\/#website"},"primaryImageOfPage":{"@id":"https:\/\/www.legislapp.com.br\/index.php\/pl-2346-2019\/#primaryimage"},"image":{"@id":"https:\/\/www.legislapp.com.br\/index.php\/pl-2346-2019\/#primaryimage"},"thumbnailUrl":"https:\/\/www.camara.leg.br\/internet\/deputado\/bandep\/74371.jpg","datePublished":"2023-06-08T10:24:55+00:00","breadcrumb":{"@id":"https:\/\/www.legislapp.com.br\/index.php\/pl-2346-2019\/#breadcrumb"},"inLanguage":"pt-BR","potentialAction":[{"@type":"ReadAction","target":["https:\/\/www.legislapp.com.br\/index.php\/pl-2346-2019\/"]}]},{"@type":"ImageObject","inLanguage":"pt-BR","@id":"https:\/\/www.legislapp.com.br\/index.php\/pl-2346-2019\/#primaryimage","url":"https:\/\/www.camara.leg.br\/internet\/deputado\/bandep\/74371.jpg","contentUrl":"https:\/\/www.camara.leg.br\/internet\/deputado\/bandep\/74371.jpg"},{"@type":"BreadcrumbList","@id":"https:\/\/www.legislapp.com.br\/index.php\/pl-2346-2019\/#breadcrumb","itemListElement":[{"@type":"ListItem","position":1,"name":"In\u00edcio","item":"https:\/\/www.legislapp.com.br\/"},{"@type":"ListItem","position":2,"name":"PL 2346\/2019"}]},{"@type":"WebSite","@id":"https:\/\/www.legislapp.com.br\/#website","url":"https:\/\/www.legislapp.com.br\/","name":"Legislapp","description":"Intelig\u00eancia governamental em tempo real","publisher":{"@id":"https:\/\/www.legislapp.com.br\/#organization"},"potentialAction":[{"@type":"SearchAction","target":{"@type":"EntryPoint","urlTemplate":"https:\/\/www.legislapp.com.br\/?s={search_term_string}"},"query-input":{"@type":"PropertyValueSpecification","valueRequired":true,"valueName":"search_term_string"}}],"inLanguage":"pt-BR"},{"@type":"Organization","@id":"https:\/\/www.legislapp.com.br\/#organization","name":"Legislapp Monitoramento e Intelig\u00eancia Governamental","url":"https:\/\/www.legislapp.com.br\/","logo":{"@type":"ImageObject","inLanguage":"pt-BR","@id":"https:\/\/www.legislapp.com.br\/#\/schema\/logo\/image\/","url":"https:\/\/www.legislapp.com.br\/wp-content\/uploads\/icon.png","contentUrl":"https:\/\/www.legislapp.com.br\/wp-content\/uploads\/icon.png","width":1024,"height":1024,"caption":"Legislapp Monitoramento e Intelig\u00eancia Governamental"},"image":{"@id":"https:\/\/www.legislapp.com.br\/#\/schema\/logo\/image\/"},"sameAs":["https:\/\/www.instagram.com\/legislapp\/"]}]}},"_links":{"self":[{"href":"https:\/\/www.legislapp.com.br\/index.php\/wp-json\/wp\/v2\/pages\/1470","targetHints":{"allow":["GET"]}}],"collection":[{"href":"https:\/\/www.legislapp.com.br\/index.php\/wp-json\/wp\/v2\/pages"}],"about":[{"href":"https:\/\/www.legislapp.com.br\/index.php\/wp-json\/wp\/v2\/types\/page"}],"author":[{"embeddable":true,"href":"https:\/\/www.legislapp.com.br\/index.php\/wp-json\/wp\/v2\/users\/1"}],"replies":[{"embeddable":true,"href":"https:\/\/www.legislapp.com.br\/index.php\/wp-json\/wp\/v2\/comments?post=1470"}],"version-history":[{"count":0,"href":"https:\/\/www.legislapp.com.br\/index.php\/wp-json\/wp\/v2\/pages\/1470\/revisions"}],"wp:attachment":[{"href":"https:\/\/www.legislapp.com.br\/index.php\/wp-json\/wp\/v2\/media?parent=1470"}],"curies":[{"name":"wp","href":"https:\/\/api.w.org\/{rel}","templated":true}]}}

<h1 style='text-align: center;'>Câmara &#8211; Autoria de RUBENS OTONI GOMIDE<br /><img src='https://www.camara.leg.br/internet/deputado/bandep/74371.jpg' alt='RUBENS OTONI GOMIDE' /></h3>
<p></p>
<article>Acrescenta parágrafo único ao Art.20 da Lei 13.146 de 6 de julho de 2015, para garantir o acesso da pessoa com deficiência à seguros pessoais privados.</article>
<p><a href='https://app.legislapp.com.br/#/busca?termo=Alteração'>Alteração</a>, <a href='https://app.legislapp.com.br/#/busca?termo=Estatuto da Pessoa com Deficiência'>Estatuto da Pessoa com Deficiência</a>, <a href='https://app.legislapp.com.br/#/busca?termo=obrigatoriedade'>obrigatoriedade</a>, <a href='https://app.legislapp.com.br/#/busca?termo=Empresa operadora'>Empresa operadora</a>, <a href='https://app.legislapp.com.br/#/busca?termo=venda'>venda</a>, <a href='https://app.legislapp.com.br/#/busca?termo=seguro privado'>seguro privado</a>, <a href='https://app.legislapp.com.br/#/busca?termo=pessoa com deficiência.'>pessoa com deficiência.</a></p>
<div style="text-align: center">
      <img decoding="async" style="width: 14%;" src="https://legislapp.com.br/wp-content/uploads/2021/07/Logo-Legislapp-1-03-1.png"><br />
      </p>
<div style="margin-bottom: 20px;" class="et_pb_button_module_wrapper et_pb_button_5_tb_body_wrapper et_pb_button_alignment_center et_pb_module ">
         <a class="et_pb_button et_pb_button_5_tb_body et_hover_enabled et_pb_bg_layout_dark" style="width: 50%;background-color: black;" href="https://app.legislapp.com.br" target="_blank" rel="noopener">Visualizar completo na nossa plataforma (30 dias grátis)</a></p></div>
<p>      <a href="https://play.google.com/store/apps/details?id=br.com.legislapp"><img decoding="async" style="width: 15%; min-width: 130px;" src="https://legislapp.com.br/wp-content/uploads/google-play.png"></a><br />
      <a href="https://apps.apple.com/us/app/legislapp/id1568929859"><img decoding="async" style="width: 15%; min-width: 130px" src="https://legislapp.com.br/wp-content/uploads/apple-store.png"></a>
   </div>

<p>Câmara &#8211; Autoria de RUBENS OTONI GOMIDE Acrescenta parágrafo único ao Art.20 da Lei 13.146 de 6 de julho de 2015, para garantir o acesso da pessoa com deficiência à seguros pessoais privados. Alteração, Estatuto da Pessoa com Deficiência, obrigatoriedade, Empresa operadora, venda, seguro privado, pessoa com deficiência. Visualizar completo na nossa plataforma (30 dias [&hellip;]</p>

<!-- This site is optimized with the Yoast SEO plugin v24.4 - https://yoast.com/wordpress/plugins/seo/ -->
<title>PL 2346/2019 - Legislapp</title>
<meta name="robots" content="index, follow, max-snippet:-1, max-image-preview:large, max-video-preview:-1" />
<link rel="canonical" href="https://www.legislapp.com.br/index.php/pl-2346-2019/" />
<meta property="og:locale" content="pt_BR" />
<meta property="og:type" content="article" />
<meta property="og:title" content="PL 2346/2019 - Legislapp" />
<meta property="og:description" content="Câmara &#8211; Autoria de RUBENS OTONI GOMIDE Acrescenta parágrafo único ao Art.20 da Lei 13.146 de 6 de julho de 2015, para garantir o acesso da pessoa com deficiência à seguros pessoais privados. Alteração, Estatuto da Pessoa com Deficiência, obrigatoriedade, Empresa operadora, venda, seguro privado, pessoa com deficiência. Visualizar completo na nossa plataforma (30 dias [&hellip;]" />
<meta property="og:url" content="https://www.legislapp.com.br/index.php/pl-2346-2019/" />
<meta property="og:site_name" content="Legislapp" />
<meta property="article:publisher" content="https://www.instagram.com/legislapp/" />
<meta property="og:image" content="https://www.camara.leg.br/internet/deputado/bandep/74371.jpg" />
<meta name="twitter:card" content="summary_large_image" />
<script type="application/ld+json" class="yoast-schema-graph">{"@context":"https://schema.org","@graph":[{"@type":"WebPage","@id":"https://www.legislapp.com.br/index.php/pl-2346-2019/","url":"https://www.legislapp.com.br/index.php/pl-2346-2019/","name":"PL 2346/2019 - Legislapp","isPartOf":{"@id":"https://www.legislapp.com.br/#website"},"primaryImageOfPage":{"@id":"https://www.legislapp.com.br/index.php/pl-2346-2019/#primaryimage"},"image":{"@id":"https://www.legislapp.com.br/index.php/pl-2346-2019/#primaryimage"},"thumbnailUrl":"https://www.camara.leg.br/internet/deputado/bandep/74371.jpg","datePublished":"2023-06-08T10:24:55+00:00","breadcrumb":{"@id":"https://www.legislapp.com.br/index.php/pl-2346-2019/#breadcrumb"},"inLanguage":"pt-BR","potentialAction":[{"@type":"ReadAction","target":["https://www.legislapp.com.br/index.php/pl-2346-2019/"]}]},{"@type":"ImageObject","inLanguage":"pt-BR","@id":"https://www.legislapp.com.br/index.php/pl-2346-2019/#primaryimage","url":"https://www.camara.leg.br/internet/deputado/bandep/74371.jpg","contentUrl":"https://www.camara.leg.br/internet/deputado/bandep/74371.jpg"},{"@type":"BreadcrumbList","@id":"https://www.legislapp.com.br/index.php/pl-2346-2019/#breadcrumb","itemListElement":[{"@type":"ListItem","position":1,"name":"Início","item":"https://www.legislapp.com.br/"},{"@type":"ListItem","position":2,"name":"PL 2346/2019"}]},{"@type":"WebSite","@id":"https://www.legislapp.com.br/#website","url":"https://www.legislapp.com.br/","name":"Legislapp","description":"Inteligência governamental em tempo real","publisher":{"@id":"https://www.legislapp.com.br/#organization"},"potentialAction":[{"@type":"SearchAction","target":{"@type":"EntryPoint","urlTemplate":"https://www.legislapp.com.br/?s={search_term_string}"},"query-input":{"@type":"PropertyValueSpecification","valueRequired":true,"valueName":"search_term_string"}}],"inLanguage":"pt-BR"},{"@type":"Organization","@id":"https://www.legislapp.com.br/#organization","name":"Legislapp Monitoramento e Inteligência Governamental","url":"https://www.legislapp.com.br/","logo":{"@type":"ImageObject","inLanguage":"pt-BR","@id":"https://www.legislapp.com.br/#/schema/logo/image/","url":"https://www.legislapp.com.br/wp-content/uploads/icon.png","contentUrl":"https://www.legislapp.com.br/wp-content/uploads/icon.png","width":1024,"height":1024,"caption":"Legislapp Monitoramento e Inteligência Governamental"},"image":{"@id":"https://www.legislapp.com.br/#/schema/logo/image/"},"sameAs":["https://www.instagram.com/legislapp/"]}]}</script>
<!-- / Yoast SEO plugin. -->

Câmara &#8211; Autoria de RUBENS OTONI GOMIDE Acrescenta parágrafo único ao Art.20 da Lei 13.146 de 6 de julho de 2015, para garantir o acesso da pessoa com deficiência à seguros pessoais privados. Alteração, Estatuto da Pessoa com Deficiência, obrigatoriedade, Empresa operadora, venda, seguro privado, pessoa com deficiência. Visualizar completo na nossa plataforma (30 dias [&hellip;]

Início

Inteligência governamental em tempo real

Legislapp Monitoramento e Inteligência Governamental
