{"id":1524,"date":"2023-06-08T07:26:51","date_gmt":"2023-06-08T10:26:51","guid":{"rendered":"https:\/\/www.legislapp.com.br\/index.php\/pl-566-2020\/"},"modified":"2023-06-08T07:26:51","modified_gmt":"2023-06-08T10:26:51","slug":"pl-566-2020","status":"publish","type":"page","link":"https:\/\/www.legislapp.com.br\/index.php\/pl-566-2020\/","title":{"rendered":"PL 566\/2020"},"content":{"rendered":"<h1 style='text-align: center;'>C\u00e2mara &#8211; Autoria de M\u00c1RCIO DA SILVEIRA LABRE<br \/><img src='https:\/\/www.camara.leg.br\/internet\/deputado\/bandep\/204452.jpg' alt='M\u00c1RCIO DA SILVEIRA LABRE' \/><\/h3>\n<p><\/p>\n<article>Estabelece a necessidade de determinados estabelecimentos possu\u00edrem pessoas capacitadas para lidar com crian\u00e7as autistas.<\/article>\n<p><a href='https:\/\/app.legislapp.com.br\/#\/busca?termo=Obrigatoriedade'>Obrigatoriedade<\/a>, <a href='https:\/\/app.legislapp.com.br\/#\/busca?termo=estabelecimento comercial'>estabelecimento comercial<\/a>, <a href='https:\/\/app.legislapp.com.br\/#\/busca?termo=Espa\u00e7o recreativo infantill'>Espa\u00e7o recreativo infantill<\/a>, <a href='https:\/\/app.legislapp.com.br\/#\/busca?termo=profissional'>profissional<\/a>, <a href='https:\/\/app.legislapp.com.br\/#\/busca?termo=tratamento'>tratamento<\/a>, <a href='https:\/\/app.legislapp.com.br\/#\/busca?termo=crian\u00e7a'>crian\u00e7a<\/a>, <a href='https:\/\/app.legislapp.com.br\/#\/busca?termo=Transtorno do Espectro Autista (TEA)'>Transtorno do Espectro Autista (TEA)<\/a>, <a href='https:\/\/app.legislapp.com.br\/#\/busca?termo=descumprimento'>descumprimento<\/a>, <a href='https:\/\/app.legislapp.com.br\/#\/busca?termo=penalidade.'>penalidade.<\/a><\/p>\n<div style=\"text-align: center\">\n      <img decoding=\"async\" style=\"width: 14%;\" src=\"https:\/\/legislapp.com.br\/wp-content\/uploads\/2021\/07\/Logo-Legislapp-1-03-1.png\"><br \/>\n      <\/p>\n<div style=\"margin-bottom: 20px;\" class=\"et_pb_button_module_wrapper et_pb_button_5_tb_body_wrapper et_pb_button_alignment_center et_pb_module \">\n         <a class=\"et_pb_button et_pb_button_5_tb_body et_hover_enabled et_pb_bg_layout_dark\" style=\"width: 50%;background-color: black;\" href=\"https:\/\/app.legislapp.com.br\" target=\"_blank\" rel=\"noopener\">Visualizar completo na nossa plataforma (30 dias gr\u00e1tis)<\/a><\/p><\/div>\n<p>      <a href=\"https:\/\/play.google.com\/store\/apps\/details?id=br.com.legislapp\"><img decoding=\"async\" style=\"width: 15%; min-width: 130px;\" src=\"https:\/\/legislapp.com.br\/wp-content\/uploads\/google-play.png\"><\/a><br \/>\n      <a href=\"https:\/\/apps.apple.com\/us\/app\/legislapp\/id1568929859\"><img decoding=\"async\" style=\"width: 15%; min-width: 130px\" src=\"https:\/\/legislapp.com.br\/wp-content\/uploads\/apple-store.png\"><\/a>\n   <\/div>\n","protected":false},"excerpt":{"rendered":"<p>C\u00e2mara &#8211; Autoria de M\u00c1RCIO DA SILVEIRA LABRE Estabelece a necessidade de determinados estabelecimentos possu\u00edrem pessoas capacitadas para lidar com crian\u00e7as autistas. Obrigatoriedade, estabelecimento comercial, Espa\u00e7o recreativo infantill, profissional, tratamento, crian\u00e7a, Transtorno do Espectro Autista (TEA), descumprimento, penalidade. Visualizar completo na nossa plataforma (30 dias gr\u00e1tis)<\/p>\n","protected":false},"author":1,"featured_media":0,"parent":0,"menu_order":0,"comment_status":"closed","ping_status":"closed","template":"page-template-blank.php","meta":{"_et_pb_use_builder":"","_et_pb_old_content":"","_et_gb_content_width":"1080","ngg_post_thumbnail":0,"footnotes":""},"class_list":["post-1524","page","type-page","status-publish","hentry"],"yoast_head":"<!-- This site is optimized with the Yoast SEO plugin v24.4 - https:\/\/yoast.com\/wordpress\/plugins\/seo\/ -->\n<title>PL 566\/2020 - Legislapp<\/title>\n<meta name=\"robots\" content=\"index, follow, max-snippet:-1, max-image-preview:large, max-video-preview:-1\" \/>\n<link rel=\"canonical\" href=\"https:\/\/www.legislapp.com.br\/index.php\/pl-566-2020\/\" \/>\n<meta property=\"og:locale\" content=\"pt_BR\" \/>\n<meta property=\"og:type\" content=\"article\" \/>\n<meta property=\"og:title\" content=\"PL 566\/2020 - Legislapp\" \/>\n<meta property=\"og:description\" content=\"C\u00e2mara &#8211; Autoria de M\u00c1RCIO DA SILVEIRA LABRE Estabelece a necessidade de determinados estabelecimentos possu\u00edrem pessoas capacitadas para lidar com crian\u00e7as autistas. Obrigatoriedade, estabelecimento comercial, Espa\u00e7o recreativo infantill, profissional, tratamento, crian\u00e7a, Transtorno do Espectro Autista (TEA), descumprimento, penalidade. Visualizar completo na nossa plataforma (30 dias gr\u00e1tis)\" \/>\n<meta property=\"og:url\" content=\"https:\/\/www.legislapp.com.br\/index.php\/pl-566-2020\/\" \/>\n<meta property=\"og:site_name\" content=\"Legislapp\" \/>\n<meta property=\"article:publisher\" content=\"https:\/\/www.instagram.com\/legislapp\/\" \/>\n<meta property=\"og:image\" content=\"https:\/\/www.camara.leg.br\/internet\/deputado\/bandep\/204452.jpg\" \/>\n<meta name=\"twitter:card\" content=\"summary_large_image\" \/>\n<script type=\"application\/ld+json\" class=\"yoast-schema-graph\">{\"@context\":\"https:\/\/schema.org\",\"@graph\":[{\"@type\":\"WebPage\",\"@id\":\"https:\/\/www.legislapp.com.br\/index.php\/pl-566-2020\/\",\"url\":\"https:\/\/www.legislapp.com.br\/index.php\/pl-566-2020\/\",\"name\":\"PL 566\/2020 - Legislapp\",\"isPartOf\":{\"@id\":\"https:\/\/www.legislapp.com.br\/#website\"},\"primaryImageOfPage\":{\"@id\":\"https:\/\/www.legislapp.com.br\/index.php\/pl-566-2020\/#primaryimage\"},\"image\":{\"@id\":\"https:\/\/www.legislapp.com.br\/index.php\/pl-566-2020\/#primaryimage\"},\"thumbnailUrl\":\"https:\/\/www.camara.leg.br\/internet\/deputado\/bandep\/204452.jpg\",\"datePublished\":\"2023-06-08T10:26:51+00:00\",\"breadcrumb\":{\"@id\":\"https:\/\/www.legislapp.com.br\/index.php\/pl-566-2020\/#breadcrumb\"},\"inLanguage\":\"pt-BR\",\"potentialAction\":[{\"@type\":\"ReadAction\",\"target\":[\"https:\/\/www.legislapp.com.br\/index.php\/pl-566-2020\/\"]}]},{\"@type\":\"ImageObject\",\"inLanguage\":\"pt-BR\",\"@id\":\"https:\/\/www.legislapp.com.br\/index.php\/pl-566-2020\/#primaryimage\",\"url\":\"https:\/\/www.camara.leg.br\/internet\/deputado\/bandep\/204452.jpg\",\"contentUrl\":\"https:\/\/www.camara.leg.br\/internet\/deputado\/bandep\/204452.jpg\"},{\"@type\":\"BreadcrumbList\",\"@id\":\"https:\/\/www.legislapp.com.br\/index.php\/pl-566-2020\/#breadcrumb\",\"itemListElement\":[{\"@type\":\"ListItem\",\"position\":1,\"name\":\"In\u00edcio\",\"item\":\"https:\/\/www.legislapp.com.br\/\"},{\"@type\":\"ListItem\",\"position\":2,\"name\":\"PL 566\/2020\"}]},{\"@type\":\"WebSite\",\"@id\":\"https:\/\/www.legislapp.com.br\/#website\",\"url\":\"https:\/\/www.legislapp.com.br\/\",\"name\":\"Legislapp\",\"description\":\"Intelig\u00eancia governamental em tempo real\",\"publisher\":{\"@id\":\"https:\/\/www.legislapp.com.br\/#organization\"},\"potentialAction\":[{\"@type\":\"SearchAction\",\"target\":{\"@type\":\"EntryPoint\",\"urlTemplate\":\"https:\/\/www.legislapp.com.br\/?s={search_term_string}\"},\"query-input\":{\"@type\":\"PropertyValueSpecification\",\"valueRequired\":true,\"valueName\":\"search_term_string\"}}],\"inLanguage\":\"pt-BR\"},{\"@type\":\"Organization\",\"@id\":\"https:\/\/www.legislapp.com.br\/#organization\",\"name\":\"Legislapp Monitoramento e Intelig\u00eancia Governamental\",\"url\":\"https:\/\/www.legislapp.com.br\/\",\"logo\":{\"@type\":\"ImageObject\",\"inLanguage\":\"pt-BR\",\"@id\":\"https:\/\/www.legislapp.com.br\/#\/schema\/logo\/image\/\",\"url\":\"https:\/\/www.legislapp.com.br\/wp-content\/uploads\/icon.png\",\"contentUrl\":\"https:\/\/www.legislapp.com.br\/wp-content\/uploads\/icon.png\",\"width\":1024,\"height\":1024,\"caption\":\"Legislapp Monitoramento e Intelig\u00eancia Governamental\"},\"image\":{\"@id\":\"https:\/\/www.legislapp.com.br\/#\/schema\/logo\/image\/\"},\"sameAs\":[\"https:\/\/www.instagram.com\/legislapp\/\"]}]}<\/script>\n<!-- \/ Yoast SEO plugin. -->","yoast_head_json":{"title":"PL 566\/2020 - Legislapp","robots":{"index":"index","follow":"follow","max-snippet":"max-snippet:-1","max-image-preview":"max-image-preview:large","max-video-preview":"max-video-preview:-1"},"canonical":"https:\/\/www.legislapp.com.br\/index.php\/pl-566-2020\/","og_locale":"pt_BR","og_type":"article","og_title":"PL 566\/2020 - Legislapp","og_description":"C\u00e2mara &#8211; Autoria de M\u00c1RCIO DA SILVEIRA LABRE Estabelece a necessidade de determinados estabelecimentos possu\u00edrem pessoas capacitadas para lidar com crian\u00e7as autistas. Obrigatoriedade, estabelecimento comercial, Espa\u00e7o recreativo infantill, profissional, tratamento, crian\u00e7a, Transtorno do Espectro Autista (TEA), descumprimento, penalidade. Visualizar completo na nossa plataforma (30 dias gr\u00e1tis)","og_url":"https:\/\/www.legislapp.com.br\/index.php\/pl-566-2020\/","og_site_name":"Legislapp","article_publisher":"https:\/\/www.instagram.com\/legislapp\/","og_image":[{"url":"https:\/\/www.camara.leg.br\/internet\/deputado\/bandep\/204452.jpg","type":"","width":"","height":""}],"twitter_card":"summary_large_image","schema":{"@context":"https:\/\/schema.org","@graph":[{"@type":"WebPage","@id":"https:\/\/www.legislapp.com.br\/index.php\/pl-566-2020\/","url":"https:\/\/www.legislapp.com.br\/index.php\/pl-566-2020\/","name":"PL 566\/2020 - Legislapp","isPartOf":{"@id":"https:\/\/www.legislapp.com.br\/#website"},"primaryImageOfPage":{"@id":"https:\/\/www.legislapp.com.br\/index.php\/pl-566-2020\/#primaryimage"},"image":{"@id":"https:\/\/www.legislapp.com.br\/index.php\/pl-566-2020\/#primaryimage"},"thumbnailUrl":"https:\/\/www.camara.leg.br\/internet\/deputado\/bandep\/204452.jpg","datePublished":"2023-06-08T10:26:51+00:00","breadcrumb":{"@id":"https:\/\/www.legislapp.com.br\/index.php\/pl-566-2020\/#breadcrumb"},"inLanguage":"pt-BR","potentialAction":[{"@type":"ReadAction","target":["https:\/\/www.legislapp.com.br\/index.php\/pl-566-2020\/"]}]},{"@type":"ImageObject","inLanguage":"pt-BR","@id":"https:\/\/www.legislapp.com.br\/index.php\/pl-566-2020\/#primaryimage","url":"https:\/\/www.camara.leg.br\/internet\/deputado\/bandep\/204452.jpg","contentUrl":"https:\/\/www.camara.leg.br\/internet\/deputado\/bandep\/204452.jpg"},{"@type":"BreadcrumbList","@id":"https:\/\/www.legislapp.com.br\/index.php\/pl-566-2020\/#breadcrumb","itemListElement":[{"@type":"ListItem","position":1,"name":"In\u00edcio","item":"https:\/\/www.legislapp.com.br\/"},{"@type":"ListItem","position":2,"name":"PL 566\/2020"}]},{"@type":"WebSite","@id":"https:\/\/www.legislapp.com.br\/#website","url":"https:\/\/www.legislapp.com.br\/","name":"Legislapp","description":"Intelig\u00eancia governamental em tempo real","publisher":{"@id":"https:\/\/www.legislapp.com.br\/#organization"},"potentialAction":[{"@type":"SearchAction","target":{"@type":"EntryPoint","urlTemplate":"https:\/\/www.legislapp.com.br\/?s={search_term_string}"},"query-input":{"@type":"PropertyValueSpecification","valueRequired":true,"valueName":"search_term_string"}}],"inLanguage":"pt-BR"},{"@type":"Organization","@id":"https:\/\/www.legislapp.com.br\/#organization","name":"Legislapp Monitoramento e Intelig\u00eancia Governamental","url":"https:\/\/www.legislapp.com.br\/","logo":{"@type":"ImageObject","inLanguage":"pt-BR","@id":"https:\/\/www.legislapp.com.br\/#\/schema\/logo\/image\/","url":"https:\/\/www.legislapp.com.br\/wp-content\/uploads\/icon.png","contentUrl":"https:\/\/www.legislapp.com.br\/wp-content\/uploads\/icon.png","width":1024,"height":1024,"caption":"Legislapp Monitoramento e Intelig\u00eancia Governamental"},"image":{"@id":"https:\/\/www.legislapp.com.br\/#\/schema\/logo\/image\/"},"sameAs":["https:\/\/www.instagram.com\/legislapp\/"]}]}},"_links":{"self":[{"href":"https:\/\/www.legislapp.com.br\/index.php\/wp-json\/wp\/v2\/pages\/1524","targetHints":{"allow":["GET"]}}],"collection":[{"href":"https:\/\/www.legislapp.com.br\/index.php\/wp-json\/wp\/v2\/pages"}],"about":[{"href":"https:\/\/www.legislapp.com.br\/index.php\/wp-json\/wp\/v2\/types\/page"}],"author":[{"embeddable":true,"href":"https:\/\/www.legislapp.com.br\/index.php\/wp-json\/wp\/v2\/users\/1"}],"replies":[{"embeddable":true,"href":"https:\/\/www.legislapp.com.br\/index.php\/wp-json\/wp\/v2\/comments?post=1524"}],"version-history":[{"count":0,"href":"https:\/\/www.legislapp.com.br\/index.php\/wp-json\/wp\/v2\/pages\/1524\/revisions"}],"wp:attachment":[{"href":"https:\/\/www.legislapp.com.br\/index.php\/wp-json\/wp\/v2\/media?parent=1524"}],"curies":[{"name":"wp","href":"https:\/\/api.w.org\/{rel}","templated":true}]}}

<h1 style='text-align: center;'>Câmara &#8211; Autoria de MÁRCIO DA SILVEIRA LABRE<br /><img src='https://www.camara.leg.br/internet/deputado/bandep/204452.jpg' alt='MÁRCIO DA SILVEIRA LABRE' /></h3>
<p></p>
<article>Estabelece a necessidade de determinados estabelecimentos possuírem pessoas capacitadas para lidar com crianças autistas.</article>
<p><a href='https://app.legislapp.com.br/#/busca?termo=Obrigatoriedade'>Obrigatoriedade</a>, <a href='https://app.legislapp.com.br/#/busca?termo=estabelecimento comercial'>estabelecimento comercial</a>, <a href='https://app.legislapp.com.br/#/busca?termo=Espaço recreativo infantill'>Espaço recreativo infantill</a>, <a href='https://app.legislapp.com.br/#/busca?termo=profissional'>profissional</a>, <a href='https://app.legislapp.com.br/#/busca?termo=tratamento'>tratamento</a>, <a href='https://app.legislapp.com.br/#/busca?termo=criança'>criança</a>, <a href='https://app.legislapp.com.br/#/busca?termo=Transtorno do Espectro Autista (TEA)'>Transtorno do Espectro Autista (TEA)</a>, <a href='https://app.legislapp.com.br/#/busca?termo=descumprimento'>descumprimento</a>, <a href='https://app.legislapp.com.br/#/busca?termo=penalidade.'>penalidade.</a></p>
<div style="text-align: center">
      <img decoding="async" style="width: 14%;" src="https://legislapp.com.br/wp-content/uploads/2021/07/Logo-Legislapp-1-03-1.png"><br />
      </p>
<div style="margin-bottom: 20px;" class="et_pb_button_module_wrapper et_pb_button_5_tb_body_wrapper et_pb_button_alignment_center et_pb_module ">
         <a class="et_pb_button et_pb_button_5_tb_body et_hover_enabled et_pb_bg_layout_dark" style="width: 50%;background-color: black;" href="https://app.legislapp.com.br" target="_blank" rel="noopener">Visualizar completo na nossa plataforma (30 dias grátis)</a></p></div>
<p>      <a href="https://play.google.com/store/apps/details?id=br.com.legislapp"><img decoding="async" style="width: 15%; min-width: 130px;" src="https://legislapp.com.br/wp-content/uploads/google-play.png"></a><br />
      <a href="https://apps.apple.com/us/app/legislapp/id1568929859"><img decoding="async" style="width: 15%; min-width: 130px" src="https://legislapp.com.br/wp-content/uploads/apple-store.png"></a>
   </div>

<p>Câmara &#8211; Autoria de MÁRCIO DA SILVEIRA LABRE Estabelece a necessidade de determinados estabelecimentos possuírem pessoas capacitadas para lidar com crianças autistas. Obrigatoriedade, estabelecimento comercial, Espaço recreativo infantill, profissional, tratamento, criança, Transtorno do Espectro Autista (TEA), descumprimento, penalidade. Visualizar completo na nossa plataforma (30 dias grátis)</p>

<!-- This site is optimized with the Yoast SEO plugin v24.4 - https://yoast.com/wordpress/plugins/seo/ -->
<title>PL 566/2020 - Legislapp</title>
<meta name="robots" content="index, follow, max-snippet:-1, max-image-preview:large, max-video-preview:-1" />
<link rel="canonical" href="https://www.legislapp.com.br/index.php/pl-566-2020/" />
<meta property="og:locale" content="pt_BR" />
<meta property="og:type" content="article" />
<meta property="og:title" content="PL 566/2020 - Legislapp" />
<meta property="og:description" content="Câmara &#8211; Autoria de MÁRCIO DA SILVEIRA LABRE Estabelece a necessidade de determinados estabelecimentos possuírem pessoas capacitadas para lidar com crianças autistas. Obrigatoriedade, estabelecimento comercial, Espaço recreativo infantill, profissional, tratamento, criança, Transtorno do Espectro Autista (TEA), descumprimento, penalidade. Visualizar completo na nossa plataforma (30 dias grátis)" />
<meta property="og:url" content="https://www.legislapp.com.br/index.php/pl-566-2020/" />
<meta property="og:site_name" content="Legislapp" />
<meta property="article:publisher" content="https://www.instagram.com/legislapp/" />
<meta property="og:image" content="https://www.camara.leg.br/internet/deputado/bandep/204452.jpg" />
<meta name="twitter:card" content="summary_large_image" />
<script type="application/ld+json" class="yoast-schema-graph">{"@context":"https://schema.org","@graph":[{"@type":"WebPage","@id":"https://www.legislapp.com.br/index.php/pl-566-2020/","url":"https://www.legislapp.com.br/index.php/pl-566-2020/","name":"PL 566/2020 - Legislapp","isPartOf":{"@id":"https://www.legislapp.com.br/#website"},"primaryImageOfPage":{"@id":"https://www.legislapp.com.br/index.php/pl-566-2020/#primaryimage"},"image":{"@id":"https://www.legislapp.com.br/index.php/pl-566-2020/#primaryimage"},"thumbnailUrl":"https://www.camara.leg.br/internet/deputado/bandep/204452.jpg","datePublished":"2023-06-08T10:26:51+00:00","breadcrumb":{"@id":"https://www.legislapp.com.br/index.php/pl-566-2020/#breadcrumb"},"inLanguage":"pt-BR","potentialAction":[{"@type":"ReadAction","target":["https://www.legislapp.com.br/index.php/pl-566-2020/"]}]},{"@type":"ImageObject","inLanguage":"pt-BR","@id":"https://www.legislapp.com.br/index.php/pl-566-2020/#primaryimage","url":"https://www.camara.leg.br/internet/deputado/bandep/204452.jpg","contentUrl":"https://www.camara.leg.br/internet/deputado/bandep/204452.jpg"},{"@type":"BreadcrumbList","@id":"https://www.legislapp.com.br/index.php/pl-566-2020/#breadcrumb","itemListElement":[{"@type":"ListItem","position":1,"name":"Início","item":"https://www.legislapp.com.br/"},{"@type":"ListItem","position":2,"name":"PL 566/2020"}]},{"@type":"WebSite","@id":"https://www.legislapp.com.br/#website","url":"https://www.legislapp.com.br/","name":"Legislapp","description":"Inteligência governamental em tempo real","publisher":{"@id":"https://www.legislapp.com.br/#organization"},"potentialAction":[{"@type":"SearchAction","target":{"@type":"EntryPoint","urlTemplate":"https://www.legislapp.com.br/?s={search_term_string}"},"query-input":{"@type":"PropertyValueSpecification","valueRequired":true,"valueName":"search_term_string"}}],"inLanguage":"pt-BR"},{"@type":"Organization","@id":"https://www.legislapp.com.br/#organization","name":"Legislapp Monitoramento e Inteligência Governamental","url":"https://www.legislapp.com.br/","logo":{"@type":"ImageObject","inLanguage":"pt-BR","@id":"https://www.legislapp.com.br/#/schema/logo/image/","url":"https://www.legislapp.com.br/wp-content/uploads/icon.png","contentUrl":"https://www.legislapp.com.br/wp-content/uploads/icon.png","width":1024,"height":1024,"caption":"Legislapp Monitoramento e Inteligência Governamental"},"image":{"@id":"https://www.legislapp.com.br/#/schema/logo/image/"},"sameAs":["https://www.instagram.com/legislapp/"]}]}</script>
<!-- / Yoast SEO plugin. -->

Câmara &#8211; Autoria de MÁRCIO DA SILVEIRA LABRE Estabelece a necessidade de determinados estabelecimentos possuírem pessoas capacitadas para lidar com crianças autistas. Obrigatoriedade, estabelecimento comercial, Espaço recreativo infantill, profissional, tratamento, criança, Transtorno do Espectro Autista (TEA), descumprimento, penalidade. Visualizar completo na nossa plataforma (30 dias grátis)

Início

Inteligência governamental em tempo real

Legislapp Monitoramento e Inteligência Governamental
