{"id":2086,"date":"2023-06-12T10:38:56","date_gmt":"2023-06-12T13:38:56","guid":{"rendered":"https:\/\/www.legislapp.com.br\/index.php\/discurso-camara-22-12-2022-mauro-benevides-filho-pdt-ce\/"},"modified":"2023-06-12T10:38:56","modified_gmt":"2023-06-12T13:38:56","slug":"discurso-camara-22-12-2022-mauro-benevides-filho-pdt-ce","status":"publish","type":"page","link":"https:\/\/www.legislapp.com.br\/index.php\/discurso-camara-22-12-2022-mauro-benevides-filho-pdt-ce\/","title":{"rendered":"Discurso de Mauro Benevides Filho, PDT-CE"},"content":{"rendered":"<h1 style='text-align: center;'>quinta-feira, 22 de dezembro de 2022 &#8211; HOMENAGEM<\/h3>\n<p><\/p>\n<article>Sum\u00e1rio:&nbsp;Promulga\u00e7\u00e3o da Emenda Constitucional n\u00ba 127, de 2022, referente \u00e0 Proposta de Emenda \u00e0 Constitui\u00e7\u00e3o n\u00ba 42, de 2022, (n\u00ba 390, de 2014, na C\u00e2mara dos Deputados), sobre a assist\u00eancia financeira complementar da Uni\u00e3o aos Estados, ao Distrito Federal, aos Munic\u00edpios e entidades filantr\u00f3picas para cumprimento do piso salarial nacional dos profissionais da enfermagem e da parteira; e a altera\u00e7\u00e3o do art. 5\u00ba da Emenda Constitucional n\u00ba 109, de 2021, com vista ao estabelecimento de super\u00e1vit financeiro dos fundos p\u00fablicos do Poder Executivo como fonte de recursos do piso salarial da categoria.<\/article>\n<p><\/p>\n<div style=\"text-align: center\">\n      <img decoding=\"async\" style=\"width: 14%;\" src=\"https:\/\/legislapp.com.br\/wp-content\/uploads\/2021\/07\/Logo-Legislapp-1-03-1.png\"><br \/>\n      <\/p>\n<div style=\"margin-bottom: 20px;\" class=\"et_pb_button_module_wrapper et_pb_button_5_tb_body_wrapper et_pb_button_alignment_center et_pb_module \">\n         <a class=\"et_pb_button et_pb_button_5_tb_body et_hover_enabled et_pb_bg_layout_dark\" style=\"width: 50%;background-color: black;\" href=\"https:\/\/app.legislapp.com.br\" target=\"_blank\" rel=\"noopener\">Visualizar completo na nossa plataforma (30 dias gr\u00e1tis)<\/a><\/p><\/div>\n<p>      <a href=\"https:\/\/play.google.com\/store\/apps\/details?id=br.com.legislapp\"><img decoding=\"async\" style=\"width: 15%; min-width: 130px;\" src=\"https:\/\/legislapp.com.br\/wp-content\/uploads\/google-play.png\"><\/a><br \/>\n      <a href=\"https:\/\/apps.apple.com\/us\/app\/legislapp\/id1568929859\"><img decoding=\"async\" style=\"width: 15%; min-width: 130px\" src=\"https:\/\/legislapp.com.br\/wp-content\/uploads\/apple-store.png\"><\/a>\n   <\/div>\n","protected":false},"excerpt":{"rendered":"<p>quinta-feira, 22 de dezembro de 2022 &#8211; HOMENAGEM Sum\u00e1rio:&nbsp;Promulga\u00e7\u00e3o da Emenda Constitucional n\u00ba 127, de 2022, referente \u00e0 Proposta de Emenda \u00e0 Constitui\u00e7\u00e3o n\u00ba 42, de 2022, (n\u00ba 390, de 2014, na C\u00e2mara dos Deputados), sobre a assist\u00eancia financeira complementar da Uni\u00e3o aos Estados, ao Distrito Federal, aos Munic\u00edpios e entidades filantr\u00f3picas para cumprimento do [&hellip;]<\/p>\n","protected":false},"author":1,"featured_media":0,"parent":0,"menu_order":0,"comment_status":"closed","ping_status":"closed","template":"page-template-blank.php","meta":{"_et_pb_use_builder":"","_et_pb_old_content":"","_et_gb_content_width":"1080","ngg_post_thumbnail":0,"footnotes":""},"class_list":["post-2086","page","type-page","status-publish","hentry"],"yoast_head":"<!-- This site is optimized with the Yoast SEO plugin v24.4 - https:\/\/yoast.com\/wordpress\/plugins\/seo\/ -->\n<title>Discurso de Mauro Benevides Filho, PDT-CE - Legislapp<\/title>\n<meta name=\"robots\" content=\"index, follow, max-snippet:-1, max-image-preview:large, max-video-preview:-1\" \/>\n<link rel=\"canonical\" href=\"https:\/\/www.legislapp.com.br\/index.php\/discurso-camara-22-12-2022-mauro-benevides-filho-pdt-ce\/\" \/>\n<meta property=\"og:locale\" content=\"pt_BR\" \/>\n<meta property=\"og:type\" content=\"article\" \/>\n<meta property=\"og:title\" content=\"Discurso de Mauro Benevides Filho, PDT-CE - Legislapp\" \/>\n<meta property=\"og:description\" content=\"quinta-feira, 22 de dezembro de 2022 &#8211; HOMENAGEM Sum\u00e1rio:&nbsp;Promulga\u00e7\u00e3o da Emenda Constitucional n\u00ba 127, de 2022, referente \u00e0 Proposta de Emenda \u00e0 Constitui\u00e7\u00e3o n\u00ba 42, de 2022, (n\u00ba 390, de 2014, na C\u00e2mara dos Deputados), sobre a assist\u00eancia financeira complementar da Uni\u00e3o aos Estados, ao Distrito Federal, aos Munic\u00edpios e entidades filantr\u00f3picas para cumprimento do [&hellip;]\" \/>\n<meta property=\"og:url\" content=\"https:\/\/www.legislapp.com.br\/index.php\/discurso-camara-22-12-2022-mauro-benevides-filho-pdt-ce\/\" \/>\n<meta property=\"og:site_name\" content=\"Legislapp\" \/>\n<meta property=\"article:publisher\" content=\"https:\/\/www.instagram.com\/legislapp\/\" \/>\n<meta property=\"og:image\" content=\"https:\/\/legislapp.com.br\/wp-content\/uploads\/2021\/07\/Logo-Legislapp-1-03-1.png\" \/>\n<meta name=\"twitter:card\" content=\"summary_large_image\" \/>\n<meta name=\"twitter:label1\" content=\"Est. tempo de leitura\" \/>\n\t<meta name=\"twitter:data1\" content=\"1 minuto\" \/>\n<script type=\"application\/ld+json\" class=\"yoast-schema-graph\">{\"@context\":\"https:\/\/schema.org\",\"@graph\":[{\"@type\":\"WebPage\",\"@id\":\"https:\/\/www.legislapp.com.br\/index.php\/discurso-camara-22-12-2022-mauro-benevides-filho-pdt-ce\/\",\"url\":\"https:\/\/www.legislapp.com.br\/index.php\/discurso-camara-22-12-2022-mauro-benevides-filho-pdt-ce\/\",\"name\":\"Discurso de Mauro Benevides Filho, PDT-CE - Legislapp\",\"isPartOf\":{\"@id\":\"https:\/\/www.legislapp.com.br\/#website\"},\"primaryImageOfPage\":{\"@id\":\"https:\/\/www.legislapp.com.br\/index.php\/discurso-camara-22-12-2022-mauro-benevides-filho-pdt-ce\/#primaryimage\"},\"image\":{\"@id\":\"https:\/\/www.legislapp.com.br\/index.php\/discurso-camara-22-12-2022-mauro-benevides-filho-pdt-ce\/#primaryimage\"},\"thumbnailUrl\":\"https:\/\/legislapp.com.br\/wp-content\/uploads\/2021\/07\/Logo-Legislapp-1-03-1.png\",\"datePublished\":\"2023-06-12T13:38:56+00:00\",\"breadcrumb\":{\"@id\":\"https:\/\/www.legislapp.com.br\/index.php\/discurso-camara-22-12-2022-mauro-benevides-filho-pdt-ce\/#breadcrumb\"},\"inLanguage\":\"pt-BR\",\"potentialAction\":[{\"@type\":\"ReadAction\",\"target\":[\"https:\/\/www.legislapp.com.br\/index.php\/discurso-camara-22-12-2022-mauro-benevides-filho-pdt-ce\/\"]}]},{\"@type\":\"ImageObject\",\"inLanguage\":\"pt-BR\",\"@id\":\"https:\/\/www.legislapp.com.br\/index.php\/discurso-camara-22-12-2022-mauro-benevides-filho-pdt-ce\/#primaryimage\",\"url\":\"https:\/\/legislapp.com.br\/wp-content\/uploads\/2021\/07\/Logo-Legislapp-1-03-1.png\",\"contentUrl\":\"https:\/\/legislapp.com.br\/wp-content\/uploads\/2021\/07\/Logo-Legislapp-1-03-1.png\"},{\"@type\":\"BreadcrumbList\",\"@id\":\"https:\/\/www.legislapp.com.br\/index.php\/discurso-camara-22-12-2022-mauro-benevides-filho-pdt-ce\/#breadcrumb\",\"itemListElement\":[{\"@type\":\"ListItem\",\"position\":1,\"name\":\"In\u00edcio\",\"item\":\"https:\/\/www.legislapp.com.br\/\"},{\"@type\":\"ListItem\",\"position\":2,\"name\":\"Discurso de Mauro Benevides Filho, PDT-CE\"}]},{\"@type\":\"WebSite\",\"@id\":\"https:\/\/www.legislapp.com.br\/#website\",\"url\":\"https:\/\/www.legislapp.com.br\/\",\"name\":\"Legislapp\",\"description\":\"Intelig\u00eancia governamental em tempo real\",\"publisher\":{\"@id\":\"https:\/\/www.legislapp.com.br\/#organization\"},\"potentialAction\":[{\"@type\":\"SearchAction\",\"target\":{\"@type\":\"EntryPoint\",\"urlTemplate\":\"https:\/\/www.legislapp.com.br\/?s={search_term_string}\"},\"query-input\":{\"@type\":\"PropertyValueSpecification\",\"valueRequired\":true,\"valueName\":\"search_term_string\"}}],\"inLanguage\":\"pt-BR\"},{\"@type\":\"Organization\",\"@id\":\"https:\/\/www.legislapp.com.br\/#organization\",\"name\":\"Legislapp Monitoramento e Intelig\u00eancia Governamental\",\"url\":\"https:\/\/www.legislapp.com.br\/\",\"logo\":{\"@type\":\"ImageObject\",\"inLanguage\":\"pt-BR\",\"@id\":\"https:\/\/www.legislapp.com.br\/#\/schema\/logo\/image\/\",\"url\":\"https:\/\/www.legislapp.com.br\/wp-content\/uploads\/icon.png\",\"contentUrl\":\"https:\/\/www.legislapp.com.br\/wp-content\/uploads\/icon.png\",\"width\":1024,\"height\":1024,\"caption\":\"Legislapp Monitoramento e Intelig\u00eancia Governamental\"},\"image\":{\"@id\":\"https:\/\/www.legislapp.com.br\/#\/schema\/logo\/image\/\"},\"sameAs\":[\"https:\/\/www.instagram.com\/legislapp\/\"]}]}<\/script>\n<!-- \/ Yoast SEO plugin. -->","yoast_head_json":{"title":"Discurso de Mauro Benevides Filho, PDT-CE - Legislapp","robots":{"index":"index","follow":"follow","max-snippet":"max-snippet:-1","max-image-preview":"max-image-preview:large","max-video-preview":"max-video-preview:-1"},"canonical":"https:\/\/www.legislapp.com.br\/index.php\/discurso-camara-22-12-2022-mauro-benevides-filho-pdt-ce\/","og_locale":"pt_BR","og_type":"article","og_title":"Discurso de Mauro Benevides Filho, PDT-CE - Legislapp","og_description":"quinta-feira, 22 de dezembro de 2022 &#8211; HOMENAGEM Sum\u00e1rio:&nbsp;Promulga\u00e7\u00e3o da Emenda Constitucional n\u00ba 127, de 2022, referente \u00e0 Proposta de Emenda \u00e0 Constitui\u00e7\u00e3o n\u00ba 42, de 2022, (n\u00ba 390, de 2014, na C\u00e2mara dos Deputados), sobre a assist\u00eancia financeira complementar da Uni\u00e3o aos Estados, ao Distrito Federal, aos Munic\u00edpios e entidades filantr\u00f3picas para cumprimento do [&hellip;]","og_url":"https:\/\/www.legislapp.com.br\/index.php\/discurso-camara-22-12-2022-mauro-benevides-filho-pdt-ce\/","og_site_name":"Legislapp","article_publisher":"https:\/\/www.instagram.com\/legislapp\/","og_image":[{"url":"https:\/\/legislapp.com.br\/wp-content\/uploads\/2021\/07\/Logo-Legislapp-1-03-1.png","type":"","width":"","height":""}],"twitter_card":"summary_large_image","twitter_misc":{"Est. tempo de leitura":"1 minuto"},"schema":{"@context":"https:\/\/schema.org","@graph":[{"@type":"WebPage","@id":"https:\/\/www.legislapp.com.br\/index.php\/discurso-camara-22-12-2022-mauro-benevides-filho-pdt-ce\/","url":"https:\/\/www.legislapp.com.br\/index.php\/discurso-camara-22-12-2022-mauro-benevides-filho-pdt-ce\/","name":"Discurso de Mauro Benevides Filho, PDT-CE - Legislapp","isPartOf":{"@id":"https:\/\/www.legislapp.com.br\/#website"},"primaryImageOfPage":{"@id":"https:\/\/www.legislapp.com.br\/index.php\/discurso-camara-22-12-2022-mauro-benevides-filho-pdt-ce\/#primaryimage"},"image":{"@id":"https:\/\/www.legislapp.com.br\/index.php\/discurso-camara-22-12-2022-mauro-benevides-filho-pdt-ce\/#primaryimage"},"thumbnailUrl":"https:\/\/legislapp.com.br\/wp-content\/uploads\/2021\/07\/Logo-Legislapp-1-03-1.png","datePublished":"2023-06-12T13:38:56+00:00","breadcrumb":{"@id":"https:\/\/www.legislapp.com.br\/index.php\/discurso-camara-22-12-2022-mauro-benevides-filho-pdt-ce\/#breadcrumb"},"inLanguage":"pt-BR","potentialAction":[{"@type":"ReadAction","target":["https:\/\/www.legislapp.com.br\/index.php\/discurso-camara-22-12-2022-mauro-benevides-filho-pdt-ce\/"]}]},{"@type":"ImageObject","inLanguage":"pt-BR","@id":"https:\/\/www.legislapp.com.br\/index.php\/discurso-camara-22-12-2022-mauro-benevides-filho-pdt-ce\/#primaryimage","url":"https:\/\/legislapp.com.br\/wp-content\/uploads\/2021\/07\/Logo-Legislapp-1-03-1.png","contentUrl":"https:\/\/legislapp.com.br\/wp-content\/uploads\/2021\/07\/Logo-Legislapp-1-03-1.png"},{"@type":"BreadcrumbList","@id":"https:\/\/www.legislapp.com.br\/index.php\/discurso-camara-22-12-2022-mauro-benevides-filho-pdt-ce\/#breadcrumb","itemListElement":[{"@type":"ListItem","position":1,"name":"In\u00edcio","item":"https:\/\/www.legislapp.com.br\/"},{"@type":"ListItem","position":2,"name":"Discurso de Mauro Benevides Filho, PDT-CE"}]},{"@type":"WebSite","@id":"https:\/\/www.legislapp.com.br\/#website","url":"https:\/\/www.legislapp.com.br\/","name":"Legislapp","description":"Intelig\u00eancia governamental em tempo real","publisher":{"@id":"https:\/\/www.legislapp.com.br\/#organization"},"potentialAction":[{"@type":"SearchAction","target":{"@type":"EntryPoint","urlTemplate":"https:\/\/www.legislapp.com.br\/?s={search_term_string}"},"query-input":{"@type":"PropertyValueSpecification","valueRequired":true,"valueName":"search_term_string"}}],"inLanguage":"pt-BR"},{"@type":"Organization","@id":"https:\/\/www.legislapp.com.br\/#organization","name":"Legislapp Monitoramento e Intelig\u00eancia Governamental","url":"https:\/\/www.legislapp.com.br\/","logo":{"@type":"ImageObject","inLanguage":"pt-BR","@id":"https:\/\/www.legislapp.com.br\/#\/schema\/logo\/image\/","url":"https:\/\/www.legislapp.com.br\/wp-content\/uploads\/icon.png","contentUrl":"https:\/\/www.legislapp.com.br\/wp-content\/uploads\/icon.png","width":1024,"height":1024,"caption":"Legislapp Monitoramento e Intelig\u00eancia Governamental"},"image":{"@id":"https:\/\/www.legislapp.com.br\/#\/schema\/logo\/image\/"},"sameAs":["https:\/\/www.instagram.com\/legislapp\/"]}]}},"_links":{"self":[{"href":"https:\/\/www.legislapp.com.br\/index.php\/wp-json\/wp\/v2\/pages\/2086","targetHints":{"allow":["GET"]}}],"collection":[{"href":"https:\/\/www.legislapp.com.br\/index.php\/wp-json\/wp\/v2\/pages"}],"about":[{"href":"https:\/\/www.legislapp.com.br\/index.php\/wp-json\/wp\/v2\/types\/page"}],"author":[{"embeddable":true,"href":"https:\/\/www.legislapp.com.br\/index.php\/wp-json\/wp\/v2\/users\/1"}],"replies":[{"embeddable":true,"href":"https:\/\/www.legislapp.com.br\/index.php\/wp-json\/wp\/v2\/comments?post=2086"}],"version-history":[{"count":0,"href":"https:\/\/www.legislapp.com.br\/index.php\/wp-json\/wp\/v2\/pages\/2086\/revisions"}],"wp:attachment":[{"href":"https:\/\/www.legislapp.com.br\/index.php\/wp-json\/wp\/v2\/media?parent=2086"}],"curies":[{"name":"wp","href":"https:\/\/api.w.org\/{rel}","templated":true}]}}

<h1 style='text-align: center;'>quinta-feira, 22 de dezembro de 2022 &#8211; HOMENAGEM</h3>
<p></p>
<article>Sumário:&nbsp;Promulgação da Emenda Constitucional nº 127, de 2022, referente à Proposta de Emenda à Constituição nº 42, de 2022, (nº 390, de 2014, na Câmara dos Deputados), sobre a assistência financeira complementar da União aos Estados, ao Distrito Federal, aos Municípios e entidades filantrópicas para cumprimento do piso salarial nacional dos profissionais da enfermagem e da parteira; e a alteração do art. 5º da Emenda Constitucional nº 109, de 2021, com vista ao estabelecimento de superávit financeiro dos fundos públicos do Poder Executivo como fonte de recursos do piso salarial da categoria.</article>
<p></p>
<div style="text-align: center">
      <img decoding="async" style="width: 14%;" src="https://legislapp.com.br/wp-content/uploads/2021/07/Logo-Legislapp-1-03-1.png"><br />
      </p>
<div style="margin-bottom: 20px;" class="et_pb_button_module_wrapper et_pb_button_5_tb_body_wrapper et_pb_button_alignment_center et_pb_module ">
         <a class="et_pb_button et_pb_button_5_tb_body et_hover_enabled et_pb_bg_layout_dark" style="width: 50%;background-color: black;" href="https://app.legislapp.com.br" target="_blank" rel="noopener">Visualizar completo na nossa plataforma (30 dias grátis)</a></p></div>
<p>      <a href="https://play.google.com/store/apps/details?id=br.com.legislapp"><img decoding="async" style="width: 15%; min-width: 130px;" src="https://legislapp.com.br/wp-content/uploads/google-play.png"></a><br />
      <a href="https://apps.apple.com/us/app/legislapp/id1568929859"><img decoding="async" style="width: 15%; min-width: 130px" src="https://legislapp.com.br/wp-content/uploads/apple-store.png"></a>
   </div>

<p>quinta-feira, 22 de dezembro de 2022 &#8211; HOMENAGEM Sumário:&nbsp;Promulgação da Emenda Constitucional nº 127, de 2022, referente à Proposta de Emenda à Constituição nº 42, de 2022, (nº 390, de 2014, na Câmara dos Deputados), sobre a assistência financeira complementar da União aos Estados, ao Distrito Federal, aos Municípios e entidades filantrópicas para cumprimento do [&hellip;]</p>

<!-- This site is optimized with the Yoast SEO plugin v24.4 - https://yoast.com/wordpress/plugins/seo/ -->
<title>Discurso de Mauro Benevides Filho, PDT-CE - Legislapp</title>
<meta name="robots" content="index, follow, max-snippet:-1, max-image-preview:large, max-video-preview:-1" />
<link rel="canonical" href="https://www.legislapp.com.br/index.php/discurso-camara-22-12-2022-mauro-benevides-filho-pdt-ce/" />
<meta property="og:locale" content="pt_BR" />
<meta property="og:type" content="article" />
<meta property="og:title" content="Discurso de Mauro Benevides Filho, PDT-CE - Legislapp" />
<meta property="og:description" content="quinta-feira, 22 de dezembro de 2022 &#8211; HOMENAGEM Sumário:&nbsp;Promulgação da Emenda Constitucional nº 127, de 2022, referente à Proposta de Emenda à Constituição nº 42, de 2022, (nº 390, de 2014, na Câmara dos Deputados), sobre a assistência financeira complementar da União aos Estados, ao Distrito Federal, aos Municípios e entidades filantrópicas para cumprimento do [&hellip;]" />
<meta property="og:url" content="https://www.legislapp.com.br/index.php/discurso-camara-22-12-2022-mauro-benevides-filho-pdt-ce/" />
<meta property="og:site_name" content="Legislapp" />
<meta property="article:publisher" content="https://www.instagram.com/legislapp/" />
<meta property="og:image" content="https://legislapp.com.br/wp-content/uploads/2021/07/Logo-Legislapp-1-03-1.png" />
<meta name="twitter:card" content="summary_large_image" />
<meta name="twitter:label1" content="Est. tempo de leitura" />
	<meta name="twitter:data1" content="1 minuto" />
<script type="application/ld+json" class="yoast-schema-graph">{"@context":"https://schema.org","@graph":[{"@type":"WebPage","@id":"https://www.legislapp.com.br/index.php/discurso-camara-22-12-2022-mauro-benevides-filho-pdt-ce/","url":"https://www.legislapp.com.br/index.php/discurso-camara-22-12-2022-mauro-benevides-filho-pdt-ce/","name":"Discurso de Mauro Benevides Filho, PDT-CE - Legislapp","isPartOf":{"@id":"https://www.legislapp.com.br/#website"},"primaryImageOfPage":{"@id":"https://www.legislapp.com.br/index.php/discurso-camara-22-12-2022-mauro-benevides-filho-pdt-ce/#primaryimage"},"image":{"@id":"https://www.legislapp.com.br/index.php/discurso-camara-22-12-2022-mauro-benevides-filho-pdt-ce/#primaryimage"},"thumbnailUrl":"https://legislapp.com.br/wp-content/uploads/2021/07/Logo-Legislapp-1-03-1.png","datePublished":"2023-06-12T13:38:56+00:00","breadcrumb":{"@id":"https://www.legislapp.com.br/index.php/discurso-camara-22-12-2022-mauro-benevides-filho-pdt-ce/#breadcrumb"},"inLanguage":"pt-BR","potentialAction":[{"@type":"ReadAction","target":["https://www.legislapp.com.br/index.php/discurso-camara-22-12-2022-mauro-benevides-filho-pdt-ce/"]}]},{"@type":"ImageObject","inLanguage":"pt-BR","@id":"https://www.legislapp.com.br/index.php/discurso-camara-22-12-2022-mauro-benevides-filho-pdt-ce/#primaryimage","url":"https://legislapp.com.br/wp-content/uploads/2021/07/Logo-Legislapp-1-03-1.png","contentUrl":"https://legislapp.com.br/wp-content/uploads/2021/07/Logo-Legislapp-1-03-1.png"},{"@type":"BreadcrumbList","@id":"https://www.legislapp.com.br/index.php/discurso-camara-22-12-2022-mauro-benevides-filho-pdt-ce/#breadcrumb","itemListElement":[{"@type":"ListItem","position":1,"name":"Início","item":"https://www.legislapp.com.br/"},{"@type":"ListItem","position":2,"name":"Discurso de Mauro Benevides Filho, PDT-CE"}]},{"@type":"WebSite","@id":"https://www.legislapp.com.br/#website","url":"https://www.legislapp.com.br/","name":"Legislapp","description":"Inteligência governamental em tempo real","publisher":{"@id":"https://www.legislapp.com.br/#organization"},"potentialAction":[{"@type":"SearchAction","target":{"@type":"EntryPoint","urlTemplate":"https://www.legislapp.com.br/?s={search_term_string}"},"query-input":{"@type":"PropertyValueSpecification","valueRequired":true,"valueName":"search_term_string"}}],"inLanguage":"pt-BR"},{"@type":"Organization","@id":"https://www.legislapp.com.br/#organization","name":"Legislapp Monitoramento e Inteligência Governamental","url":"https://www.legislapp.com.br/","logo":{"@type":"ImageObject","inLanguage":"pt-BR","@id":"https://www.legislapp.com.br/#/schema/logo/image/","url":"https://www.legislapp.com.br/wp-content/uploads/icon.png","contentUrl":"https://www.legislapp.com.br/wp-content/uploads/icon.png","width":1024,"height":1024,"caption":"Legislapp Monitoramento e Inteligência Governamental"},"image":{"@id":"https://www.legislapp.com.br/#/schema/logo/image/"},"sameAs":["https://www.instagram.com/legislapp/"]}]}</script>
<!-- / Yoast SEO plugin. -->

quinta-feira, 22 de dezembro de 2022 &#8211; HOMENAGEM Sumário:&nbsp;Promulgação da Emenda Constitucional nº 127, de 2022, referente à Proposta de Emenda à Constituição nº 42, de 2022, (nº 390, de 2014, na Câmara dos Deputados), sobre a assistência financeira complementar da União aos Estados, ao Distrito Federal, aos Municípios e entidades filantrópicas para cumprimento do [&hellip;]

Início

Inteligência governamental em tempo real

Legislapp Monitoramento e Inteligência Governamental
