{"id":2363,"date":"2023-06-12T10:48:07","date_gmt":"2023-06-12T13:48:07","guid":{"rendered":"https:\/\/www.legislapp.com.br\/index.php\/discurso-camara-14-07-2022-luiz-lima-pl-rj\/"},"modified":"2023-06-12T10:48:07","modified_gmt":"2023-06-12T13:48:07","slug":"discurso-camara-14-07-2022-luiz-lima-pl-rj","status":"publish","type":"page","link":"https:\/\/www.legislapp.com.br\/index.php\/discurso-camara-14-07-2022-luiz-lima-pl-rj\/","title":{"rendered":"Discurso de LUIZ LIMA, PL-RJ"},"content":{"rendered":"<h1 style='text-align: center;'>quinta-feira, 14 de julho de 2022 &#8211; BREVES COMUNICA\u00c7\u00d5ES<\/h3>\n<p><\/p>\n<article>Sum\u00e1rio:&nbsp;Cordialidade e aten\u00e7\u00e3o dispensadas ao orador pelo Presidente em exerc\u00edcio dos trabalhos, Deputado Alexandre Frota. Aprova\u00e7\u00e3o pelo Senado Federal do Projeto de Lei n\u00ba 940, de 2022, (n\u00ba 130, de 2015, na C\u00e2mara dos Deputados), sobre a prorroga\u00e7\u00e3o de benef\u00edcios previstos na Lei n\u00ba 11.438, de 2006, (Lei de Incentivo ao Esporte).<\/article>\n<p><\/p>\n<div style=\"text-align: center\">\n      <img decoding=\"async\" style=\"width: 14%;\" src=\"https:\/\/legislapp.com.br\/wp-content\/uploads\/2021\/07\/Logo-Legislapp-1-03-1.png\"><br \/>\n      <\/p>\n<div style=\"margin-bottom: 20px;\" class=\"et_pb_button_module_wrapper et_pb_button_5_tb_body_wrapper et_pb_button_alignment_center et_pb_module \">\n         <a class=\"et_pb_button et_pb_button_5_tb_body et_hover_enabled et_pb_bg_layout_dark\" style=\"width: 50%;background-color: black;\" href=\"https:\/\/app.legislapp.com.br\" target=\"_blank\" rel=\"noopener\">Visualizar completo na nossa plataforma (30 dias gr\u00e1tis)<\/a><\/p><\/div>\n<p>      <a href=\"https:\/\/play.google.com\/store\/apps\/details?id=br.com.legislapp\"><img decoding=\"async\" style=\"width: 15%; min-width: 130px;\" src=\"https:\/\/legislapp.com.br\/wp-content\/uploads\/google-play.png\"><\/a><br \/>\n      <a href=\"https:\/\/apps.apple.com\/us\/app\/legislapp\/id1568929859\"><img decoding=\"async\" style=\"width: 15%; min-width: 130px\" src=\"https:\/\/legislapp.com.br\/wp-content\/uploads\/apple-store.png\"><\/a>\n   <\/div>\n","protected":false},"excerpt":{"rendered":"<p>quinta-feira, 14 de julho de 2022 &#8211; BREVES COMUNICA\u00c7\u00d5ES Sum\u00e1rio:&nbsp;Cordialidade e aten\u00e7\u00e3o dispensadas ao orador pelo Presidente em exerc\u00edcio dos trabalhos, Deputado Alexandre Frota. Aprova\u00e7\u00e3o pelo Senado Federal do Projeto de Lei n\u00ba 940, de 2022, (n\u00ba 130, de 2015, na C\u00e2mara dos Deputados), sobre a prorroga\u00e7\u00e3o de benef\u00edcios previstos na Lei n\u00ba 11.438, de [&hellip;]<\/p>\n","protected":false},"author":1,"featured_media":0,"parent":0,"menu_order":0,"comment_status":"closed","ping_status":"closed","template":"page-template-blank.php","meta":{"_et_pb_use_builder":"","_et_pb_old_content":"","_et_gb_content_width":"1080","ngg_post_thumbnail":0,"footnotes":""},"class_list":["post-2363","page","type-page","status-publish","hentry"],"yoast_head":"<!-- This site is optimized with the Yoast SEO plugin v24.4 - https:\/\/yoast.com\/wordpress\/plugins\/seo\/ -->\n<title>Discurso de LUIZ LIMA, PL-RJ - Legislapp<\/title>\n<meta name=\"robots\" content=\"index, follow, max-snippet:-1, max-image-preview:large, max-video-preview:-1\" \/>\n<link rel=\"canonical\" href=\"https:\/\/www.legislapp.com.br\/index.php\/discurso-camara-14-07-2022-luiz-lima-pl-rj\/\" \/>\n<meta property=\"og:locale\" content=\"pt_BR\" \/>\n<meta property=\"og:type\" content=\"article\" \/>\n<meta property=\"og:title\" content=\"Discurso de LUIZ LIMA, PL-RJ - Legislapp\" \/>\n<meta property=\"og:description\" content=\"quinta-feira, 14 de julho de 2022 &#8211; BREVES COMUNICA\u00c7\u00d5ES Sum\u00e1rio:&nbsp;Cordialidade e aten\u00e7\u00e3o dispensadas ao orador pelo Presidente em exerc\u00edcio dos trabalhos, Deputado Alexandre Frota. Aprova\u00e7\u00e3o pelo Senado Federal do Projeto de Lei n\u00ba 940, de 2022, (n\u00ba 130, de 2015, na C\u00e2mara dos Deputados), sobre a prorroga\u00e7\u00e3o de benef\u00edcios previstos na Lei n\u00ba 11.438, de [&hellip;]\" \/>\n<meta property=\"og:url\" content=\"https:\/\/www.legislapp.com.br\/index.php\/discurso-camara-14-07-2022-luiz-lima-pl-rj\/\" \/>\n<meta property=\"og:site_name\" content=\"Legislapp\" \/>\n<meta property=\"article:publisher\" content=\"https:\/\/www.instagram.com\/legislapp\/\" \/>\n<meta property=\"og:image\" content=\"https:\/\/legislapp.com.br\/wp-content\/uploads\/2021\/07\/Logo-Legislapp-1-03-1.png\" \/>\n<meta name=\"twitter:card\" content=\"summary_large_image\" \/>\n<script type=\"application\/ld+json\" class=\"yoast-schema-graph\">{\"@context\":\"https:\/\/schema.org\",\"@graph\":[{\"@type\":\"WebPage\",\"@id\":\"https:\/\/www.legislapp.com.br\/index.php\/discurso-camara-14-07-2022-luiz-lima-pl-rj\/\",\"url\":\"https:\/\/www.legislapp.com.br\/index.php\/discurso-camara-14-07-2022-luiz-lima-pl-rj\/\",\"name\":\"Discurso de LUIZ LIMA, PL-RJ - Legislapp\",\"isPartOf\":{\"@id\":\"https:\/\/www.legislapp.com.br\/#website\"},\"primaryImageOfPage\":{\"@id\":\"https:\/\/www.legislapp.com.br\/index.php\/discurso-camara-14-07-2022-luiz-lima-pl-rj\/#primaryimage\"},\"image\":{\"@id\":\"https:\/\/www.legislapp.com.br\/index.php\/discurso-camara-14-07-2022-luiz-lima-pl-rj\/#primaryimage\"},\"thumbnailUrl\":\"https:\/\/legislapp.com.br\/wp-content\/uploads\/2021\/07\/Logo-Legislapp-1-03-1.png\",\"datePublished\":\"2023-06-12T13:48:07+00:00\",\"breadcrumb\":{\"@id\":\"https:\/\/www.legislapp.com.br\/index.php\/discurso-camara-14-07-2022-luiz-lima-pl-rj\/#breadcrumb\"},\"inLanguage\":\"pt-BR\",\"potentialAction\":[{\"@type\":\"ReadAction\",\"target\":[\"https:\/\/www.legislapp.com.br\/index.php\/discurso-camara-14-07-2022-luiz-lima-pl-rj\/\"]}]},{\"@type\":\"ImageObject\",\"inLanguage\":\"pt-BR\",\"@id\":\"https:\/\/www.legislapp.com.br\/index.php\/discurso-camara-14-07-2022-luiz-lima-pl-rj\/#primaryimage\",\"url\":\"https:\/\/legislapp.com.br\/wp-content\/uploads\/2021\/07\/Logo-Legislapp-1-03-1.png\",\"contentUrl\":\"https:\/\/legislapp.com.br\/wp-content\/uploads\/2021\/07\/Logo-Legislapp-1-03-1.png\"},{\"@type\":\"BreadcrumbList\",\"@id\":\"https:\/\/www.legislapp.com.br\/index.php\/discurso-camara-14-07-2022-luiz-lima-pl-rj\/#breadcrumb\",\"itemListElement\":[{\"@type\":\"ListItem\",\"position\":1,\"name\":\"In\u00edcio\",\"item\":\"https:\/\/www.legislapp.com.br\/\"},{\"@type\":\"ListItem\",\"position\":2,\"name\":\"Discurso de LUIZ LIMA, PL-RJ\"}]},{\"@type\":\"WebSite\",\"@id\":\"https:\/\/www.legislapp.com.br\/#website\",\"url\":\"https:\/\/www.legislapp.com.br\/\",\"name\":\"Legislapp\",\"description\":\"Intelig\u00eancia governamental em tempo real\",\"publisher\":{\"@id\":\"https:\/\/www.legislapp.com.br\/#organization\"},\"potentialAction\":[{\"@type\":\"SearchAction\",\"target\":{\"@type\":\"EntryPoint\",\"urlTemplate\":\"https:\/\/www.legislapp.com.br\/?s={search_term_string}\"},\"query-input\":{\"@type\":\"PropertyValueSpecification\",\"valueRequired\":true,\"valueName\":\"search_term_string\"}}],\"inLanguage\":\"pt-BR\"},{\"@type\":\"Organization\",\"@id\":\"https:\/\/www.legislapp.com.br\/#organization\",\"name\":\"Legislapp Monitoramento e Intelig\u00eancia Governamental\",\"url\":\"https:\/\/www.legislapp.com.br\/\",\"logo\":{\"@type\":\"ImageObject\",\"inLanguage\":\"pt-BR\",\"@id\":\"https:\/\/www.legislapp.com.br\/#\/schema\/logo\/image\/\",\"url\":\"https:\/\/www.legislapp.com.br\/wp-content\/uploads\/icon.png\",\"contentUrl\":\"https:\/\/www.legislapp.com.br\/wp-content\/uploads\/icon.png\",\"width\":1024,\"height\":1024,\"caption\":\"Legislapp Monitoramento e Intelig\u00eancia Governamental\"},\"image\":{\"@id\":\"https:\/\/www.legislapp.com.br\/#\/schema\/logo\/image\/\"},\"sameAs\":[\"https:\/\/www.instagram.com\/legislapp\/\"]}]}<\/script>\n<!-- \/ Yoast SEO plugin. -->","yoast_head_json":{"title":"Discurso de LUIZ LIMA, PL-RJ - Legislapp","robots":{"index":"index","follow":"follow","max-snippet":"max-snippet:-1","max-image-preview":"max-image-preview:large","max-video-preview":"max-video-preview:-1"},"canonical":"https:\/\/www.legislapp.com.br\/index.php\/discurso-camara-14-07-2022-luiz-lima-pl-rj\/","og_locale":"pt_BR","og_type":"article","og_title":"Discurso de LUIZ LIMA, PL-RJ - Legislapp","og_description":"quinta-feira, 14 de julho de 2022 &#8211; BREVES COMUNICA\u00c7\u00d5ES Sum\u00e1rio:&nbsp;Cordialidade e aten\u00e7\u00e3o dispensadas ao orador pelo Presidente em exerc\u00edcio dos trabalhos, Deputado Alexandre Frota. Aprova\u00e7\u00e3o pelo Senado Federal do Projeto de Lei n\u00ba 940, de 2022, (n\u00ba 130, de 2015, na C\u00e2mara dos Deputados), sobre a prorroga\u00e7\u00e3o de benef\u00edcios previstos na Lei n\u00ba 11.438, de [&hellip;]","og_url":"https:\/\/www.legislapp.com.br\/index.php\/discurso-camara-14-07-2022-luiz-lima-pl-rj\/","og_site_name":"Legislapp","article_publisher":"https:\/\/www.instagram.com\/legislapp\/","og_image":[{"url":"https:\/\/legislapp.com.br\/wp-content\/uploads\/2021\/07\/Logo-Legislapp-1-03-1.png","type":"","width":"","height":""}],"twitter_card":"summary_large_image","schema":{"@context":"https:\/\/schema.org","@graph":[{"@type":"WebPage","@id":"https:\/\/www.legislapp.com.br\/index.php\/discurso-camara-14-07-2022-luiz-lima-pl-rj\/","url":"https:\/\/www.legislapp.com.br\/index.php\/discurso-camara-14-07-2022-luiz-lima-pl-rj\/","name":"Discurso de LUIZ LIMA, PL-RJ - Legislapp","isPartOf":{"@id":"https:\/\/www.legislapp.com.br\/#website"},"primaryImageOfPage":{"@id":"https:\/\/www.legislapp.com.br\/index.php\/discurso-camara-14-07-2022-luiz-lima-pl-rj\/#primaryimage"},"image":{"@id":"https:\/\/www.legislapp.com.br\/index.php\/discurso-camara-14-07-2022-luiz-lima-pl-rj\/#primaryimage"},"thumbnailUrl":"https:\/\/legislapp.com.br\/wp-content\/uploads\/2021\/07\/Logo-Legislapp-1-03-1.png","datePublished":"2023-06-12T13:48:07+00:00","breadcrumb":{"@id":"https:\/\/www.legislapp.com.br\/index.php\/discurso-camara-14-07-2022-luiz-lima-pl-rj\/#breadcrumb"},"inLanguage":"pt-BR","potentialAction":[{"@type":"ReadAction","target":["https:\/\/www.legislapp.com.br\/index.php\/discurso-camara-14-07-2022-luiz-lima-pl-rj\/"]}]},{"@type":"ImageObject","inLanguage":"pt-BR","@id":"https:\/\/www.legislapp.com.br\/index.php\/discurso-camara-14-07-2022-luiz-lima-pl-rj\/#primaryimage","url":"https:\/\/legislapp.com.br\/wp-content\/uploads\/2021\/07\/Logo-Legislapp-1-03-1.png","contentUrl":"https:\/\/legislapp.com.br\/wp-content\/uploads\/2021\/07\/Logo-Legislapp-1-03-1.png"},{"@type":"BreadcrumbList","@id":"https:\/\/www.legislapp.com.br\/index.php\/discurso-camara-14-07-2022-luiz-lima-pl-rj\/#breadcrumb","itemListElement":[{"@type":"ListItem","position":1,"name":"In\u00edcio","item":"https:\/\/www.legislapp.com.br\/"},{"@type":"ListItem","position":2,"name":"Discurso de LUIZ LIMA, PL-RJ"}]},{"@type":"WebSite","@id":"https:\/\/www.legislapp.com.br\/#website","url":"https:\/\/www.legislapp.com.br\/","name":"Legislapp","description":"Intelig\u00eancia governamental em tempo real","publisher":{"@id":"https:\/\/www.legislapp.com.br\/#organization"},"potentialAction":[{"@type":"SearchAction","target":{"@type":"EntryPoint","urlTemplate":"https:\/\/www.legislapp.com.br\/?s={search_term_string}"},"query-input":{"@type":"PropertyValueSpecification","valueRequired":true,"valueName":"search_term_string"}}],"inLanguage":"pt-BR"},{"@type":"Organization","@id":"https:\/\/www.legislapp.com.br\/#organization","name":"Legislapp Monitoramento e Intelig\u00eancia Governamental","url":"https:\/\/www.legislapp.com.br\/","logo":{"@type":"ImageObject","inLanguage":"pt-BR","@id":"https:\/\/www.legislapp.com.br\/#\/schema\/logo\/image\/","url":"https:\/\/www.legislapp.com.br\/wp-content\/uploads\/icon.png","contentUrl":"https:\/\/www.legislapp.com.br\/wp-content\/uploads\/icon.png","width":1024,"height":1024,"caption":"Legislapp Monitoramento e Intelig\u00eancia Governamental"},"image":{"@id":"https:\/\/www.legislapp.com.br\/#\/schema\/logo\/image\/"},"sameAs":["https:\/\/www.instagram.com\/legislapp\/"]}]}},"_links":{"self":[{"href":"https:\/\/www.legislapp.com.br\/index.php\/wp-json\/wp\/v2\/pages\/2363","targetHints":{"allow":["GET"]}}],"collection":[{"href":"https:\/\/www.legislapp.com.br\/index.php\/wp-json\/wp\/v2\/pages"}],"about":[{"href":"https:\/\/www.legislapp.com.br\/index.php\/wp-json\/wp\/v2\/types\/page"}],"author":[{"embeddable":true,"href":"https:\/\/www.legislapp.com.br\/index.php\/wp-json\/wp\/v2\/users\/1"}],"replies":[{"embeddable":true,"href":"https:\/\/www.legislapp.com.br\/index.php\/wp-json\/wp\/v2\/comments?post=2363"}],"version-history":[{"count":0,"href":"https:\/\/www.legislapp.com.br\/index.php\/wp-json\/wp\/v2\/pages\/2363\/revisions"}],"wp:attachment":[{"href":"https:\/\/www.legislapp.com.br\/index.php\/wp-json\/wp\/v2\/media?parent=2363"}],"curies":[{"name":"wp","href":"https:\/\/api.w.org\/{rel}","templated":true}]}}

<h1 style='text-align: center;'>quinta-feira, 14 de julho de 2022 &#8211; BREVES COMUNICAÇÕES</h3>
<p></p>
<article>Sumário:&nbsp;Cordialidade e atenção dispensadas ao orador pelo Presidente em exercício dos trabalhos, Deputado Alexandre Frota. Aprovação pelo Senado Federal do Projeto de Lei nº 940, de 2022, (nº 130, de 2015, na Câmara dos Deputados), sobre a prorrogação de benefícios previstos na Lei nº 11.438, de 2006, (Lei de Incentivo ao Esporte).</article>
<p></p>
<div style="text-align: center">
      <img decoding="async" style="width: 14%;" src="https://legislapp.com.br/wp-content/uploads/2021/07/Logo-Legislapp-1-03-1.png"><br />
      </p>
<div style="margin-bottom: 20px;" class="et_pb_button_module_wrapper et_pb_button_5_tb_body_wrapper et_pb_button_alignment_center et_pb_module ">
         <a class="et_pb_button et_pb_button_5_tb_body et_hover_enabled et_pb_bg_layout_dark" style="width: 50%;background-color: black;" href="https://app.legislapp.com.br" target="_blank" rel="noopener">Visualizar completo na nossa plataforma (30 dias grátis)</a></p></div>
<p>      <a href="https://play.google.com/store/apps/details?id=br.com.legislapp"><img decoding="async" style="width: 15%; min-width: 130px;" src="https://legislapp.com.br/wp-content/uploads/google-play.png"></a><br />
      <a href="https://apps.apple.com/us/app/legislapp/id1568929859"><img decoding="async" style="width: 15%; min-width: 130px" src="https://legislapp.com.br/wp-content/uploads/apple-store.png"></a>
   </div>

<p>quinta-feira, 14 de julho de 2022 &#8211; BREVES COMUNICAÇÕES Sumário:&nbsp;Cordialidade e atenção dispensadas ao orador pelo Presidente em exercício dos trabalhos, Deputado Alexandre Frota. Aprovação pelo Senado Federal do Projeto de Lei nº 940, de 2022, (nº 130, de 2015, na Câmara dos Deputados), sobre a prorrogação de benefícios previstos na Lei nº 11.438, de [&hellip;]</p>

<!-- This site is optimized with the Yoast SEO plugin v24.4 - https://yoast.com/wordpress/plugins/seo/ -->
<title>Discurso de LUIZ LIMA, PL-RJ - Legislapp</title>
<meta name="robots" content="index, follow, max-snippet:-1, max-image-preview:large, max-video-preview:-1" />
<link rel="canonical" href="https://www.legislapp.com.br/index.php/discurso-camara-14-07-2022-luiz-lima-pl-rj/" />
<meta property="og:locale" content="pt_BR" />
<meta property="og:type" content="article" />
<meta property="og:title" content="Discurso de LUIZ LIMA, PL-RJ - Legislapp" />
<meta property="og:description" content="quinta-feira, 14 de julho de 2022 &#8211; BREVES COMUNICAÇÕES Sumário:&nbsp;Cordialidade e atenção dispensadas ao orador pelo Presidente em exercício dos trabalhos, Deputado Alexandre Frota. Aprovação pelo Senado Federal do Projeto de Lei nº 940, de 2022, (nº 130, de 2015, na Câmara dos Deputados), sobre a prorrogação de benefícios previstos na Lei nº 11.438, de [&hellip;]" />
<meta property="og:url" content="https://www.legislapp.com.br/index.php/discurso-camara-14-07-2022-luiz-lima-pl-rj/" />
<meta property="og:site_name" content="Legislapp" />
<meta property="article:publisher" content="https://www.instagram.com/legislapp/" />
<meta property="og:image" content="https://legislapp.com.br/wp-content/uploads/2021/07/Logo-Legislapp-1-03-1.png" />
<meta name="twitter:card" content="summary_large_image" />
<script type="application/ld+json" class="yoast-schema-graph">{"@context":"https://schema.org","@graph":[{"@type":"WebPage","@id":"https://www.legislapp.com.br/index.php/discurso-camara-14-07-2022-luiz-lima-pl-rj/","url":"https://www.legislapp.com.br/index.php/discurso-camara-14-07-2022-luiz-lima-pl-rj/","name":"Discurso de LUIZ LIMA, PL-RJ - Legislapp","isPartOf":{"@id":"https://www.legislapp.com.br/#website"},"primaryImageOfPage":{"@id":"https://www.legislapp.com.br/index.php/discurso-camara-14-07-2022-luiz-lima-pl-rj/#primaryimage"},"image":{"@id":"https://www.legislapp.com.br/index.php/discurso-camara-14-07-2022-luiz-lima-pl-rj/#primaryimage"},"thumbnailUrl":"https://legislapp.com.br/wp-content/uploads/2021/07/Logo-Legislapp-1-03-1.png","datePublished":"2023-06-12T13:48:07+00:00","breadcrumb":{"@id":"https://www.legislapp.com.br/index.php/discurso-camara-14-07-2022-luiz-lima-pl-rj/#breadcrumb"},"inLanguage":"pt-BR","potentialAction":[{"@type":"ReadAction","target":["https://www.legislapp.com.br/index.php/discurso-camara-14-07-2022-luiz-lima-pl-rj/"]}]},{"@type":"ImageObject","inLanguage":"pt-BR","@id":"https://www.legislapp.com.br/index.php/discurso-camara-14-07-2022-luiz-lima-pl-rj/#primaryimage","url":"https://legislapp.com.br/wp-content/uploads/2021/07/Logo-Legislapp-1-03-1.png","contentUrl":"https://legislapp.com.br/wp-content/uploads/2021/07/Logo-Legislapp-1-03-1.png"},{"@type":"BreadcrumbList","@id":"https://www.legislapp.com.br/index.php/discurso-camara-14-07-2022-luiz-lima-pl-rj/#breadcrumb","itemListElement":[{"@type":"ListItem","position":1,"name":"Início","item":"https://www.legislapp.com.br/"},{"@type":"ListItem","position":2,"name":"Discurso de LUIZ LIMA, PL-RJ"}]},{"@type":"WebSite","@id":"https://www.legislapp.com.br/#website","url":"https://www.legislapp.com.br/","name":"Legislapp","description":"Inteligência governamental em tempo real","publisher":{"@id":"https://www.legislapp.com.br/#organization"},"potentialAction":[{"@type":"SearchAction","target":{"@type":"EntryPoint","urlTemplate":"https://www.legislapp.com.br/?s={search_term_string}"},"query-input":{"@type":"PropertyValueSpecification","valueRequired":true,"valueName":"search_term_string"}}],"inLanguage":"pt-BR"},{"@type":"Organization","@id":"https://www.legislapp.com.br/#organization","name":"Legislapp Monitoramento e Inteligência Governamental","url":"https://www.legislapp.com.br/","logo":{"@type":"ImageObject","inLanguage":"pt-BR","@id":"https://www.legislapp.com.br/#/schema/logo/image/","url":"https://www.legislapp.com.br/wp-content/uploads/icon.png","contentUrl":"https://www.legislapp.com.br/wp-content/uploads/icon.png","width":1024,"height":1024,"caption":"Legislapp Monitoramento e Inteligência Governamental"},"image":{"@id":"https://www.legislapp.com.br/#/schema/logo/image/"},"sameAs":["https://www.instagram.com/legislapp/"]}]}</script>
<!-- / Yoast SEO plugin. -->

quinta-feira, 14 de julho de 2022 &#8211; BREVES COMUNICAÇÕES Sumário:&nbsp;Cordialidade e atenção dispensadas ao orador pelo Presidente em exercício dos trabalhos, Deputado Alexandre Frota. Aprovação pelo Senado Federal do Projeto de Lei nº 940, de 2022, (nº 130, de 2015, na Câmara dos Deputados), sobre a prorrogação de benefícios previstos na Lei nº 11.438, de [&hellip;]

Início

Inteligência governamental em tempo real

Legislapp Monitoramento e Inteligência Governamental
