{"id":2580,"date":"2023-07-15T12:28:43","date_gmt":"2023-07-15T15:28:43","guid":{"rendered":"https:\/\/www.legislapp.com.br\/index.php\/pl-6631-2009\/"},"modified":"2023-07-15T12:28:43","modified_gmt":"2023-07-15T15:28:43","slug":"pl-6631-2009","status":"publish","type":"page","link":"https:\/\/www.legislapp.com.br\/index.php\/pl-6631-2009\/","title":{"rendered":"PL 6631\/2009"},"content":{"rendered":"<h1 style='text-align: center;'>C\u00e2mara &#8211; Autoria de VANDERLEI MACRIS<br \/><img src='https:\/\/www.camara.leg.br\/internet\/deputado\/bandep\/141553.jpg' alt='VANDERLEI MACRIS' \/><\/h3>\n<p><\/p>\n<article>Acrescenta al\u00ednea ao inciso II do art. 8\u00ba da Lei n\u00ba 9.250, de 26 de dezembro de 1995, para incluir as despesas veterin\u00e1rias nas dedu\u00e7\u00f5es da base de c\u00e1lculo do imposto de renda das pessoas f\u00edsicas.<\/article>\n<p><a href='https:\/\/app.legislapp.com.br\/#\/busca?termo=Altera\u00e7\u00e3o'>Altera\u00e7\u00e3o<\/a>, <a href='https:\/\/app.legislapp.com.br\/#\/busca?termo=Legisla\u00e7\u00e3o Tribut\u00e1ria Federal'>Legisla\u00e7\u00e3o Tribut\u00e1ria Federal<\/a>, <a href='https:\/\/app.legislapp.com.br\/#\/busca?termo='><\/a>, <a href='https:\/\/app.legislapp.com.br\/#\/busca?termo=dedu\u00e7\u00e3o'>dedu\u00e7\u00e3o<\/a>, <a href='https:\/\/app.legislapp.com.br\/#\/busca?termo=base de c\u00e1lculo'>base de c\u00e1lculo<\/a>, <a href='https:\/\/app.legislapp.com.br\/#\/busca?termo=Imposto sobre a Renda da Pessoa F\u00edsica (IRPF)'>Imposto sobre a Renda da Pessoa F\u00edsica (IRPF)<\/a>, <a href='https:\/\/app.legislapp.com.br\/#\/busca?termo=despesa'>despesa<\/a>, <a href='https:\/\/app.legislapp.com.br\/#\/busca?termo=veterin\u00e1rio'>veterin\u00e1rio<\/a>, <a href='https:\/\/app.legislapp.com.br\/#\/busca?termo=tributa\u00e7\u00e3o'>tributa\u00e7\u00e3o<\/a>, <a href='https:\/\/app.legislapp.com.br\/#\/busca?termo=benef\u00edcio fiscal..'>benef\u00edcio fiscal..<\/a><\/p>\n<div style=\"text-align: center\">\n      <img decoding=\"async\" style=\"width: 14%;\" src=\"https:\/\/legislapp.com.br\/wp-content\/uploads\/2021\/07\/Logo-Legislapp-1-03-1.png\"><br \/>\n      <\/p>\n<div style=\"margin-bottom: 20px;\" class=\"et_pb_button_module_wrapper et_pb_button_5_tb_body_wrapper et_pb_button_alignment_center et_pb_module \">\n         <a class=\"et_pb_button et_pb_button_5_tb_body et_hover_enabled et_pb_bg_layout_dark\" style=\"width: 50%;background-color: black;\" href=\"https:\/\/app.legislapp.com.br\" target=\"_blank\" rel=\"noopener\">Visualizar completo na nossa plataforma (30 dias gr\u00e1tis)<\/a><\/p><\/div>\n<p>      <a href=\"https:\/\/play.google.com\/store\/apps\/details?id=br.com.legislapp\"><img decoding=\"async\" style=\"width: 15%; min-width: 130px;\" src=\"https:\/\/legislapp.com.br\/wp-content\/uploads\/google-play.png\"><\/a><br \/>\n      <a href=\"https:\/\/apps.apple.com\/us\/app\/legislapp\/id1568929859\"><img decoding=\"async\" style=\"width: 15%; min-width: 130px\" src=\"https:\/\/legislapp.com.br\/wp-content\/uploads\/apple-store.png\"><\/a>\n   <\/div>\n","protected":false},"excerpt":{"rendered":"<p>C\u00e2mara &#8211; Autoria de VANDERLEI MACRIS Acrescenta al\u00ednea ao inciso II do art. 8\u00ba da Lei n\u00ba 9.250, de 26 de dezembro de 1995, para incluir as despesas veterin\u00e1rias nas dedu\u00e7\u00f5es da base de c\u00e1lculo do imposto de renda das pessoas f\u00edsicas. Altera\u00e7\u00e3o, Legisla\u00e7\u00e3o Tribut\u00e1ria Federal, , dedu\u00e7\u00e3o, base de c\u00e1lculo, Imposto sobre a Renda [&hellip;]<\/p>\n","protected":false},"author":1,"featured_media":0,"parent":0,"menu_order":0,"comment_status":"closed","ping_status":"closed","template":"page-template-blank.php","meta":{"_et_pb_use_builder":"","_et_pb_old_content":"","_et_gb_content_width":"1080","ngg_post_thumbnail":0,"footnotes":""},"class_list":["post-2580","page","type-page","status-publish","hentry"],"yoast_head":"<!-- This site is optimized with the Yoast SEO plugin v24.4 - https:\/\/yoast.com\/wordpress\/plugins\/seo\/ -->\n<title>PL 6631\/2009 - Legislapp<\/title>\n<meta name=\"robots\" content=\"index, follow, max-snippet:-1, max-image-preview:large, max-video-preview:-1\" \/>\n<link rel=\"canonical\" href=\"https:\/\/www.legislapp.com.br\/index.php\/pl-6631-2009\/\" \/>\n<meta property=\"og:locale\" content=\"pt_BR\" \/>\n<meta property=\"og:type\" content=\"article\" \/>\n<meta property=\"og:title\" content=\"PL 6631\/2009 - Legislapp\" \/>\n<meta property=\"og:description\" content=\"C\u00e2mara &#8211; Autoria de VANDERLEI MACRIS Acrescenta al\u00ednea ao inciso II do art. 8\u00ba da Lei n\u00ba 9.250, de 26 de dezembro de 1995, para incluir as despesas veterin\u00e1rias nas dedu\u00e7\u00f5es da base de c\u00e1lculo do imposto de renda das pessoas f\u00edsicas. Altera\u00e7\u00e3o, Legisla\u00e7\u00e3o Tribut\u00e1ria Federal, , dedu\u00e7\u00e3o, base de c\u00e1lculo, Imposto sobre a Renda [&hellip;]\" \/>\n<meta property=\"og:url\" content=\"https:\/\/www.legislapp.com.br\/index.php\/pl-6631-2009\/\" \/>\n<meta property=\"og:site_name\" content=\"Legislapp\" \/>\n<meta property=\"article:publisher\" content=\"https:\/\/www.instagram.com\/legislapp\/\" \/>\n<meta property=\"og:image\" content=\"https:\/\/www.camara.leg.br\/internet\/deputado\/bandep\/141553.jpg\" \/>\n<meta name=\"twitter:card\" content=\"summary_large_image\" \/>\n<script type=\"application\/ld+json\" class=\"yoast-schema-graph\">{\"@context\":\"https:\/\/schema.org\",\"@graph\":[{\"@type\":\"WebPage\",\"@id\":\"https:\/\/www.legislapp.com.br\/index.php\/pl-6631-2009\/\",\"url\":\"https:\/\/www.legislapp.com.br\/index.php\/pl-6631-2009\/\",\"name\":\"PL 6631\/2009 - Legislapp\",\"isPartOf\":{\"@id\":\"https:\/\/www.legislapp.com.br\/#website\"},\"primaryImageOfPage\":{\"@id\":\"https:\/\/www.legislapp.com.br\/index.php\/pl-6631-2009\/#primaryimage\"},\"image\":{\"@id\":\"https:\/\/www.legislapp.com.br\/index.php\/pl-6631-2009\/#primaryimage\"},\"thumbnailUrl\":\"https:\/\/www.camara.leg.br\/internet\/deputado\/bandep\/141553.jpg\",\"datePublished\":\"2023-07-15T15:28:43+00:00\",\"breadcrumb\":{\"@id\":\"https:\/\/www.legislapp.com.br\/index.php\/pl-6631-2009\/#breadcrumb\"},\"inLanguage\":\"pt-BR\",\"potentialAction\":[{\"@type\":\"ReadAction\",\"target\":[\"https:\/\/www.legislapp.com.br\/index.php\/pl-6631-2009\/\"]}]},{\"@type\":\"ImageObject\",\"inLanguage\":\"pt-BR\",\"@id\":\"https:\/\/www.legislapp.com.br\/index.php\/pl-6631-2009\/#primaryimage\",\"url\":\"https:\/\/www.camara.leg.br\/internet\/deputado\/bandep\/141553.jpg\",\"contentUrl\":\"https:\/\/www.camara.leg.br\/internet\/deputado\/bandep\/141553.jpg\"},{\"@type\":\"BreadcrumbList\",\"@id\":\"https:\/\/www.legislapp.com.br\/index.php\/pl-6631-2009\/#breadcrumb\",\"itemListElement\":[{\"@type\":\"ListItem\",\"position\":1,\"name\":\"In\u00edcio\",\"item\":\"https:\/\/www.legislapp.com.br\/\"},{\"@type\":\"ListItem\",\"position\":2,\"name\":\"PL 6631\/2009\"}]},{\"@type\":\"WebSite\",\"@id\":\"https:\/\/www.legislapp.com.br\/#website\",\"url\":\"https:\/\/www.legislapp.com.br\/\",\"name\":\"Legislapp\",\"description\":\"Intelig\u00eancia governamental em tempo real\",\"publisher\":{\"@id\":\"https:\/\/www.legislapp.com.br\/#organization\"},\"potentialAction\":[{\"@type\":\"SearchAction\",\"target\":{\"@type\":\"EntryPoint\",\"urlTemplate\":\"https:\/\/www.legislapp.com.br\/?s={search_term_string}\"},\"query-input\":{\"@type\":\"PropertyValueSpecification\",\"valueRequired\":true,\"valueName\":\"search_term_string\"}}],\"inLanguage\":\"pt-BR\"},{\"@type\":\"Organization\",\"@id\":\"https:\/\/www.legislapp.com.br\/#organization\",\"name\":\"Legislapp Monitoramento e Intelig\u00eancia Governamental\",\"url\":\"https:\/\/www.legislapp.com.br\/\",\"logo\":{\"@type\":\"ImageObject\",\"inLanguage\":\"pt-BR\",\"@id\":\"https:\/\/www.legislapp.com.br\/#\/schema\/logo\/image\/\",\"url\":\"https:\/\/www.legislapp.com.br\/wp-content\/uploads\/icon.png\",\"contentUrl\":\"https:\/\/www.legislapp.com.br\/wp-content\/uploads\/icon.png\",\"width\":1024,\"height\":1024,\"caption\":\"Legislapp Monitoramento e Intelig\u00eancia Governamental\"},\"image\":{\"@id\":\"https:\/\/www.legislapp.com.br\/#\/schema\/logo\/image\/\"},\"sameAs\":[\"https:\/\/www.instagram.com\/legislapp\/\"]}]}<\/script>\n<!-- \/ Yoast SEO plugin. -->","yoast_head_json":{"title":"PL 6631\/2009 - Legislapp","robots":{"index":"index","follow":"follow","max-snippet":"max-snippet:-1","max-image-preview":"max-image-preview:large","max-video-preview":"max-video-preview:-1"},"canonical":"https:\/\/www.legislapp.com.br\/index.php\/pl-6631-2009\/","og_locale":"pt_BR","og_type":"article","og_title":"PL 6631\/2009 - Legislapp","og_description":"C\u00e2mara &#8211; Autoria de VANDERLEI MACRIS Acrescenta al\u00ednea ao inciso II do art. 8\u00ba da Lei n\u00ba 9.250, de 26 de dezembro de 1995, para incluir as despesas veterin\u00e1rias nas dedu\u00e7\u00f5es da base de c\u00e1lculo do imposto de renda das pessoas f\u00edsicas. Altera\u00e7\u00e3o, Legisla\u00e7\u00e3o Tribut\u00e1ria Federal, , dedu\u00e7\u00e3o, base de c\u00e1lculo, Imposto sobre a Renda [&hellip;]","og_url":"https:\/\/www.legislapp.com.br\/index.php\/pl-6631-2009\/","og_site_name":"Legislapp","article_publisher":"https:\/\/www.instagram.com\/legislapp\/","og_image":[{"url":"https:\/\/www.camara.leg.br\/internet\/deputado\/bandep\/141553.jpg","type":"","width":"","height":""}],"twitter_card":"summary_large_image","schema":{"@context":"https:\/\/schema.org","@graph":[{"@type":"WebPage","@id":"https:\/\/www.legislapp.com.br\/index.php\/pl-6631-2009\/","url":"https:\/\/www.legislapp.com.br\/index.php\/pl-6631-2009\/","name":"PL 6631\/2009 - Legislapp","isPartOf":{"@id":"https:\/\/www.legislapp.com.br\/#website"},"primaryImageOfPage":{"@id":"https:\/\/www.legislapp.com.br\/index.php\/pl-6631-2009\/#primaryimage"},"image":{"@id":"https:\/\/www.legislapp.com.br\/index.php\/pl-6631-2009\/#primaryimage"},"thumbnailUrl":"https:\/\/www.camara.leg.br\/internet\/deputado\/bandep\/141553.jpg","datePublished":"2023-07-15T15:28:43+00:00","breadcrumb":{"@id":"https:\/\/www.legislapp.com.br\/index.php\/pl-6631-2009\/#breadcrumb"},"inLanguage":"pt-BR","potentialAction":[{"@type":"ReadAction","target":["https:\/\/www.legislapp.com.br\/index.php\/pl-6631-2009\/"]}]},{"@type":"ImageObject","inLanguage":"pt-BR","@id":"https:\/\/www.legislapp.com.br\/index.php\/pl-6631-2009\/#primaryimage","url":"https:\/\/www.camara.leg.br\/internet\/deputado\/bandep\/141553.jpg","contentUrl":"https:\/\/www.camara.leg.br\/internet\/deputado\/bandep\/141553.jpg"},{"@type":"BreadcrumbList","@id":"https:\/\/www.legislapp.com.br\/index.php\/pl-6631-2009\/#breadcrumb","itemListElement":[{"@type":"ListItem","position":1,"name":"In\u00edcio","item":"https:\/\/www.legislapp.com.br\/"},{"@type":"ListItem","position":2,"name":"PL 6631\/2009"}]},{"@type":"WebSite","@id":"https:\/\/www.legislapp.com.br\/#website","url":"https:\/\/www.legislapp.com.br\/","name":"Legislapp","description":"Intelig\u00eancia governamental em tempo real","publisher":{"@id":"https:\/\/www.legislapp.com.br\/#organization"},"potentialAction":[{"@type":"SearchAction","target":{"@type":"EntryPoint","urlTemplate":"https:\/\/www.legislapp.com.br\/?s={search_term_string}"},"query-input":{"@type":"PropertyValueSpecification","valueRequired":true,"valueName":"search_term_string"}}],"inLanguage":"pt-BR"},{"@type":"Organization","@id":"https:\/\/www.legislapp.com.br\/#organization","name":"Legislapp Monitoramento e Intelig\u00eancia Governamental","url":"https:\/\/www.legislapp.com.br\/","logo":{"@type":"ImageObject","inLanguage":"pt-BR","@id":"https:\/\/www.legislapp.com.br\/#\/schema\/logo\/image\/","url":"https:\/\/www.legislapp.com.br\/wp-content\/uploads\/icon.png","contentUrl":"https:\/\/www.legislapp.com.br\/wp-content\/uploads\/icon.png","width":1024,"height":1024,"caption":"Legislapp Monitoramento e Intelig\u00eancia Governamental"},"image":{"@id":"https:\/\/www.legislapp.com.br\/#\/schema\/logo\/image\/"},"sameAs":["https:\/\/www.instagram.com\/legislapp\/"]}]}},"_links":{"self":[{"href":"https:\/\/www.legislapp.com.br\/index.php\/wp-json\/wp\/v2\/pages\/2580","targetHints":{"allow":["GET"]}}],"collection":[{"href":"https:\/\/www.legislapp.com.br\/index.php\/wp-json\/wp\/v2\/pages"}],"about":[{"href":"https:\/\/www.legislapp.com.br\/index.php\/wp-json\/wp\/v2\/types\/page"}],"author":[{"embeddable":true,"href":"https:\/\/www.legislapp.com.br\/index.php\/wp-json\/wp\/v2\/users\/1"}],"replies":[{"embeddable":true,"href":"https:\/\/www.legislapp.com.br\/index.php\/wp-json\/wp\/v2\/comments?post=2580"}],"version-history":[{"count":0,"href":"https:\/\/www.legislapp.com.br\/index.php\/wp-json\/wp\/v2\/pages\/2580\/revisions"}],"wp:attachment":[{"href":"https:\/\/www.legislapp.com.br\/index.php\/wp-json\/wp\/v2\/media?parent=2580"}],"curies":[{"name":"wp","href":"https:\/\/api.w.org\/{rel}","templated":true}]}}

<h1 style='text-align: center;'>Câmara &#8211; Autoria de VANDERLEI MACRIS<br /><img src='https://www.camara.leg.br/internet/deputado/bandep/141553.jpg' alt='VANDERLEI MACRIS' /></h3>
<p></p>
<article>Acrescenta alínea ao inciso II do art. 8º da Lei nº 9.250, de 26 de dezembro de 1995, para incluir as despesas veterinárias nas deduções da base de cálculo do imposto de renda das pessoas físicas.</article>
<p><a href='https://app.legislapp.com.br/#/busca?termo=Alteração'>Alteração</a>, <a href='https://app.legislapp.com.br/#/busca?termo=Legislação Tributária Federal'>Legislação Tributária Federal</a>, <a href='https://app.legislapp.com.br/#/busca?termo='></a>, <a href='https://app.legislapp.com.br/#/busca?termo=dedução'>dedução</a>, <a href='https://app.legislapp.com.br/#/busca?termo=base de cálculo'>base de cálculo</a>, <a href='https://app.legislapp.com.br/#/busca?termo=Imposto sobre a Renda da Pessoa Física (IRPF)'>Imposto sobre a Renda da Pessoa Física (IRPF)</a>, <a href='https://app.legislapp.com.br/#/busca?termo=despesa'>despesa</a>, <a href='https://app.legislapp.com.br/#/busca?termo=veterinário'>veterinário</a>, <a href='https://app.legislapp.com.br/#/busca?termo=tributação'>tributação</a>, <a href='https://app.legislapp.com.br/#/busca?termo=benefício fiscal..'>benefício fiscal..</a></p>
<div style="text-align: center">
      <img decoding="async" style="width: 14%;" src="https://legislapp.com.br/wp-content/uploads/2021/07/Logo-Legislapp-1-03-1.png"><br />
      </p>
<div style="margin-bottom: 20px;" class="et_pb_button_module_wrapper et_pb_button_5_tb_body_wrapper et_pb_button_alignment_center et_pb_module ">
         <a class="et_pb_button et_pb_button_5_tb_body et_hover_enabled et_pb_bg_layout_dark" style="width: 50%;background-color: black;" href="https://app.legislapp.com.br" target="_blank" rel="noopener">Visualizar completo na nossa plataforma (30 dias grátis)</a></p></div>
<p>      <a href="https://play.google.com/store/apps/details?id=br.com.legislapp"><img decoding="async" style="width: 15%; min-width: 130px;" src="https://legislapp.com.br/wp-content/uploads/google-play.png"></a><br />
      <a href="https://apps.apple.com/us/app/legislapp/id1568929859"><img decoding="async" style="width: 15%; min-width: 130px" src="https://legislapp.com.br/wp-content/uploads/apple-store.png"></a>
   </div>

<p>Câmara &#8211; Autoria de VANDERLEI MACRIS Acrescenta alínea ao inciso II do art. 8º da Lei nº 9.250, de 26 de dezembro de 1995, para incluir as despesas veterinárias nas deduções da base de cálculo do imposto de renda das pessoas físicas. Alteração, Legislação Tributária Federal, , dedução, base de cálculo, Imposto sobre a Renda [&hellip;]</p>

<!-- This site is optimized with the Yoast SEO plugin v24.4 - https://yoast.com/wordpress/plugins/seo/ -->
<title>PL 6631/2009 - Legislapp</title>
<meta name="robots" content="index, follow, max-snippet:-1, max-image-preview:large, max-video-preview:-1" />
<link rel="canonical" href="https://www.legislapp.com.br/index.php/pl-6631-2009/" />
<meta property="og:locale" content="pt_BR" />
<meta property="og:type" content="article" />
<meta property="og:title" content="PL 6631/2009 - Legislapp" />
<meta property="og:description" content="Câmara &#8211; Autoria de VANDERLEI MACRIS Acrescenta alínea ao inciso II do art. 8º da Lei nº 9.250, de 26 de dezembro de 1995, para incluir as despesas veterinárias nas deduções da base de cálculo do imposto de renda das pessoas físicas. Alteração, Legislação Tributária Federal, , dedução, base de cálculo, Imposto sobre a Renda [&hellip;]" />
<meta property="og:url" content="https://www.legislapp.com.br/index.php/pl-6631-2009/" />
<meta property="og:site_name" content="Legislapp" />
<meta property="article:publisher" content="https://www.instagram.com/legislapp/" />
<meta property="og:image" content="https://www.camara.leg.br/internet/deputado/bandep/141553.jpg" />
<meta name="twitter:card" content="summary_large_image" />
<script type="application/ld+json" class="yoast-schema-graph">{"@context":"https://schema.org","@graph":[{"@type":"WebPage","@id":"https://www.legislapp.com.br/index.php/pl-6631-2009/","url":"https://www.legislapp.com.br/index.php/pl-6631-2009/","name":"PL 6631/2009 - Legislapp","isPartOf":{"@id":"https://www.legislapp.com.br/#website"},"primaryImageOfPage":{"@id":"https://www.legislapp.com.br/index.php/pl-6631-2009/#primaryimage"},"image":{"@id":"https://www.legislapp.com.br/index.php/pl-6631-2009/#primaryimage"},"thumbnailUrl":"https://www.camara.leg.br/internet/deputado/bandep/141553.jpg","datePublished":"2023-07-15T15:28:43+00:00","breadcrumb":{"@id":"https://www.legislapp.com.br/index.php/pl-6631-2009/#breadcrumb"},"inLanguage":"pt-BR","potentialAction":[{"@type":"ReadAction","target":["https://www.legislapp.com.br/index.php/pl-6631-2009/"]}]},{"@type":"ImageObject","inLanguage":"pt-BR","@id":"https://www.legislapp.com.br/index.php/pl-6631-2009/#primaryimage","url":"https://www.camara.leg.br/internet/deputado/bandep/141553.jpg","contentUrl":"https://www.camara.leg.br/internet/deputado/bandep/141553.jpg"},{"@type":"BreadcrumbList","@id":"https://www.legislapp.com.br/index.php/pl-6631-2009/#breadcrumb","itemListElement":[{"@type":"ListItem","position":1,"name":"Início","item":"https://www.legislapp.com.br/"},{"@type":"ListItem","position":2,"name":"PL 6631/2009"}]},{"@type":"WebSite","@id":"https://www.legislapp.com.br/#website","url":"https://www.legislapp.com.br/","name":"Legislapp","description":"Inteligência governamental em tempo real","publisher":{"@id":"https://www.legislapp.com.br/#organization"},"potentialAction":[{"@type":"SearchAction","target":{"@type":"EntryPoint","urlTemplate":"https://www.legislapp.com.br/?s={search_term_string}"},"query-input":{"@type":"PropertyValueSpecification","valueRequired":true,"valueName":"search_term_string"}}],"inLanguage":"pt-BR"},{"@type":"Organization","@id":"https://www.legislapp.com.br/#organization","name":"Legislapp Monitoramento e Inteligência Governamental","url":"https://www.legislapp.com.br/","logo":{"@type":"ImageObject","inLanguage":"pt-BR","@id":"https://www.legislapp.com.br/#/schema/logo/image/","url":"https://www.legislapp.com.br/wp-content/uploads/icon.png","contentUrl":"https://www.legislapp.com.br/wp-content/uploads/icon.png","width":1024,"height":1024,"caption":"Legislapp Monitoramento e Inteligência Governamental"},"image":{"@id":"https://www.legislapp.com.br/#/schema/logo/image/"},"sameAs":["https://www.instagram.com/legislapp/"]}]}</script>
<!-- / Yoast SEO plugin. -->

Câmara &#8211; Autoria de VANDERLEI MACRIS Acrescenta alínea ao inciso II do art. 8º da Lei nº 9.250, de 26 de dezembro de 1995, para incluir as despesas veterinárias nas deduções da base de cálculo do imposto de renda das pessoas físicas. Alteração, Legislação Tributária Federal, , dedução, base de cálculo, Imposto sobre a Renda [&hellip;]

Início

Inteligência governamental em tempo real

Legislapp Monitoramento e Inteligência Governamental
