{"id":2646,"date":"2023-07-15T12:31:06","date_gmt":"2023-07-15T15:31:06","guid":{"rendered":"https:\/\/www.legislapp.com.br\/index.php\/pl-4188-2021\/"},"modified":"2023-07-15T12:31:06","modified_gmt":"2023-07-15T15:31:06","slug":"pl-4188-2021","status":"publish","type":"page","link":"https:\/\/www.legislapp.com.br\/index.php\/pl-4188-2021\/","title":{"rendered":"PL 4188\/2021"},"content":{"rendered":"<h1 style='text-align: center;'>C\u00e2mara &#8211; Autoria de Poder Executivo<\/h3>\n<p><\/p>\n<article>Disp\u00f5e sobre o servi\u00e7o de gest\u00e3o especializada de garantias, o aprimoramento das regras de garantias, o resgate antecipado de Letra Financeira, a transfer\u00eancia de valores das contas \u00fanicas e espec\u00edficas do Fundo de Manuten\u00e7\u00e3o e Desenvolvimento da Educa\u00e7\u00e3o B\u00e1sica e de Valoriza\u00e7\u00e3o dos Profissionais da Educa\u00e7\u00e3o, a exclus\u00e3o do monop\u00f3lio da Caixa Econ\u00f4mica Federal em rela\u00e7\u00e3o aos penhores civis, a altera\u00e7\u00e3o da composi\u00e7\u00e3o do Conselho Nacional de Seguros Privados, e altera a Lei n\u00ba 9.514, de 20 de novembro de 1997, a Lei n\u00ba 8.009, de 29 de mar\u00e7o de 1990, a Lei n\u00ba 10.406, de 10 de janeiro de 2002 &#8211; C\u00f3digo Civil, a Lei n\u00ba 13.476, de 28 de agosto de 2017, a Lei n\u00ba 6.015, de 31 de dezembro de 1973, a Lei n\u00ba 13.097, de 19 de janeiro de 2015, a Lei n\u00ba 12.249, de 11 de junho de 2010, e a Lei n\u00ba 14.113, de 25 de dezembro de 2020.<\/p>\n<p>NOVA EMENTA: Disp\u00f5e sobre o servi\u00e7o de gest\u00e3o especializada de garantias, o aprimoramento das regras de garantias, o procedimento de busca e apreens\u00e3o extrajudicial de bens m\u00f3veis em caso de inadimplemento de contrato de aliena\u00e7\u00e3o fiduci\u00e1ria, a possibilidade de onera\u00e7\u00e3o e de uso de direitos miner\u00e1rios como garantia, o resgate antecipado de Letra Financeira, a transfer\u00eancia de recursos no \u00e2mbito do Fundo de Manuten\u00e7\u00e3o e Desenvolvimento da Educa\u00e7\u00e3o B\u00e1sica e de Valoriza\u00e7\u00e3o dos Profissionais da Educa\u00e7\u00e3o (Fundeb), a exclus\u00e3o do monop\u00f3lio da Caixa Econ\u00f4mica Federal em rela\u00e7\u00e3o aos penhores civis, a altera\u00e7\u00e3o da al\u00edquota do imposto de renda sobre rendimentos de investidores residentes ou domiciliados no exterior produzidos por determinados t\u00edtulos e valores mobili\u00e1rios, a altera\u00e7\u00e3o da composi\u00e7\u00e3o do Conselho Nacional de Seguros Privados; altera as Leis n\u00bas 9.514, de 20 de novembro de 1997, 8.009, de 29 de mar\u00e7o de 1990, 10.406, de 10 de janeiro de 2002 (C\u00f3digo Civil), 13.476, de 28 de agosto de 2017, 6.015, de 31 de dezembro de 1973 (Lei de Registros P\u00fablicos), 13.097, de 19 de janeiro de 2015, 12.249, de 11 de junho de 2010, 14.113, de 25 de dezembro de 2020, 11.312, de 27 de junho de 2006, e o Decreto-Lei n\u00ba 911, de 1\u00ba de outubro de 1969; e revoga dispositivos dos Decretos-Lei n\u00bas 70, de 21 de novembro de 1966, 73, de 21 de novembro de 1966, e 759, de 12 de agosto de 1969.<\/article>\n<p><a href='https:\/\/app.legislapp.com.br\/#\/busca?termo=Marco regulat\u00f3rio'>Marco regulat\u00f3rio<\/a>, <a href='https:\/\/app.legislapp.com.br\/#\/busca?termo=garantia'>garantia<\/a>, <a href='https:\/\/app.legislapp.com.br\/#\/busca?termo=cr\u00e9dito'>cr\u00e9dito<\/a>, <a href='https:\/\/app.legislapp.com.br\/#\/busca?termo=redu\u00e7\u00e3o'>redu\u00e7\u00e3o<\/a>, <a href='https:\/\/app.legislapp.com.br\/#\/busca?termo=custo'>custo<\/a>, <a href='https:\/\/app.legislapp.com.br\/#\/busca?termo=financiamento. _Cria\u00e7\u00e3o'>financiamento. _Cria\u00e7\u00e3o<\/a>, <a href='https:\/\/app.legislapp.com.br\/#\/busca?termo=servi\u00e7o de gest\u00e3o especializada de garantias'>servi\u00e7o de gest\u00e3o especializada de garantias<\/a>, <a href='https:\/\/app.legislapp.com.br\/#\/busca?termo=opera\u00e7\u00e3o de cr\u00e9dito'>opera\u00e7\u00e3o de cr\u00e9dito<\/a>, <a href='https:\/\/app.legislapp.com.br\/#\/busca?termo=Institui\u00e7\u00e3o Gestora de Garantia (IGG). _Altera\u00e7\u00e3o'>Institui\u00e7\u00e3o Gestora de Garantia (IGG). _Altera\u00e7\u00e3o<\/a>, <a href='https:\/\/app.legislapp.com.br\/#\/busca?termo=Lei do Sistema de Financiamento Imobili\u00e1rio'>Lei do Sistema de Financiamento Imobili\u00e1rio<\/a>, <a href='https:\/\/app.legislapp.com.br\/#\/busca?termo=aliena\u00e7\u00e3o fiduci\u00e1ria'>aliena\u00e7\u00e3o fiduci\u00e1ria<\/a>, <a href='https:\/\/app.legislapp.com.br\/#\/busca?termo=bens im\u00f3veis'>bens im\u00f3veis<\/a>, <a href='https:\/\/app.legislapp.com.br\/#\/busca?termo=execu\u00e7\u00e3o extrajudicial'>execu\u00e7\u00e3o extrajudicial<\/a>, <a href='https:\/\/app.legislapp.com.br\/#\/busca?termo=cr\u00e9dito garantido por hipoteca. _Altera\u00e7\u00e3o'>cr\u00e9dito garantido por hipoteca. _Altera\u00e7\u00e3o<\/a>, <a href='https:\/\/app.legislapp.com.br\/#\/busca?termo=Lei do Bem de Fam\u00edlia'>Lei do Bem de Fam\u00edlia<\/a>, <a href='https:\/\/app.legislapp.com.br\/#\/busca?termo=exce\u00e7\u00e3o'>exce\u00e7\u00e3o<\/a>, <a href='https:\/\/app.legislapp.com.br\/#\/busca?termo=impenhorabilidade. _Altera\u00e7\u00e3o'>impenhorabilidade. _Altera\u00e7\u00e3o<\/a>, <a href='https:\/\/app.legislapp.com.br\/#\/busca?termo=C\u00f3digo Civil'>C\u00f3digo Civil<\/a>, <a href='https:\/\/app.legislapp.com.br\/#\/busca?termo=agente de garantia'>agente de garantia<\/a>, <a href='https:\/\/app.legislapp.com.br\/#\/busca?termo=hipoteca. _Altera\u00e7\u00e3o'>hipoteca. _Altera\u00e7\u00e3o<\/a>, <a href='https:\/\/app.legislapp.com.br\/#\/busca?termo=Lei dos Registros P\u00fablicos'>Lei dos Registros P\u00fablicos<\/a>, <a href='https:\/\/app.legislapp.com.br\/#\/busca?termo=registro de im\u00f3vel'>registro de im\u00f3vel<\/a>, <a href='https:\/\/app.legislapp.com.br\/#\/busca?termo=averba\u00e7\u00e3o'>averba\u00e7\u00e3o<\/a>, <a href='https:\/\/app.legislapp.com.br\/#\/busca?termo=garantia.  _Altera\u00e7\u00e3o'>garantia.  _Altera\u00e7\u00e3o<\/a>, <a href='https:\/\/app.legislapp.com.br\/#\/busca?termo=lei federal'>lei federal<\/a>, <a href='https:\/\/app.legislapp.com.br\/#\/busca?termo=crit\u00e9rio'>crit\u00e9rio<\/a>, <a href='https:\/\/app.legislapp.com.br\/#\/busca?termo=antecipa\u00e7\u00e3o'>antecipa\u00e7\u00e3o<\/a>, <a href='https:\/\/app.legislapp.com.br\/#\/busca?termo=resgate'>resgate<\/a>, <a href='https:\/\/app.legislapp.com.br\/#\/busca?termo=Letra Financeira (LF). _Altera\u00e7\u00e3o'>Letra Financeira (LF). _Altera\u00e7\u00e3o<\/a>, <a href='https:\/\/app.legislapp.com.br\/#\/busca?termo=Lei do Fundo de Manuten\u00e7\u00e3o e Desenvolvimento da Educa\u00e7\u00e3o B\u00e1sica e de Valoriza\u00e7\u00e3o dos Profissionais da Educa\u00e7\u00e3o'>Lei do Fundo de Manuten\u00e7\u00e3o e Desenvolvimento da Educa\u00e7\u00e3o B\u00e1sica e de Valoriza\u00e7\u00e3o dos Profissionais da Educa\u00e7\u00e3o<\/a>, <a href='https:\/\/app.legislapp.com.br\/#\/busca?termo=crit\u00e9rio'>crit\u00e9rio<\/a>, <a href='https:\/\/app.legislapp.com.br\/#\/busca?termo=autoriza\u00e7\u00e3o'>autoriza\u00e7\u00e3o<\/a>, <a href='https:\/\/app.legislapp.com.br\/#\/busca?termo=transfer\u00eancia'>transfer\u00eancia<\/a>, <a href='https:\/\/app.legislapp.com.br\/#\/busca?termo=Institui\u00e7\u00e3o financeira'>Institui\u00e7\u00e3o financeira<\/a>, <a href='https:\/\/app.legislapp.com.br\/#\/busca?termo=recursos'>recursos<\/a>, <a href='https:\/\/app.legislapp.com.br\/#\/busca?termo=Fundo de Manuten\u00e7\u00e3o e Desenvolvimento da Educa\u00e7\u00e3o B\u00e1sica e de Valoriza\u00e7\u00e3o dos Profissionais da Educa\u00e7\u00e3o (Fundeb). _Exclus\u00e3o'>Fundo de Manuten\u00e7\u00e3o e Desenvolvimento da Educa\u00e7\u00e3o B\u00e1sica e de Valoriza\u00e7\u00e3o dos Profissionais da Educa\u00e7\u00e3o (Fundeb). _Exclus\u00e3o<\/a>, <a href='https:\/\/app.legislapp.com.br\/#\/busca?termo=monop\u00f3lio'>monop\u00f3lio<\/a>, <a href='https:\/\/app.legislapp.com.br\/#\/busca?termo=Caixa Econ\u00f4mica Federal (CEF)'>Caixa Econ\u00f4mica Federal (CEF)<\/a>, <a href='https:\/\/app.legislapp.com.br\/#\/busca?termo=penhor. _Altera\u00e7\u00e3o'>penhor. _Altera\u00e7\u00e3o<\/a>, <a href='https:\/\/app.legislapp.com.br\/#\/busca?termo=composi\u00e7\u00e3o'>composi\u00e7\u00e3o<\/a>, <a href='https:\/\/app.legislapp.com.br\/#\/busca?termo=Conselho Nacional de Seguros Privados (CNSP).'>Conselho Nacional de Seguros Privados (CNSP).<\/a><\/p>\n<div style=\"text-align: center\">\n      <img decoding=\"async\" style=\"width: 14%;\" src=\"https:\/\/legislapp.com.br\/wp-content\/uploads\/2021\/07\/Logo-Legislapp-1-03-1.png\"><br \/>\n      <\/p>\n<div style=\"margin-bottom: 20px;\" class=\"et_pb_button_module_wrapper et_pb_button_5_tb_body_wrapper et_pb_button_alignment_center et_pb_module \">\n         <a class=\"et_pb_button et_pb_button_5_tb_body et_hover_enabled et_pb_bg_layout_dark\" style=\"width: 50%;background-color: black;\" href=\"https:\/\/app.legislapp.com.br\" target=\"_blank\" rel=\"noopener\">Visualizar completo na nossa plataforma (30 dias gr\u00e1tis)<\/a><\/p><\/div>\n<p>      <a href=\"https:\/\/play.google.com\/store\/apps\/details?id=br.com.legislapp\"><img decoding=\"async\" style=\"width: 15%; min-width: 130px;\" src=\"https:\/\/legislapp.com.br\/wp-content\/uploads\/google-play.png\"><\/a><br \/>\n      <a href=\"https:\/\/apps.apple.com\/us\/app\/legislapp\/id1568929859\"><img decoding=\"async\" style=\"width: 15%; min-width: 130px\" src=\"https:\/\/legislapp.com.br\/wp-content\/uploads\/apple-store.png\"><\/a>\n   <\/div>\n","protected":false},"excerpt":{"rendered":"<p>C\u00e2mara &#8211; Autoria de Poder Executivo Disp\u00f5e sobre o servi\u00e7o de gest\u00e3o especializada de garantias, o aprimoramento das regras de garantias, o resgate antecipado de Letra Financeira, a transfer\u00eancia de valores das contas \u00fanicas e espec\u00edficas do Fundo de Manuten\u00e7\u00e3o e Desenvolvimento da Educa\u00e7\u00e3o B\u00e1sica e de Valoriza\u00e7\u00e3o dos Profissionais da Educa\u00e7\u00e3o, a exclus\u00e3o do [&hellip;]<\/p>\n","protected":false},"author":1,"featured_media":0,"parent":0,"menu_order":0,"comment_status":"closed","ping_status":"closed","template":"page-template-blank.php","meta":{"_et_pb_use_builder":"","_et_pb_old_content":"","_et_gb_content_width":"1080","ngg_post_thumbnail":0,"footnotes":""},"class_list":["post-2646","page","type-page","status-publish","hentry"],"yoast_head":"<!-- This site is optimized with the Yoast SEO plugin v24.4 - https:\/\/yoast.com\/wordpress\/plugins\/seo\/ -->\n<title>PL 4188\/2021 - Legislapp<\/title>\n<meta name=\"robots\" content=\"index, follow, max-snippet:-1, max-image-preview:large, max-video-preview:-1\" \/>\n<link rel=\"canonical\" href=\"https:\/\/www.legislapp.com.br\/index.php\/pl-4188-2021\/\" \/>\n<meta property=\"og:locale\" content=\"pt_BR\" \/>\n<meta property=\"og:type\" content=\"article\" \/>\n<meta property=\"og:title\" content=\"PL 4188\/2021 - Legislapp\" \/>\n<meta property=\"og:description\" content=\"C\u00e2mara &#8211; Autoria de Poder Executivo Disp\u00f5e sobre o servi\u00e7o de gest\u00e3o especializada de garantias, o aprimoramento das regras de garantias, o resgate antecipado de Letra Financeira, a transfer\u00eancia de valores das contas \u00fanicas e espec\u00edficas do Fundo de Manuten\u00e7\u00e3o e Desenvolvimento da Educa\u00e7\u00e3o B\u00e1sica e de Valoriza\u00e7\u00e3o dos Profissionais da Educa\u00e7\u00e3o, a exclus\u00e3o do [&hellip;]\" \/>\n<meta property=\"og:url\" content=\"https:\/\/www.legislapp.com.br\/index.php\/pl-4188-2021\/\" \/>\n<meta property=\"og:site_name\" content=\"Legislapp\" \/>\n<meta property=\"article:publisher\" content=\"https:\/\/www.instagram.com\/legislapp\/\" \/>\n<meta property=\"og:image\" content=\"https:\/\/legislapp.com.br\/wp-content\/uploads\/2021\/07\/Logo-Legislapp-1-03-1.png\" \/>\n<meta name=\"twitter:card\" content=\"summary_large_image\" \/>\n<meta name=\"twitter:label1\" content=\"Est. tempo de leitura\" \/>\n\t<meta name=\"twitter:data1\" content=\"3 minutos\" \/>\n<script type=\"application\/ld+json\" class=\"yoast-schema-graph\">{\"@context\":\"https:\/\/schema.org\",\"@graph\":[{\"@type\":\"WebPage\",\"@id\":\"https:\/\/www.legislapp.com.br\/index.php\/pl-4188-2021\/\",\"url\":\"https:\/\/www.legislapp.com.br\/index.php\/pl-4188-2021\/\",\"name\":\"PL 4188\/2021 - Legislapp\",\"isPartOf\":{\"@id\":\"https:\/\/www.legislapp.com.br\/#website\"},\"primaryImageOfPage\":{\"@id\":\"https:\/\/www.legislapp.com.br\/index.php\/pl-4188-2021\/#primaryimage\"},\"image\":{\"@id\":\"https:\/\/www.legislapp.com.br\/index.php\/pl-4188-2021\/#primaryimage\"},\"thumbnailUrl\":\"https:\/\/legislapp.com.br\/wp-content\/uploads\/2021\/07\/Logo-Legislapp-1-03-1.png\",\"datePublished\":\"2023-07-15T15:31:06+00:00\",\"breadcrumb\":{\"@id\":\"https:\/\/www.legislapp.com.br\/index.php\/pl-4188-2021\/#breadcrumb\"},\"inLanguage\":\"pt-BR\",\"potentialAction\":[{\"@type\":\"ReadAction\",\"target\":[\"https:\/\/www.legislapp.com.br\/index.php\/pl-4188-2021\/\"]}]},{\"@type\":\"ImageObject\",\"inLanguage\":\"pt-BR\",\"@id\":\"https:\/\/www.legislapp.com.br\/index.php\/pl-4188-2021\/#primaryimage\",\"url\":\"https:\/\/legislapp.com.br\/wp-content\/uploads\/2021\/07\/Logo-Legislapp-1-03-1.png\",\"contentUrl\":\"https:\/\/legislapp.com.br\/wp-content\/uploads\/2021\/07\/Logo-Legislapp-1-03-1.png\"},{\"@type\":\"BreadcrumbList\",\"@id\":\"https:\/\/www.legislapp.com.br\/index.php\/pl-4188-2021\/#breadcrumb\",\"itemListElement\":[{\"@type\":\"ListItem\",\"position\":1,\"name\":\"In\u00edcio\",\"item\":\"https:\/\/www.legislapp.com.br\/\"},{\"@type\":\"ListItem\",\"position\":2,\"name\":\"PL 4188\/2021\"}]},{\"@type\":\"WebSite\",\"@id\":\"https:\/\/www.legislapp.com.br\/#website\",\"url\":\"https:\/\/www.legislapp.com.br\/\",\"name\":\"Legislapp\",\"description\":\"Intelig\u00eancia governamental em tempo real\",\"publisher\":{\"@id\":\"https:\/\/www.legislapp.com.br\/#organization\"},\"potentialAction\":[{\"@type\":\"SearchAction\",\"target\":{\"@type\":\"EntryPoint\",\"urlTemplate\":\"https:\/\/www.legislapp.com.br\/?s={search_term_string}\"},\"query-input\":{\"@type\":\"PropertyValueSpecification\",\"valueRequired\":true,\"valueName\":\"search_term_string\"}}],\"inLanguage\":\"pt-BR\"},{\"@type\":\"Organization\",\"@id\":\"https:\/\/www.legislapp.com.br\/#organization\",\"name\":\"Legislapp Monitoramento e Intelig\u00eancia Governamental\",\"url\":\"https:\/\/www.legislapp.com.br\/\",\"logo\":{\"@type\":\"ImageObject\",\"inLanguage\":\"pt-BR\",\"@id\":\"https:\/\/www.legislapp.com.br\/#\/schema\/logo\/image\/\",\"url\":\"https:\/\/www.legislapp.com.br\/wp-content\/uploads\/icon.png\",\"contentUrl\":\"https:\/\/www.legislapp.com.br\/wp-content\/uploads\/icon.png\",\"width\":1024,\"height\":1024,\"caption\":\"Legislapp Monitoramento e Intelig\u00eancia Governamental\"},\"image\":{\"@id\":\"https:\/\/www.legislapp.com.br\/#\/schema\/logo\/image\/\"},\"sameAs\":[\"https:\/\/www.instagram.com\/legislapp\/\"]}]}<\/script>\n<!-- \/ Yoast SEO plugin. -->","yoast_head_json":{"title":"PL 4188\/2021 - Legislapp","robots":{"index":"index","follow":"follow","max-snippet":"max-snippet:-1","max-image-preview":"max-image-preview:large","max-video-preview":"max-video-preview:-1"},"canonical":"https:\/\/www.legislapp.com.br\/index.php\/pl-4188-2021\/","og_locale":"pt_BR","og_type":"article","og_title":"PL 4188\/2021 - Legislapp","og_description":"C\u00e2mara &#8211; Autoria de Poder Executivo Disp\u00f5e sobre o servi\u00e7o de gest\u00e3o especializada de garantias, o aprimoramento das regras de garantias, o resgate antecipado de Letra Financeira, a transfer\u00eancia de valores das contas \u00fanicas e espec\u00edficas do Fundo de Manuten\u00e7\u00e3o e Desenvolvimento da Educa\u00e7\u00e3o B\u00e1sica e de Valoriza\u00e7\u00e3o dos Profissionais da Educa\u00e7\u00e3o, a exclus\u00e3o do [&hellip;]","og_url":"https:\/\/www.legislapp.com.br\/index.php\/pl-4188-2021\/","og_site_name":"Legislapp","article_publisher":"https:\/\/www.instagram.com\/legislapp\/","og_image":[{"url":"https:\/\/legislapp.com.br\/wp-content\/uploads\/2021\/07\/Logo-Legislapp-1-03-1.png","type":"","width":"","height":""}],"twitter_card":"summary_large_image","twitter_misc":{"Est. tempo de leitura":"3 minutos"},"schema":{"@context":"https:\/\/schema.org","@graph":[{"@type":"WebPage","@id":"https:\/\/www.legislapp.com.br\/index.php\/pl-4188-2021\/","url":"https:\/\/www.legislapp.com.br\/index.php\/pl-4188-2021\/","name":"PL 4188\/2021 - Legislapp","isPartOf":{"@id":"https:\/\/www.legislapp.com.br\/#website"},"primaryImageOfPage":{"@id":"https:\/\/www.legislapp.com.br\/index.php\/pl-4188-2021\/#primaryimage"},"image":{"@id":"https:\/\/www.legislapp.com.br\/index.php\/pl-4188-2021\/#primaryimage"},"thumbnailUrl":"https:\/\/legislapp.com.br\/wp-content\/uploads\/2021\/07\/Logo-Legislapp-1-03-1.png","datePublished":"2023-07-15T15:31:06+00:00","breadcrumb":{"@id":"https:\/\/www.legislapp.com.br\/index.php\/pl-4188-2021\/#breadcrumb"},"inLanguage":"pt-BR","potentialAction":[{"@type":"ReadAction","target":["https:\/\/www.legislapp.com.br\/index.php\/pl-4188-2021\/"]}]},{"@type":"ImageObject","inLanguage":"pt-BR","@id":"https:\/\/www.legislapp.com.br\/index.php\/pl-4188-2021\/#primaryimage","url":"https:\/\/legislapp.com.br\/wp-content\/uploads\/2021\/07\/Logo-Legislapp-1-03-1.png","contentUrl":"https:\/\/legislapp.com.br\/wp-content\/uploads\/2021\/07\/Logo-Legislapp-1-03-1.png"},{"@type":"BreadcrumbList","@id":"https:\/\/www.legislapp.com.br\/index.php\/pl-4188-2021\/#breadcrumb","itemListElement":[{"@type":"ListItem","position":1,"name":"In\u00edcio","item":"https:\/\/www.legislapp.com.br\/"},{"@type":"ListItem","position":2,"name":"PL 4188\/2021"}]},{"@type":"WebSite","@id":"https:\/\/www.legislapp.com.br\/#website","url":"https:\/\/www.legislapp.com.br\/","name":"Legislapp","description":"Intelig\u00eancia governamental em tempo real","publisher":{"@id":"https:\/\/www.legislapp.com.br\/#organization"},"potentialAction":[{"@type":"SearchAction","target":{"@type":"EntryPoint","urlTemplate":"https:\/\/www.legislapp.com.br\/?s={search_term_string}"},"query-input":{"@type":"PropertyValueSpecification","valueRequired":true,"valueName":"search_term_string"}}],"inLanguage":"pt-BR"},{"@type":"Organization","@id":"https:\/\/www.legislapp.com.br\/#organization","name":"Legislapp Monitoramento e Intelig\u00eancia Governamental","url":"https:\/\/www.legislapp.com.br\/","logo":{"@type":"ImageObject","inLanguage":"pt-BR","@id":"https:\/\/www.legislapp.com.br\/#\/schema\/logo\/image\/","url":"https:\/\/www.legislapp.com.br\/wp-content\/uploads\/icon.png","contentUrl":"https:\/\/www.legislapp.com.br\/wp-content\/uploads\/icon.png","width":1024,"height":1024,"caption":"Legislapp Monitoramento e Intelig\u00eancia Governamental"},"image":{"@id":"https:\/\/www.legislapp.com.br\/#\/schema\/logo\/image\/"},"sameAs":["https:\/\/www.instagram.com\/legislapp\/"]}]}},"_links":{"self":[{"href":"https:\/\/www.legislapp.com.br\/index.php\/wp-json\/wp\/v2\/pages\/2646","targetHints":{"allow":["GET"]}}],"collection":[{"href":"https:\/\/www.legislapp.com.br\/index.php\/wp-json\/wp\/v2\/pages"}],"about":[{"href":"https:\/\/www.legislapp.com.br\/index.php\/wp-json\/wp\/v2\/types\/page"}],"author":[{"embeddable":true,"href":"https:\/\/www.legislapp.com.br\/index.php\/wp-json\/wp\/v2\/users\/1"}],"replies":[{"embeddable":true,"href":"https:\/\/www.legislapp.com.br\/index.php\/wp-json\/wp\/v2\/comments?post=2646"}],"version-history":[{"count":0,"href":"https:\/\/www.legislapp.com.br\/index.php\/wp-json\/wp\/v2\/pages\/2646\/revisions"}],"wp:attachment":[{"href":"https:\/\/www.legislapp.com.br\/index.php\/wp-json\/wp\/v2\/media?parent=2646"}],"curies":[{"name":"wp","href":"https:\/\/api.w.org\/{rel}","templated":true}]}}