{"id":2671,"date":"2023-07-15T12:32:02","date_gmt":"2023-07-15T15:32:02","guid":{"rendered":"https:\/\/www.legislapp.com.br\/index.php\/pl-5446-2009\/"},"modified":"2023-07-15T12:32:02","modified_gmt":"2023-07-15T15:32:02","slug":"pl-5446-2009","status":"publish","type":"page","link":"https:\/\/www.legislapp.com.br\/index.php\/pl-5446-2009\/","title":{"rendered":"PL 5446\/2009"},"content":{"rendered":"<h1 style='text-align: center;'>C\u00e2mara &#8211; Autoria de CARLOS ALBERTO ROLIM ZARATTINI<br \/><img src='https:\/\/www.camara.leg.br\/internet\/deputado\/bandep\/141398.jpg' alt='CARLOS ALBERTO ROLIM ZARATTINI' \/><\/h3>\n<p><\/p>\n<article>Disp\u00f5e sobre a contagem do tempo de exerc\u00edcio dos profissionais que exercem atividades em unidades de educa\u00e7\u00e3o infantil como de efetivo exerc\u00edcio do magist\u00e9rio.<\/article>\n<p><a href='https:\/\/app.legislapp.com.br\/#\/busca?termo=Garantia'>Garantia<\/a>, <a href='https:\/\/app.legislapp.com.br\/#\/busca?termo=profissional'>profissional<\/a>, <a href='https:\/\/app.legislapp.com.br\/#\/busca?termo=educa\u00e7\u00e3o infantil'>educa\u00e7\u00e3o infantil<\/a>, <a href='https:\/\/app.legislapp.com.br\/#\/busca?termo=contagem'>contagem<\/a>, <a href='https:\/\/app.legislapp.com.br\/#\/busca?termo=tempo de servi\u00e7o'>tempo de servi\u00e7o<\/a>, <a href='https:\/\/app.legislapp.com.br\/#\/busca?termo=exerc\u00edcio efetivo'>exerc\u00edcio efetivo<\/a>, <a href='https:\/\/app.legislapp.com.br\/#\/busca?termo=magist\u00e9rio'>magist\u00e9rio<\/a>, <a href='https:\/\/app.legislapp.com.br\/#\/busca?termo=inclus\u00e3o'>inclus\u00e3o<\/a>, <a href='https:\/\/app.legislapp.com.br\/#\/busca?termo=dire\u00e7\u00e3o'>dire\u00e7\u00e3o<\/a>, <a href='https:\/\/app.legislapp.com.br\/#\/busca?termo=assessoramento'>assessoramento<\/a>, <a href='https:\/\/app.legislapp.com.br\/#\/busca?termo=coordenador pedag\u00f3gico'>coordenador pedag\u00f3gico<\/a>, <a href='https:\/\/app.legislapp.com.br\/#\/busca?termo=orientador  pedag\u00f3gico'>orientador  pedag\u00f3gico<\/a>, <a href='https:\/\/app.legislapp.com.br\/#\/busca?termo=creche'>creche<\/a>, <a href='https:\/\/app.legislapp.com.br\/#\/busca?termo=pr\u00e9-escola.'>pr\u00e9-escola.<\/a><\/p>\n<div style=\"text-align: center\">\n      <img decoding=\"async\" style=\"width: 14%;\" src=\"https:\/\/legislapp.com.br\/wp-content\/uploads\/2021\/07\/Logo-Legislapp-1-03-1.png\"><br \/>\n      <\/p>\n<div style=\"margin-bottom: 20px;\" class=\"et_pb_button_module_wrapper et_pb_button_5_tb_body_wrapper et_pb_button_alignment_center et_pb_module \">\n         <a class=\"et_pb_button et_pb_button_5_tb_body et_hover_enabled et_pb_bg_layout_dark\" style=\"width: 50%;background-color: black;\" href=\"https:\/\/app.legislapp.com.br\" target=\"_blank\" rel=\"noopener\">Visualizar completo na nossa plataforma (30 dias gr\u00e1tis)<\/a><\/p><\/div>\n<p>      <a href=\"https:\/\/play.google.com\/store\/apps\/details?id=br.com.legislapp\"><img decoding=\"async\" style=\"width: 15%; min-width: 130px;\" src=\"https:\/\/legislapp.com.br\/wp-content\/uploads\/google-play.png\"><\/a><br \/>\n      <a href=\"https:\/\/apps.apple.com\/us\/app\/legislapp\/id1568929859\"><img decoding=\"async\" style=\"width: 15%; min-width: 130px\" src=\"https:\/\/legislapp.com.br\/wp-content\/uploads\/apple-store.png\"><\/a>\n   <\/div>\n","protected":false},"excerpt":{"rendered":"<p>C\u00e2mara &#8211; Autoria de CARLOS ALBERTO ROLIM ZARATTINI Disp\u00f5e sobre a contagem do tempo de exerc\u00edcio dos profissionais que exercem atividades em unidades de educa\u00e7\u00e3o infantil como de efetivo exerc\u00edcio do magist\u00e9rio. Garantia, profissional, educa\u00e7\u00e3o infantil, contagem, tempo de servi\u00e7o, exerc\u00edcio efetivo, magist\u00e9rio, inclus\u00e3o, dire\u00e7\u00e3o, assessoramento, coordenador pedag\u00f3gico, orientador pedag\u00f3gico, creche, pr\u00e9-escola. Visualizar completo na [&hellip;]<\/p>\n","protected":false},"author":1,"featured_media":0,"parent":0,"menu_order":0,"comment_status":"closed","ping_status":"closed","template":"page-template-blank.php","meta":{"_et_pb_use_builder":"","_et_pb_old_content":"","_et_gb_content_width":"1080","ngg_post_thumbnail":0,"footnotes":""},"class_list":["post-2671","page","type-page","status-publish","hentry"],"yoast_head":"<!-- This site is optimized with the Yoast SEO plugin v24.4 - https:\/\/yoast.com\/wordpress\/plugins\/seo\/ -->\n<title>PL 5446\/2009 - Legislapp<\/title>\n<meta name=\"robots\" content=\"index, follow, max-snippet:-1, max-image-preview:large, max-video-preview:-1\" \/>\n<link rel=\"canonical\" href=\"https:\/\/www.legislapp.com.br\/index.php\/pl-5446-2009\/\" \/>\n<meta property=\"og:locale\" content=\"pt_BR\" \/>\n<meta property=\"og:type\" content=\"article\" \/>\n<meta property=\"og:title\" content=\"PL 5446\/2009 - Legislapp\" \/>\n<meta property=\"og:description\" content=\"C\u00e2mara &#8211; Autoria de CARLOS ALBERTO ROLIM ZARATTINI Disp\u00f5e sobre a contagem do tempo de exerc\u00edcio dos profissionais que exercem atividades em unidades de educa\u00e7\u00e3o infantil como de efetivo exerc\u00edcio do magist\u00e9rio. Garantia, profissional, educa\u00e7\u00e3o infantil, contagem, tempo de servi\u00e7o, exerc\u00edcio efetivo, magist\u00e9rio, inclus\u00e3o, dire\u00e7\u00e3o, assessoramento, coordenador pedag\u00f3gico, orientador pedag\u00f3gico, creche, pr\u00e9-escola. Visualizar completo na [&hellip;]\" \/>\n<meta property=\"og:url\" content=\"https:\/\/www.legislapp.com.br\/index.php\/pl-5446-2009\/\" \/>\n<meta property=\"og:site_name\" content=\"Legislapp\" \/>\n<meta property=\"article:publisher\" content=\"https:\/\/www.instagram.com\/legislapp\/\" \/>\n<meta property=\"og:image\" content=\"https:\/\/www.camara.leg.br\/internet\/deputado\/bandep\/141398.jpg\" \/>\n<meta name=\"twitter:card\" content=\"summary_large_image\" \/>\n<script type=\"application\/ld+json\" class=\"yoast-schema-graph\">{\"@context\":\"https:\/\/schema.org\",\"@graph\":[{\"@type\":\"WebPage\",\"@id\":\"https:\/\/www.legislapp.com.br\/index.php\/pl-5446-2009\/\",\"url\":\"https:\/\/www.legislapp.com.br\/index.php\/pl-5446-2009\/\",\"name\":\"PL 5446\/2009 - Legislapp\",\"isPartOf\":{\"@id\":\"https:\/\/www.legislapp.com.br\/#website\"},\"primaryImageOfPage\":{\"@id\":\"https:\/\/www.legislapp.com.br\/index.php\/pl-5446-2009\/#primaryimage\"},\"image\":{\"@id\":\"https:\/\/www.legislapp.com.br\/index.php\/pl-5446-2009\/#primaryimage\"},\"thumbnailUrl\":\"https:\/\/www.camara.leg.br\/internet\/deputado\/bandep\/141398.jpg\",\"datePublished\":\"2023-07-15T15:32:02+00:00\",\"breadcrumb\":{\"@id\":\"https:\/\/www.legislapp.com.br\/index.php\/pl-5446-2009\/#breadcrumb\"},\"inLanguage\":\"pt-BR\",\"potentialAction\":[{\"@type\":\"ReadAction\",\"target\":[\"https:\/\/www.legislapp.com.br\/index.php\/pl-5446-2009\/\"]}]},{\"@type\":\"ImageObject\",\"inLanguage\":\"pt-BR\",\"@id\":\"https:\/\/www.legislapp.com.br\/index.php\/pl-5446-2009\/#primaryimage\",\"url\":\"https:\/\/www.camara.leg.br\/internet\/deputado\/bandep\/141398.jpg\",\"contentUrl\":\"https:\/\/www.camara.leg.br\/internet\/deputado\/bandep\/141398.jpg\"},{\"@type\":\"BreadcrumbList\",\"@id\":\"https:\/\/www.legislapp.com.br\/index.php\/pl-5446-2009\/#breadcrumb\",\"itemListElement\":[{\"@type\":\"ListItem\",\"position\":1,\"name\":\"In\u00edcio\",\"item\":\"https:\/\/www.legislapp.com.br\/\"},{\"@type\":\"ListItem\",\"position\":2,\"name\":\"PL 5446\/2009\"}]},{\"@type\":\"WebSite\",\"@id\":\"https:\/\/www.legislapp.com.br\/#website\",\"url\":\"https:\/\/www.legislapp.com.br\/\",\"name\":\"Legislapp\",\"description\":\"Intelig\u00eancia governamental em tempo real\",\"publisher\":{\"@id\":\"https:\/\/www.legislapp.com.br\/#organization\"},\"potentialAction\":[{\"@type\":\"SearchAction\",\"target\":{\"@type\":\"EntryPoint\",\"urlTemplate\":\"https:\/\/www.legislapp.com.br\/?s={search_term_string}\"},\"query-input\":{\"@type\":\"PropertyValueSpecification\",\"valueRequired\":true,\"valueName\":\"search_term_string\"}}],\"inLanguage\":\"pt-BR\"},{\"@type\":\"Organization\",\"@id\":\"https:\/\/www.legislapp.com.br\/#organization\",\"name\":\"Legislapp Monitoramento e Intelig\u00eancia Governamental\",\"url\":\"https:\/\/www.legislapp.com.br\/\",\"logo\":{\"@type\":\"ImageObject\",\"inLanguage\":\"pt-BR\",\"@id\":\"https:\/\/www.legislapp.com.br\/#\/schema\/logo\/image\/\",\"url\":\"https:\/\/www.legislapp.com.br\/wp-content\/uploads\/icon.png\",\"contentUrl\":\"https:\/\/www.legislapp.com.br\/wp-content\/uploads\/icon.png\",\"width\":1024,\"height\":1024,\"caption\":\"Legislapp Monitoramento e Intelig\u00eancia Governamental\"},\"image\":{\"@id\":\"https:\/\/www.legislapp.com.br\/#\/schema\/logo\/image\/\"},\"sameAs\":[\"https:\/\/www.instagram.com\/legislapp\/\"]}]}<\/script>\n<!-- \/ Yoast SEO plugin. -->","yoast_head_json":{"title":"PL 5446\/2009 - Legislapp","robots":{"index":"index","follow":"follow","max-snippet":"max-snippet:-1","max-image-preview":"max-image-preview:large","max-video-preview":"max-video-preview:-1"},"canonical":"https:\/\/www.legislapp.com.br\/index.php\/pl-5446-2009\/","og_locale":"pt_BR","og_type":"article","og_title":"PL 5446\/2009 - Legislapp","og_description":"C\u00e2mara &#8211; Autoria de CARLOS ALBERTO ROLIM ZARATTINI Disp\u00f5e sobre a contagem do tempo de exerc\u00edcio dos profissionais que exercem atividades em unidades de educa\u00e7\u00e3o infantil como de efetivo exerc\u00edcio do magist\u00e9rio. Garantia, profissional, educa\u00e7\u00e3o infantil, contagem, tempo de servi\u00e7o, exerc\u00edcio efetivo, magist\u00e9rio, inclus\u00e3o, dire\u00e7\u00e3o, assessoramento, coordenador pedag\u00f3gico, orientador pedag\u00f3gico, creche, pr\u00e9-escola. Visualizar completo na [&hellip;]","og_url":"https:\/\/www.legislapp.com.br\/index.php\/pl-5446-2009\/","og_site_name":"Legislapp","article_publisher":"https:\/\/www.instagram.com\/legislapp\/","og_image":[{"url":"https:\/\/www.camara.leg.br\/internet\/deputado\/bandep\/141398.jpg","type":"","width":"","height":""}],"twitter_card":"summary_large_image","schema":{"@context":"https:\/\/schema.org","@graph":[{"@type":"WebPage","@id":"https:\/\/www.legislapp.com.br\/index.php\/pl-5446-2009\/","url":"https:\/\/www.legislapp.com.br\/index.php\/pl-5446-2009\/","name":"PL 5446\/2009 - Legislapp","isPartOf":{"@id":"https:\/\/www.legislapp.com.br\/#website"},"primaryImageOfPage":{"@id":"https:\/\/www.legislapp.com.br\/index.php\/pl-5446-2009\/#primaryimage"},"image":{"@id":"https:\/\/www.legislapp.com.br\/index.php\/pl-5446-2009\/#primaryimage"},"thumbnailUrl":"https:\/\/www.camara.leg.br\/internet\/deputado\/bandep\/141398.jpg","datePublished":"2023-07-15T15:32:02+00:00","breadcrumb":{"@id":"https:\/\/www.legislapp.com.br\/index.php\/pl-5446-2009\/#breadcrumb"},"inLanguage":"pt-BR","potentialAction":[{"@type":"ReadAction","target":["https:\/\/www.legislapp.com.br\/index.php\/pl-5446-2009\/"]}]},{"@type":"ImageObject","inLanguage":"pt-BR","@id":"https:\/\/www.legislapp.com.br\/index.php\/pl-5446-2009\/#primaryimage","url":"https:\/\/www.camara.leg.br\/internet\/deputado\/bandep\/141398.jpg","contentUrl":"https:\/\/www.camara.leg.br\/internet\/deputado\/bandep\/141398.jpg"},{"@type":"BreadcrumbList","@id":"https:\/\/www.legislapp.com.br\/index.php\/pl-5446-2009\/#breadcrumb","itemListElement":[{"@type":"ListItem","position":1,"name":"In\u00edcio","item":"https:\/\/www.legislapp.com.br\/"},{"@type":"ListItem","position":2,"name":"PL 5446\/2009"}]},{"@type":"WebSite","@id":"https:\/\/www.legislapp.com.br\/#website","url":"https:\/\/www.legislapp.com.br\/","name":"Legislapp","description":"Intelig\u00eancia governamental em tempo real","publisher":{"@id":"https:\/\/www.legislapp.com.br\/#organization"},"potentialAction":[{"@type":"SearchAction","target":{"@type":"EntryPoint","urlTemplate":"https:\/\/www.legislapp.com.br\/?s={search_term_string}"},"query-input":{"@type":"PropertyValueSpecification","valueRequired":true,"valueName":"search_term_string"}}],"inLanguage":"pt-BR"},{"@type":"Organization","@id":"https:\/\/www.legislapp.com.br\/#organization","name":"Legislapp Monitoramento e Intelig\u00eancia Governamental","url":"https:\/\/www.legislapp.com.br\/","logo":{"@type":"ImageObject","inLanguage":"pt-BR","@id":"https:\/\/www.legislapp.com.br\/#\/schema\/logo\/image\/","url":"https:\/\/www.legislapp.com.br\/wp-content\/uploads\/icon.png","contentUrl":"https:\/\/www.legislapp.com.br\/wp-content\/uploads\/icon.png","width":1024,"height":1024,"caption":"Legislapp Monitoramento e Intelig\u00eancia Governamental"},"image":{"@id":"https:\/\/www.legislapp.com.br\/#\/schema\/logo\/image\/"},"sameAs":["https:\/\/www.instagram.com\/legislapp\/"]}]}},"_links":{"self":[{"href":"https:\/\/www.legislapp.com.br\/index.php\/wp-json\/wp\/v2\/pages\/2671","targetHints":{"allow":["GET"]}}],"collection":[{"href":"https:\/\/www.legislapp.com.br\/index.php\/wp-json\/wp\/v2\/pages"}],"about":[{"href":"https:\/\/www.legislapp.com.br\/index.php\/wp-json\/wp\/v2\/types\/page"}],"author":[{"embeddable":true,"href":"https:\/\/www.legislapp.com.br\/index.php\/wp-json\/wp\/v2\/users\/1"}],"replies":[{"embeddable":true,"href":"https:\/\/www.legislapp.com.br\/index.php\/wp-json\/wp\/v2\/comments?post=2671"}],"version-history":[{"count":0,"href":"https:\/\/www.legislapp.com.br\/index.php\/wp-json\/wp\/v2\/pages\/2671\/revisions"}],"wp:attachment":[{"href":"https:\/\/www.legislapp.com.br\/index.php\/wp-json\/wp\/v2\/media?parent=2671"}],"curies":[{"name":"wp","href":"https:\/\/api.w.org\/{rel}","templated":true}]}}

<h1 style='text-align: center;'>Câmara &#8211; Autoria de CARLOS ALBERTO ROLIM ZARATTINI<br /><img src='https://www.camara.leg.br/internet/deputado/bandep/141398.jpg' alt='CARLOS ALBERTO ROLIM ZARATTINI' /></h3>
<p></p>
<article>Dispõe sobre a contagem do tempo de exercício dos profissionais que exercem atividades em unidades de educação infantil como de efetivo exercício do magistério.</article>
<p><a href='https://app.legislapp.com.br/#/busca?termo=Garantia'>Garantia</a>, <a href='https://app.legislapp.com.br/#/busca?termo=profissional'>profissional</a>, <a href='https://app.legislapp.com.br/#/busca?termo=educação infantil'>educação infantil</a>, <a href='https://app.legislapp.com.br/#/busca?termo=contagem'>contagem</a>, <a href='https://app.legislapp.com.br/#/busca?termo=tempo de serviço'>tempo de serviço</a>, <a href='https://app.legislapp.com.br/#/busca?termo=exercício efetivo'>exercício efetivo</a>, <a href='https://app.legislapp.com.br/#/busca?termo=magistério'>magistério</a>, <a href='https://app.legislapp.com.br/#/busca?termo=inclusão'>inclusão</a>, <a href='https://app.legislapp.com.br/#/busca?termo=direção'>direção</a>, <a href='https://app.legislapp.com.br/#/busca?termo=assessoramento'>assessoramento</a>, <a href='https://app.legislapp.com.br/#/busca?termo=coordenador pedagógico'>coordenador pedagógico</a>, <a href='https://app.legislapp.com.br/#/busca?termo=orientador  pedagógico'>orientador  pedagógico</a>, <a href='https://app.legislapp.com.br/#/busca?termo=creche'>creche</a>, <a href='https://app.legislapp.com.br/#/busca?termo=pré-escola.'>pré-escola.</a></p>
<div style="text-align: center">
      <img decoding="async" style="width: 14%;" src="https://legislapp.com.br/wp-content/uploads/2021/07/Logo-Legislapp-1-03-1.png"><br />
      </p>
<div style="margin-bottom: 20px;" class="et_pb_button_module_wrapper et_pb_button_5_tb_body_wrapper et_pb_button_alignment_center et_pb_module ">
         <a class="et_pb_button et_pb_button_5_tb_body et_hover_enabled et_pb_bg_layout_dark" style="width: 50%;background-color: black;" href="https://app.legislapp.com.br" target="_blank" rel="noopener">Visualizar completo na nossa plataforma (30 dias grátis)</a></p></div>
<p>      <a href="https://play.google.com/store/apps/details?id=br.com.legislapp"><img decoding="async" style="width: 15%; min-width: 130px;" src="https://legislapp.com.br/wp-content/uploads/google-play.png"></a><br />
      <a href="https://apps.apple.com/us/app/legislapp/id1568929859"><img decoding="async" style="width: 15%; min-width: 130px" src="https://legislapp.com.br/wp-content/uploads/apple-store.png"></a>
   </div>

<p>Câmara &#8211; Autoria de CARLOS ALBERTO ROLIM ZARATTINI Dispõe sobre a contagem do tempo de exercício dos profissionais que exercem atividades em unidades de educação infantil como de efetivo exercício do magistério. Garantia, profissional, educação infantil, contagem, tempo de serviço, exercício efetivo, magistério, inclusão, direção, assessoramento, coordenador pedagógico, orientador pedagógico, creche, pré-escola. Visualizar completo na [&hellip;]</p>

<!-- This site is optimized with the Yoast SEO plugin v24.4 - https://yoast.com/wordpress/plugins/seo/ -->
<title>PL 5446/2009 - Legislapp</title>
<meta name="robots" content="index, follow, max-snippet:-1, max-image-preview:large, max-video-preview:-1" />
<link rel="canonical" href="https://www.legislapp.com.br/index.php/pl-5446-2009/" />
<meta property="og:locale" content="pt_BR" />
<meta property="og:type" content="article" />
<meta property="og:title" content="PL 5446/2009 - Legislapp" />
<meta property="og:description" content="Câmara &#8211; Autoria de CARLOS ALBERTO ROLIM ZARATTINI Dispõe sobre a contagem do tempo de exercício dos profissionais que exercem atividades em unidades de educação infantil como de efetivo exercício do magistério. Garantia, profissional, educação infantil, contagem, tempo de serviço, exercício efetivo, magistério, inclusão, direção, assessoramento, coordenador pedagógico, orientador pedagógico, creche, pré-escola. Visualizar completo na [&hellip;]" />
<meta property="og:url" content="https://www.legislapp.com.br/index.php/pl-5446-2009/" />
<meta property="og:site_name" content="Legislapp" />
<meta property="article:publisher" content="https://www.instagram.com/legislapp/" />
<meta property="og:image" content="https://www.camara.leg.br/internet/deputado/bandep/141398.jpg" />
<meta name="twitter:card" content="summary_large_image" />
<script type="application/ld+json" class="yoast-schema-graph">{"@context":"https://schema.org","@graph":[{"@type":"WebPage","@id":"https://www.legislapp.com.br/index.php/pl-5446-2009/","url":"https://www.legislapp.com.br/index.php/pl-5446-2009/","name":"PL 5446/2009 - Legislapp","isPartOf":{"@id":"https://www.legislapp.com.br/#website"},"primaryImageOfPage":{"@id":"https://www.legislapp.com.br/index.php/pl-5446-2009/#primaryimage"},"image":{"@id":"https://www.legislapp.com.br/index.php/pl-5446-2009/#primaryimage"},"thumbnailUrl":"https://www.camara.leg.br/internet/deputado/bandep/141398.jpg","datePublished":"2023-07-15T15:32:02+00:00","breadcrumb":{"@id":"https://www.legislapp.com.br/index.php/pl-5446-2009/#breadcrumb"},"inLanguage":"pt-BR","potentialAction":[{"@type":"ReadAction","target":["https://www.legislapp.com.br/index.php/pl-5446-2009/"]}]},{"@type":"ImageObject","inLanguage":"pt-BR","@id":"https://www.legislapp.com.br/index.php/pl-5446-2009/#primaryimage","url":"https://www.camara.leg.br/internet/deputado/bandep/141398.jpg","contentUrl":"https://www.camara.leg.br/internet/deputado/bandep/141398.jpg"},{"@type":"BreadcrumbList","@id":"https://www.legislapp.com.br/index.php/pl-5446-2009/#breadcrumb","itemListElement":[{"@type":"ListItem","position":1,"name":"Início","item":"https://www.legislapp.com.br/"},{"@type":"ListItem","position":2,"name":"PL 5446/2009"}]},{"@type":"WebSite","@id":"https://www.legislapp.com.br/#website","url":"https://www.legislapp.com.br/","name":"Legislapp","description":"Inteligência governamental em tempo real","publisher":{"@id":"https://www.legislapp.com.br/#organization"},"potentialAction":[{"@type":"SearchAction","target":{"@type":"EntryPoint","urlTemplate":"https://www.legislapp.com.br/?s={search_term_string}"},"query-input":{"@type":"PropertyValueSpecification","valueRequired":true,"valueName":"search_term_string"}}],"inLanguage":"pt-BR"},{"@type":"Organization","@id":"https://www.legislapp.com.br/#organization","name":"Legislapp Monitoramento e Inteligência Governamental","url":"https://www.legislapp.com.br/","logo":{"@type":"ImageObject","inLanguage":"pt-BR","@id":"https://www.legislapp.com.br/#/schema/logo/image/","url":"https://www.legislapp.com.br/wp-content/uploads/icon.png","contentUrl":"https://www.legislapp.com.br/wp-content/uploads/icon.png","width":1024,"height":1024,"caption":"Legislapp Monitoramento e Inteligência Governamental"},"image":{"@id":"https://www.legislapp.com.br/#/schema/logo/image/"},"sameAs":["https://www.instagram.com/legislapp/"]}]}</script>
<!-- / Yoast SEO plugin. -->

Câmara &#8211; Autoria de CARLOS ALBERTO ROLIM ZARATTINI Dispõe sobre a contagem do tempo de exercício dos profissionais que exercem atividades em unidades de educação infantil como de efetivo exercício do magistério. Garantia, profissional, educação infantil, contagem, tempo de serviço, exercício efetivo, magistério, inclusão, direção, assessoramento, coordenador pedagógico, orientador pedagógico, creche, pré-escola. Visualizar completo na [&hellip;]

Início

Inteligência governamental em tempo real

Legislapp Monitoramento e Inteligência Governamental
