{"id":5910,"date":"2025-06-25T10:09:59","date_gmt":"2025-06-25T13:09:59","guid":{"rendered":"https:\/\/www.legislapp.com.br\/index.php\/camara-pl-1958-2021\/"},"modified":"2025-06-25T10:09:59","modified_gmt":"2025-06-25T13:09:59","slug":"camara-pl-1958-2021","status":"publish","type":"page","link":"https:\/\/www.legislapp.com.br\/index.php\/camara-pl-1958-2021\/","title":{"rendered":"PL 1958\/2021 &#8211; Senado Federal"},"content":{"rendered":"<h1 style='text-align: center;'>C\u00e2mara &#8211; Autoria de Senado Federal<\/h3>\n<p><\/p>\n<article style='text-align: center'>Reserva \u00e0s pessoas pretas e pardas, ind\u00edgenas e quilombolas o percentual de 30% (trinta por cento) das vagas oferecidas nos concursos p\u00fablicos para provimento de cargos efetivos e empregos p\u00fablicos no \u00e2mbito da administra\u00e7\u00e3o p\u00fablica federal direta, das autarquias, das funda\u00e7\u00f5es p\u00fablicas, das empresas p\u00fablicas e das sociedades de economia mista controladas pela Uni\u00e3o e nos processos seletivos simplificados para o recrutamento de pessoal nas hip\u00f3teses de contrata\u00e7\u00e3o por tempo determinado para atender a necessidade tempor\u00e1ria de excepcional interesse p\u00fablico para os \u00f3rg\u00e3os da administra\u00e7\u00e3o p\u00fablica federal direta, as autarquias e as funda\u00e7\u00f5es p\u00fablicas.<\/article>\n<p><\/p>\n<p style='text-align: center'><a href='https:\/\/app.legislapp.com.br\/#\/busca?termo='><\/a><\/p>\n<p><\/p>\n<article>Reserva \u00e0s pessoas pretas e pardas,<br \/>\nind\u00edgenas e quilombolas o percentual de<br \/>\n30% (trinta por cento) das vagas oferecidas<br \/>\nnos concursos p\u00fablicos para provimento de<br \/>\ncargos efetivos e empregos p\u00fablicos no<br \/>\n\u00e2mbito da administra\u00e7\u00e3o p\u00fablica federal<br \/>\ndireta, das autarquias, das funda\u00e7\u00f5es<br \/>\np\u00fablicas, das empresas p\u00fablicas e das<br \/>\nsociedades de economia mista controladas<br \/>\npela Uni\u00e3o e nos processos seletivos<br \/>\nsimplificados para o recrutamento de<br \/>\npessoal nas hip\u00f3teses de contrata\u00e7\u00e3o por<br \/>\ntempo determinado para atender a<br \/>\nnecessidade tempor\u00e1ria de excepcional<br \/>\ninteresse p\u00fablico para os \u00f3rg\u00e3os da<br \/>\nadministra\u00e7\u00e3o p\u00fablica federal direta, as<br \/>\nautarquias e as funda\u00e7\u00f5es p\u00fablicas.<br \/>\nO Congresso Nacional decreta:<br \/>\nArt. 1\u00ba \u00c9 reservado \u00e0s pessoas pretas e pardas, ind\u00edgenas e quilombolas o<br \/>\npercentual de 30% (trinta por cento) das vagas oferecidas:<br \/>\nI \u2013 nos concursos p\u00fablicos para provimento de cargos efetivos e empregos<br \/>\np\u00fablicos no \u00e2mbito da administra\u00e7\u00e3o p\u00fablica federal direta, das autarquias, das funda\u00e7\u00f5es<br \/>\np\u00fablicas, das empresas p\u00fablicas e das sociedades de economia mista controladas pela Uni\u00e3o;<br \/>\nII \u2013 nos processos seletivos simplificados para o recrutamento de pessoal nas<br \/>\nhip\u00f3teses de contrata\u00e7\u00e3o por tempo determinado para atender a necessidade tempor\u00e1ria de<br \/>\nexcepcional interesse p\u00fablico, de que trata a Lei n\u00ba 8.745, de 9 de dezembro de 1993, para<br \/>\nos \u00f3rg\u00e3os da administra\u00e7\u00e3o p\u00fablica federal direta, as autarquias e as funda\u00e7\u00f5es p\u00fablicas.<br \/>\n\u00a7 1\u00ba Ato do Poder Executivo regulamentar\u00e1 as vagas reservadas a ind\u00edgenas e a<br \/>\nquilombolas previstas no caput.<br \/>\n\u00a7 2\u00ba O percentual previsto no caput ser\u00e1 aplicado sobre a totalidade das vagas<br \/>\nexpressamente previstas no edital do concurso p\u00fablico ou do processo seletivo simplificado<br \/>\ne sobre as demais vagas que surgirem durante a validade do certame.<br \/>\nArt. 2\u00ba Para os fins desta Lei, considera-se:<br \/>\nI \u2013 pessoa preta ou parda: aquela que se autodeclarar preta ou parda, conforme o<br \/>\nquesito cor ou ra\u00e7a utilizado pela Funda\u00e7\u00e3o Instituto Brasileiro de Geografia e Estat\u00edstica<br \/>\n(IBGE), nos termos do disposto no inciso IV do par\u00e1grafo \u00fanico do art. 1\u00ba da Lei n\u00ba 12.288,<br \/>\nde 20 de julho de 2010 (Estatuto da Igualdade Racial), na forma do regulamento;<br \/>\nII \u2013 pessoa ind\u00edgena: aquela que se identifica como parte de uma coletividade<br \/>\nind\u00edgena e \u00e9 reconhecida por seus membros como tal, independentemente de viver ou n\u00e3o<br \/>\nem territ\u00f3rio ind\u00edgena;<br \/>\nIII \u2013 pessoa quilombola: aquela pertencente a grupo \u00e9tnico-racial, segundo<br \/>\nAutenticado Eletronicamente, ap\u00f3s confer\u00eancia com o original.<br \/>\ncrit\u00e9rios de auto atribui\u00e7\u00e3o, com trajet\u00f3ria hist\u00f3rica pr\u00f3pria, dotado de rela\u00e7\u00f5es territoriais<br \/>\nApresenta\u00e7\u00e3o: 11\/06\/2024 16:42:00.000 &#8211; Mesa<br \/>\n*CD243330948300* PL n.1958\/20212<br \/>\nespec\u00edficas, com presun\u00e7\u00e3o de ancestralidade preta ou parda, conforme previsto no Decreto<br \/>\nn\u00ba 4.887, de 20 de novembro de 2003.<br \/>\nArt. 3\u00ba Os editais de abertura de concursos p\u00fablicos e de processos seletivos<br \/>\nsimplificados estabelecer\u00e3o procedimento de confirma\u00e7\u00e3o complementar \u00e0 autodeclara\u00e7\u00e3o<br \/>\ndas pessoas pretas e pardas, nos termos do disposto em regulamento, observando-se, no<br \/>\nm\u00ednimo:<br \/>\nI \u2013 a padroniza\u00e7\u00e3o das normas em n\u00edvel nacional;<br \/>\nII \u2013 a participa\u00e7\u00e3o de especialistas com forma\u00e7\u00e3o relacionada \u00e0s rela\u00e7\u00f5es \u00e9tnicas<br \/>\ne raciais e compreens\u00e3o da pol\u00edtica de cotas brasileira e que correspondam \u00e0 diversidade<br \/>\nracial e de g\u00eanero populacional;<br \/>\nIII \u2013 a ado\u00e7\u00e3o de crit\u00e9rios mistos de avalia\u00e7\u00e3o, que observem o contexto<br \/>\nsociocultural e regional;<br \/>\nIV \u2013 decis\u00e3o colegiada fundamentada e tomada por unanimidade, caso se conclua<br \/>\npor atribui\u00e7\u00e3o identit\u00e1ria diversa daquela autodeclarada pelo candidato;<br \/>\nV \u2013 a garantia de recurso da decis\u00e3o de que trata o inciso IV em prazo razo\u00e1vel.<br \/>\n\u00a7 1\u00ba Ser\u00e3o submetidas ao procedimento de confirma\u00e7\u00e3o da autodeclara\u00e7\u00e3o todas<br \/>\nas pessoas habilitadas no certame que optarem por concorrer \u00e0s vagas reservadas a pessoas<br \/>\npretas e pardas, ainda que tenham obtido conceito ou pontua\u00e7\u00e3o suficiente para aprova\u00e7\u00e3o<br \/>\nna ampla concorr\u00eancia.<br \/>\n\u00a7 2\u00ba Na hip\u00f3tese de indeferimento da autodeclara\u00e7\u00e3o no procedimento de<br \/>\nconfirma\u00e7\u00e3o, as pessoas poder\u00e3o prosseguir no concurso p\u00fablico ou no processo seletivo<br \/>\nsimplificado pela ampla concorr\u00eancia, desde que possuam, em cada fase anterior do<br \/>\ncertame, conceito ou pontua\u00e7\u00e3o suficiente para as fases seguintes.<br \/>\n\u00a7 3\u00ba O procedimento de que trata o caput ser\u00e1 reavaliado a cada 2 (dois) anos<br \/>\nmediante a participa\u00e7\u00e3o da sociedade civil e representantes de \u00f3rg\u00e3os da esfera federal,<br \/>\nestadual e municipal, conforme regulamento.<br \/>\n\u00a7 4\u00ba Os procedimentos para a confirma\u00e7\u00e3o complementar \u00e0 autodeclara\u00e7\u00e3o de<br \/>\nind\u00edgenas e quilombolas ser\u00e3o estabelecidos em regulamento.<br \/>\nArt. 4\u00ba Na hip\u00f3tese de ind\u00edcios ou den\u00fancias de fraude ou m\u00e1-f\u00e9 na<br \/>\nautodeclara\u00e7\u00e3o, o \u00f3rg\u00e3o ou a entidade respons\u00e1vel pelo concurso p\u00fablico ou pelo processo<br \/>\nseletivo simplificado instaurar\u00e1 procedimento administrativo para averigua\u00e7\u00e3o dos fatos,<br \/>\nrespeitados os princ\u00edpios do contradit\u00f3rio e da ampla defesa.<br \/>\n\u00a7 1\u00ba Na hip\u00f3tese de o procedimento administrativo de que trata o caput concluir<br \/>\npela ocorr\u00eancia de fraude ou m\u00e1-f\u00e9, o candidato:<br \/>\nI \u2013 ser\u00e1 eliminado do concurso p\u00fablico ou do processo seletivo simplificado, caso<br \/>\no certame ainda esteja em andamento; ou<br \/>\nII \u2013 ter\u00e1 anulada a sua admiss\u00e3o ao cargo ou ao emprego p\u00fablico, sem preju\u00edzo de<br \/>\noutras san\u00e7\u00f5es cab\u00edveis, caso j\u00e1 tenha sido nomeado.<br \/>\n\u00a7 2\u00ba Nas hip\u00f3teses previstas no \u00a7 1\u00ba, o resultado do procedimento ser\u00e1<br \/>\nencaminhado:<br \/>\nI \u2013 ao Minist\u00e9rio P\u00fablico, para apura\u00e7\u00e3o de eventual ocorr\u00eancia de il\u00edcito penal; e<br \/>\nII \u2013 \u00e0 Advocacia-Geral da Uni\u00e3o, para apura\u00e7\u00e3o da necessidade de ressarcimento<br \/>\nao er\u00e1rio.<br \/>\nAutenticado Eletronicamente, ap\u00f3s confer\u00eancia com o original.<br \/>\nApresenta\u00e7\u00e3o: 11\/06\/2024 16:42:00.000 &#8211; Mesa<br \/>\n*CD243330948300* PL n.1958\/20213<br \/>\nArt. 5\u00ba A reserva de vagas de que trata o art. 1\u00ba ser\u00e1 aplicada sempre que o<br \/>\nn\u00famero de vagas oferecido no concurso p\u00fablico ou no processo seletivo simplificado for<br \/>\nigual ou superior a 2 (dois).<br \/>\n\u00a7 1\u00ba Ser\u00e3o previstas em regulamento medidas espec\u00edficas para evitar o<br \/>\nfracionamento de vagas em mais de 1 (um) certame que acarrete preju\u00edzo \u00e0 reserva de vagas<br \/>\nde que trata esta Lei.<br \/>\n\u00a7 2\u00ba Na hip\u00f3tese de quantitativo fracionado para as vagas reservadas a pessoas<br \/>\npretas e pardas, ind\u00edgenas e quilombolas, o n\u00famero ser\u00e1:<br \/>\nI \u2013 aumentado para o primeiro inteiro subsequente, na hip\u00f3tese de fra\u00e7\u00e3o igual ou<br \/>\nmaior do que 0,5 (cinco d\u00e9cimos); ou<br \/>\nII \u2013 diminu\u00eddo para o inteiro imediatamente inferior, na hip\u00f3tese de fra\u00e7\u00e3o menor<br \/>\ndo que 0,5 (cinco d\u00e9cimos).<br \/>\n\u00a7 3\u00ba Nos concursos p\u00fablicos e nos processos seletivos simplificados em que o<br \/>\nn\u00famero de vagas seja inferior a 2 (dois), ou em que haja apenas cadastro de reserva, as<br \/>\npessoas que se enquadrarem nos requisitos previstos no art. 2\u00ba poder\u00e3o se inscrever por<br \/>\nmeio de reserva de vagas para candidatos pretos e pardos, ind\u00edgenas e quilombolas.<br \/>\n\u00a7 4\u00ba Para os fins do disposto no \u00a7 3\u00ba, caso surjam novas vagas durante o prazo de<br \/>\nvalidade do concurso p\u00fablico ou do processo seletivo simplificado, ser\u00e3o observadas a<br \/>\nreserva de vagas e a nomea\u00e7\u00e3o das pessoas pretas e pardas, ind\u00edgenas e quilombolas<br \/>\naprovadas, na forma prevista nesta Lei.<br \/>\nArt. 6\u00ba Os editais de abertura de concursos p\u00fablicos e de processos seletivos<br \/>\nsimplificados garantir\u00e3o a participa\u00e7\u00e3o de pessoas pretas e pardas, ind\u00edgenas e quilombolas<br \/>\noptantes pela reserva de vagas em todas as etapas do certame, sempre que atingida a nota ou<br \/>\na pontua\u00e7\u00e3o m\u00ednima exigida em cada fase, nos termos do disposto em regulamento.<br \/>\nArt. 7\u00ba As pessoas pretas e pardas, ind\u00edgenas e quilombolas optantes pela reserva<br \/>\nde vagas concorrer\u00e3o concomitantemente \u00e0s vagas destinadas \u00e0 ampla concorr\u00eancia.<br \/>\n\u00a7 1\u00ba As pessoas pretas e pardas, ind\u00edgenas e quilombolas optantes pela reserva de<br \/>\nvagas ser\u00e3o classificadas no resultado final do concurso ou do processo seletivo<br \/>\nsimplificado tanto nas vagas destinadas \u00e0 ampla concorr\u00eancia quanto nas vagas reservadas.<br \/>\n\u00a7 2\u00ba As pessoas pretas e pardas, ind\u00edgenas e quilombolas optantes pela reserva de<br \/>\nvagas aprovadas e nomeadas dentro do n\u00famero de vagas oferecido para ampla concorr\u00eancia<br \/>\nn\u00e3o ser\u00e3o computadas para efeito de preenchimento das vagas reservadas.<br \/>\n\u00a7 3\u00ba Em caso de n\u00e3o preenchimento de vaga reservada no certame, a vaga n\u00e3o<br \/>\npreenchida ser\u00e1 ocupada pela pessoa preta e parda, ind\u00edgena ou quilombola aprovada na<br \/>\nposi\u00e7\u00e3o imediatamente subsequente na lista de reserva de vagas, de acordo com a ordem de<br \/>\nclassifica\u00e7\u00e3o.<br \/>\nArt. 8\u00ba Na hip\u00f3tese de n\u00famero insuficiente de pessoas pretas e pardas, ind\u00edgenas<br \/>\ne quilombolas para ocupar as vagas reservadas, as vagas remanescentes ser\u00e3o revertidas no<br \/>\nmesmo certame para a ampla concorr\u00eancia, de acordo com a ordem de classifica\u00e7\u00e3o.<br \/>\nArt. 9\u00ba A nomea\u00e7\u00e3o dos candidatos aprovados e classificados observar\u00e1 os<br \/>\ncrit\u00e9rios de altern\u00e2ncia e proporcionalidade, considerada a rela\u00e7\u00e3o entre o n\u00famero total de<br \/>\nvagas e o n\u00famero de vagas reservado a pessoas pretas e pardas, ind\u00edgenas e quilombolas e a<br \/>\noutros grupos previstos na legisla\u00e7\u00e3o.<br \/>\nAutenticado Eletronicamente, ap\u00f3s confer\u00eancia com o original.<br \/>\nApresenta\u00e7\u00e3o: 11\/06\/2024 16:42:00.000 &#8211; Mesa<br \/>\n*CD243330948300* PL n.1958\/20214<br \/>\n\u00a7 1\u00ba Na hip\u00f3tese de todos os aprovados da ampla concorr\u00eancia serem nomeados e<br \/>\nremanescerem cargos vagos durante o prazo de validade do concurso p\u00fablico ou do<br \/>\nprocesso seletivo simplificado, poder\u00e3o ser nomeados os aprovados que ainda se<br \/>\nencontrarem na lista da reserva de vagas, de acordo com a ordem de classifica\u00e7\u00e3o.<br \/>\n\u00a7 2\u00ba A ordem classificat\u00f3ria obtida a partir da aplica\u00e7\u00e3o dos crit\u00e9rios de<br \/>\naltern\u00e2ncia e proporcionalidade na nomea\u00e7\u00e3o das pessoas pretas e pardas, ind\u00edgenas e<br \/>\nquilombolas aprovadas ser\u00e1 utilizada durante a vida funcional do servidor em todas as<br \/>\nhip\u00f3teses nas quais a classifica\u00e7\u00e3o no concurso p\u00fablico seja crit\u00e9rio de avalia\u00e7\u00e3o ou de<br \/>\ndesempate.<br \/>\nArt. 10. Os \u00f3rg\u00e3os do Poder Executivo federal respons\u00e1veis pela gest\u00e3o e<br \/>\ninova\u00e7\u00e3o em servi\u00e7os p\u00fablicos, pela promo\u00e7\u00e3o da igualdade racial, pela implementa\u00e7\u00e3o da<br \/>\npol\u00edtica indigenista e pela promo\u00e7\u00e3o dos direitos humanos e da cidadania realizar\u00e3o o<br \/>\nacompanhamento e o monitoramento do disposto nesta Lei.<br \/>\nArt. 11. O disposto nesta Lei n\u00e3o se aplicar\u00e1 aos concursos p\u00fablicos e aos<br \/>\nprocessos seletivos simplificados cujos editais de abertura tenham sido publicados<br \/>\nanteriormente \u00e0 data de sua entrada em vigor, permanecendo regidos pela Lei n\u00ba 12.990, de<br \/>\n9 de junho de 2014.<br \/>\nArt. 12. O Poder Executivo federal promover\u00e1 a revis\u00e3o do programa de a\u00e7\u00e3o<br \/>\nafirmativa de que trata esta Lei no prazo de 10 (dez) anos, contado da data de sua entrada<br \/>\nem vigor.<br \/>\nArt. 13. Revoga-se a Lei n\u00ba 12.990, de 9 de junho de 2014, ressalvado o disposto<br \/>\nno art. 11 desta Lei.<br \/>\nArt. 14. Esta Lei entra em vigor na data de sua publica\u00e7\u00e3o.<br \/>\nSenado Federal, em 10 de junho de 2024.<br \/>\nSenador Rodrigo Pacheco<br \/>\nPresidente do Senado Federal<br \/>\nAutenticado Eletronicamente, ap\u00f3s confer\u00eancia com o original.<br \/>\nApresenta\u00e7\u00e3o: 11\/06\/2024 16:42:00.000 &#8211; Mesa<br \/>\n*CD243330948300* PL n.1958\/20215<br \/>\nalucg\/pl21-1958rev-t<br \/>\nAutenticado Eletronicamente, ap\u00f3s confer\u00eancia com o original.<br \/>\nApresenta\u00e7\u00e3o: 11\/06\/2024 16:42:00.000 &#8211; Mesa<br \/>\n*CD243330948300* PL n.1958\/2021<\/article>\n<div style=\"text-align: center\">\n<div style=\"margin-bottom: 20px;\" class=\"et_pb_button_module_wrapper et_pb_button_5_tb_body_wrapper et_pb_button_alignment_center et_pb_module \">\n         <a class=\"et_pb_button et_pb_button_5_tb_body et_hover_enabled et_pb_bg_layout_dark\" style=\"width: 50%;background-color: black;\" href=\"https:\/\/app.legislapp.com.br\" target=\"_blank\" rel=\"noopener\">Visualizar completo na nossa plataforma (30 dias gr\u00e1tis)<\/a><\/p><\/div>\n<p>      <a href=\"https:\/\/play.google.com\/store\/apps\/details?id=br.com.legislapp\"><img decoding=\"async\" style=\"width: 15%; min-width: 130px;\" src=\"https:\/\/www.legislapp.com.br\/wp-content\/uploads\/google-play.png\"><\/a><br \/>\n      <a href=\"https:\/\/apps.apple.com\/us\/app\/legislapp\/id1568929859\"><img decoding=\"async\" style=\"width: 15%; min-width: 130px\" src=\"https:\/\/www.legislapp.com.br\/wp-content\/uploads\/apple-store.png\"><\/a>\n   <\/div>\n","protected":false},"excerpt":{"rendered":"<p>C\u00e2mara &#8211; Autoria de Senado Federal Reserva \u00e0s pessoas pretas e pardas, ind\u00edgenas e quilombolas o percentual de 30% (trinta por cento) das vagas oferecidas nos concursos p\u00fablicos para provimento de cargos efetivos e empregos p\u00fablicos no \u00e2mbito da administra\u00e7\u00e3o p\u00fablica federal direta, das autarquias, das funda\u00e7\u00f5es p\u00fablicas, das empresas p\u00fablicas e das sociedades de [&hellip;]<\/p>\n","protected":false},"author":1,"featured_media":0,"parent":0,"menu_order":0,"comment_status":"closed","ping_status":"closed","template":"page-template-blank.php","meta":{"_et_pb_use_builder":"","_et_pb_old_content":"","_et_gb_content_width":"1080","ngg_post_thumbnail":0,"footnotes":""},"class_list":["post-5910","page","type-page","status-publish","hentry"],"yoast_head":"<!-- This site is optimized with the Yoast SEO plugin v24.4 - https:\/\/yoast.com\/wordpress\/plugins\/seo\/ -->\n<title>PL 1958\/2021 - Senado Federal - Legislapp<\/title>\n<meta name=\"robots\" content=\"index, follow, max-snippet:-1, max-image-preview:large, max-video-preview:-1\" \/>\n<link rel=\"canonical\" href=\"https:\/\/www.legislapp.com.br\/index.php\/camara-pl-1958-2021\/\" \/>\n<meta property=\"og:locale\" content=\"pt_BR\" \/>\n<meta property=\"og:type\" content=\"article\" \/>\n<meta property=\"og:title\" content=\"PL 1958\/2021 - Senado Federal - Legislapp\" \/>\n<meta property=\"og:description\" content=\"C\u00e2mara &#8211; Autoria de Senado Federal Reserva \u00e0s pessoas pretas e pardas, ind\u00edgenas e quilombolas o percentual de 30% (trinta por cento) das vagas oferecidas nos concursos p\u00fablicos para provimento de cargos efetivos e empregos p\u00fablicos no \u00e2mbito da administra\u00e7\u00e3o p\u00fablica federal direta, das autarquias, das funda\u00e7\u00f5es p\u00fablicas, das empresas p\u00fablicas e das sociedades de [&hellip;]\" \/>\n<meta property=\"og:url\" content=\"https:\/\/www.legislapp.com.br\/index.php\/camara-pl-1958-2021\/\" \/>\n<meta property=\"og:site_name\" content=\"Legislapp\" \/>\n<meta property=\"article:publisher\" content=\"https:\/\/www.instagram.com\/legislapp\/\" \/>\n<meta property=\"og:image\" content=\"https:\/\/www.legislapp.com.br\/wp-content\/uploads\/google-play.png\" \/>\n<meta name=\"twitter:card\" content=\"summary_large_image\" \/>\n<meta name=\"twitter:label1\" content=\"Est. tempo de leitura\" \/>\n\t<meta name=\"twitter:data1\" content=\"10 minutos\" \/>\n<script type=\"application\/ld+json\" class=\"yoast-schema-graph\">{\"@context\":\"https:\/\/schema.org\",\"@graph\":[{\"@type\":\"WebPage\",\"@id\":\"https:\/\/www.legislapp.com.br\/index.php\/camara-pl-1958-2021\/\",\"url\":\"https:\/\/www.legislapp.com.br\/index.php\/camara-pl-1958-2021\/\",\"name\":\"PL 1958\/2021 - Senado Federal - Legislapp\",\"isPartOf\":{\"@id\":\"https:\/\/www.legislapp.com.br\/#website\"},\"primaryImageOfPage\":{\"@id\":\"https:\/\/www.legislapp.com.br\/index.php\/camara-pl-1958-2021\/#primaryimage\"},\"image\":{\"@id\":\"https:\/\/www.legislapp.com.br\/index.php\/camara-pl-1958-2021\/#primaryimage\"},\"thumbnailUrl\":\"https:\/\/www.legislapp.com.br\/wp-content\/uploads\/google-play.png\",\"datePublished\":\"2025-06-25T13:09:59+00:00\",\"breadcrumb\":{\"@id\":\"https:\/\/www.legislapp.com.br\/index.php\/camara-pl-1958-2021\/#breadcrumb\"},\"inLanguage\":\"pt-BR\",\"potentialAction\":[{\"@type\":\"ReadAction\",\"target\":[\"https:\/\/www.legislapp.com.br\/index.php\/camara-pl-1958-2021\/\"]}]},{\"@type\":\"ImageObject\",\"inLanguage\":\"pt-BR\",\"@id\":\"https:\/\/www.legislapp.com.br\/index.php\/camara-pl-1958-2021\/#primaryimage\",\"url\":\"https:\/\/www.legislapp.com.br\/wp-content\/uploads\/google-play.png\",\"contentUrl\":\"https:\/\/www.legislapp.com.br\/wp-content\/uploads\/google-play.png\",\"width\":564,\"height\":168},{\"@type\":\"BreadcrumbList\",\"@id\":\"https:\/\/www.legislapp.com.br\/index.php\/camara-pl-1958-2021\/#breadcrumb\",\"itemListElement\":[{\"@type\":\"ListItem\",\"position\":1,\"name\":\"In\u00edcio\",\"item\":\"https:\/\/www.legislapp.com.br\/\"},{\"@type\":\"ListItem\",\"position\":2,\"name\":\"PL 1958\/2021 &#8211; Senado Federal\"}]},{\"@type\":\"WebSite\",\"@id\":\"https:\/\/www.legislapp.com.br\/#website\",\"url\":\"https:\/\/www.legislapp.com.br\/\",\"name\":\"Legislapp\",\"description\":\"Intelig\u00eancia governamental em tempo real\",\"publisher\":{\"@id\":\"https:\/\/www.legislapp.com.br\/#organization\"},\"potentialAction\":[{\"@type\":\"SearchAction\",\"target\":{\"@type\":\"EntryPoint\",\"urlTemplate\":\"https:\/\/www.legislapp.com.br\/?s={search_term_string}\"},\"query-input\":{\"@type\":\"PropertyValueSpecification\",\"valueRequired\":true,\"valueName\":\"search_term_string\"}}],\"inLanguage\":\"pt-BR\"},{\"@type\":\"Organization\",\"@id\":\"https:\/\/www.legislapp.com.br\/#organization\",\"name\":\"Legislapp Monitoramento e Intelig\u00eancia Governamental\",\"url\":\"https:\/\/www.legislapp.com.br\/\",\"logo\":{\"@type\":\"ImageObject\",\"inLanguage\":\"pt-BR\",\"@id\":\"https:\/\/www.legislapp.com.br\/#\/schema\/logo\/image\/\",\"url\":\"https:\/\/www.legislapp.com.br\/wp-content\/uploads\/icon.png\",\"contentUrl\":\"https:\/\/www.legislapp.com.br\/wp-content\/uploads\/icon.png\",\"width\":1024,\"height\":1024,\"caption\":\"Legislapp Monitoramento e Intelig\u00eancia Governamental\"},\"image\":{\"@id\":\"https:\/\/www.legislapp.com.br\/#\/schema\/logo\/image\/\"},\"sameAs\":[\"https:\/\/www.instagram.com\/legislapp\/\"]}]}<\/script>\n<!-- \/ Yoast SEO plugin. -->","yoast_head_json":{"title":"PL 1958\/2021 - Senado Federal - Legislapp","robots":{"index":"index","follow":"follow","max-snippet":"max-snippet:-1","max-image-preview":"max-image-preview:large","max-video-preview":"max-video-preview:-1"},"canonical":"https:\/\/www.legislapp.com.br\/index.php\/camara-pl-1958-2021\/","og_locale":"pt_BR","og_type":"article","og_title":"PL 1958\/2021 - Senado Federal - Legislapp","og_description":"C\u00e2mara &#8211; Autoria de Senado Federal Reserva \u00e0s pessoas pretas e pardas, ind\u00edgenas e quilombolas o percentual de 30% (trinta por cento) das vagas oferecidas nos concursos p\u00fablicos para provimento de cargos efetivos e empregos p\u00fablicos no \u00e2mbito da administra\u00e7\u00e3o p\u00fablica federal direta, das autarquias, das funda\u00e7\u00f5es p\u00fablicas, das empresas p\u00fablicas e das sociedades de [&hellip;]","og_url":"https:\/\/www.legislapp.com.br\/index.php\/camara-pl-1958-2021\/","og_site_name":"Legislapp","article_publisher":"https:\/\/www.instagram.com\/legislapp\/","og_image":[{"url":"https:\/\/www.legislapp.com.br\/wp-content\/uploads\/google-play.png","type":"","width":"","height":""}],"twitter_card":"summary_large_image","twitter_misc":{"Est. tempo de leitura":"10 minutos"},"schema":{"@context":"https:\/\/schema.org","@graph":[{"@type":"WebPage","@id":"https:\/\/www.legislapp.com.br\/index.php\/camara-pl-1958-2021\/","url":"https:\/\/www.legislapp.com.br\/index.php\/camara-pl-1958-2021\/","name":"PL 1958\/2021 - Senado Federal - Legislapp","isPartOf":{"@id":"https:\/\/www.legislapp.com.br\/#website"},"primaryImageOfPage":{"@id":"https:\/\/www.legislapp.com.br\/index.php\/camara-pl-1958-2021\/#primaryimage"},"image":{"@id":"https:\/\/www.legislapp.com.br\/index.php\/camara-pl-1958-2021\/#primaryimage"},"thumbnailUrl":"https:\/\/www.legislapp.com.br\/wp-content\/uploads\/google-play.png","datePublished":"2025-06-25T13:09:59+00:00","breadcrumb":{"@id":"https:\/\/www.legislapp.com.br\/index.php\/camara-pl-1958-2021\/#breadcrumb"},"inLanguage":"pt-BR","potentialAction":[{"@type":"ReadAction","target":["https:\/\/www.legislapp.com.br\/index.php\/camara-pl-1958-2021\/"]}]},{"@type":"ImageObject","inLanguage":"pt-BR","@id":"https:\/\/www.legislapp.com.br\/index.php\/camara-pl-1958-2021\/#primaryimage","url":"https:\/\/www.legislapp.com.br\/wp-content\/uploads\/google-play.png","contentUrl":"https:\/\/www.legislapp.com.br\/wp-content\/uploads\/google-play.png","width":564,"height":168},{"@type":"BreadcrumbList","@id":"https:\/\/www.legislapp.com.br\/index.php\/camara-pl-1958-2021\/#breadcrumb","itemListElement":[{"@type":"ListItem","position":1,"name":"In\u00edcio","item":"https:\/\/www.legislapp.com.br\/"},{"@type":"ListItem","position":2,"name":"PL 1958\/2021 &#8211; Senado Federal"}]},{"@type":"WebSite","@id":"https:\/\/www.legislapp.com.br\/#website","url":"https:\/\/www.legislapp.com.br\/","name":"Legislapp","description":"Intelig\u00eancia governamental em tempo real","publisher":{"@id":"https:\/\/www.legislapp.com.br\/#organization"},"potentialAction":[{"@type":"SearchAction","target":{"@type":"EntryPoint","urlTemplate":"https:\/\/www.legislapp.com.br\/?s={search_term_string}"},"query-input":{"@type":"PropertyValueSpecification","valueRequired":true,"valueName":"search_term_string"}}],"inLanguage":"pt-BR"},{"@type":"Organization","@id":"https:\/\/www.legislapp.com.br\/#organization","name":"Legislapp Monitoramento e Intelig\u00eancia Governamental","url":"https:\/\/www.legislapp.com.br\/","logo":{"@type":"ImageObject","inLanguage":"pt-BR","@id":"https:\/\/www.legislapp.com.br\/#\/schema\/logo\/image\/","url":"https:\/\/www.legislapp.com.br\/wp-content\/uploads\/icon.png","contentUrl":"https:\/\/www.legislapp.com.br\/wp-content\/uploads\/icon.png","width":1024,"height":1024,"caption":"Legislapp Monitoramento e Intelig\u00eancia Governamental"},"image":{"@id":"https:\/\/www.legislapp.com.br\/#\/schema\/logo\/image\/"},"sameAs":["https:\/\/www.instagram.com\/legislapp\/"]}]}},"_links":{"self":[{"href":"https:\/\/www.legislapp.com.br\/index.php\/wp-json\/wp\/v2\/pages\/5910","targetHints":{"allow":["GET"]}}],"collection":[{"href":"https:\/\/www.legislapp.com.br\/index.php\/wp-json\/wp\/v2\/pages"}],"about":[{"href":"https:\/\/www.legislapp.com.br\/index.php\/wp-json\/wp\/v2\/types\/page"}],"author":[{"embeddable":true,"href":"https:\/\/www.legislapp.com.br\/index.php\/wp-json\/wp\/v2\/users\/1"}],"replies":[{"embeddable":true,"href":"https:\/\/www.legislapp.com.br\/index.php\/wp-json\/wp\/v2\/comments?post=5910"}],"version-history":[{"count":0,"href":"https:\/\/www.legislapp.com.br\/index.php\/wp-json\/wp\/v2\/pages\/5910\/revisions"}],"wp:attachment":[{"href":"https:\/\/www.legislapp.com.br\/index.php\/wp-json\/wp\/v2\/media?parent=5910"}],"curies":[{"name":"wp","href":"https:\/\/api.w.org\/{rel}","templated":true}]}}