{"id":5913,"date":"2025-06-25T10:10:09","date_gmt":"2025-06-25T13:10:09","guid":{"rendered":"https:\/\/www.legislapp.com.br\/index.php\/camara-pl-2990-2024\/"},"modified":"2025-06-25T10:10:09","modified_gmt":"2025-06-25T13:10:09","slug":"camara-pl-2990-2024","status":"publish","type":"page","link":"https:\/\/www.legislapp.com.br\/index.php\/camara-pl-2990-2024\/","title":{"rendered":"PL 2990\/2024 &#8211; Dayany Bittencourt"},"content":{"rendered":"<h1 style='text-align: center;'>C\u00e2mara &#8211; Autoria de Dayany Bittencourt<br \/><img src='https:\/\/www.camara.leg.br\/internet\/deputado\/bandep\/220659.jpg' alt='Dayany Bittencourt' \/><\/h3>\n<p><\/p>\n<article style='text-align: center'>Altera a Lei n\u00ba 9.503, de 23 de setembro de 1997, que institui o C\u00f3digo de Tr\u00e2nsito Brasileiro, para dispor sobre a consist\u00eancia e regularidade do auto de infra\u00e7\u00e3o de tr\u00e2nsito (AIT) registrado por sistema de videomonitoramento, aparelho eletr\u00f4nico ou por equipamento audiovisual, e d\u00e1 outras provid\u00eancias.<\/article>\n<p><\/p>\n<p style='text-align: center'><a href='https:\/\/app.legislapp.com.br\/#\/busca?termo='><\/a><\/p>\n<p><\/p>\n<article>C\u00c2MARA DOS DEPUTADOS<br \/>\nGabinete da Deputada Dayany Bittencourt \u2013 Uni\u00e3o\/CE<br \/>\nPROJETO DE LEI N\u00b0____, DE 2024<br \/>\n(Da Sra. Dayany Bittencourt)<br \/>\nAltera a Lei n\u00ba 9.503, de 23 de<br \/>\nsetembro de 1997, que institui o<br \/>\nC\u00f3digo de Tr\u00e2nsito Brasileiro, para<br \/>\ndispor sobre a consist\u00eancia e<br \/>\nregularidade do auto de infra\u00e7\u00e3o de<br \/>\ntr\u00e2nsito (AIT) registrado por sistema<br \/>\nde videomonitoramento, aparelho<br \/>\neletr\u00f4nico ou por equipamento<br \/>\naudiovisual, e d\u00e1 outras provid\u00eancias.<br \/>\nO Congresso Nacional decreta:<br \/>\nArt. 1\u00ba Esta Lei altera a Lei n\u00ba 9.503, de 23 de setembro de<br \/>\n1997, que institui o C\u00f3digo de Tr\u00e2nsito Brasileiro, para sobre a<br \/>\nconsist\u00eancia e regularidade do auto de infra\u00e7\u00e3o de tr\u00e2nsito (AIT)<br \/>\nregistrado por sistema de videomonitoramento, aparelho eletr\u00f4nico<br \/>\nou por equipamento audiovisual, e d\u00e1 outras provid\u00eancias.<br \/>\nArt. 2\u00ba A Lei n\u00ba 9.503, de 23 de setembro de 1997, que<br \/>\ninstitui o C\u00f3digo de Tr\u00e2nsito Brasileiro, passa a vigorar acrescida da<br \/>\nseguinte reda\u00e7\u00e3o:<br \/>\n\u201cArt. 1\u00ba &#8230;&#8230;&#8230;&#8230;&#8230;&#8230;&#8230;&#8230;&#8230;<br \/>\n&#8230;&#8230;&#8230;&#8230;&#8230;&#8230;&#8230;&#8230;&#8230;&#8230;&#8230;&#8230;&#8230;<br \/>\n\u00a7 6\u00ba Nos processos administrativos de que trata<br \/>\nesta Lei ser\u00e1 assegurado o contradit\u00f3rio e a ampla<br \/>\ndefesa.<br \/>\n&#8230;&#8230;&#8230;&#8230;&#8230;&#8230;&#8230;&#8230;&#8230;&#8230;&#8230;&#8230;&#8230;.<br \/>\nArt. 280. &#8230;&#8230;&#8230;&#8230;&#8230;&#8230;&#8230;&#8230;..<br \/>\n C\u00e2mara dos Deputados | Anexo IV \u2013 Gabinete 711 | CEP 70160-900 \u2013 Bras\u00edlia\/DF<br \/>\nTels (61) 3215-5711\/3711 | dep.dayanybittencourt@camara.leg.br<br \/>\nPara verificar a assinatura, acesse https:\/\/infoleg-autenticidade-assinatura.camara.leg.br\/CD240205946300<br \/>\nAssinado eletronicamente pelo(a) Dep. Dayany Bittencourt<br \/>\nApresenta\u00e7\u00e3o: 26\/07\/2024 10:28:34.603 &#8211; MESA<br \/>\n*CD240205946300* PL n.2990\/2024C\u00c2MARA DOS DEPUTADOS<br \/>\nGabinete da Deputada Dayany Bittencourt \u2013 Uni\u00e3o\/CE<br \/>\n&#8230;&#8230;&#8230;&#8230;&#8230;&#8230;&#8230;&#8230;&#8230;&#8230;&#8230;&#8230;&#8230;.<br \/>\n\u00a7 2\u00baA. O auto de infra\u00e7\u00e3o de tr\u00e2nsito auferido por<br \/>\nsistema de videomonitoramento, aparelho<br \/>\neletr\u00f4nico ou por equipamento audiovisual, dever\u00e1<br \/>\nconter, no m\u00ednimo, as seguintes informa\u00e7\u00f5es:<br \/>\nI \u2013 imagem da conduta il\u00edcita praticada;<br \/>\nII &#8211; imagem com a placa do ve\u00edculo;<br \/>\n&#8230;&#8230;&#8230;&#8230;&#8230;&#8230;&#8230;&#8230;&#8230;&#8230;&#8230;&#8230;.<br \/>\nArt. 281. &#8230;&#8230;&#8230;&#8230;&#8230;&#8230;&#8230;&#8230;<br \/>\n\u00a71\u00ba &#8230;&#8230;&#8230;&#8230;&#8230;&#8230;&#8230;&#8230;&#8230;&#8230;..<br \/>\n&#8230;&#8230;&#8230;&#8230;&#8230;&#8230;&#8230;&#8230;&#8230;&#8230;&#8230;&#8230;.<br \/>\nIII \u2013 se, auferido por sistema de<br \/>\nvideomonitoramento, aparelho eletr\u00f4nico ou por<br \/>\nequipamento audiovisual e n\u00e3o conter as<br \/>\ninforma\u00e7\u00f5es previstas no \u00a7 2\u00ba-A. do art. 280 desta<br \/>\nLei.<br \/>\n&#8230;&#8230;&#8230;&#8230;&#8230;&#8230;&#8230;&#8230;&#8230;&#8230;&#8230;&#8230;..\u201d (NR)<br \/>\nArt. 3\u00ba Esta lei entra em vigor na data de sua publica\u00e7\u00e3o.<br \/>\n C\u00e2mara dos Deputados | Anexo IV \u2013 Gabinete 711 | CEP 70160-900 \u2013 Bras\u00edlia\/DF<br \/>\nTels (61) 3215-5711\/3711 | dep.dayanybittencourt@camara.leg.br<br \/>\nPara verificar a assinatura, acesse https:\/\/infoleg-autenticidade-assinatura.camara.leg.br\/CD240205946300<br \/>\nAssinado eletronicamente pelo(a) Dep. Dayany Bittencourt<br \/>\nApresenta\u00e7\u00e3o: 26\/07\/2024 10:28:34.603 &#8211; MESA<br \/>\n*CD240205946300* PL n.2990\/2024C\u00c2MARA DOS DEPUTADOS<br \/>\nGabinete da Deputada Dayany Bittencourt \u2013 Uni\u00e3o\/CE<br \/>\nJUSTIFICA\u00c7\u00c3O<br \/>\nO Projeto de Lei disp\u00f5e sobre as infra\u00e7\u00f5es auferidas<br \/>\npor meios eletr\u00f4nicos ou audiovisuais, mais conhecidos como<br \/>\nsistema de barreiras (lombadas) eletr\u00f4nicas e v\u00eddeo<br \/>\nmonitoramento.<br \/>\nO par\u00e1grafo 2\u00ba do artigo 280 da Lei n\u00ba 9.503, de 23<br \/>\nde setembro de 1997, que institui o C\u00f3digo de Tr\u00e2nsito<br \/>\nBrasileiro, estabelece a necessidade de regulamenta\u00e7\u00e3o por<br \/>\nparte do CONTRAN, para as infra\u00e7\u00f5es auferidas pelos meios<br \/>\neletr\u00f4nicos.<br \/>\nNesse diapas\u00e3o o CONTRAN editou a Resolu\u00e7\u00e3o n\u00ba 909<br \/>\nde 28 de mar\u00e7o de 2022, que se cingiu a autorizar o agente a<br \/>\nproceder com a fiscaliza\u00e7\u00e3o e com a lavratura do auto de<br \/>\ninfra\u00e7\u00e3o por meio de equipamentos audiovisuais, sen\u00e3o<br \/>\nvejamos.<br \/>\n\u201cConsolida normas de fiscaliza\u00e7\u00e3o de tr\u00e2nsito por<br \/>\ninterm\u00e9dio de videomonitoramento, nos termos do \u00a7<br \/>\n2\u00ba do art. 280 do C\u00f3digo de Tr\u00e2nsito Brasileiro (CTB).<br \/>\nO CONSELHO NACIONAL DE TR\u00c2NSITO (CONTRAN),<br \/>\nno uso da compet\u00eancia que lhe conferem os incisos I,<br \/>\nVII e XI do art. 12 e o \u00a7 2\u00ba do art. 280 da Lei n\u00ba<br \/>\n9.503, de 23 de setembro de 1997, que institui o<br \/>\nC\u00f3digo de Tr\u00e2nsito Brasileiro (CTB), com base no que<br \/>\nconsta nos autos do processo administrativo n\u00ba<br \/>\n80000.016924\/2018-02, resolve:<br \/>\nArt. 1\u00ba Esta Resolu\u00e7\u00e3o consolida normas de utiliza\u00e7\u00e3o<br \/>\nde sistemas de videomonitoramento para fiscaliza\u00e7\u00e3o<br \/>\nde tr\u00e2nsito nos termos do \u00a7 2\u00ba do art. 280 do CTB.<br \/>\n C\u00e2mara dos Deputados | Anexo IV \u2013 Gabinete 711 | CEP 70160-900 \u2013 Bras\u00edlia\/DF<br \/>\nTels (61) 3215-5711\/3711 | dep.dayanybittencourt@camara.leg.br<br \/>\nPara verificar a assinatura, acesse https:\/\/infoleg-autenticidade-assinatura.camara.leg.br\/CD240205946300<br \/>\nAssinado eletronicamente pelo(a) Dep. Dayany Bittencourt<br \/>\nApresenta\u00e7\u00e3o: 26\/07\/2024 10:28:34.603 &#8211; MESA<br \/>\n*CD240205946300* PL n.2990\/2024C\u00c2MARA DOS DEPUTADOS<br \/>\nGabinete da Deputada Dayany Bittencourt \u2013 Uni\u00e3o\/CE<br \/>\nArt. 2\u00ba A autoridade ou o agente da autoridade de<br \/>\ntr\u00e2nsito, exercendo a fiscaliza\u00e7\u00e3o remota por meio de<br \/>\nsistemas de videomonitoramento, poder\u00e3o autuar<br \/>\ncondutores e ve\u00edculos, cujas infra\u00e7\u00f5es por<br \/>\ndescumprimento das normas gerais de circula\u00e7\u00e3o e<br \/>\nconduta tenham sido detectadas &#8220;online&#8221; por esses<br \/>\nsistemas.<br \/>\nPar\u00e1grafo \u00fanico. A autoridade ou o agente da<br \/>\nautoridade de tr\u00e2nsito, respons\u00e1vel pela lavratura do<br \/>\nauto de infra\u00e7\u00e3o, dever\u00e1 informar no campo<br \/>\n&#8220;observa\u00e7\u00e3o&#8221; a forma com que foi constatado o<br \/>\ncometimento da infra\u00e7\u00e3o.<br \/>\nArt. 3\u00ba A fiscaliza\u00e7\u00e3o de tr\u00e2nsito mediante sistema de<br \/>\nvideomonitoramento somente poder\u00e1 ser realizada<br \/>\nnas vias que estejam devidamente sinalizadas para<br \/>\nesse fim.<br \/>\nArt. 4\u00ba Ficam revogadas as Resolu\u00e7\u00f5es CONTRAN:<br \/>\nI &#8211; n\u00ba 471, de 18 de dezembro de 2013; e<br \/>\nII &#8211; n\u00ba 532, de 17 de junho de 2015.<br \/>\nArt. 5\u00ba Esta Resolu\u00e7\u00e3o entra em vigor em 1\u00ba de abril<br \/>\nde 2022.\u201d<br \/>\nAinda, o \u00f3rg\u00e3o executivo de tr\u00e2nsito n\u00e3o teve o<br \/>\ncuidado de observar no regramento a necessidade de<br \/>\n C\u00e2mara dos Deputados | Anexo IV \u2013 Gabinete 711 | CEP 70160-900 \u2013 Bras\u00edlia\/DF<br \/>\nTels (61) 3215-5711\/3711 | dep.dayanybittencourt@camara.leg.br<br \/>\nPara verificar a assinatura, acesse https:\/\/infoleg-autenticidade-assinatura.camara.leg.br\/CD240205946300<br \/>\nAssinado eletronicamente pelo(a) Dep. Dayany Bittencourt<br \/>\nApresenta\u00e7\u00e3o: 26\/07\/2024 10:28:34.603 &#8211; MESA<br \/>\n*CD240205946300* PL n.2990\/2024C\u00c2MARA DOS DEPUTADOS<br \/>\nGabinete da Deputada Dayany Bittencourt \u2013 Uni\u00e3o\/CE<br \/>\nfornecimento das imagens acompanhando o auto de infra\u00e7\u00e3o, o<br \/>\nque inviabiliza o direito constitucional do contradit\u00f3rio e da<br \/>\nampla defesa.<br \/>\nIsso porque exige do condutor\/cidad\u00e3o a produ\u00e7\u00e3o em<br \/>\nsua defesa de prova negativa, tamb\u00e9m conhecida na doutrina<br \/>\ncomo prova diab\u00f3lica.<br \/>\nCumpre destacar de in\u00edcio que a presun\u00e7\u00e3o de<br \/>\nveracidade dos atos administrativos, no direito sancionador \u00e9<br \/>\nrelativizada, cabendo sim o \u00f4nus probandi ao Estado na seara<br \/>\npunitiva.<br \/>\nNos casos de autua\u00e7\u00f5es pelo sistema de<br \/>\nvideomonitoramento deve-se ser aplicada a teoria da prova<br \/>\ndin\u00e2mica, ou seja, dever\u00e1 provar aquele que det\u00e9m melhores<br \/>\nmecanismos e condi\u00e7\u00f5es de faz\u00ea-lo, que no caso os \u00f3rg\u00e3os de<br \/>\ntr\u00e2nsito.<br \/>\nA doutrina e jurisprud\u00eancia defendem a teoria da<br \/>\ndistribui\u00e7\u00e3o din\u00e2mica do \u00f4nus da prova, que implica em<br \/>\ncomprovar determinado fato aquele que tinha capacidade de<br \/>\nsuport\u00e1-lo, quando a prova fosse diab\u00f3lica \u00e0 outra parte.<br \/>\nA prova diab\u00f3lica \u00e9 a prova imposs\u00edvel ou<br \/>\nexcessivamente dif\u00edcil de ser produzida, como a prova de fato<br \/>\nnegativo. Exatamente o tipo de prova exigido pelos \u00f3rg\u00e3os de<br \/>\ntr\u00e2nsito, para que os autos sejam desconstitu\u00eddos e o cidad\u00e3o n\u00e3o<br \/>\nseja punido.<br \/>\nA prova unilateralmente diab\u00f3lica \u00e9 aquela dif\u00edcil<br \/>\nou imposs\u00edvel de ser produzida por uma das partes num<br \/>\nprocesso, mas que pode ser apresentada pela outra. Nessa<br \/>\n C\u00e2mara dos Deputados | Anexo IV \u2013 Gabinete 711 | CEP 70160-900 \u2013 Bras\u00edlia\/DF<br \/>\nTels (61) 3215-5711\/3711 | dep.dayanybittencourt@camara.leg.br<br \/>\nPara verificar a assinatura, acesse https:\/\/infoleg-autenticidade-assinatura.camara.leg.br\/CD240205946300<br \/>\nAssinado eletronicamente pelo(a) Dep. Dayany Bittencourt<br \/>\nApresenta\u00e7\u00e3o: 26\/07\/2024 10:28:34.603 &#8211; MESA<br \/>\n*CD240205946300* PL n.2990\/2024C\u00c2MARA DOS DEPUTADOS<br \/>\nGabinete da Deputada Dayany Bittencourt \u2013 Uni\u00e3o\/CE<br \/>\nhip\u00f3tese, o juiz pode fazer a invers\u00e3o do \u00f4nus da prova<br \/>\n(art. 373, \u00a71\u00b0, CPC). Assim, ele atribui o \u00f4nus da prova de<br \/>\nmodo diverso \u00e0 regra geral.<br \/>\nRessalta-se que mesmo j\u00e1 havendo normas infralegais<br \/>\nsobre o tema, \u00e9 preciso abord\u00e1-lo, tamb\u00e9m, por meio de lei,<br \/>\ninstrumento duradouro, de dif\u00edcil revoga\u00e7\u00e3o, para que lhe seja<br \/>\nconcedido um car\u00e1ter mais definitivo.<br \/>\nDesse modo, com a eventual aprova\u00e7\u00e3o desta<br \/>\nproposi\u00e7\u00e3o, se faz necess\u00e1rio a edi\u00e7\u00e3o de nova Resolu\u00e7\u00e3o, que<br \/>\ntraga a obrigatoriedade de fornecimento das imagens,<br \/>\nacompanhando o auto de infra\u00e7\u00e3o, para fins de assegurar o<br \/>\nconsagrado direito de defesa em sua forma mais ampla.<br \/>\nOutrossim, o Projeto de Lei busca combater a<br \/>\n\u201cind\u00fastria da multa\u201d, considerando que n\u00e3o s\u00e3o raros os casos<br \/>\nem que essas infra\u00e7\u00f5es de tr\u00e2nsito s\u00e3o realizadas de forma<br \/>\nequivocada, ou seja, via monitoramento eletr\u00f4nico que n\u00e3o<br \/>\nfornece a imagem da autua\u00e7\u00e3o, ficando o motociclista<br \/>\nprejudicado.<br \/>\nPor todo o exposto, solicitamos o apoio dos nobres Pares<br \/>\npara a necess\u00e1ria discuss\u00e3o, eventual adequa\u00e7\u00e3o e a r\u00e1pida<br \/>\naprova\u00e7\u00e3o deste projeto de lei que objetiva obrigar que as imagens<br \/>\nobtidas no videomonitoramento sejam disponibilizadas e<br \/>\nencaminhadas juntamente com as notifica\u00e7\u00f5es de autua\u00e7\u00e3o,<br \/>\npara fins de assegurar o contradit\u00f3rio e a ampla defesa do<br \/>\ncidad\u00e3o.<br \/>\n C\u00e2mara dos Deputados | Anexo IV \u2013 Gabinete 711 | CEP 70160-900 \u2013 Bras\u00edlia\/DF<br \/>\nTels (61) 3215-5711\/3711 | dep.dayanybittencourt@camara.leg.br<br \/>\nPara verificar a assinatura, acesse https:\/\/infoleg-autenticidade-assinatura.camara.leg.br\/CD240205946300<br \/>\nAssinado eletronicamente pelo(a) Dep. Dayany Bittencourt<br \/>\nApresenta\u00e7\u00e3o: 26\/07\/2024 10:28:34.603 &#8211; MESA<br \/>\n*CD240205946300* PL n.2990\/2024C\u00c2MARA DOS DEPUTADOS<br \/>\nGabinete da Deputada Dayany Bittencourt \u2013 Uni\u00e3o\/CE<br \/>\nPor todo o exposto, solicitamos o apoio dos nobres Pares<br \/>\npara a necess\u00e1ria discuss\u00e3o, eventual adequa\u00e7\u00e3o e a r\u00e1pida<br \/>\naprova\u00e7\u00e3o deste Projeto de Lei.<br \/>\nGabinete Parlamentar, em 26 de julho de 2024.<br \/>\nDEP. DAYANY BITTENCOURT<br \/>\n(UNI\u00c3O\/CE)<br \/>\n C\u00e2mara dos Deputados | Anexo IV \u2013 Gabinete 711 | CEP 70160-900 \u2013 Bras\u00edlia\/DF<br \/>\nTels (61) 3215-5711\/3711 | dep.dayanybittencourt@camara.leg.br<br \/>\nPara verificar a assinatura, acesse https:\/\/infoleg-autenticidade-assinatura.camara.leg.br\/CD240205946300<br \/>\nAssinado eletronicamente pelo(a) Dep. Dayany Bittencourt<br \/>\nApresenta\u00e7\u00e3o: 26\/07\/2024 10:28:34.603 &#8211; MESA<br \/>\n*CD240205946300* PL n.2990\/2024<\/article>\n<div style=\"text-align: center\">\n<div style=\"margin-bottom: 20px;\" class=\"et_pb_button_module_wrapper et_pb_button_5_tb_body_wrapper et_pb_button_alignment_center et_pb_module \">\n         <a class=\"et_pb_button et_pb_button_5_tb_body et_hover_enabled et_pb_bg_layout_dark\" style=\"width: 50%;background-color: black;\" href=\"https:\/\/app.legislapp.com.br\" target=\"_blank\" rel=\"noopener\">Visualizar completo na nossa plataforma (30 dias gr\u00e1tis)<\/a><\/p><\/div>\n<p>      <a href=\"https:\/\/play.google.com\/store\/apps\/details?id=br.com.legislapp\"><img decoding=\"async\" style=\"width: 15%; min-width: 130px;\" src=\"https:\/\/www.legislapp.com.br\/wp-content\/uploads\/google-play.png\"><\/a><br \/>\n      <a href=\"https:\/\/apps.apple.com\/us\/app\/legislapp\/id1568929859\"><img decoding=\"async\" style=\"width: 15%; min-width: 130px\" src=\"https:\/\/www.legislapp.com.br\/wp-content\/uploads\/apple-store.png\"><\/a>\n   <\/div>\n","protected":false},"excerpt":{"rendered":"<p>C\u00e2mara &#8211; Autoria de Dayany Bittencourt Altera a Lei n\u00ba 9.503, de 23 de setembro de 1997, que institui o C\u00f3digo de Tr\u00e2nsito Brasileiro, para dispor sobre a consist\u00eancia e regularidade do auto de infra\u00e7\u00e3o de tr\u00e2nsito (AIT) registrado por sistema de videomonitoramento, aparelho eletr\u00f4nico ou por equipamento audiovisual, e d\u00e1 outras provid\u00eancias. C\u00c2MARA DOS [&hellip;]<\/p>\n","protected":false},"author":1,"featured_media":0,"parent":0,"menu_order":0,"comment_status":"closed","ping_status":"closed","template":"page-template-blank.php","meta":{"_et_pb_use_builder":"","_et_pb_old_content":"","_et_gb_content_width":"1080","ngg_post_thumbnail":0,"footnotes":""},"class_list":["post-5913","page","type-page","status-publish","hentry"],"yoast_head":"<!-- This site is optimized with the Yoast SEO plugin v24.4 - https:\/\/yoast.com\/wordpress\/plugins\/seo\/ -->\n<title>PL 2990\/2024 - Dayany Bittencourt - Legislapp<\/title>\n<meta name=\"robots\" content=\"index, follow, max-snippet:-1, max-image-preview:large, max-video-preview:-1\" \/>\n<link rel=\"canonical\" href=\"https:\/\/www.legislapp.com.br\/index.php\/camara-pl-2990-2024\/\" \/>\n<meta property=\"og:locale\" content=\"pt_BR\" \/>\n<meta property=\"og:type\" content=\"article\" \/>\n<meta property=\"og:title\" content=\"PL 2990\/2024 - Dayany Bittencourt - Legislapp\" \/>\n<meta property=\"og:description\" content=\"C\u00e2mara &#8211; Autoria de Dayany Bittencourt Altera a Lei n\u00ba 9.503, de 23 de setembro de 1997, que institui o C\u00f3digo de Tr\u00e2nsito Brasileiro, para dispor sobre a consist\u00eancia e regularidade do auto de infra\u00e7\u00e3o de tr\u00e2nsito (AIT) registrado por sistema de videomonitoramento, aparelho eletr\u00f4nico ou por equipamento audiovisual, e d\u00e1 outras provid\u00eancias. C\u00c2MARA DOS [&hellip;]\" \/>\n<meta property=\"og:url\" content=\"https:\/\/www.legislapp.com.br\/index.php\/camara-pl-2990-2024\/\" \/>\n<meta property=\"og:site_name\" content=\"Legislapp\" \/>\n<meta property=\"article:publisher\" content=\"https:\/\/www.instagram.com\/legislapp\/\" \/>\n<meta property=\"og:image\" content=\"https:\/\/www.camara.leg.br\/internet\/deputado\/bandep\/220659.jpg\" \/>\n<meta name=\"twitter:card\" content=\"summary_large_image\" \/>\n<meta name=\"twitter:label1\" content=\"Est. tempo de leitura\" \/>\n\t<meta name=\"twitter:data1\" content=\"8 minutos\" \/>\n<script type=\"application\/ld+json\" class=\"yoast-schema-graph\">{\"@context\":\"https:\/\/schema.org\",\"@graph\":[{\"@type\":\"WebPage\",\"@id\":\"https:\/\/www.legislapp.com.br\/index.php\/camara-pl-2990-2024\/\",\"url\":\"https:\/\/www.legislapp.com.br\/index.php\/camara-pl-2990-2024\/\",\"name\":\"PL 2990\/2024 - Dayany Bittencourt - Legislapp\",\"isPartOf\":{\"@id\":\"https:\/\/www.legislapp.com.br\/#website\"},\"primaryImageOfPage\":{\"@id\":\"https:\/\/www.legislapp.com.br\/index.php\/camara-pl-2990-2024\/#primaryimage\"},\"image\":{\"@id\":\"https:\/\/www.legislapp.com.br\/index.php\/camara-pl-2990-2024\/#primaryimage\"},\"thumbnailUrl\":\"https:\/\/www.camara.leg.br\/internet\/deputado\/bandep\/220659.jpg\",\"datePublished\":\"2025-06-25T13:10:09+00:00\",\"breadcrumb\":{\"@id\":\"https:\/\/www.legislapp.com.br\/index.php\/camara-pl-2990-2024\/#breadcrumb\"},\"inLanguage\":\"pt-BR\",\"potentialAction\":[{\"@type\":\"ReadAction\",\"target\":[\"https:\/\/www.legislapp.com.br\/index.php\/camara-pl-2990-2024\/\"]}]},{\"@type\":\"ImageObject\",\"inLanguage\":\"pt-BR\",\"@id\":\"https:\/\/www.legislapp.com.br\/index.php\/camara-pl-2990-2024\/#primaryimage\",\"url\":\"https:\/\/www.camara.leg.br\/internet\/deputado\/bandep\/220659.jpg\",\"contentUrl\":\"https:\/\/www.camara.leg.br\/internet\/deputado\/bandep\/220659.jpg\"},{\"@type\":\"BreadcrumbList\",\"@id\":\"https:\/\/www.legislapp.com.br\/index.php\/camara-pl-2990-2024\/#breadcrumb\",\"itemListElement\":[{\"@type\":\"ListItem\",\"position\":1,\"name\":\"In\u00edcio\",\"item\":\"https:\/\/www.legislapp.com.br\/\"},{\"@type\":\"ListItem\",\"position\":2,\"name\":\"PL 2990\/2024 &#8211; Dayany Bittencourt\"}]},{\"@type\":\"WebSite\",\"@id\":\"https:\/\/www.legislapp.com.br\/#website\",\"url\":\"https:\/\/www.legislapp.com.br\/\",\"name\":\"Legislapp\",\"description\":\"Intelig\u00eancia governamental em tempo real\",\"publisher\":{\"@id\":\"https:\/\/www.legislapp.com.br\/#organization\"},\"potentialAction\":[{\"@type\":\"SearchAction\",\"target\":{\"@type\":\"EntryPoint\",\"urlTemplate\":\"https:\/\/www.legislapp.com.br\/?s={search_term_string}\"},\"query-input\":{\"@type\":\"PropertyValueSpecification\",\"valueRequired\":true,\"valueName\":\"search_term_string\"}}],\"inLanguage\":\"pt-BR\"},{\"@type\":\"Organization\",\"@id\":\"https:\/\/www.legislapp.com.br\/#organization\",\"name\":\"Legislapp Monitoramento e Intelig\u00eancia Governamental\",\"url\":\"https:\/\/www.legislapp.com.br\/\",\"logo\":{\"@type\":\"ImageObject\",\"inLanguage\":\"pt-BR\",\"@id\":\"https:\/\/www.legislapp.com.br\/#\/schema\/logo\/image\/\",\"url\":\"https:\/\/www.legislapp.com.br\/wp-content\/uploads\/icon.png\",\"contentUrl\":\"https:\/\/www.legislapp.com.br\/wp-content\/uploads\/icon.png\",\"width\":1024,\"height\":1024,\"caption\":\"Legislapp Monitoramento e Intelig\u00eancia Governamental\"},\"image\":{\"@id\":\"https:\/\/www.legislapp.com.br\/#\/schema\/logo\/image\/\"},\"sameAs\":[\"https:\/\/www.instagram.com\/legislapp\/\"]}]}<\/script>\n<!-- \/ Yoast SEO plugin. -->","yoast_head_json":{"title":"PL 2990\/2024 - Dayany Bittencourt - Legislapp","robots":{"index":"index","follow":"follow","max-snippet":"max-snippet:-1","max-image-preview":"max-image-preview:large","max-video-preview":"max-video-preview:-1"},"canonical":"https:\/\/www.legislapp.com.br\/index.php\/camara-pl-2990-2024\/","og_locale":"pt_BR","og_type":"article","og_title":"PL 2990\/2024 - Dayany Bittencourt - Legislapp","og_description":"C\u00e2mara &#8211; Autoria de Dayany Bittencourt Altera a Lei n\u00ba 9.503, de 23 de setembro de 1997, que institui o C\u00f3digo de Tr\u00e2nsito Brasileiro, para dispor sobre a consist\u00eancia e regularidade do auto de infra\u00e7\u00e3o de tr\u00e2nsito (AIT) registrado por sistema de videomonitoramento, aparelho eletr\u00f4nico ou por equipamento audiovisual, e d\u00e1 outras provid\u00eancias. C\u00c2MARA DOS [&hellip;]","og_url":"https:\/\/www.legislapp.com.br\/index.php\/camara-pl-2990-2024\/","og_site_name":"Legislapp","article_publisher":"https:\/\/www.instagram.com\/legislapp\/","og_image":[{"url":"https:\/\/www.camara.leg.br\/internet\/deputado\/bandep\/220659.jpg","type":"","width":"","height":""}],"twitter_card":"summary_large_image","twitter_misc":{"Est. tempo de leitura":"8 minutos"},"schema":{"@context":"https:\/\/schema.org","@graph":[{"@type":"WebPage","@id":"https:\/\/www.legislapp.com.br\/index.php\/camara-pl-2990-2024\/","url":"https:\/\/www.legislapp.com.br\/index.php\/camara-pl-2990-2024\/","name":"PL 2990\/2024 - Dayany Bittencourt - Legislapp","isPartOf":{"@id":"https:\/\/www.legislapp.com.br\/#website"},"primaryImageOfPage":{"@id":"https:\/\/www.legislapp.com.br\/index.php\/camara-pl-2990-2024\/#primaryimage"},"image":{"@id":"https:\/\/www.legislapp.com.br\/index.php\/camara-pl-2990-2024\/#primaryimage"},"thumbnailUrl":"https:\/\/www.camara.leg.br\/internet\/deputado\/bandep\/220659.jpg","datePublished":"2025-06-25T13:10:09+00:00","breadcrumb":{"@id":"https:\/\/www.legislapp.com.br\/index.php\/camara-pl-2990-2024\/#breadcrumb"},"inLanguage":"pt-BR","potentialAction":[{"@type":"ReadAction","target":["https:\/\/www.legislapp.com.br\/index.php\/camara-pl-2990-2024\/"]}]},{"@type":"ImageObject","inLanguage":"pt-BR","@id":"https:\/\/www.legislapp.com.br\/index.php\/camara-pl-2990-2024\/#primaryimage","url":"https:\/\/www.camara.leg.br\/internet\/deputado\/bandep\/220659.jpg","contentUrl":"https:\/\/www.camara.leg.br\/internet\/deputado\/bandep\/220659.jpg"},{"@type":"BreadcrumbList","@id":"https:\/\/www.legislapp.com.br\/index.php\/camara-pl-2990-2024\/#breadcrumb","itemListElement":[{"@type":"ListItem","position":1,"name":"In\u00edcio","item":"https:\/\/www.legislapp.com.br\/"},{"@type":"ListItem","position":2,"name":"PL 2990\/2024 &#8211; Dayany Bittencourt"}]},{"@type":"WebSite","@id":"https:\/\/www.legislapp.com.br\/#website","url":"https:\/\/www.legislapp.com.br\/","name":"Legislapp","description":"Intelig\u00eancia governamental em tempo real","publisher":{"@id":"https:\/\/www.legislapp.com.br\/#organization"},"potentialAction":[{"@type":"SearchAction","target":{"@type":"EntryPoint","urlTemplate":"https:\/\/www.legislapp.com.br\/?s={search_term_string}"},"query-input":{"@type":"PropertyValueSpecification","valueRequired":true,"valueName":"search_term_string"}}],"inLanguage":"pt-BR"},{"@type":"Organization","@id":"https:\/\/www.legislapp.com.br\/#organization","name":"Legislapp Monitoramento e Intelig\u00eancia Governamental","url":"https:\/\/www.legislapp.com.br\/","logo":{"@type":"ImageObject","inLanguage":"pt-BR","@id":"https:\/\/www.legislapp.com.br\/#\/schema\/logo\/image\/","url":"https:\/\/www.legislapp.com.br\/wp-content\/uploads\/icon.png","contentUrl":"https:\/\/www.legislapp.com.br\/wp-content\/uploads\/icon.png","width":1024,"height":1024,"caption":"Legislapp Monitoramento e Intelig\u00eancia Governamental"},"image":{"@id":"https:\/\/www.legislapp.com.br\/#\/schema\/logo\/image\/"},"sameAs":["https:\/\/www.instagram.com\/legislapp\/"]}]}},"_links":{"self":[{"href":"https:\/\/www.legislapp.com.br\/index.php\/wp-json\/wp\/v2\/pages\/5913","targetHints":{"allow":["GET"]}}],"collection":[{"href":"https:\/\/www.legislapp.com.br\/index.php\/wp-json\/wp\/v2\/pages"}],"about":[{"href":"https:\/\/www.legislapp.com.br\/index.php\/wp-json\/wp\/v2\/types\/page"}],"author":[{"embeddable":true,"href":"https:\/\/www.legislapp.com.br\/index.php\/wp-json\/wp\/v2\/users\/1"}],"replies":[{"embeddable":true,"href":"https:\/\/www.legislapp.com.br\/index.php\/wp-json\/wp\/v2\/comments?post=5913"}],"version-history":[{"count":0,"href":"https:\/\/www.legislapp.com.br\/index.php\/wp-json\/wp\/v2\/pages\/5913\/revisions"}],"wp:attachment":[{"href":"https:\/\/www.legislapp.com.br\/index.php\/wp-json\/wp\/v2\/media?parent=5913"}],"curies":[{"name":"wp","href":"https:\/\/api.w.org\/{rel}","templated":true}]}}