{"id":5948,"date":"2025-06-25T10:12:06","date_gmt":"2025-06-25T13:12:06","guid":{"rendered":"https:\/\/www.legislapp.com.br\/index.php\/camara-pl-3872-2024\/"},"modified":"2025-06-25T10:12:06","modified_gmt":"2025-06-25T13:12:06","slug":"camara-pl-3872-2024","status":"publish","type":"page","link":"https:\/\/www.legislapp.com.br\/index.php\/camara-pl-3872-2024\/","title":{"rendered":"PL 3872\/2024 &#8211; Lucio Mosquini"},"content":{"rendered":"<h1 style='text-align: center;'>C\u00e2mara &#8211; Autoria de Lucio Mosquini<br \/><img src='https:\/\/www.camara.leg.br\/internet\/deputado\/bandep\/178954.jpg' alt='Lucio Mosquini' \/><\/h3>\n<p><\/p>\n<article style='text-align: center'>Exclui de responsabiliza\u00e7\u00e3o o respons\u00e1vel pelo im\u00f3vel rural que n\u00e3o contribua direta ou indiretamente para queima ou inc\u00eandio florestal em vegeta\u00e7\u00e3o nativa ocorrida em propriedade lim\u00edtrofe ao im\u00f3vel sob seu encargo.<\/article>\n<p><\/p>\n<p style='text-align: center'><a href='https:\/\/app.legislapp.com.br\/#\/busca?termo='><\/a><\/p>\n<p><\/p>\n<article>PROJETO DE LEI N\u00ba           , 2024<br \/>\n(Do Sr. Lucio Mosquini)<br \/>\nExclui de responsabiliza\u00e7\u00e3o o<br \/>\nrespons\u00e1vel pelo im\u00f3vel rural que<br \/>\nn\u00e3o contribua direta ou<br \/>\nindiretamente para queima ou<br \/>\ninc\u00eandio florestal em vegeta\u00e7\u00e3o<br \/>\nnativa ocorrida em propriedade<br \/>\nlim\u00edtrofe ao im\u00f3vel sob seu encargo.<br \/>\n.<br \/>\nO Congresso Nacional decreta:<br \/>\nArt. 1\u00ba O respons\u00e1vel pelo im\u00f3vel rural que n\u00e3o contribua direta<br \/>\nou indiretamente para queima ou inc\u00eandio florestal em vegeta\u00e7\u00e3o nativa<br \/>\nocorrida em propriedade lim\u00edtrofe ao im\u00f3vel sob seu encargo, n\u00e3o ser\u00e1<br \/>\nresponsabilizado por embargo, san\u00e7\u00e3o administrativa ou qualquer outro<br \/>\nprocedimento sancionat\u00f3rio de \u00f3rg\u00e3o ou entidade ambiental.<br \/>\nArt. 2\u00ba Esta lei entra em vigor na data de sua publica\u00e7\u00e3o.<br \/>\nJUSTIFICA\u00c7\u00c3O<br \/>\nA presente proposi\u00e7\u00e3o visa garantir maior seguran\u00e7a jur\u00eddica<br \/>\nao respons\u00e1vel por im\u00f3vel rural, que, mesmo sem contribuir direta ou<br \/>\nindiretamente para a ocorr\u00eancia de queimadas ou inc\u00eandios florestais, possa<br \/>\nser penalizado injustamente por \u00f3rg\u00e3os ambientais. Tal medida tem como<br \/>\nobjetivo assegurar que a responsabilidade ambiental seja aplicada de forma<br \/>\nPara verificar a assinatura, acesse https:\/\/infoleg-autenticidade-assinatura.camara.leg.br\/CD245998381100<br \/>\nAssinado eletronicamente pelo(a) Dep. Lucio Mosquini<br \/>\nApresenta\u00e7\u00e3o: 09\/10\/2024 16:06:25.657 &#8211; MESA<br \/>\n*CD245998381100* PL n.3872\/2024justa e proporcional, de acordo com os princ\u00edpios constitucionais da legalidade<br \/>\ne da individualiza\u00e7\u00e3o da pena.<br \/>\nAtualmente, muitos propriet\u00e1rios rurais enfrentam situa\u00e7\u00f5es em<br \/>\nque inc\u00eandios iniciados em propriedades vizinhas se alastram para suas \u00e1reas,<br \/>\nsem que eles tenham qualquer participa\u00e7\u00e3o ou controle sobre o ocorrido.<br \/>\nMesmo nessas circunst\u00e2ncias, algumas vezes, tais respons\u00e1veis s\u00e3o<br \/>\nsubmetidos a embargos e san\u00e7\u00f5es administrativas, o que pode comprometer<br \/>\nsignificativamente suas atividades produtivas e a pr\u00f3pria manuten\u00e7\u00e3o do im\u00f3vel<br \/>\nrural.<br \/>\nAo proteger o propriet\u00e1rio ou respons\u00e1vel que n\u00e3o contribui<br \/>\npara o dano ambiental, a proposta refor\u00e7a a ideia de que a responsabilidade<br \/>\npor crimes ambientais deve ser subjetiva, isto \u00e9, deve depender de dolo ou<br \/>\nculpa. O artigo 225 da Constitui\u00e7\u00e3o Federal imp\u00f5e a todos o dever de proteger<br \/>\no meio ambiente, no entanto, essa obriga\u00e7\u00e3o n\u00e3o pode resultar em puni\u00e7\u00e3o<br \/>\npara aquele que n\u00e3o praticou qualquer conduta il\u00edcita.<br \/>\nA medida se alinha ao princ\u00edpio da seguran\u00e7a jur\u00eddica, que<br \/>\ngarante a previsibilidade das a\u00e7\u00f5es estatais e assegura que o cidad\u00e3o tenha<br \/>\nclareza quanto \u00e0s regras que regem sua conduta. Tamb\u00e9m se coaduna com o<br \/>\nprinc\u00edpio da culpabilidade, segundo o qual ningu\u00e9m pode ser punido por um<br \/>\nfato que n\u00e3o cometeu ou que n\u00e3o teve responsabilidade.<br \/>\nAl\u00e9m disso, ao excluir a responsabilidade daqueles que n\u00e3o contribu\u00edram<br \/>\npara o evento danoso, o projeto incentiva que os propriet\u00e1rios rurais adotem<br \/>\nboas pr\u00e1ticas de preven\u00e7\u00e3o de inc\u00eandios e monitoramento de suas \u00e1reas, uma<br \/>\nvez que continuar\u00e3o sujeitos a san\u00e7\u00f5es caso sejam negligentes ou atuem de<br \/>\nforma dolosa.<br \/>\nPor fim, o projeto refor\u00e7a o equil\u00edbrio entre a prote\u00e7\u00e3o<br \/>\nambiental e a atividade produtiva rural, reconhecendo que a penaliza\u00e7\u00e3o injusta<br \/>\nde propriet\u00e1rios rurais pode comprometer o desenvolvimento econ\u00f4mico do<br \/>\nPara verificar a assinatura, acesse https:\/\/infoleg-autenticidade-assinatura.camara.leg.br\/CD245998381100<br \/>\nAssinado eletronicamente pelo(a) Dep. Lucio Mosquini<br \/>\nApresenta\u00e7\u00e3o: 09\/10\/2024 16:06:25.657 &#8211; MESA<br \/>\n*CD245998381100* PL n.3872\/2024setor e gerar inseguran\u00e7a para o exerc\u00edcio da atividade agr\u00edcola. Nesse<br \/>\nsentido, solicito o apoio dos nobres parlamentares em t\u00e3o importante tema.<br \/>\nSala das Sess\u00f5es, 09 de outubro de 2024.<br \/>\nDeputado LUCIO MOSQUINI<br \/>\nMDB\/RO<br \/>\nPara verificar a assinatura, acesse https:\/\/infoleg-autenticidade-assinatura.camara.leg.br\/CD245998381100<br \/>\nAssinado eletronicamente pelo(a) Dep. Lucio Mosquini<br \/>\nApresenta\u00e7\u00e3o: 09\/10\/2024 16:06:25.657 &#8211; MESA<br \/>\n*CD245998381100* PL n.3872\/2024<\/article>\n<div style=\"text-align: center\">\n<div style=\"margin-bottom: 20px;\" class=\"et_pb_button_module_wrapper et_pb_button_5_tb_body_wrapper et_pb_button_alignment_center et_pb_module \">\n         <a class=\"et_pb_button et_pb_button_5_tb_body et_hover_enabled et_pb_bg_layout_dark\" style=\"width: 50%;background-color: black;\" href=\"https:\/\/app.legislapp.com.br\" target=\"_blank\" rel=\"noopener\">Visualizar completo na nossa plataforma (30 dias gr\u00e1tis)<\/a><\/p><\/div>\n<p>      <a href=\"https:\/\/play.google.com\/store\/apps\/details?id=br.com.legislapp\"><img decoding=\"async\" style=\"width: 15%; min-width: 130px;\" src=\"https:\/\/www.legislapp.com.br\/wp-content\/uploads\/google-play.png\"><\/a><br \/>\n      <a href=\"https:\/\/apps.apple.com\/us\/app\/legislapp\/id1568929859\"><img decoding=\"async\" style=\"width: 15%; min-width: 130px\" src=\"https:\/\/www.legislapp.com.br\/wp-content\/uploads\/apple-store.png\"><\/a>\n   <\/div>\n","protected":false},"excerpt":{"rendered":"<p>C\u00e2mara &#8211; Autoria de Lucio Mosquini Exclui de responsabiliza\u00e7\u00e3o o respons\u00e1vel pelo im\u00f3vel rural que n\u00e3o contribua direta ou indiretamente para queima ou inc\u00eandio florestal em vegeta\u00e7\u00e3o nativa ocorrida em propriedade lim\u00edtrofe ao im\u00f3vel sob seu encargo. PROJETO DE LEI N\u00ba , 2024 (Do Sr. Lucio Mosquini) Exclui de responsabiliza\u00e7\u00e3o o respons\u00e1vel pelo im\u00f3vel rural [&hellip;]<\/p>\n","protected":false},"author":1,"featured_media":0,"parent":0,"menu_order":0,"comment_status":"closed","ping_status":"closed","template":"page-template-blank.php","meta":{"_et_pb_use_builder":"","_et_pb_old_content":"","_et_gb_content_width":"1080","ngg_post_thumbnail":0,"footnotes":""},"class_list":["post-5948","page","type-page","status-publish","hentry"],"yoast_head":"<!-- This site is optimized with the Yoast SEO plugin v24.4 - https:\/\/yoast.com\/wordpress\/plugins\/seo\/ -->\n<title>PL 3872\/2024 - Lucio Mosquini - Legislapp<\/title>\n<meta name=\"robots\" content=\"index, follow, max-snippet:-1, max-image-preview:large, max-video-preview:-1\" \/>\n<link rel=\"canonical\" href=\"https:\/\/www.legislapp.com.br\/index.php\/camara-pl-3872-2024\/\" \/>\n<meta property=\"og:locale\" content=\"pt_BR\" \/>\n<meta property=\"og:type\" content=\"article\" \/>\n<meta property=\"og:title\" content=\"PL 3872\/2024 - Lucio Mosquini - Legislapp\" \/>\n<meta property=\"og:description\" content=\"C\u00e2mara &#8211; Autoria de Lucio Mosquini Exclui de responsabiliza\u00e7\u00e3o o respons\u00e1vel pelo im\u00f3vel rural que n\u00e3o contribua direta ou indiretamente para queima ou inc\u00eandio florestal em vegeta\u00e7\u00e3o nativa ocorrida em propriedade lim\u00edtrofe ao im\u00f3vel sob seu encargo. PROJETO DE LEI N\u00ba , 2024 (Do Sr. Lucio Mosquini) Exclui de responsabiliza\u00e7\u00e3o o respons\u00e1vel pelo im\u00f3vel rural [&hellip;]\" \/>\n<meta property=\"og:url\" content=\"https:\/\/www.legislapp.com.br\/index.php\/camara-pl-3872-2024\/\" \/>\n<meta property=\"og:site_name\" content=\"Legislapp\" \/>\n<meta property=\"article:publisher\" content=\"https:\/\/www.instagram.com\/legislapp\/\" \/>\n<meta property=\"og:image\" content=\"https:\/\/www.camara.leg.br\/internet\/deputado\/bandep\/178954.jpg\" \/>\n<meta name=\"twitter:card\" content=\"summary_large_image\" \/>\n<meta name=\"twitter:label1\" content=\"Est. tempo de leitura\" \/>\n\t<meta name=\"twitter:data1\" content=\"3 minutos\" \/>\n<script type=\"application\/ld+json\" class=\"yoast-schema-graph\">{\"@context\":\"https:\/\/schema.org\",\"@graph\":[{\"@type\":\"WebPage\",\"@id\":\"https:\/\/www.legislapp.com.br\/index.php\/camara-pl-3872-2024\/\",\"url\":\"https:\/\/www.legislapp.com.br\/index.php\/camara-pl-3872-2024\/\",\"name\":\"PL 3872\/2024 - Lucio Mosquini - Legislapp\",\"isPartOf\":{\"@id\":\"https:\/\/www.legislapp.com.br\/#website\"},\"primaryImageOfPage\":{\"@id\":\"https:\/\/www.legislapp.com.br\/index.php\/camara-pl-3872-2024\/#primaryimage\"},\"image\":{\"@id\":\"https:\/\/www.legislapp.com.br\/index.php\/camara-pl-3872-2024\/#primaryimage\"},\"thumbnailUrl\":\"https:\/\/www.camara.leg.br\/internet\/deputado\/bandep\/178954.jpg\",\"datePublished\":\"2025-06-25T13:12:06+00:00\",\"breadcrumb\":{\"@id\":\"https:\/\/www.legislapp.com.br\/index.php\/camara-pl-3872-2024\/#breadcrumb\"},\"inLanguage\":\"pt-BR\",\"potentialAction\":[{\"@type\":\"ReadAction\",\"target\":[\"https:\/\/www.legislapp.com.br\/index.php\/camara-pl-3872-2024\/\"]}]},{\"@type\":\"ImageObject\",\"inLanguage\":\"pt-BR\",\"@id\":\"https:\/\/www.legislapp.com.br\/index.php\/camara-pl-3872-2024\/#primaryimage\",\"url\":\"https:\/\/www.camara.leg.br\/internet\/deputado\/bandep\/178954.jpg\",\"contentUrl\":\"https:\/\/www.camara.leg.br\/internet\/deputado\/bandep\/178954.jpg\"},{\"@type\":\"BreadcrumbList\",\"@id\":\"https:\/\/www.legislapp.com.br\/index.php\/camara-pl-3872-2024\/#breadcrumb\",\"itemListElement\":[{\"@type\":\"ListItem\",\"position\":1,\"name\":\"In\u00edcio\",\"item\":\"https:\/\/www.legislapp.com.br\/\"},{\"@type\":\"ListItem\",\"position\":2,\"name\":\"PL 3872\/2024 &#8211; Lucio Mosquini\"}]},{\"@type\":\"WebSite\",\"@id\":\"https:\/\/www.legislapp.com.br\/#website\",\"url\":\"https:\/\/www.legislapp.com.br\/\",\"name\":\"Legislapp\",\"description\":\"Intelig\u00eancia governamental em tempo real\",\"publisher\":{\"@id\":\"https:\/\/www.legislapp.com.br\/#organization\"},\"potentialAction\":[{\"@type\":\"SearchAction\",\"target\":{\"@type\":\"EntryPoint\",\"urlTemplate\":\"https:\/\/www.legislapp.com.br\/?s={search_term_string}\"},\"query-input\":{\"@type\":\"PropertyValueSpecification\",\"valueRequired\":true,\"valueName\":\"search_term_string\"}}],\"inLanguage\":\"pt-BR\"},{\"@type\":\"Organization\",\"@id\":\"https:\/\/www.legislapp.com.br\/#organization\",\"name\":\"Legislapp Monitoramento e Intelig\u00eancia Governamental\",\"url\":\"https:\/\/www.legislapp.com.br\/\",\"logo\":{\"@type\":\"ImageObject\",\"inLanguage\":\"pt-BR\",\"@id\":\"https:\/\/www.legislapp.com.br\/#\/schema\/logo\/image\/\",\"url\":\"https:\/\/www.legislapp.com.br\/wp-content\/uploads\/icon.png\",\"contentUrl\":\"https:\/\/www.legislapp.com.br\/wp-content\/uploads\/icon.png\",\"width\":1024,\"height\":1024,\"caption\":\"Legislapp Monitoramento e Intelig\u00eancia Governamental\"},\"image\":{\"@id\":\"https:\/\/www.legislapp.com.br\/#\/schema\/logo\/image\/\"},\"sameAs\":[\"https:\/\/www.instagram.com\/legislapp\/\"]}]}<\/script>\n<!-- \/ Yoast SEO plugin. -->","yoast_head_json":{"title":"PL 3872\/2024 - Lucio Mosquini - Legislapp","robots":{"index":"index","follow":"follow","max-snippet":"max-snippet:-1","max-image-preview":"max-image-preview:large","max-video-preview":"max-video-preview:-1"},"canonical":"https:\/\/www.legislapp.com.br\/index.php\/camara-pl-3872-2024\/","og_locale":"pt_BR","og_type":"article","og_title":"PL 3872\/2024 - Lucio Mosquini - Legislapp","og_description":"C\u00e2mara &#8211; Autoria de Lucio Mosquini Exclui de responsabiliza\u00e7\u00e3o o respons\u00e1vel pelo im\u00f3vel rural que n\u00e3o contribua direta ou indiretamente para queima ou inc\u00eandio florestal em vegeta\u00e7\u00e3o nativa ocorrida em propriedade lim\u00edtrofe ao im\u00f3vel sob seu encargo. PROJETO DE LEI N\u00ba , 2024 (Do Sr. Lucio Mosquini) Exclui de responsabiliza\u00e7\u00e3o o respons\u00e1vel pelo im\u00f3vel rural [&hellip;]","og_url":"https:\/\/www.legislapp.com.br\/index.php\/camara-pl-3872-2024\/","og_site_name":"Legislapp","article_publisher":"https:\/\/www.instagram.com\/legislapp\/","og_image":[{"url":"https:\/\/www.camara.leg.br\/internet\/deputado\/bandep\/178954.jpg","type":"","width":"","height":""}],"twitter_card":"summary_large_image","twitter_misc":{"Est. tempo de leitura":"3 minutos"},"schema":{"@context":"https:\/\/schema.org","@graph":[{"@type":"WebPage","@id":"https:\/\/www.legislapp.com.br\/index.php\/camara-pl-3872-2024\/","url":"https:\/\/www.legislapp.com.br\/index.php\/camara-pl-3872-2024\/","name":"PL 3872\/2024 - Lucio Mosquini - Legislapp","isPartOf":{"@id":"https:\/\/www.legislapp.com.br\/#website"},"primaryImageOfPage":{"@id":"https:\/\/www.legislapp.com.br\/index.php\/camara-pl-3872-2024\/#primaryimage"},"image":{"@id":"https:\/\/www.legislapp.com.br\/index.php\/camara-pl-3872-2024\/#primaryimage"},"thumbnailUrl":"https:\/\/www.camara.leg.br\/internet\/deputado\/bandep\/178954.jpg","datePublished":"2025-06-25T13:12:06+00:00","breadcrumb":{"@id":"https:\/\/www.legislapp.com.br\/index.php\/camara-pl-3872-2024\/#breadcrumb"},"inLanguage":"pt-BR","potentialAction":[{"@type":"ReadAction","target":["https:\/\/www.legislapp.com.br\/index.php\/camara-pl-3872-2024\/"]}]},{"@type":"ImageObject","inLanguage":"pt-BR","@id":"https:\/\/www.legislapp.com.br\/index.php\/camara-pl-3872-2024\/#primaryimage","url":"https:\/\/www.camara.leg.br\/internet\/deputado\/bandep\/178954.jpg","contentUrl":"https:\/\/www.camara.leg.br\/internet\/deputado\/bandep\/178954.jpg"},{"@type":"BreadcrumbList","@id":"https:\/\/www.legislapp.com.br\/index.php\/camara-pl-3872-2024\/#breadcrumb","itemListElement":[{"@type":"ListItem","position":1,"name":"In\u00edcio","item":"https:\/\/www.legislapp.com.br\/"},{"@type":"ListItem","position":2,"name":"PL 3872\/2024 &#8211; Lucio Mosquini"}]},{"@type":"WebSite","@id":"https:\/\/www.legislapp.com.br\/#website","url":"https:\/\/www.legislapp.com.br\/","name":"Legislapp","description":"Intelig\u00eancia governamental em tempo real","publisher":{"@id":"https:\/\/www.legislapp.com.br\/#organization"},"potentialAction":[{"@type":"SearchAction","target":{"@type":"EntryPoint","urlTemplate":"https:\/\/www.legislapp.com.br\/?s={search_term_string}"},"query-input":{"@type":"PropertyValueSpecification","valueRequired":true,"valueName":"search_term_string"}}],"inLanguage":"pt-BR"},{"@type":"Organization","@id":"https:\/\/www.legislapp.com.br\/#organization","name":"Legislapp Monitoramento e Intelig\u00eancia Governamental","url":"https:\/\/www.legislapp.com.br\/","logo":{"@type":"ImageObject","inLanguage":"pt-BR","@id":"https:\/\/www.legislapp.com.br\/#\/schema\/logo\/image\/","url":"https:\/\/www.legislapp.com.br\/wp-content\/uploads\/icon.png","contentUrl":"https:\/\/www.legislapp.com.br\/wp-content\/uploads\/icon.png","width":1024,"height":1024,"caption":"Legislapp Monitoramento e Intelig\u00eancia Governamental"},"image":{"@id":"https:\/\/www.legislapp.com.br\/#\/schema\/logo\/image\/"},"sameAs":["https:\/\/www.instagram.com\/legislapp\/"]}]}},"_links":{"self":[{"href":"https:\/\/www.legislapp.com.br\/index.php\/wp-json\/wp\/v2\/pages\/5948","targetHints":{"allow":["GET"]}}],"collection":[{"href":"https:\/\/www.legislapp.com.br\/index.php\/wp-json\/wp\/v2\/pages"}],"about":[{"href":"https:\/\/www.legislapp.com.br\/index.php\/wp-json\/wp\/v2\/types\/page"}],"author":[{"embeddable":true,"href":"https:\/\/www.legislapp.com.br\/index.php\/wp-json\/wp\/v2\/users\/1"}],"replies":[{"embeddable":true,"href":"https:\/\/www.legislapp.com.br\/index.php\/wp-json\/wp\/v2\/comments?post=5948"}],"version-history":[{"count":0,"href":"https:\/\/www.legislapp.com.br\/index.php\/wp-json\/wp\/v2\/pages\/5948\/revisions"}],"wp:attachment":[{"href":"https:\/\/www.legislapp.com.br\/index.php\/wp-json\/wp\/v2\/media?parent=5948"}],"curies":[{"name":"wp","href":"https:\/\/api.w.org\/{rel}","templated":true}]}}