{"id":5970,"date":"2025-06-25T10:13:22","date_gmt":"2025-06-25T13:13:22","guid":{"rendered":"https:\/\/www.legislapp.com.br\/index.php\/cam-legislativa-de-pe-prc-2990-2025\/"},"modified":"2025-06-25T10:13:22","modified_gmt":"2025-06-25T13:13:22","slug":"cam-legislativa-de-pe-prc-2990-2025","status":"publish","type":"page","link":"https:\/\/www.legislapp.com.br\/index.php\/cam-legislativa-de-pe-prc-2990-2025\/","title":{"rendered":"PRC 2990\/2025 &#8211; Socorro Pimentel"},"content":{"rendered":"<h1 style='text-align: center;'>C\u00e2m. Legislativa de PE &#8211; Autoria de Socorro Pimentel<br \/><img src='https:\/\/www.alepe.pe.gov.br\/\/wp-content\/uploads\/2023\/01\/SOCORRO-PIMENTEL-1-scaled-e1676403370709.jpg' alt='Socorro Pimentel' \/><\/h3>\n<p><\/p>\n<article style='text-align: center'>Nascida no munic\u00edpio de Vit\u00f3ria de Santo Ant\u00e3o, em 1903, Martha de Hollanda \u00e9 historicamente conhecida por sua luta em favor da causa feminina no in\u00edcio do s\u00e9culo 20.\u00a0<\/p>\n<p>\u00a0\u00a0\u00a0\u00a0\u00a0Em um per\u00edodo marcado por intensas influ\u00eancias do patriarcalismo, ela desafiou as normas sociais ao requerer o direito ao voto, tornando-se, em 1933, a primeira mulher a conquistar o t\u00edtulo de eleitora em Pernambuco.<\/p>\n<p>\u00a0\u00a0\u00a0\u00a0\u00a0Al\u00e9m de exercer seu direito ao voto, Martha tamb\u00e9m foi uma das primeiras mulheres a se candidatar ao parlamento estadual em 1933, ao lado de Edwiges de S\u00e1 Pereira, embora nenhuma delas tenham sido eleitas.<\/p>\n<p>\u00a0\u00a0\u00a0\u00a0\u00a0Com 28 anos, Martha fundou a Cruzada Feminista Brasileira, um movimento pernambucano de conscientiza\u00e7\u00e3o pol\u00edtica feminista. Com o objetivo de instruir mulheres, de todas as camadas da sociedade, sobre os seus pap\u00e9is, as integrantes do coletivo mantinham constante contato com outros grupos feministas de outros estados e com nomes importantes para a hist\u00f3ria, a exemplo de N\u00edsia Floresta e Bertha Lutz, que lutavam pelo mesmo ideal.<\/p>\n<p>\u00a0\u00a0\u00a0\u00a0\u00a0Os discursos de Martha, l\u00edder da Cruzada Feminista, foram t\u00e3o bem divulgados que, pensando em ampliar o n\u00famero de simpatizantes, os pensamentos sufragistas do movimento foram impressos em diversos jornais da \u00e9poca e transmitidos pela R\u00e1dio Clube.<\/p>\n<p>\u00a0\u00a0\u00a0\u00a0\u00a0Sua atua\u00e7\u00e3o incans\u00e1vel representou um marco na luta pelo sufr\u00e1gio e pela emancipa\u00e7\u00e3o feminina no Brasil. O legado de Martha de Hollanda \u00e9 um s\u00edmbolo do empoderamento feminino em Pernambuco. Sua coragem e determina\u00e7\u00e3o abriram caminhas para que outras mulheres participassem ativamente da vida pol\u00edtica e social do estado.<\/p>\n<p>\u00a0\u00a0\u00a0\u00a0\u00a0Reconhecer sua trajet\u00f3ria \u00e9 n\u00e3o apenas uma homenagem, mas tamb\u00e9m um compromisso com a valoriza\u00e7\u00e3o da mem\u00f3ria das mulheres que contribu\u00edram para a constru\u00e7\u00e3o de uma sociedade mais justa e igualit\u00e1ria.<\/p>\n<p>\u00a0\u00a0\u00a0\u00a0\u00a0Por fim, solicito o apoio dos nobres pares para a aprova\u00e7\u00e3o do presente Projeto de Resolu\u00e7\u00e3o.<\/article>\n<p><\/p>\n<p style='text-align: center'><a href='https:\/\/app.legislapp.com.br\/#\/busca?termo='><\/a><\/p>\n<p><\/p>\n<article>\u00a0\u00a0\u00a0\u00a0\u00a0Art. 1\u00ba Fica inscrito o nome de Maria Martha de Hollanda Cavalcanti de Albuquerque no Livro do Pante\u00e3o dos Her\u00f3is e das Hero\u00ednas de Pernambuco &#8211;\u00a0Fernando Santa Cruz, depositado no Museu Pal\u00e1cio Joaquim Nabuco.<\/p>\n<p>\u00a0\u00a0\u00a0\u00a0\u00a0Art. 2\u00ba Esta Resolu\u00e7\u00e3o entra em vigor na data de sua publica\u00e7\u00e3o.<\/article>\n<div style=\"text-align: center\">\n<div style=\"margin-bottom: 20px;\" class=\"et_pb_button_module_wrapper et_pb_button_5_tb_body_wrapper et_pb_button_alignment_center et_pb_module \">\n         <a class=\"et_pb_button et_pb_button_5_tb_body et_hover_enabled et_pb_bg_layout_dark\" style=\"width: 50%;background-color: black;\" href=\"https:\/\/app.legislapp.com.br\" target=\"_blank\" rel=\"noopener\">Visualizar completo na nossa plataforma (30 dias gr\u00e1tis)<\/a><\/p><\/div>\n<p>      <a href=\"https:\/\/play.google.com\/store\/apps\/details?id=br.com.legislapp\"><img decoding=\"async\" style=\"width: 15%; min-width: 130px;\" src=\"https:\/\/www.legislapp.com.br\/wp-content\/uploads\/google-play.png\"><\/a><br \/>\n      <a href=\"https:\/\/apps.apple.com\/us\/app\/legislapp\/id1568929859\"><img decoding=\"async\" style=\"width: 15%; min-width: 130px\" src=\"https:\/\/www.legislapp.com.br\/wp-content\/uploads\/apple-store.png\"><\/a>\n   <\/div>\n","protected":false},"excerpt":{"rendered":"<p>C\u00e2m. Legislativa de PE &#8211; Autoria de Socorro Pimentel Nascida no munic\u00edpio de Vit\u00f3ria de Santo Ant\u00e3o, em 1903, Martha de Hollanda \u00e9 historicamente conhecida por sua luta em favor da causa feminina no in\u00edcio do s\u00e9culo 20.\u00a0 \u00a0\u00a0\u00a0\u00a0\u00a0Em um per\u00edodo marcado por intensas influ\u00eancias do patriarcalismo, ela desafiou as normas sociais ao requerer o [&hellip;]<\/p>\n","protected":false},"author":1,"featured_media":0,"parent":0,"menu_order":0,"comment_status":"closed","ping_status":"closed","template":"page-template-blank.php","meta":{"_et_pb_use_builder":"","_et_pb_old_content":"","_et_gb_content_width":"1080","ngg_post_thumbnail":0,"footnotes":""},"class_list":["post-5970","page","type-page","status-publish","hentry"],"yoast_head":"<!-- This site is optimized with the Yoast SEO plugin v24.4 - https:\/\/yoast.com\/wordpress\/plugins\/seo\/ -->\n<title>PRC 2990\/2025 - Socorro Pimentel - Legislapp<\/title>\n<meta name=\"robots\" content=\"index, follow, max-snippet:-1, max-image-preview:large, max-video-preview:-1\" \/>\n<link rel=\"canonical\" href=\"https:\/\/www.legislapp.com.br\/index.php\/cam-legislativa-de-pe-prc-2990-2025\/\" \/>\n<meta property=\"og:locale\" content=\"pt_BR\" \/>\n<meta property=\"og:type\" content=\"article\" \/>\n<meta property=\"og:title\" content=\"PRC 2990\/2025 - Socorro Pimentel - Legislapp\" \/>\n<meta property=\"og:description\" content=\"C\u00e2m. Legislativa de PE &#8211; Autoria de Socorro Pimentel Nascida no munic\u00edpio de Vit\u00f3ria de Santo Ant\u00e3o, em 1903, Martha de Hollanda \u00e9 historicamente conhecida por sua luta em favor da causa feminina no in\u00edcio do s\u00e9culo 20.\u00a0 \u00a0\u00a0\u00a0\u00a0\u00a0Em um per\u00edodo marcado por intensas influ\u00eancias do patriarcalismo, ela desafiou as normas sociais ao requerer o [&hellip;]\" \/>\n<meta property=\"og:url\" content=\"https:\/\/www.legislapp.com.br\/index.php\/cam-legislativa-de-pe-prc-2990-2025\/\" \/>\n<meta property=\"og:site_name\" content=\"Legislapp\" \/>\n<meta property=\"article:publisher\" content=\"https:\/\/www.instagram.com\/legislapp\/\" \/>\n<meta property=\"og:image\" content=\"https:\/\/www.alepe.pe.gov.br\/\/wp-content\/uploads\/2023\/01\/SOCORRO-PIMENTEL-1-scaled-e1676403370709.jpg\" \/>\n<meta name=\"twitter:card\" content=\"summary_large_image\" \/>\n<meta name=\"twitter:label1\" content=\"Est. tempo de leitura\" \/>\n\t<meta name=\"twitter:data1\" content=\"2 minutos\" \/>\n<script type=\"application\/ld+json\" class=\"yoast-schema-graph\">{\"@context\":\"https:\/\/schema.org\",\"@graph\":[{\"@type\":\"WebPage\",\"@id\":\"https:\/\/www.legislapp.com.br\/index.php\/cam-legislativa-de-pe-prc-2990-2025\/\",\"url\":\"https:\/\/www.legislapp.com.br\/index.php\/cam-legislativa-de-pe-prc-2990-2025\/\",\"name\":\"PRC 2990\/2025 - Socorro Pimentel - Legislapp\",\"isPartOf\":{\"@id\":\"https:\/\/www.legislapp.com.br\/#website\"},\"primaryImageOfPage\":{\"@id\":\"https:\/\/www.legislapp.com.br\/index.php\/cam-legislativa-de-pe-prc-2990-2025\/#primaryimage\"},\"image\":{\"@id\":\"https:\/\/www.legislapp.com.br\/index.php\/cam-legislativa-de-pe-prc-2990-2025\/#primaryimage\"},\"thumbnailUrl\":\"https:\/\/www.alepe.pe.gov.br\/\/wp-content\/uploads\/2023\/01\/SOCORRO-PIMENTEL-1-scaled-e1676403370709.jpg\",\"datePublished\":\"2025-06-25T13:13:22+00:00\",\"breadcrumb\":{\"@id\":\"https:\/\/www.legislapp.com.br\/index.php\/cam-legislativa-de-pe-prc-2990-2025\/#breadcrumb\"},\"inLanguage\":\"pt-BR\",\"potentialAction\":[{\"@type\":\"ReadAction\",\"target\":[\"https:\/\/www.legislapp.com.br\/index.php\/cam-legislativa-de-pe-prc-2990-2025\/\"]}]},{\"@type\":\"ImageObject\",\"inLanguage\":\"pt-BR\",\"@id\":\"https:\/\/www.legislapp.com.br\/index.php\/cam-legislativa-de-pe-prc-2990-2025\/#primaryimage\",\"url\":\"https:\/\/www.alepe.pe.gov.br\/\/wp-content\/uploads\/2023\/01\/SOCORRO-PIMENTEL-1-scaled-e1676403370709.jpg\",\"contentUrl\":\"https:\/\/www.alepe.pe.gov.br\/\/wp-content\/uploads\/2023\/01\/SOCORRO-PIMENTEL-1-scaled-e1676403370709.jpg\"},{\"@type\":\"BreadcrumbList\",\"@id\":\"https:\/\/www.legislapp.com.br\/index.php\/cam-legislativa-de-pe-prc-2990-2025\/#breadcrumb\",\"itemListElement\":[{\"@type\":\"ListItem\",\"position\":1,\"name\":\"In\u00edcio\",\"item\":\"https:\/\/www.legislapp.com.br\/\"},{\"@type\":\"ListItem\",\"position\":2,\"name\":\"PRC 2990\/2025 &#8211; Socorro Pimentel\"}]},{\"@type\":\"WebSite\",\"@id\":\"https:\/\/www.legislapp.com.br\/#website\",\"url\":\"https:\/\/www.legislapp.com.br\/\",\"name\":\"Legislapp\",\"description\":\"Intelig\u00eancia governamental em tempo real\",\"publisher\":{\"@id\":\"https:\/\/www.legislapp.com.br\/#organization\"},\"potentialAction\":[{\"@type\":\"SearchAction\",\"target\":{\"@type\":\"EntryPoint\",\"urlTemplate\":\"https:\/\/www.legislapp.com.br\/?s={search_term_string}\"},\"query-input\":{\"@type\":\"PropertyValueSpecification\",\"valueRequired\":true,\"valueName\":\"search_term_string\"}}],\"inLanguage\":\"pt-BR\"},{\"@type\":\"Organization\",\"@id\":\"https:\/\/www.legislapp.com.br\/#organization\",\"name\":\"Legislapp Monitoramento e Intelig\u00eancia Governamental\",\"url\":\"https:\/\/www.legislapp.com.br\/\",\"logo\":{\"@type\":\"ImageObject\",\"inLanguage\":\"pt-BR\",\"@id\":\"https:\/\/www.legislapp.com.br\/#\/schema\/logo\/image\/\",\"url\":\"https:\/\/www.legislapp.com.br\/wp-content\/uploads\/icon.png\",\"contentUrl\":\"https:\/\/www.legislapp.com.br\/wp-content\/uploads\/icon.png\",\"width\":1024,\"height\":1024,\"caption\":\"Legislapp Monitoramento e Intelig\u00eancia Governamental\"},\"image\":{\"@id\":\"https:\/\/www.legislapp.com.br\/#\/schema\/logo\/image\/\"},\"sameAs\":[\"https:\/\/www.instagram.com\/legislapp\/\"]}]}<\/script>\n<!-- \/ Yoast SEO plugin. -->","yoast_head_json":{"title":"PRC 2990\/2025 - Socorro Pimentel - Legislapp","robots":{"index":"index","follow":"follow","max-snippet":"max-snippet:-1","max-image-preview":"max-image-preview:large","max-video-preview":"max-video-preview:-1"},"canonical":"https:\/\/www.legislapp.com.br\/index.php\/cam-legislativa-de-pe-prc-2990-2025\/","og_locale":"pt_BR","og_type":"article","og_title":"PRC 2990\/2025 - Socorro Pimentel - Legislapp","og_description":"C\u00e2m. Legislativa de PE &#8211; Autoria de Socorro Pimentel Nascida no munic\u00edpio de Vit\u00f3ria de Santo Ant\u00e3o, em 1903, Martha de Hollanda \u00e9 historicamente conhecida por sua luta em favor da causa feminina no in\u00edcio do s\u00e9culo 20.\u00a0 \u00a0\u00a0\u00a0\u00a0\u00a0Em um per\u00edodo marcado por intensas influ\u00eancias do patriarcalismo, ela desafiou as normas sociais ao requerer o [&hellip;]","og_url":"https:\/\/www.legislapp.com.br\/index.php\/cam-legislativa-de-pe-prc-2990-2025\/","og_site_name":"Legislapp","article_publisher":"https:\/\/www.instagram.com\/legislapp\/","og_image":[{"url":"https:\/\/www.alepe.pe.gov.br\/\/wp-content\/uploads\/2023\/01\/SOCORRO-PIMENTEL-1-scaled-e1676403370709.jpg","type":"","width":"","height":""}],"twitter_card":"summary_large_image","twitter_misc":{"Est. tempo de leitura":"2 minutos"},"schema":{"@context":"https:\/\/schema.org","@graph":[{"@type":"WebPage","@id":"https:\/\/www.legislapp.com.br\/index.php\/cam-legislativa-de-pe-prc-2990-2025\/","url":"https:\/\/www.legislapp.com.br\/index.php\/cam-legislativa-de-pe-prc-2990-2025\/","name":"PRC 2990\/2025 - Socorro Pimentel - Legislapp","isPartOf":{"@id":"https:\/\/www.legislapp.com.br\/#website"},"primaryImageOfPage":{"@id":"https:\/\/www.legislapp.com.br\/index.php\/cam-legislativa-de-pe-prc-2990-2025\/#primaryimage"},"image":{"@id":"https:\/\/www.legislapp.com.br\/index.php\/cam-legislativa-de-pe-prc-2990-2025\/#primaryimage"},"thumbnailUrl":"https:\/\/www.alepe.pe.gov.br\/\/wp-content\/uploads\/2023\/01\/SOCORRO-PIMENTEL-1-scaled-e1676403370709.jpg","datePublished":"2025-06-25T13:13:22+00:00","breadcrumb":{"@id":"https:\/\/www.legislapp.com.br\/index.php\/cam-legislativa-de-pe-prc-2990-2025\/#breadcrumb"},"inLanguage":"pt-BR","potentialAction":[{"@type":"ReadAction","target":["https:\/\/www.legislapp.com.br\/index.php\/cam-legislativa-de-pe-prc-2990-2025\/"]}]},{"@type":"ImageObject","inLanguage":"pt-BR","@id":"https:\/\/www.legislapp.com.br\/index.php\/cam-legislativa-de-pe-prc-2990-2025\/#primaryimage","url":"https:\/\/www.alepe.pe.gov.br\/\/wp-content\/uploads\/2023\/01\/SOCORRO-PIMENTEL-1-scaled-e1676403370709.jpg","contentUrl":"https:\/\/www.alepe.pe.gov.br\/\/wp-content\/uploads\/2023\/01\/SOCORRO-PIMENTEL-1-scaled-e1676403370709.jpg"},{"@type":"BreadcrumbList","@id":"https:\/\/www.legislapp.com.br\/index.php\/cam-legislativa-de-pe-prc-2990-2025\/#breadcrumb","itemListElement":[{"@type":"ListItem","position":1,"name":"In\u00edcio","item":"https:\/\/www.legislapp.com.br\/"},{"@type":"ListItem","position":2,"name":"PRC 2990\/2025 &#8211; Socorro Pimentel"}]},{"@type":"WebSite","@id":"https:\/\/www.legislapp.com.br\/#website","url":"https:\/\/www.legislapp.com.br\/","name":"Legislapp","description":"Intelig\u00eancia governamental em tempo real","publisher":{"@id":"https:\/\/www.legislapp.com.br\/#organization"},"potentialAction":[{"@type":"SearchAction","target":{"@type":"EntryPoint","urlTemplate":"https:\/\/www.legislapp.com.br\/?s={search_term_string}"},"query-input":{"@type":"PropertyValueSpecification","valueRequired":true,"valueName":"search_term_string"}}],"inLanguage":"pt-BR"},{"@type":"Organization","@id":"https:\/\/www.legislapp.com.br\/#organization","name":"Legislapp Monitoramento e Intelig\u00eancia Governamental","url":"https:\/\/www.legislapp.com.br\/","logo":{"@type":"ImageObject","inLanguage":"pt-BR","@id":"https:\/\/www.legislapp.com.br\/#\/schema\/logo\/image\/","url":"https:\/\/www.legislapp.com.br\/wp-content\/uploads\/icon.png","contentUrl":"https:\/\/www.legislapp.com.br\/wp-content\/uploads\/icon.png","width":1024,"height":1024,"caption":"Legislapp Monitoramento e Intelig\u00eancia Governamental"},"image":{"@id":"https:\/\/www.legislapp.com.br\/#\/schema\/logo\/image\/"},"sameAs":["https:\/\/www.instagram.com\/legislapp\/"]}]}},"_links":{"self":[{"href":"https:\/\/www.legislapp.com.br\/index.php\/wp-json\/wp\/v2\/pages\/5970","targetHints":{"allow":["GET"]}}],"collection":[{"href":"https:\/\/www.legislapp.com.br\/index.php\/wp-json\/wp\/v2\/pages"}],"about":[{"href":"https:\/\/www.legislapp.com.br\/index.php\/wp-json\/wp\/v2\/types\/page"}],"author":[{"embeddable":true,"href":"https:\/\/www.legislapp.com.br\/index.php\/wp-json\/wp\/v2\/users\/1"}],"replies":[{"embeddable":true,"href":"https:\/\/www.legislapp.com.br\/index.php\/wp-json\/wp\/v2\/comments?post=5970"}],"version-history":[{"count":0,"href":"https:\/\/www.legislapp.com.br\/index.php\/wp-json\/wp\/v2\/pages\/5970\/revisions"}],"wp:attachment":[{"href":"https:\/\/www.legislapp.com.br\/index.php\/wp-json\/wp\/v2\/media?parent=5970"}],"curies":[{"name":"wp","href":"https:\/\/api.w.org\/{rel}","templated":true}]}}