{"id":6046,"date":"2025-06-25T10:17:21","date_gmt":"2025-06-25T13:17:21","guid":{"rendered":"https:\/\/www.legislapp.com.br\/index.php\/cam-legislativa-de-mg-pl-3754-2025\/"},"modified":"2025-06-25T10:17:21","modified_gmt":"2025-06-25T13:17:21","slug":"cam-legislativa-de-mg-pl-3754-2025","status":"publish","type":"page","link":"https:\/\/www.legislapp.com.br\/index.php\/cam-legislativa-de-mg-pl-3754-2025\/","title":{"rendered":"PL 3754\/2025 &#8211; Deputados"},"content":{"rendered":"<h1 style='text-align: center;'>C\u00e2m. Legislativa de MG &#8211; Autoria de Deputados<\/h3>\n<p><\/p>\n<article style='text-align: center'>Disp\u00f5e sobre a cassa\u00e7\u00e3o da inscri\u00e7\u00e3o, no cadastro de contribuintes do<br \/>\nImposto sobre Opera\u00e7\u00f5es Relativas \u00e0 Circula\u00e7\u00e3o de Mercadorias e sobre<br \/>\nPresta\u00e7\u00f5es de Servi\u00e7os de Transporte Interestadual e Intermunicipal e de<br \/>\nComunica\u00e7\u00e3o &#8211; ICMS -, de qualquer empresa que fa\u00e7a uso direto ou indireto<br \/>\nde trabalho escravo ou em condi\u00e7\u00f5es an\u00e1logas \u00e0 escravid\u00e3o em sua cadeia<br \/>\nprodutiva.<\/article>\n<p><\/p>\n<p style='text-align: center'><a href='https:\/\/app.legislapp.com.br\/#\/busca?termo='><\/a><\/p>\n<p><\/p>\n<article>Disp\u00f5e sobre a cassa\u00e7\u00e3o da inscri\u00e7\u00e3o no cadastro de contribuintes do Imposto sobre Opera\u00e7\u00f5es Relativas \u00e0 Circula\u00e7\u00e3o de Mercadorias e sobre Presta\u00e7\u00f5es de Servi\u00e7os de Transporte Interestadual e Intermunicipal e de Comunica\u00e7\u00e3o &#8211; ICMS, de qualquer empresa que fa\u00e7a uso direto ou indireto de trabalho escravo ou em condi\u00e7\u00f5es an\u00e1logas em sua cadeia produtiva.<br \/>\nA Assembleia Legislativa do Estado de Minas Gerais decreta:<br \/>\nArt. 1\u00ba \u2013 Al\u00e9m das penas previstas na legisla\u00e7\u00e3o pr\u00f3pria, ser\u00e1 cassada a efic\u00e1cia da inscri\u00e7\u00e3o no cadastro de contribuintes do Imposto sobre Opera\u00e7\u00f5es Relativas \u00e0 Circula\u00e7\u00e3o de Mercadorias e sobre Presta\u00e7\u00f5es de Servi\u00e7os de Transporte Interestadual e Intermunicipal e de Comunica\u00e7\u00e3o (ICMS) dos estabelecimentos que comercializarem produtos em cuja fabrica\u00e7\u00e3o tenha havido, em qualquer de suas etapas de industrializa\u00e7\u00e3o, condutas que configurem redu\u00e7\u00e3o de pessoa a condi\u00e7\u00e3o an\u00e1loga \u00e0 de escravo.<br \/>\nArt. 2\u00ba \u2013 O descumprimento do disposto no artigo 1\u00ba ser\u00e1 apurado na forma estabelecida pela Secretaria da Fazenda, assegurado o regular procedimento administrativo ao interessado.<br \/>\nArt. 3\u00ba \u2013 Os crit\u00e9rios de apura\u00e7\u00e3o para aplica\u00e7\u00e3o das san\u00e7\u00f5es disposta nesta lei se dar\u00e3o, entre os meios poss\u00edveis, prioritariamente por:<br \/>\nI \u2013 A inclus\u00e3o no Cadastro de Empregadores que tenham submetido trabalhadores a condi\u00e7\u00f5es an\u00e1logas \u00e0 escravid\u00e3o disponibilizada pelo Minist\u00e9rio do Trabalho e Emprego &#8211; MTE, conhecido como Lista Suja;<br \/>\nII \u2013 A condena\u00e7\u00e3o por submiss\u00e3o \u00e0 condi\u00e7\u00e3o an\u00e1loga \u00e0 de escravo, em decis\u00e3o transitada em julgado ou proferida por \u00f3rg\u00e3o judicial colegiado;<br \/>\nPar\u00e1grafo \u00fanico \u2013 Fica autorizada a ado\u00e7\u00e3o de outros crit\u00e9rios de apura\u00e7\u00e3o para aplica\u00e7\u00e3o das san\u00e7\u00f5es, desde que devidamente fundamentados e compat\u00edveis com a jurisprud\u00eancia consolidada dos \u00f3rg\u00e3os do Poder Judici\u00e1rio e com os atos normativos do Poder Executivo.<br \/>\nArt. 4\u00ba \u2013 A cassa\u00e7\u00e3o da efic\u00e1cia da inscri\u00e7\u00e3o do cadastro de contribuintes do ICMS, prevista no artigo 1\u00ba, implicar\u00e1 aos s\u00f3cios, pessoas f\u00edsicas ou jur\u00eddicas, em conjunto ou separadamente, do estabelecimento penalizado:<br \/>\nI \u2013 o impedimento de exercerem o mesmo ramo de atividade, mesmo que em estabelecimento distinto daquele;<br \/>\nII \u2013 a proibi\u00e7\u00e3o de entrarem com pedido de inscri\u00e7\u00e3o de nova empresa, no mesmo ramo de atividade.<br \/>\n\u00a7 1\u00ba \u2013 As restri\u00e7\u00f5es previstas nos incisos I e II prevalecer\u00e3o pelo prazo m\u00ednimo de 3 (tr\u00eas) anos e m\u00e1ximo de 5 (cinco) anos, contados da data da cassa\u00e7\u00e3o, se resultarem da inclus\u00e3o no Cadastro de Empregadores.<br \/>\n\u00a7 2\u00ba \u2013 As restri\u00e7\u00f5es previstas nos incisos I e II prevalecer\u00e3o pelo prazo m\u00ednimo de 6 (seis) anos e m\u00e1ximo de 10 (dez) anos, contados da data da cassa\u00e7\u00e3o, se resultarem de condena\u00e7\u00e3o com decis\u00e3o transitada em julgado ou proferida por \u00f3rg\u00e3o judicial colegiado.<br \/>\n\u00a7 3\u00ba \u2013 Quando adotados os crit\u00e9rios referidos no par\u00e1grafo \u00fanico do art. 3\u00ba, as restri\u00e7\u00f5es previstas nos incisos I e II deste artigo prevalecer\u00e3o pelo prazo m\u00ednimo de 3 (tr\u00eas) anos e m\u00e1ximo de 8 (oito) anos.<br \/>\nArt. 5\u00ba \u2013 As despesas decorrentes da execu\u00e7\u00e3o desta lei correr\u00e3o \u00e0 conta de dota\u00e7\u00f5es or\u00e7ament\u00e1rias pr\u00f3prias, suplementadas se necess\u00e1rio.<br \/>\nArt. 6\u00ba \u2013 Esta lei entra em vigor na data de sua publica\u00e7\u00e3o.<br \/>\nSala das Reuni\u00f5es, 12 de maio de 2025.<br \/>\nBet\u00e3o (PT), presidente da Comiss\u00e3o do Trabalho, da Previd\u00eancia e da Assist\u00eancia Social.<br \/>\nJustifica\u00e7\u00e3o: O presente Projeto de Lei visa coibir, em todas as suas formas, o com\u00e9rcio de produtos em cuja fabrica\u00e7\u00e3o tenha havido, em qualquer de suas etapas de confec\u00e7\u00e3o, condutas que favore\u00e7am ou configurem a explora\u00e7\u00e3o do trabalho em condi\u00e7\u00f5es an\u00e1logas \u00e0 escravid\u00e3o.<br \/>\nA partir da d\u00e9cada de 1990, observa-se um aumento nas den\u00fancias de explora\u00e7\u00e3o do trabalho em condi\u00e7\u00f5es an\u00e1logas \u00e0 de escravid\u00e3o, especialmente nos setores agr\u00edcola e miner\u00e1rio, os quais passaram a ser alvo recorrente de fiscaliza\u00e7\u00f5es e investiga\u00e7\u00f5es.<br \/>\nO Brasil tem o compromisso de combater o trabalho escravo ou semelhante \u00e0 escravid\u00e3o. A Constitui\u00e7\u00e3o garante a dignidade da pessoa humana (art. 1\u00ba, III) e pro\u00edbe qualquer tratamento desumano ou degradante (art. 5\u00ba, III). No plano internacional, esse dever est\u00e1 previsto nas Conven\u00e7\u00f5es da Organiza\u00e7\u00e3o Internacional do Trabalho (OIT) n\u00ba 29 e 105, que refor\u00e7am a obriga\u00e7\u00e3o do pa\u00eds &#8211; inclusive dos governos estaduais e municipais &#8211; de tomar medidas para acabar com essa pr\u00e1tica.<br \/>\nDestaca-se que o presente Projeto de Lei se inspira na Lei n\u00ba 14.946\/2013, do Estado de S\u00e3o Paulo, a qual foi amplamente debatida nas comiss\u00f5es tem\u00e1ticas, aprovada pelo Plen\u00e1rio da Assembleia Legislativa e posteriormente sancionada pelo Poder Executivo estadual. Como era de se esperar, a vig\u00eancia dessa norma gerou rea\u00e7\u00f5es por parte de setores produtivos, que questionaram sua constitucionalidade. Em raz\u00e3o disso, o Supremo Tribunal Federal (STF) foi provocado a se manifestar sobre a legalidade da medida.<br \/>\nA Corte se pronunciou no julgamento da A\u00e7\u00e3o Direta de Inconstitucionalidade (ADI) n\u00ba 5.465, na qual referendou a constitucionalidade da norma, reconhecendo que o cancelamento do cadastro do ICMS configura medida administrativa leg\u00edtima, inserida no \u00e2mbito da compet\u00eancia dos Estados para a fiscaliza\u00e7\u00e3o tribut\u00e1ria, nos termos dos artigos 24, inciso I, e 155 da Constitui\u00e7\u00e3o Federal de 1988, bem como do artigo 78 do C\u00f3digo Tribut\u00e1rio Nacional. O presente Projeto de Lei estipula que somente ap\u00f3s confirmada a pr\u00e1tica de trabalho escravo pelo \u00f3rg\u00e3o competente da Uni\u00e3o, o Estado de Minas Gerais avaliar\u00e1 e aplicar\u00e1 puni\u00e7\u00f5es a empresas que comercializam produtos fabricados com trabalho escravo.<br \/>\nPortanto, para a aplica\u00e7\u00e3o das puni\u00e7\u00f5es previstas no Projeto de Lei (cancelamento da inscri\u00e7\u00e3o estadual e proibi\u00e7\u00f5es aos s\u00f3cios), \u00e9 necess\u00e1rio provar, em um processo administrativo, com direito a ampla defesa e do contradit\u00f3rio, que a empresa ou seus s\u00f3cios sabiam ou tinham motivos para desconfiar que estavam comercializando produtos fabricados com trabalho escravo.<br \/>\nA pr\u00e1tica do trabalho escravo \u00e9 uma dos mais cru\u00e9is cap\u00edtulos da hist\u00f3ria da humanidade, marcada por viol\u00eancia, desumaniza\u00e7\u00e3o e explora\u00e7\u00e3o sistem\u00e1tica de vidas que continuam a assolar esse pa\u00eds. \u00c9 dever moral e urgente de toda a sociedade combat\u00ea-lo com firmeza e por todos os meios legais e \u00e9ticos dispon\u00edveis, garantindo justi\u00e7a e dignidade para todos. Deste modo, conto com o irrestrito apoio dos colegas parlamentares para a aprova\u00e7\u00e3o do presente Projeto de Lei e o fortalecimento das pol\u00edticas de enfrentamento a essa pr\u00e1tica desumana.<br \/>\n\u2013 Publicado, vai o projeto \u00e0s Comiss\u00f5es de Justi\u00e7a, do Trabalho, de Desenvolvimento Econ\u00f4mico e de Fiscaliza\u00e7\u00e3o Financeira e de para parecer, nos termos do art. 188, c\/c o art. 102, do Regimento Interno.<\/article>\n<div style=\"text-align: center\">\n<div style=\"margin-bottom: 20px;\" class=\"et_pb_button_module_wrapper et_pb_button_5_tb_body_wrapper et_pb_button_alignment_center et_pb_module \">\n         <a class=\"et_pb_button et_pb_button_5_tb_body et_hover_enabled et_pb_bg_layout_dark\" style=\"width: 50%;background-color: black;\" href=\"https:\/\/app.legislapp.com.br\" target=\"_blank\" rel=\"noopener\">Visualizar completo na nossa plataforma (30 dias gr\u00e1tis)<\/a><\/p><\/div>\n<p>      <a href=\"https:\/\/play.google.com\/store\/apps\/details?id=br.com.legislapp\"><img decoding=\"async\" style=\"width: 15%; min-width: 130px;\" src=\"https:\/\/www.legislapp.com.br\/wp-content\/uploads\/google-play.png\"><\/a><br \/>\n      <a href=\"https:\/\/apps.apple.com\/us\/app\/legislapp\/id1568929859\"><img decoding=\"async\" style=\"width: 15%; min-width: 130px\" src=\"https:\/\/www.legislapp.com.br\/wp-content\/uploads\/apple-store.png\"><\/a>\n   <\/div>\n","protected":false},"excerpt":{"rendered":"<p>C\u00e2m. Legislativa de MG &#8211; Autoria de Deputados Disp\u00f5e sobre a cassa\u00e7\u00e3o da inscri\u00e7\u00e3o, no cadastro de contribuintes do Imposto sobre Opera\u00e7\u00f5es Relativas \u00e0 Circula\u00e7\u00e3o de Mercadorias e sobre Presta\u00e7\u00f5es de Servi\u00e7os de Transporte Interestadual e Intermunicipal e de Comunica\u00e7\u00e3o &#8211; ICMS -, de qualquer empresa que fa\u00e7a uso direto ou indireto de trabalho escravo [&hellip;]<\/p>\n","protected":false},"author":1,"featured_media":0,"parent":0,"menu_order":0,"comment_status":"closed","ping_status":"closed","template":"page-template-blank.php","meta":{"_et_pb_use_builder":"","_et_pb_old_content":"","_et_gb_content_width":"1080","ngg_post_thumbnail":0,"footnotes":""},"class_list":["post-6046","page","type-page","status-publish","hentry"],"yoast_head":"<!-- This site is optimized with the Yoast SEO plugin v24.4 - https:\/\/yoast.com\/wordpress\/plugins\/seo\/ -->\n<title>PL 3754\/2025 - Deputados - Legislapp<\/title>\n<meta name=\"robots\" content=\"index, follow, max-snippet:-1, max-image-preview:large, max-video-preview:-1\" \/>\n<link rel=\"canonical\" href=\"https:\/\/www.legislapp.com.br\/index.php\/cam-legislativa-de-mg-pl-3754-2025\/\" \/>\n<meta property=\"og:locale\" content=\"pt_BR\" \/>\n<meta property=\"og:type\" content=\"article\" \/>\n<meta property=\"og:title\" content=\"PL 3754\/2025 - Deputados - Legislapp\" \/>\n<meta property=\"og:description\" content=\"C\u00e2m. Legislativa de MG &#8211; Autoria de Deputados Disp\u00f5e sobre a cassa\u00e7\u00e3o da inscri\u00e7\u00e3o, no cadastro de contribuintes do Imposto sobre Opera\u00e7\u00f5es Relativas \u00e0 Circula\u00e7\u00e3o de Mercadorias e sobre Presta\u00e7\u00f5es de Servi\u00e7os de Transporte Interestadual e Intermunicipal e de Comunica\u00e7\u00e3o &#8211; ICMS -, de qualquer empresa que fa\u00e7a uso direto ou indireto de trabalho escravo [&hellip;]\" \/>\n<meta property=\"og:url\" content=\"https:\/\/www.legislapp.com.br\/index.php\/cam-legislativa-de-mg-pl-3754-2025\/\" \/>\n<meta property=\"og:site_name\" content=\"Legislapp\" \/>\n<meta property=\"article:publisher\" content=\"https:\/\/www.instagram.com\/legislapp\/\" \/>\n<meta property=\"og:image\" content=\"https:\/\/www.legislapp.com.br\/wp-content\/uploads\/google-play.png\" \/>\n<meta name=\"twitter:card\" content=\"summary_large_image\" \/>\n<meta name=\"twitter:label1\" content=\"Est. tempo de leitura\" \/>\n\t<meta name=\"twitter:data1\" content=\"6 minutos\" \/>\n<script type=\"application\/ld+json\" class=\"yoast-schema-graph\">{\"@context\":\"https:\/\/schema.org\",\"@graph\":[{\"@type\":\"WebPage\",\"@id\":\"https:\/\/www.legislapp.com.br\/index.php\/cam-legislativa-de-mg-pl-3754-2025\/\",\"url\":\"https:\/\/www.legislapp.com.br\/index.php\/cam-legislativa-de-mg-pl-3754-2025\/\",\"name\":\"PL 3754\/2025 - Deputados - Legislapp\",\"isPartOf\":{\"@id\":\"https:\/\/www.legislapp.com.br\/#website\"},\"primaryImageOfPage\":{\"@id\":\"https:\/\/www.legislapp.com.br\/index.php\/cam-legislativa-de-mg-pl-3754-2025\/#primaryimage\"},\"image\":{\"@id\":\"https:\/\/www.legislapp.com.br\/index.php\/cam-legislativa-de-mg-pl-3754-2025\/#primaryimage\"},\"thumbnailUrl\":\"https:\/\/www.legislapp.com.br\/wp-content\/uploads\/google-play.png\",\"datePublished\":\"2025-06-25T13:17:21+00:00\",\"breadcrumb\":{\"@id\":\"https:\/\/www.legislapp.com.br\/index.php\/cam-legislativa-de-mg-pl-3754-2025\/#breadcrumb\"},\"inLanguage\":\"pt-BR\",\"potentialAction\":[{\"@type\":\"ReadAction\",\"target\":[\"https:\/\/www.legislapp.com.br\/index.php\/cam-legislativa-de-mg-pl-3754-2025\/\"]}]},{\"@type\":\"ImageObject\",\"inLanguage\":\"pt-BR\",\"@id\":\"https:\/\/www.legislapp.com.br\/index.php\/cam-legislativa-de-mg-pl-3754-2025\/#primaryimage\",\"url\":\"https:\/\/www.legislapp.com.br\/wp-content\/uploads\/google-play.png\",\"contentUrl\":\"https:\/\/www.legislapp.com.br\/wp-content\/uploads\/google-play.png\",\"width\":564,\"height\":168},{\"@type\":\"BreadcrumbList\",\"@id\":\"https:\/\/www.legislapp.com.br\/index.php\/cam-legislativa-de-mg-pl-3754-2025\/#breadcrumb\",\"itemListElement\":[{\"@type\":\"ListItem\",\"position\":1,\"name\":\"In\u00edcio\",\"item\":\"https:\/\/www.legislapp.com.br\/\"},{\"@type\":\"ListItem\",\"position\":2,\"name\":\"PL 3754\/2025 &#8211; Deputados\"}]},{\"@type\":\"WebSite\",\"@id\":\"https:\/\/www.legislapp.com.br\/#website\",\"url\":\"https:\/\/www.legislapp.com.br\/\",\"name\":\"Legislapp\",\"description\":\"Intelig\u00eancia governamental em tempo real\",\"publisher\":{\"@id\":\"https:\/\/www.legislapp.com.br\/#organization\"},\"potentialAction\":[{\"@type\":\"SearchAction\",\"target\":{\"@type\":\"EntryPoint\",\"urlTemplate\":\"https:\/\/www.legislapp.com.br\/?s={search_term_string}\"},\"query-input\":{\"@type\":\"PropertyValueSpecification\",\"valueRequired\":true,\"valueName\":\"search_term_string\"}}],\"inLanguage\":\"pt-BR\"},{\"@type\":\"Organization\",\"@id\":\"https:\/\/www.legislapp.com.br\/#organization\",\"name\":\"Legislapp Monitoramento e Intelig\u00eancia Governamental\",\"url\":\"https:\/\/www.legislapp.com.br\/\",\"logo\":{\"@type\":\"ImageObject\",\"inLanguage\":\"pt-BR\",\"@id\":\"https:\/\/www.legislapp.com.br\/#\/schema\/logo\/image\/\",\"url\":\"https:\/\/www.legislapp.com.br\/wp-content\/uploads\/icon.png\",\"contentUrl\":\"https:\/\/www.legislapp.com.br\/wp-content\/uploads\/icon.png\",\"width\":1024,\"height\":1024,\"caption\":\"Legislapp Monitoramento e Intelig\u00eancia Governamental\"},\"image\":{\"@id\":\"https:\/\/www.legislapp.com.br\/#\/schema\/logo\/image\/\"},\"sameAs\":[\"https:\/\/www.instagram.com\/legislapp\/\"]}]}<\/script>\n<!-- \/ Yoast SEO plugin. -->","yoast_head_json":{"title":"PL 3754\/2025 - Deputados - Legislapp","robots":{"index":"index","follow":"follow","max-snippet":"max-snippet:-1","max-image-preview":"max-image-preview:large","max-video-preview":"max-video-preview:-1"},"canonical":"https:\/\/www.legislapp.com.br\/index.php\/cam-legislativa-de-mg-pl-3754-2025\/","og_locale":"pt_BR","og_type":"article","og_title":"PL 3754\/2025 - Deputados - Legislapp","og_description":"C\u00e2m. Legislativa de MG &#8211; Autoria de Deputados Disp\u00f5e sobre a cassa\u00e7\u00e3o da inscri\u00e7\u00e3o, no cadastro de contribuintes do Imposto sobre Opera\u00e7\u00f5es Relativas \u00e0 Circula\u00e7\u00e3o de Mercadorias e sobre Presta\u00e7\u00f5es de Servi\u00e7os de Transporte Interestadual e Intermunicipal e de Comunica\u00e7\u00e3o &#8211; ICMS -, de qualquer empresa que fa\u00e7a uso direto ou indireto de trabalho escravo [&hellip;]","og_url":"https:\/\/www.legislapp.com.br\/index.php\/cam-legislativa-de-mg-pl-3754-2025\/","og_site_name":"Legislapp","article_publisher":"https:\/\/www.instagram.com\/legislapp\/","og_image":[{"url":"https:\/\/www.legislapp.com.br\/wp-content\/uploads\/google-play.png","type":"","width":"","height":""}],"twitter_card":"summary_large_image","twitter_misc":{"Est. tempo de leitura":"6 minutos"},"schema":{"@context":"https:\/\/schema.org","@graph":[{"@type":"WebPage","@id":"https:\/\/www.legislapp.com.br\/index.php\/cam-legislativa-de-mg-pl-3754-2025\/","url":"https:\/\/www.legislapp.com.br\/index.php\/cam-legislativa-de-mg-pl-3754-2025\/","name":"PL 3754\/2025 - Deputados - Legislapp","isPartOf":{"@id":"https:\/\/www.legislapp.com.br\/#website"},"primaryImageOfPage":{"@id":"https:\/\/www.legislapp.com.br\/index.php\/cam-legislativa-de-mg-pl-3754-2025\/#primaryimage"},"image":{"@id":"https:\/\/www.legislapp.com.br\/index.php\/cam-legislativa-de-mg-pl-3754-2025\/#primaryimage"},"thumbnailUrl":"https:\/\/www.legislapp.com.br\/wp-content\/uploads\/google-play.png","datePublished":"2025-06-25T13:17:21+00:00","breadcrumb":{"@id":"https:\/\/www.legislapp.com.br\/index.php\/cam-legislativa-de-mg-pl-3754-2025\/#breadcrumb"},"inLanguage":"pt-BR","potentialAction":[{"@type":"ReadAction","target":["https:\/\/www.legislapp.com.br\/index.php\/cam-legislativa-de-mg-pl-3754-2025\/"]}]},{"@type":"ImageObject","inLanguage":"pt-BR","@id":"https:\/\/www.legislapp.com.br\/index.php\/cam-legislativa-de-mg-pl-3754-2025\/#primaryimage","url":"https:\/\/www.legislapp.com.br\/wp-content\/uploads\/google-play.png","contentUrl":"https:\/\/www.legislapp.com.br\/wp-content\/uploads\/google-play.png","width":564,"height":168},{"@type":"BreadcrumbList","@id":"https:\/\/www.legislapp.com.br\/index.php\/cam-legislativa-de-mg-pl-3754-2025\/#breadcrumb","itemListElement":[{"@type":"ListItem","position":1,"name":"In\u00edcio","item":"https:\/\/www.legislapp.com.br\/"},{"@type":"ListItem","position":2,"name":"PL 3754\/2025 &#8211; Deputados"}]},{"@type":"WebSite","@id":"https:\/\/www.legislapp.com.br\/#website","url":"https:\/\/www.legislapp.com.br\/","name":"Legislapp","description":"Intelig\u00eancia governamental em tempo real","publisher":{"@id":"https:\/\/www.legislapp.com.br\/#organization"},"potentialAction":[{"@type":"SearchAction","target":{"@type":"EntryPoint","urlTemplate":"https:\/\/www.legislapp.com.br\/?s={search_term_string}"},"query-input":{"@type":"PropertyValueSpecification","valueRequired":true,"valueName":"search_term_string"}}],"inLanguage":"pt-BR"},{"@type":"Organization","@id":"https:\/\/www.legislapp.com.br\/#organization","name":"Legislapp Monitoramento e Intelig\u00eancia Governamental","url":"https:\/\/www.legislapp.com.br\/","logo":{"@type":"ImageObject","inLanguage":"pt-BR","@id":"https:\/\/www.legislapp.com.br\/#\/schema\/logo\/image\/","url":"https:\/\/www.legislapp.com.br\/wp-content\/uploads\/icon.png","contentUrl":"https:\/\/www.legislapp.com.br\/wp-content\/uploads\/icon.png","width":1024,"height":1024,"caption":"Legislapp Monitoramento e Intelig\u00eancia Governamental"},"image":{"@id":"https:\/\/www.legislapp.com.br\/#\/schema\/logo\/image\/"},"sameAs":["https:\/\/www.instagram.com\/legislapp\/"]}]}},"_links":{"self":[{"href":"https:\/\/www.legislapp.com.br\/index.php\/wp-json\/wp\/v2\/pages\/6046","targetHints":{"allow":["GET"]}}],"collection":[{"href":"https:\/\/www.legislapp.com.br\/index.php\/wp-json\/wp\/v2\/pages"}],"about":[{"href":"https:\/\/www.legislapp.com.br\/index.php\/wp-json\/wp\/v2\/types\/page"}],"author":[{"embeddable":true,"href":"https:\/\/www.legislapp.com.br\/index.php\/wp-json\/wp\/v2\/users\/1"}],"replies":[{"embeddable":true,"href":"https:\/\/www.legislapp.com.br\/index.php\/wp-json\/wp\/v2\/comments?post=6046"}],"version-history":[{"count":0,"href":"https:\/\/www.legislapp.com.br\/index.php\/wp-json\/wp\/v2\/pages\/6046\/revisions"}],"wp:attachment":[{"href":"https:\/\/www.legislapp.com.br\/index.php\/wp-json\/wp\/v2\/media?parent=6046"}],"curies":[{"name":"wp","href":"https:\/\/api.w.org\/{rel}","templated":true}]}}