{"id":6064,"date":"2025-06-25T10:18:15","date_gmt":"2025-06-25T13:18:15","guid":{"rendered":"https:\/\/www.legislapp.com.br\/index.php\/cam-legislativa-de-mg-pl-3939-2025\/"},"modified":"2025-06-25T10:18:15","modified_gmt":"2025-06-25T13:18:15","slug":"cam-legislativa-de-mg-pl-3939-2025","status":"publish","type":"page","link":"https:\/\/www.legislapp.com.br\/index.php\/cam-legislativa-de-mg-pl-3939-2025\/","title":{"rendered":"PL 3939\/2025 &#8211; Deputados"},"content":{"rendered":"<h1 style='text-align: center;'>C\u00e2m. Legislativa de MG &#8211; Autoria de Deputados<\/h3>\n<p><\/p>\n<article style='text-align: center'>Institui a Semana de Conscientiza\u00e7\u00e3o e Combate ao Relacionamento Abusivo<br \/>\nno \u00e2mbito do Estado.<\/article>\n<p><\/p>\n<p style='text-align: center'><a href='https:\/\/app.legislapp.com.br\/#\/busca?termo='><\/a><\/p>\n<p><\/p>\n<article>Institui a Semana de Conscientiza\u00e7\u00e3o e Combate ao Relacionamento Abusivo no \u00e2mbito do Estado de Minas Gerais.<br \/>\nA Assembleia Legislativa do Estado de Minas Gerais decreta:<br \/>\nArt. 1\u00ba \u2013 Fica institu\u00edda no \u00e2mbito do Estado de Minas Gerais a Semana de\u00a0Conscientiza\u00e7\u00e3o e Combate ao Relacionamento Abusivo no \u00e2mbito do Estado de Minas Gerais, que ocorrer\u00e1, anualmente, na semana que antecede o dia 12 de junho.<br \/>\nPar\u00e1grafo \u00fanico \u2013 A semana a que se refere o caput deste artigo dever\u00e1 ser inclu\u00edda no Calend\u00e1rio Oficial de Eventos do Estado de Minas Gerais.<br \/>\nArt. 2\u00ba \u2013 A Semana de Conscientiza\u00e7\u00e3o e Combate ao Relacionamento Abusivo tem por objetivo promover a reflex\u00e3o e fomentar o debate sobre os relacionamentos abusivos e seus reflexos para os envolvidos, suas fam\u00edlias e para a sociedade.<br \/>\nArt. 3\u00ba \u2013 Durante a semana pode-se desenvolver a\u00e7\u00f5es para a conscientiza\u00e7\u00e3o da popula\u00e7\u00e3o, por meio de procedimentos informativos, educativos, palestras, audi\u00eancias p\u00fablicas, semin\u00e1rios, confer\u00eancias e a produ\u00e7\u00e3o de material online e\/ou impresso explicativos que atinjam os objetivos propostos no art. 2\u00ba.<br \/>\nArt. 4\u00ba \u2013 O Poder Executivo regulamentar\u00e1 a presente lei.<br \/>\nArt. 5\u00ba \u2013 Esta lei entra em vigor na data de sua publica\u00e7\u00e3o.<br \/>\nSala das Reuni\u00f5es, 11 de junho de 2025.<br \/>\nIone Pinheiro (Uni\u00e3o), vice-presidenta da Comiss\u00e3o de Meio Ambiente e Desenvolvimento Sustent\u00e1vel \u2013 Amanda Teixeira Dias (PL), vice-l\u00edder do Partido Liberal \u2013 Ana Paula Siqueira (Rede), presidenta da Comiss\u00e3o de Defesa dos Direitos da Mulher \u2013 Andr\u00e9ia de Jesus (PT), vice-presidenta da Comiss\u00e3o de Direitos Humanos \u2013 Beatriz Cerqueira (PT), presidenta da Comiss\u00e3o de Educa\u00e7\u00e3o, Ci\u00eancia e Tecnologia \u2013 Bella Gon\u00e7alves (Psol), presidenta da Comiss\u00e3o de Direitos Humanos \u2013 Carol Caram (Avante), vice-presidente da Comiss\u00e3o de Defesa do Consumidor e do Contribuinte \u2013 Chiara Biondini (PP), vice-l\u00edder do Bloco Minas em Frente \u2013 Delegada Sheila (PL), presidente da Comiss\u00e3o de Preven\u00e7\u00e3o e Combate ao Uso de Crack e Outras Drogas \u2013 Leninha (PT), 1\u00aa-vice-presidente \u2013 Lohanna (PV), l\u00edder da Bancada Feminina \u2013 Lud Falc\u00e3o (Pode), vice-l\u00edder da Bancada Feminina \u2013 Maria Clara Marra (PSDB), presidente da Comiss\u00e3o de Defesa dos Direitos da Pessoa com Defici\u00eancia \u2013 Marli Ribeiro (PL), vice-presidente da Comiss\u00e3o de Preven\u00e7\u00e3o e Combate ao Uso de Crack e Outras Drogas \u2013 Nayara Rocha (PP), vice-l\u00edder do Governo.<br \/>\nJustifica\u00e7\u00e3o: Na semana em que se antecede o Dia dos Namorados, comemorado anualmente no Brasil em 12 de junho, ser\u00e1 estabelecida em Minas Gerais a Semana de Conscientiza\u00e7\u00e3o e Combate ao Relacionamento Abusivo.<br \/>\nO objetivo da cria\u00e7\u00e3o da lei \u00e9 promover a reflex\u00e3o e fomentar o debate sobre os relacionamentos abusivos e seus reflexos para os envolvidos, suas fam\u00edlias e para a sociedade.<br \/>\nO assunto \u00e9 delicado e pode despertar traumas, mas sem sombra de d\u00favidas \u00e9 extremamente importante e deve ser debatido pela popula\u00e7\u00e3o, por autoridades e profissionais de sa\u00fade. O relacionamento abusivo embora seja diretamente associado \u00e0s rela\u00e7\u00f5es amorosas, pode afetar rela\u00e7\u00f5es de diferentes tipos.<br \/>\nE uma das dificuldades sobre o tema \u00e9 saber como identificar quando uma rela\u00e7\u00e3o pode ser considerada t\u00f3xica e abusiva.<br \/>\nAs mulheres s\u00e3o as principais v\u00edtimas de relacionamentos abusivos, de acordo com a ONU. Toda rela\u00e7\u00e3o t\u00f3xica come\u00e7a da mesma maneira: pautada em cima do controle, que \u00e9 uma forma de viol\u00eancia que pode come\u00e7ar de modo muito sutil, disfar\u00e7ada de ci\u00fame protetivo, por exemplo.<br \/>\nA pessoa se engana e n\u00e3o percebe que controlar cren\u00e7as, roupas, amizades, comportamentos e compromissos seja uma forma de violar o espa\u00e7o do outro. A v\u00edtima acredita que o parceiro faz isso porque a ama demais, e peca por desejar cuidar e proteger. S\u00f3 que esse controle vai aumentando gradativamente e a mulher, por sua vez, come\u00e7a a se acostumar com ele, como se fosse banalizando esse abuso, esse sufocamento. Ent\u00e3o, a toler\u00e2ncia vai aumentando.<br \/>\nVale ressaltar que qualquer um est\u00e1 sujeito a ser a v\u00edtima do relacionamento abusivo, seja homens ou mulheres.<br \/>\nOs sinais elencados pela proposi\u00e7\u00e3o da Semana s\u00e3o:<br \/>\n1 \u2013 Quer afastar o outro de tudo e de todos;<br \/>\n2 \u2013 Culpa o c\u00f4njuge por tudo\/manipula\u00e7\u00e3o\/ amea\u00e7a econ\u00f4mica;<br \/>\n3 \u2013 Enxerga o outro como propriedade\/ humilha\u00e7\u00e3o\/ bullying;<br \/>\n4 \u2013 Controle e viol\u00eancia\/ chantagem\/ eleva\u00e7\u00e3o do tom de voz;<br \/>\n5 \u2013 Ci\u00fame excessivo\/paranoia e invas\u00e3o de privacidade.<br \/>\nDe maneira geral, viver um relacionamento abusivo envolve a conviv\u00eancia com o medo, e com situa\u00e7\u00f5es de tens\u00e3o que podem n\u00e3o ser constantes, mas que trazem preju\u00edzos em diversas esferas para as v\u00edtimas.<br \/>\nExiste toda uma complexidade no viver um relacionamento violento, n\u00e3o sendo t\u00e3o simples sair do mesmo ou at\u00e9 mesmo perceber o que \u00e9 ou n\u00e3o viol\u00eancia na intimidade. Tudo isso envolve para al\u00e9m de quest\u00f5es \u00edntimas do casal, quest\u00f5es culturais que ditam como as rela\u00e7\u00f5es devem ou n\u00e3o ser.<br \/>\nSair dessa din\u00e2mica abusiva exige muito mais do que esfor\u00e7o por parte da v\u00edtima. A ajuda de amigos e familiares, acompanhamento psicol\u00f3gico e orienta\u00e7\u00e3o jur\u00eddica s\u00e3o aparatos que fazem toda a diferen\u00e7a para que a sobrevivente se sinta segura para abandonar seu abusador.<br \/>\nDurante a Semana, o Poder P\u00fablico fica autorizado a desenvolver a\u00e7\u00f5es para a conscientiza\u00e7\u00e3o da popula\u00e7\u00e3o, por meio de procedimentos informativos, educativos, palestras, audi\u00eancias p\u00fablicas, semin\u00e1rios, confer\u00eancias e a produ\u00e7\u00e3o de material online e\/ou impresso explicativos que atinjam os objetivos propostos.<br \/>\nPela import\u00e2ncia da mat\u00e9ria, solicitamos a aprova\u00e7\u00e3o da presente proposi\u00e7\u00e3o.<br \/>\n\u2013 Publicado, vai o projeto \u00e0 Comiss\u00e3o de Justi\u00e7a e do Trabalho para parecer, nos termos do art. 190, c\/c o art. 102, do Regimento Interno.<\/article>\n<div style=\"text-align: center\">\n<div style=\"margin-bottom: 20px;\" class=\"et_pb_button_module_wrapper et_pb_button_5_tb_body_wrapper et_pb_button_alignment_center et_pb_module \">\n         <a class=\"et_pb_button et_pb_button_5_tb_body et_hover_enabled et_pb_bg_layout_dark\" style=\"width: 50%;background-color: black;\" href=\"https:\/\/app.legislapp.com.br\" target=\"_blank\" rel=\"noopener\">Visualizar completo na nossa plataforma (30 dias gr\u00e1tis)<\/a><\/p><\/div>\n<p>      <a href=\"https:\/\/play.google.com\/store\/apps\/details?id=br.com.legislapp\"><img decoding=\"async\" style=\"width: 15%; min-width: 130px;\" src=\"https:\/\/www.legislapp.com.br\/wp-content\/uploads\/google-play.png\"><\/a><br \/>\n      <a href=\"https:\/\/apps.apple.com\/us\/app\/legislapp\/id1568929859\"><img decoding=\"async\" style=\"width: 15%; min-width: 130px\" src=\"https:\/\/www.legislapp.com.br\/wp-content\/uploads\/apple-store.png\"><\/a>\n   <\/div>\n","protected":false},"excerpt":{"rendered":"<p>C\u00e2m. Legislativa de MG &#8211; Autoria de Deputados Institui a Semana de Conscientiza\u00e7\u00e3o e Combate ao Relacionamento Abusivo no \u00e2mbito do Estado. Institui a Semana de Conscientiza\u00e7\u00e3o e Combate ao Relacionamento Abusivo no \u00e2mbito do Estado de Minas Gerais. A Assembleia Legislativa do Estado de Minas Gerais decreta: Art. 1\u00ba \u2013 Fica institu\u00edda no \u00e2mbito [&hellip;]<\/p>\n","protected":false},"author":1,"featured_media":0,"parent":0,"menu_order":0,"comment_status":"closed","ping_status":"closed","template":"page-template-blank.php","meta":{"_et_pb_use_builder":"","_et_pb_old_content":"","_et_gb_content_width":"1080","ngg_post_thumbnail":0,"footnotes":""},"class_list":["post-6064","page","type-page","status-publish","hentry"],"yoast_head":"<!-- This site is optimized with the Yoast SEO plugin v24.4 - https:\/\/yoast.com\/wordpress\/plugins\/seo\/ -->\n<title>PL 3939\/2025 - Deputados - Legislapp<\/title>\n<meta name=\"robots\" content=\"index, follow, max-snippet:-1, max-image-preview:large, max-video-preview:-1\" \/>\n<link rel=\"canonical\" href=\"https:\/\/www.legislapp.com.br\/index.php\/cam-legislativa-de-mg-pl-3939-2025\/\" \/>\n<meta property=\"og:locale\" content=\"pt_BR\" \/>\n<meta property=\"og:type\" content=\"article\" \/>\n<meta property=\"og:title\" content=\"PL 3939\/2025 - Deputados - Legislapp\" \/>\n<meta property=\"og:description\" content=\"C\u00e2m. Legislativa de MG &#8211; Autoria de Deputados Institui a Semana de Conscientiza\u00e7\u00e3o e Combate ao Relacionamento Abusivo no \u00e2mbito do Estado. Institui a Semana de Conscientiza\u00e7\u00e3o e Combate ao Relacionamento Abusivo no \u00e2mbito do Estado de Minas Gerais. A Assembleia Legislativa do Estado de Minas Gerais decreta: Art. 1\u00ba \u2013 Fica institu\u00edda no \u00e2mbito [&hellip;]\" \/>\n<meta property=\"og:url\" content=\"https:\/\/www.legislapp.com.br\/index.php\/cam-legislativa-de-mg-pl-3939-2025\/\" \/>\n<meta property=\"og:site_name\" content=\"Legislapp\" \/>\n<meta property=\"article:publisher\" content=\"https:\/\/www.instagram.com\/legislapp\/\" \/>\n<meta property=\"og:image\" content=\"https:\/\/www.legislapp.com.br\/wp-content\/uploads\/google-play.png\" \/>\n<meta name=\"twitter:card\" content=\"summary_large_image\" \/>\n<meta name=\"twitter:label1\" content=\"Est. tempo de leitura\" \/>\n\t<meta name=\"twitter:data1\" content=\"5 minutos\" \/>\n<script type=\"application\/ld+json\" class=\"yoast-schema-graph\">{\"@context\":\"https:\/\/schema.org\",\"@graph\":[{\"@type\":\"WebPage\",\"@id\":\"https:\/\/www.legislapp.com.br\/index.php\/cam-legislativa-de-mg-pl-3939-2025\/\",\"url\":\"https:\/\/www.legislapp.com.br\/index.php\/cam-legislativa-de-mg-pl-3939-2025\/\",\"name\":\"PL 3939\/2025 - Deputados - Legislapp\",\"isPartOf\":{\"@id\":\"https:\/\/www.legislapp.com.br\/#website\"},\"primaryImageOfPage\":{\"@id\":\"https:\/\/www.legislapp.com.br\/index.php\/cam-legislativa-de-mg-pl-3939-2025\/#primaryimage\"},\"image\":{\"@id\":\"https:\/\/www.legislapp.com.br\/index.php\/cam-legislativa-de-mg-pl-3939-2025\/#primaryimage\"},\"thumbnailUrl\":\"https:\/\/www.legislapp.com.br\/wp-content\/uploads\/google-play.png\",\"datePublished\":\"2025-06-25T13:18:15+00:00\",\"breadcrumb\":{\"@id\":\"https:\/\/www.legislapp.com.br\/index.php\/cam-legislativa-de-mg-pl-3939-2025\/#breadcrumb\"},\"inLanguage\":\"pt-BR\",\"potentialAction\":[{\"@type\":\"ReadAction\",\"target\":[\"https:\/\/www.legislapp.com.br\/index.php\/cam-legislativa-de-mg-pl-3939-2025\/\"]}]},{\"@type\":\"ImageObject\",\"inLanguage\":\"pt-BR\",\"@id\":\"https:\/\/www.legislapp.com.br\/index.php\/cam-legislativa-de-mg-pl-3939-2025\/#primaryimage\",\"url\":\"https:\/\/www.legislapp.com.br\/wp-content\/uploads\/google-play.png\",\"contentUrl\":\"https:\/\/www.legislapp.com.br\/wp-content\/uploads\/google-play.png\",\"width\":564,\"height\":168},{\"@type\":\"BreadcrumbList\",\"@id\":\"https:\/\/www.legislapp.com.br\/index.php\/cam-legislativa-de-mg-pl-3939-2025\/#breadcrumb\",\"itemListElement\":[{\"@type\":\"ListItem\",\"position\":1,\"name\":\"In\u00edcio\",\"item\":\"https:\/\/www.legislapp.com.br\/\"},{\"@type\":\"ListItem\",\"position\":2,\"name\":\"PL 3939\/2025 &#8211; Deputados\"}]},{\"@type\":\"WebSite\",\"@id\":\"https:\/\/www.legislapp.com.br\/#website\",\"url\":\"https:\/\/www.legislapp.com.br\/\",\"name\":\"Legislapp\",\"description\":\"Intelig\u00eancia governamental em tempo real\",\"publisher\":{\"@id\":\"https:\/\/www.legislapp.com.br\/#organization\"},\"potentialAction\":[{\"@type\":\"SearchAction\",\"target\":{\"@type\":\"EntryPoint\",\"urlTemplate\":\"https:\/\/www.legislapp.com.br\/?s={search_term_string}\"},\"query-input\":{\"@type\":\"PropertyValueSpecification\",\"valueRequired\":true,\"valueName\":\"search_term_string\"}}],\"inLanguage\":\"pt-BR\"},{\"@type\":\"Organization\",\"@id\":\"https:\/\/www.legislapp.com.br\/#organization\",\"name\":\"Legislapp Monitoramento e Intelig\u00eancia Governamental\",\"url\":\"https:\/\/www.legislapp.com.br\/\",\"logo\":{\"@type\":\"ImageObject\",\"inLanguage\":\"pt-BR\",\"@id\":\"https:\/\/www.legislapp.com.br\/#\/schema\/logo\/image\/\",\"url\":\"https:\/\/www.legislapp.com.br\/wp-content\/uploads\/icon.png\",\"contentUrl\":\"https:\/\/www.legislapp.com.br\/wp-content\/uploads\/icon.png\",\"width\":1024,\"height\":1024,\"caption\":\"Legislapp Monitoramento e Intelig\u00eancia Governamental\"},\"image\":{\"@id\":\"https:\/\/www.legislapp.com.br\/#\/schema\/logo\/image\/\"},\"sameAs\":[\"https:\/\/www.instagram.com\/legislapp\/\"]}]}<\/script>\n<!-- \/ Yoast SEO plugin. -->","yoast_head_json":{"title":"PL 3939\/2025 - Deputados - Legislapp","robots":{"index":"index","follow":"follow","max-snippet":"max-snippet:-1","max-image-preview":"max-image-preview:large","max-video-preview":"max-video-preview:-1"},"canonical":"https:\/\/www.legislapp.com.br\/index.php\/cam-legislativa-de-mg-pl-3939-2025\/","og_locale":"pt_BR","og_type":"article","og_title":"PL 3939\/2025 - Deputados - Legislapp","og_description":"C\u00e2m. Legislativa de MG &#8211; Autoria de Deputados Institui a Semana de Conscientiza\u00e7\u00e3o e Combate ao Relacionamento Abusivo no \u00e2mbito do Estado. Institui a Semana de Conscientiza\u00e7\u00e3o e Combate ao Relacionamento Abusivo no \u00e2mbito do Estado de Minas Gerais. A Assembleia Legislativa do Estado de Minas Gerais decreta: Art. 1\u00ba \u2013 Fica institu\u00edda no \u00e2mbito [&hellip;]","og_url":"https:\/\/www.legislapp.com.br\/index.php\/cam-legislativa-de-mg-pl-3939-2025\/","og_site_name":"Legislapp","article_publisher":"https:\/\/www.instagram.com\/legislapp\/","og_image":[{"url":"https:\/\/www.legislapp.com.br\/wp-content\/uploads\/google-play.png","type":"","width":"","height":""}],"twitter_card":"summary_large_image","twitter_misc":{"Est. tempo de leitura":"5 minutos"},"schema":{"@context":"https:\/\/schema.org","@graph":[{"@type":"WebPage","@id":"https:\/\/www.legislapp.com.br\/index.php\/cam-legislativa-de-mg-pl-3939-2025\/","url":"https:\/\/www.legislapp.com.br\/index.php\/cam-legislativa-de-mg-pl-3939-2025\/","name":"PL 3939\/2025 - Deputados - Legislapp","isPartOf":{"@id":"https:\/\/www.legislapp.com.br\/#website"},"primaryImageOfPage":{"@id":"https:\/\/www.legislapp.com.br\/index.php\/cam-legislativa-de-mg-pl-3939-2025\/#primaryimage"},"image":{"@id":"https:\/\/www.legislapp.com.br\/index.php\/cam-legislativa-de-mg-pl-3939-2025\/#primaryimage"},"thumbnailUrl":"https:\/\/www.legislapp.com.br\/wp-content\/uploads\/google-play.png","datePublished":"2025-06-25T13:18:15+00:00","breadcrumb":{"@id":"https:\/\/www.legislapp.com.br\/index.php\/cam-legislativa-de-mg-pl-3939-2025\/#breadcrumb"},"inLanguage":"pt-BR","potentialAction":[{"@type":"ReadAction","target":["https:\/\/www.legislapp.com.br\/index.php\/cam-legislativa-de-mg-pl-3939-2025\/"]}]},{"@type":"ImageObject","inLanguage":"pt-BR","@id":"https:\/\/www.legislapp.com.br\/index.php\/cam-legislativa-de-mg-pl-3939-2025\/#primaryimage","url":"https:\/\/www.legislapp.com.br\/wp-content\/uploads\/google-play.png","contentUrl":"https:\/\/www.legislapp.com.br\/wp-content\/uploads\/google-play.png","width":564,"height":168},{"@type":"BreadcrumbList","@id":"https:\/\/www.legislapp.com.br\/index.php\/cam-legislativa-de-mg-pl-3939-2025\/#breadcrumb","itemListElement":[{"@type":"ListItem","position":1,"name":"In\u00edcio","item":"https:\/\/www.legislapp.com.br\/"},{"@type":"ListItem","position":2,"name":"PL 3939\/2025 &#8211; Deputados"}]},{"@type":"WebSite","@id":"https:\/\/www.legislapp.com.br\/#website","url":"https:\/\/www.legislapp.com.br\/","name":"Legislapp","description":"Intelig\u00eancia governamental em tempo real","publisher":{"@id":"https:\/\/www.legislapp.com.br\/#organization"},"potentialAction":[{"@type":"SearchAction","target":{"@type":"EntryPoint","urlTemplate":"https:\/\/www.legislapp.com.br\/?s={search_term_string}"},"query-input":{"@type":"PropertyValueSpecification","valueRequired":true,"valueName":"search_term_string"}}],"inLanguage":"pt-BR"},{"@type":"Organization","@id":"https:\/\/www.legislapp.com.br\/#organization","name":"Legislapp Monitoramento e Intelig\u00eancia Governamental","url":"https:\/\/www.legislapp.com.br\/","logo":{"@type":"ImageObject","inLanguage":"pt-BR","@id":"https:\/\/www.legislapp.com.br\/#\/schema\/logo\/image\/","url":"https:\/\/www.legislapp.com.br\/wp-content\/uploads\/icon.png","contentUrl":"https:\/\/www.legislapp.com.br\/wp-content\/uploads\/icon.png","width":1024,"height":1024,"caption":"Legislapp Monitoramento e Intelig\u00eancia Governamental"},"image":{"@id":"https:\/\/www.legislapp.com.br\/#\/schema\/logo\/image\/"},"sameAs":["https:\/\/www.instagram.com\/legislapp\/"]}]}},"_links":{"self":[{"href":"https:\/\/www.legislapp.com.br\/index.php\/wp-json\/wp\/v2\/pages\/6064","targetHints":{"allow":["GET"]}}],"collection":[{"href":"https:\/\/www.legislapp.com.br\/index.php\/wp-json\/wp\/v2\/pages"}],"about":[{"href":"https:\/\/www.legislapp.com.br\/index.php\/wp-json\/wp\/v2\/types\/page"}],"author":[{"embeddable":true,"href":"https:\/\/www.legislapp.com.br\/index.php\/wp-json\/wp\/v2\/users\/1"}],"replies":[{"embeddable":true,"href":"https:\/\/www.legislapp.com.br\/index.php\/wp-json\/wp\/v2\/comments?post=6064"}],"version-history":[{"count":0,"href":"https:\/\/www.legislapp.com.br\/index.php\/wp-json\/wp\/v2\/pages\/6064\/revisions"}],"wp:attachment":[{"href":"https:\/\/www.legislapp.com.br\/index.php\/wp-json\/wp\/v2\/media?parent=6064"}],"curies":[{"name":"wp","href":"https:\/\/api.w.org\/{rel}","templated":true}]}}