{"id":6154,"date":"2025-06-25T10:22:51","date_gmt":"2025-06-25T13:22:51","guid":{"rendered":"https:\/\/www.legislapp.com.br\/index.php\/cam-legislativa-de-sc-pl-0310-2025\/"},"modified":"2025-06-25T10:22:51","modified_gmt":"2025-06-25T13:22:51","slug":"cam-legislativa-de-sc-pl-0310-2025","status":"publish","type":"page","link":"https:\/\/www.legislapp.com.br\/index.php\/cam-legislativa-de-sc-pl-0310-2025\/","title":{"rendered":"PL.\/0310\/2025 &#8211; Thiago Morastoni"},"content":{"rendered":"<h1 style='text-align: center;'>C\u00e2m. Legislativa de SC &#8211; Autoria de Thiago Morastoni<\/h3>\n<p><\/p>\n<article style='text-align: center'>Institui o Programa Estadual de Capacita\u00e7\u00e3o Digital para a Terceira Idade, com a finalidade de promover a inclus\u00e3o digital e o envelhecimento ativo no Estado de Santa Catarina.<\/article>\n<p><\/p>\n<p style='text-align: center'><a href='https:\/\/app.legislapp.com.br\/#\/busca?termo='><\/a><\/p>\n<p><\/p>\n<article>ASSEMBLEIA LEGISLATIVA GABINETE DEPUTADO<br \/>\nESTADO DE SANTA CATARINA THIAGO MORASTONI<\/p>\n<p>PROJETO DE LEI<\/p>\n<p>Institui o Programa Estadual de Capacita\u00e7\u00e3o Digital para a<br \/>\nTerceira Idade, com a finalidade de promover a inclus\u00e3o<br \/>\ndigital e o envelhecimento ativo no Estado de Santa Catarina.<\/p>\n<p>Art. 1\u00ba Fica institu\u00eddo o Programa Estadual de Capacita\u00e7\u00e3o<br \/>\nDigital para a Terceira Idade, com o objetivo de capacitar pessoas idosas no uso de<br \/>\ntecnologias digitais, promovendo a inclus\u00e3o digital e o envelhecimento ativo no Estado<br \/>\nde Santa Catarina.<br \/>\nArt. 2\u00ba O Programa ser\u00e1 desenvolvido por meio de a\u00e7\u00f5es<br \/>\npermanentes e articuladas, que visem \u00e0 capacita\u00e7\u00e3o de pessoas idosas para o uso de:<\/p>\n<p>I \u2013 aplicativos e dispositivos tecnol\u00f3gicos;<br \/>\nII \u2013 redes sociais e ferramentas de comunica\u00e7\u00e3o digital;<br \/>\nIII \u2013 servi\u00e7os p\u00fablicos oferecidos por meio eletr\u00f4nico.  <\/p>\n<p>Art. 3\u00ba O Programa poder\u00e1 ser implementado por meio de<br \/>\nparcerias com:<br \/>\nI \u2013 universidades p\u00fablicas e privadas;<br \/>\nII \u2013 organiza\u00e7\u00f5es da sociedade civil, especialmente aquelas<br \/>\ncom atua\u00e7\u00e3o na promo\u00e7\u00e3o de direitos da pessoa idosa;<br \/>\nIII \u2013 \u00f3rg\u00e3os e entidades p\u00fablicas que promovam pol\u00edticas de<br \/>\ninclus\u00e3o social e digital.  <\/p>\n<p>Art. 4\u00ba S\u00e3o objetivos do Programa Estadual de Capacita\u00e7\u00e3o<br \/>\nDigital para a Terceira Idade:<br \/>\nI \u2013 promover a inclus\u00e3o digital das pessoas idosas, reduzindo<br \/>\ndesigualdades no acesso \u00e0s tecnologias;<br \/>\nII \u2013 estimular o envelhecimento ativo, favorecendo a<br \/>\nautonomia e a participa\u00e7\u00e3o social;<br \/>\nIII \u2013 facilitar o acesso das pessoas idosas aos servi\u00e7os<br \/>\np\u00fablicos oferecidos por meio digital;<br \/>\nIV \u2013 incentivar a forma\u00e7\u00e3o de redes de apoio e socializa\u00e7\u00e3o<br \/>\natrav\u00e9s do uso consciente e seguro das tecnologias;<br \/>\nV \u2013 fomentar a forma\u00e7\u00e3o de pessoas idosas como agentes<br \/>\nmultiplicadores, estimulando a transmiss\u00e3o de conhecimentos entre pares e o<br \/>\nfortalecimento de v\u00ednculos comunit\u00e1rios.  <\/p>\n<p>Art. 5\u00ba A execu\u00e7\u00e3o do Programa dever\u00e1 assegurar a<br \/>\nacessibilidade comunicacional e atitudinal, com materiais e metodologias adequados \u00e0s<br \/>\nnecessidades das pessoas idosas, observando-se as normas de acessibilidade<br \/>\nprevistas na legisla\u00e7\u00e3o vigente.  <\/p>\n<p>Art. 6\u00ba A implementa\u00e7\u00e3o do Programa ser\u00e1 coordenada pela<br \/>\nSecretaria de Estado da Assist\u00eancia Social, Mulher e Fam\u00edlia, com o apoio da<br \/>\nSecretaria de Estado da Educa\u00e7\u00e3o e da Secretaria de Estado da Ci\u00eancia, Tecnologia e<br \/>\nInova\u00e7\u00e3o.  <\/p>\n<p>Art. 7\u00ba A execu\u00e7\u00e3o do Programa poder\u00e1 contar com:<br \/>\nI \u2013 oferta de cursos presenciais e a dist\u00e2ncia;<br \/>\nII \u2013 produ\u00e7\u00e3o de materiais did\u00e1ticos acess\u00edveis, adequados \u00e0<br \/>\nlinguagem e \u00e0s necessidades das pessoas idosas;  III \u2013 campanhas de conscientiza\u00e7\u00e3o sobre a import\u00e2ncia da<br \/>\ninclus\u00e3o digital da terceira idade.  <\/p>\n<p>Art. 8\u00ba A implementa\u00e7\u00e3o do Programa ser\u00e1 objeto de<br \/>\nmonitoramento e avalia\u00e7\u00e3o peri\u00f3dica, com a elabora\u00e7\u00e3o de relat\u00f3rios anuais sobre suas<br \/>\na\u00e7\u00f5es, resultados e impactos.  <\/p>\n<p>Art. 9\u00ba A execu\u00e7\u00e3o desta Lei observar\u00e1 os limites da<br \/>\nlegisla\u00e7\u00e3o or\u00e7ament\u00e1ria vigente.  <\/p>\n<p>Art. 10. O Poder Executivo regulamentar\u00e1 esta Lei no prazo<br \/>\nde 90 (noventa) dias, definindo os procedimentos para sua implementa\u00e7\u00e3o,<br \/>\nmonitoramento e avalia\u00e7\u00e3o.  <\/p>\n<p>Art. 11. Esta Lei entra em vigor na data de sua publica\u00e7\u00e3o.<\/p>\n<p>Sala da Sess\u00f5es,     <\/p>\n<p>Deputado THIAGO MORASTONI<br \/>\n JUSTIFICA\u00c7\u00c3O<\/p>\n<p>O presente Projeto de Lei visa instituir o Programa Estadual de Capacita\u00e7\u00e3o Digital<br \/>\npara a Terceira Idade, com o objetivo de promover a inclus\u00e3o digital e o envelhecimento<br \/>\nativo no Estado de Santa Catarina.<\/p>\n<p>A proposta reconhece que o dom\u00ednio das tecnologias digitais tornou-se indispens\u00e1vel<br \/>\npara a participa\u00e7\u00e3o social, o acesso a direitos e a promo\u00e7\u00e3o da autonomia. Nesse<br \/>\nsentido, capacitar as pessoas idosas para o uso de aplicativos, redes sociais e servi\u00e7os<br \/>\np\u00fablicos on-line representa um avan\u00e7o fundamental para a redu\u00e7\u00e3o das desigualdades<br \/>\ndigitais e para a valoriza\u00e7\u00e3o da terceira idade.<\/p>\n<p>A possibilidade de implementa\u00e7\u00e3o do Programa mediante parcerias com universidades<br \/>\ne organiza\u00e7\u00f5es da sociedade civil amplia o alcance das a\u00e7\u00f5es e fortalece a atua\u00e7\u00e3o em<br \/>\nrede, potencializando resultados positivos.<\/p>\n<p>Com fundamento na compet\u00eancia estadual para legislar sobre assist\u00eancia social e<br \/>\npol\u00edticas p\u00fablicas voltadas \u00e0 pessoa idosa, nos termos do art. 71, inciso III, da<br \/>\nConstitui\u00e7\u00e3o do Estado de Santa Catarina, o projeto apresenta-se plenamente<br \/>\nadequado ao ordenamento jur\u00eddico vigente.<br \/>\nELEGIS<br \/>\nDocumento assinado eletronicamente por Thiago da Silva<br \/>\nSistema de Processo<br \/>\nMorastoni, em 02\/06\/2025, \u00e0s 08:41.<br \/>\nLegislativo Eletr\u00f4nico<\/article>\n<div style=\"text-align: center\">\n<div style=\"margin-bottom: 20px;\" class=\"et_pb_button_module_wrapper et_pb_button_5_tb_body_wrapper et_pb_button_alignment_center et_pb_module \">\n         <a class=\"et_pb_button et_pb_button_5_tb_body et_hover_enabled et_pb_bg_layout_dark\" style=\"width: 50%;background-color: black;\" href=\"https:\/\/app.legislapp.com.br\" target=\"_blank\" rel=\"noopener\">Visualizar completo na nossa plataforma (30 dias gr\u00e1tis)<\/a><\/p><\/div>\n<p>      <a href=\"https:\/\/play.google.com\/store\/apps\/details?id=br.com.legislapp\"><img decoding=\"async\" style=\"width: 15%; min-width: 130px;\" src=\"https:\/\/www.legislapp.com.br\/wp-content\/uploads\/google-play.png\"><\/a><br \/>\n      <a href=\"https:\/\/apps.apple.com\/us\/app\/legislapp\/id1568929859\"><img decoding=\"async\" style=\"width: 15%; min-width: 130px\" src=\"https:\/\/www.legislapp.com.br\/wp-content\/uploads\/apple-store.png\"><\/a>\n   <\/div>\n","protected":false},"excerpt":{"rendered":"<p>C\u00e2m. Legislativa de SC &#8211; Autoria de Thiago Morastoni Institui o Programa Estadual de Capacita\u00e7\u00e3o Digital para a Terceira Idade, com a finalidade de promover a inclus\u00e3o digital e o envelhecimento ativo no Estado de Santa Catarina. ASSEMBLEIA LEGISLATIVA GABINETE DEPUTADO ESTADO DE SANTA CATARINA THIAGO MORASTONI PROJETO DE LEI Institui o Programa Estadual de [&hellip;]<\/p>\n","protected":false},"author":1,"featured_media":0,"parent":0,"menu_order":0,"comment_status":"closed","ping_status":"closed","template":"page-template-blank.php","meta":{"_et_pb_use_builder":"","_et_pb_old_content":"","_et_gb_content_width":"1080","ngg_post_thumbnail":0,"footnotes":""},"class_list":["post-6154","page","type-page","status-publish","hentry"],"yoast_head":"<!-- This site is optimized with the Yoast SEO plugin v24.4 - https:\/\/yoast.com\/wordpress\/plugins\/seo\/ -->\n<title>PL.\/0310\/2025 - Thiago Morastoni - Legislapp<\/title>\n<meta name=\"robots\" content=\"index, follow, max-snippet:-1, max-image-preview:large, max-video-preview:-1\" \/>\n<link rel=\"canonical\" href=\"https:\/\/www.legislapp.com.br\/index.php\/cam-legislativa-de-sc-pl-0310-2025\/\" \/>\n<meta property=\"og:locale\" content=\"pt_BR\" \/>\n<meta property=\"og:type\" content=\"article\" \/>\n<meta property=\"og:title\" content=\"PL.\/0310\/2025 - Thiago Morastoni - Legislapp\" \/>\n<meta property=\"og:description\" content=\"C\u00e2m. Legislativa de SC &#8211; Autoria de Thiago Morastoni Institui o Programa Estadual de Capacita\u00e7\u00e3o Digital para a Terceira Idade, com a finalidade de promover a inclus\u00e3o digital e o envelhecimento ativo no Estado de Santa Catarina. ASSEMBLEIA LEGISLATIVA GABINETE DEPUTADO ESTADO DE SANTA CATARINA THIAGO MORASTONI PROJETO DE LEI Institui o Programa Estadual de [&hellip;]\" \/>\n<meta property=\"og:url\" content=\"https:\/\/www.legislapp.com.br\/index.php\/cam-legislativa-de-sc-pl-0310-2025\/\" \/>\n<meta property=\"og:site_name\" content=\"Legislapp\" \/>\n<meta property=\"article:publisher\" content=\"https:\/\/www.instagram.com\/legislapp\/\" \/>\n<meta property=\"og:image\" content=\"https:\/\/www.legislapp.com.br\/wp-content\/uploads\/google-play.png\" \/>\n<meta name=\"twitter:card\" content=\"summary_large_image\" \/>\n<meta name=\"twitter:label1\" content=\"Est. tempo de leitura\" \/>\n\t<meta name=\"twitter:data1\" content=\"4 minutos\" \/>\n<script type=\"application\/ld+json\" class=\"yoast-schema-graph\">{\"@context\":\"https:\/\/schema.org\",\"@graph\":[{\"@type\":\"WebPage\",\"@id\":\"https:\/\/www.legislapp.com.br\/index.php\/cam-legislativa-de-sc-pl-0310-2025\/\",\"url\":\"https:\/\/www.legislapp.com.br\/index.php\/cam-legislativa-de-sc-pl-0310-2025\/\",\"name\":\"PL.\/0310\/2025 - Thiago Morastoni - Legislapp\",\"isPartOf\":{\"@id\":\"https:\/\/www.legislapp.com.br\/#website\"},\"primaryImageOfPage\":{\"@id\":\"https:\/\/www.legislapp.com.br\/index.php\/cam-legislativa-de-sc-pl-0310-2025\/#primaryimage\"},\"image\":{\"@id\":\"https:\/\/www.legislapp.com.br\/index.php\/cam-legislativa-de-sc-pl-0310-2025\/#primaryimage\"},\"thumbnailUrl\":\"https:\/\/www.legislapp.com.br\/wp-content\/uploads\/google-play.png\",\"datePublished\":\"2025-06-25T13:22:51+00:00\",\"breadcrumb\":{\"@id\":\"https:\/\/www.legislapp.com.br\/index.php\/cam-legislativa-de-sc-pl-0310-2025\/#breadcrumb\"},\"inLanguage\":\"pt-BR\",\"potentialAction\":[{\"@type\":\"ReadAction\",\"target\":[\"https:\/\/www.legislapp.com.br\/index.php\/cam-legislativa-de-sc-pl-0310-2025\/\"]}]},{\"@type\":\"ImageObject\",\"inLanguage\":\"pt-BR\",\"@id\":\"https:\/\/www.legislapp.com.br\/index.php\/cam-legislativa-de-sc-pl-0310-2025\/#primaryimage\",\"url\":\"https:\/\/www.legislapp.com.br\/wp-content\/uploads\/google-play.png\",\"contentUrl\":\"https:\/\/www.legislapp.com.br\/wp-content\/uploads\/google-play.png\",\"width\":564,\"height\":168},{\"@type\":\"BreadcrumbList\",\"@id\":\"https:\/\/www.legislapp.com.br\/index.php\/cam-legislativa-de-sc-pl-0310-2025\/#breadcrumb\",\"itemListElement\":[{\"@type\":\"ListItem\",\"position\":1,\"name\":\"In\u00edcio\",\"item\":\"https:\/\/www.legislapp.com.br\/\"},{\"@type\":\"ListItem\",\"position\":2,\"name\":\"PL.\/0310\/2025 &#8211; Thiago Morastoni\"}]},{\"@type\":\"WebSite\",\"@id\":\"https:\/\/www.legislapp.com.br\/#website\",\"url\":\"https:\/\/www.legislapp.com.br\/\",\"name\":\"Legislapp\",\"description\":\"Intelig\u00eancia governamental em tempo real\",\"publisher\":{\"@id\":\"https:\/\/www.legislapp.com.br\/#organization\"},\"potentialAction\":[{\"@type\":\"SearchAction\",\"target\":{\"@type\":\"EntryPoint\",\"urlTemplate\":\"https:\/\/www.legislapp.com.br\/?s={search_term_string}\"},\"query-input\":{\"@type\":\"PropertyValueSpecification\",\"valueRequired\":true,\"valueName\":\"search_term_string\"}}],\"inLanguage\":\"pt-BR\"},{\"@type\":\"Organization\",\"@id\":\"https:\/\/www.legislapp.com.br\/#organization\",\"name\":\"Legislapp Monitoramento e Intelig\u00eancia Governamental\",\"url\":\"https:\/\/www.legislapp.com.br\/\",\"logo\":{\"@type\":\"ImageObject\",\"inLanguage\":\"pt-BR\",\"@id\":\"https:\/\/www.legislapp.com.br\/#\/schema\/logo\/image\/\",\"url\":\"https:\/\/www.legislapp.com.br\/wp-content\/uploads\/icon.png\",\"contentUrl\":\"https:\/\/www.legislapp.com.br\/wp-content\/uploads\/icon.png\",\"width\":1024,\"height\":1024,\"caption\":\"Legislapp Monitoramento e Intelig\u00eancia Governamental\"},\"image\":{\"@id\":\"https:\/\/www.legislapp.com.br\/#\/schema\/logo\/image\/\"},\"sameAs\":[\"https:\/\/www.instagram.com\/legislapp\/\"]}]}<\/script>\n<!-- \/ Yoast SEO plugin. -->","yoast_head_json":{"title":"PL.\/0310\/2025 - Thiago Morastoni - Legislapp","robots":{"index":"index","follow":"follow","max-snippet":"max-snippet:-1","max-image-preview":"max-image-preview:large","max-video-preview":"max-video-preview:-1"},"canonical":"https:\/\/www.legislapp.com.br\/index.php\/cam-legislativa-de-sc-pl-0310-2025\/","og_locale":"pt_BR","og_type":"article","og_title":"PL.\/0310\/2025 - Thiago Morastoni - Legislapp","og_description":"C\u00e2m. Legislativa de SC &#8211; Autoria de Thiago Morastoni Institui o Programa Estadual de Capacita\u00e7\u00e3o Digital para a Terceira Idade, com a finalidade de promover a inclus\u00e3o digital e o envelhecimento ativo no Estado de Santa Catarina. ASSEMBLEIA LEGISLATIVA GABINETE DEPUTADO ESTADO DE SANTA CATARINA THIAGO MORASTONI PROJETO DE LEI Institui o Programa Estadual de [&hellip;]","og_url":"https:\/\/www.legislapp.com.br\/index.php\/cam-legislativa-de-sc-pl-0310-2025\/","og_site_name":"Legislapp","article_publisher":"https:\/\/www.instagram.com\/legislapp\/","og_image":[{"url":"https:\/\/www.legislapp.com.br\/wp-content\/uploads\/google-play.png","type":"","width":"","height":""}],"twitter_card":"summary_large_image","twitter_misc":{"Est. tempo de leitura":"4 minutos"},"schema":{"@context":"https:\/\/schema.org","@graph":[{"@type":"WebPage","@id":"https:\/\/www.legislapp.com.br\/index.php\/cam-legislativa-de-sc-pl-0310-2025\/","url":"https:\/\/www.legislapp.com.br\/index.php\/cam-legislativa-de-sc-pl-0310-2025\/","name":"PL.\/0310\/2025 - Thiago Morastoni - Legislapp","isPartOf":{"@id":"https:\/\/www.legislapp.com.br\/#website"},"primaryImageOfPage":{"@id":"https:\/\/www.legislapp.com.br\/index.php\/cam-legislativa-de-sc-pl-0310-2025\/#primaryimage"},"image":{"@id":"https:\/\/www.legislapp.com.br\/index.php\/cam-legislativa-de-sc-pl-0310-2025\/#primaryimage"},"thumbnailUrl":"https:\/\/www.legislapp.com.br\/wp-content\/uploads\/google-play.png","datePublished":"2025-06-25T13:22:51+00:00","breadcrumb":{"@id":"https:\/\/www.legislapp.com.br\/index.php\/cam-legislativa-de-sc-pl-0310-2025\/#breadcrumb"},"inLanguage":"pt-BR","potentialAction":[{"@type":"ReadAction","target":["https:\/\/www.legislapp.com.br\/index.php\/cam-legislativa-de-sc-pl-0310-2025\/"]}]},{"@type":"ImageObject","inLanguage":"pt-BR","@id":"https:\/\/www.legislapp.com.br\/index.php\/cam-legislativa-de-sc-pl-0310-2025\/#primaryimage","url":"https:\/\/www.legislapp.com.br\/wp-content\/uploads\/google-play.png","contentUrl":"https:\/\/www.legislapp.com.br\/wp-content\/uploads\/google-play.png","width":564,"height":168},{"@type":"BreadcrumbList","@id":"https:\/\/www.legislapp.com.br\/index.php\/cam-legislativa-de-sc-pl-0310-2025\/#breadcrumb","itemListElement":[{"@type":"ListItem","position":1,"name":"In\u00edcio","item":"https:\/\/www.legislapp.com.br\/"},{"@type":"ListItem","position":2,"name":"PL.\/0310\/2025 &#8211; Thiago Morastoni"}]},{"@type":"WebSite","@id":"https:\/\/www.legislapp.com.br\/#website","url":"https:\/\/www.legislapp.com.br\/","name":"Legislapp","description":"Intelig\u00eancia governamental em tempo real","publisher":{"@id":"https:\/\/www.legislapp.com.br\/#organization"},"potentialAction":[{"@type":"SearchAction","target":{"@type":"EntryPoint","urlTemplate":"https:\/\/www.legislapp.com.br\/?s={search_term_string}"},"query-input":{"@type":"PropertyValueSpecification","valueRequired":true,"valueName":"search_term_string"}}],"inLanguage":"pt-BR"},{"@type":"Organization","@id":"https:\/\/www.legislapp.com.br\/#organization","name":"Legislapp Monitoramento e Intelig\u00eancia Governamental","url":"https:\/\/www.legislapp.com.br\/","logo":{"@type":"ImageObject","inLanguage":"pt-BR","@id":"https:\/\/www.legislapp.com.br\/#\/schema\/logo\/image\/","url":"https:\/\/www.legislapp.com.br\/wp-content\/uploads\/icon.png","contentUrl":"https:\/\/www.legislapp.com.br\/wp-content\/uploads\/icon.png","width":1024,"height":1024,"caption":"Legislapp Monitoramento e Intelig\u00eancia Governamental"},"image":{"@id":"https:\/\/www.legislapp.com.br\/#\/schema\/logo\/image\/"},"sameAs":["https:\/\/www.instagram.com\/legislapp\/"]}]}},"_links":{"self":[{"href":"https:\/\/www.legislapp.com.br\/index.php\/wp-json\/wp\/v2\/pages\/6154","targetHints":{"allow":["GET"]}}],"collection":[{"href":"https:\/\/www.legislapp.com.br\/index.php\/wp-json\/wp\/v2\/pages"}],"about":[{"href":"https:\/\/www.legislapp.com.br\/index.php\/wp-json\/wp\/v2\/types\/page"}],"author":[{"embeddable":true,"href":"https:\/\/www.legislapp.com.br\/index.php\/wp-json\/wp\/v2\/users\/1"}],"replies":[{"embeddable":true,"href":"https:\/\/www.legislapp.com.br\/index.php\/wp-json\/wp\/v2\/comments?post=6154"}],"version-history":[{"count":0,"href":"https:\/\/www.legislapp.com.br\/index.php\/wp-json\/wp\/v2\/pages\/6154\/revisions"}],"wp:attachment":[{"href":"https:\/\/www.legislapp.com.br\/index.php\/wp-json\/wp\/v2\/media?parent=6154"}],"curies":[{"name":"wp","href":"https:\/\/api.w.org\/{rel}","templated":true}]}}