{"id":6174,"date":"2025-06-25T10:23:52","date_gmt":"2025-06-25T13:23:52","guid":{"rendered":"https:\/\/www.legislapp.com.br\/index.php\/cam-legislativa-de-pe-plc-2992-2025\/"},"modified":"2025-06-25T10:23:52","modified_gmt":"2025-06-25T13:23:52","slug":"cam-legislativa-de-pe-plc-2992-2025","status":"publish","type":"page","link":"https:\/\/www.legislapp.com.br\/index.php\/cam-legislativa-de-pe-plc-2992-2025\/","title":{"rendered":"PLC 2992\/2025 &#8211; RICARDO PAES BARRETO"},"content":{"rendered":"<h1 style='text-align: center;'>C\u00e2m. Legislativa de PE &#8211; Autoria de RICARDO PAES BARRETO<\/h3>\n<p><\/p>\n<article style='text-align: center'>Of\u00edcio n\u00ba 295\/2025 &#8211; GP<\/p>\n<p>Recife, 26 de maio de 2025.<\/p>\n<p>Excelent\u00edssimo Senhor Presidente,<\/p>\n<p>Submeto \u00e0 elevada delibera\u00e7\u00e3o deste augusto Poder Legislativo o presente projeto de lei ordin\u00e1ria, aprovado pelo Pleno deste Tribunal de Justi\u00e7a do Estado, altera a Lei Complementar n\u00ba 100, de 21 de novembro de 2007, que disp\u00f5e sobre o C\u00f3digo de Organiza\u00e7\u00e3o Judici\u00e1ria do Estado de Pernambuco, para estabelecer que a remo\u00e7\u00e3o preceder\u00e1 a qualquer outra forma de provimento, em observ\u00e2ncia \u00e0 decis\u00e3o do Supremo Tribunal Federal na A\u00e7\u00e3o Direta de Inconstitucionalidade &#8211; ADI n\u00ba 6.757\/RR.<\/p>\n<p>Em anexo, remeto tamb\u00e9m a justificativa que ensejou a aprova\u00e7\u00e3o do projeto.\u00a0<\/p>\n<p>Aproveito a oportunidade para renovar a V. Exa. meus protestos de estima e elevada considera\u00e7\u00e3o.<\/p>\n<p>Atenciosamente,<\/p>\n<p>Desembargador Ricardo Paes Barreto\u00a0<br \/>\nPresidente do Tribunal de Justi\u00e7a de Pernambuco<\/p>\n<p>Ao Excelent\u00edssimo Senhor<br \/>\nDeputado Estadual \u00c1lvaro Porto de Barros<br \/>\nPresidente da Assembleia Legislativa do Estado de Pernambuco\u00a0<\/p>\n<p>JUSTIFICATIVA<\/p>\n<p>O presente Projeto de Lei Complementar tem por finalidade promover a adequa\u00e7\u00e3o do C\u00f3digo de Organiza\u00e7\u00e3o Judici\u00e1ria do Estado de Pernambuco \u00e0 diretriz fixada pelo Supremo Tribunal Federal, nos autos da A\u00e7\u00e3o Direta de Inconstitucionalidade &#8211; ADI n\u00ba 6.757\/RR.<\/p>\n<p>No referido julgamento, nossa Suprema Corte, levando em conta o regime institu\u00eddo pela Emenda Constitucional &#8211; EC n\u00ba 45\/2004, (1) definiu que, na movimenta\u00e7\u00e3o da carreira da magistratura, a remo\u00e7\u00e3o deve sempre preceder \u00e0 promo\u00e7\u00e3o por antiguidade ou por merecimento, (2) cancelou o Tema 964 (Recurso Extraordin\u00e1rio &#8211; RE n\u00ba 1.037.926, Rel. Min. Marco Aur\u00e9lio, Pleno, j. 16.9.2020) da repercuss\u00e3o geral (\u201ca promo\u00e7\u00e3o na magistratura por antiguidade precede a mediante remo\u00e7\u00e3o\u201d) e, ainda, (3) estabeleceu um prazo de 12 meses, contados da publica\u00e7\u00e3o da ata do referido julgamento (05\/03\/2025), para implementa\u00e7\u00e3o pelos tribunais do que restou decidido.<\/p>\n<p>Como se sabe, o Supremo Tribunal Federal adotava interpreta\u00e7\u00e3o literal do texto da LOMAN, orientando-se no sentido de que a remo\u00e7\u00e3o somente poderia preceder ao provimento inicial e \u00e0 promo\u00e7\u00e3o por merecimento, nos termos do art. 81 do Estatuto da Magistratura.<\/p>\n<p>Sob a \u00e9gide desse entendimento, inclusive, a Suprema Corte, nos autos da A\u00e7\u00e3o Direta de Inconstitucionalidade &#8211; ADI n\u00ba 6.771\/PE, declarou inconstitucional o art. 119 da Lei Complementar n\u00ba 100\/2007, cuja reda\u00e7\u00e3o era id\u00eantica \u00e0 do presente projeto, resultando na exclus\u00e3o da referida norma do ordenamento jur\u00eddico p\u00e1trio.<\/p>\n<p>Por\u00e9m, mais recentemente, o Plen\u00e1rio do Supremo Tribunal Federal, revendo seu entendimento anterior, dessa vez nos autos da A\u00e7\u00e3o Direta de Inconstitucionalidade &#8211; ADI n\u00ba 6.609\/MG (Rel. p\/ o Ac\u00f3rd\u00e3o Min. Gilmar Mendes, Pleno, j. 03.5.2023), assentou que a Emenda Constitucional &#8211; EC n\u00ba 45\/2004 modificou a ordem de prioridade no provimento de comarcas vagas, conferindo primazia \u00e0 antiguidade na entr\u00e2ncia, e expressamente consagrou a seguinte interpreta\u00e7\u00e3o constitucional: \u201cnas carreiras das magistratura federal e estadual, a remo\u00e7\u00e3o sempre preceder\u00e1 \u00e0 promo\u00e7\u00e3o por antiguidade ou merecimento, por for\u00e7a do inciso VIII-A do art. 93 da CF\u201d.<\/p>\n<p>Com isso, e mais diretamente da ordem emanada da j\u00e1 citada A\u00e7\u00e3o Direta de Inconstitucionalidade &#8211; ADI n\u00ba 6.757\/RR, prop\u00f5e-se a altera\u00e7\u00e3o do art. 119 da Lei Complementar n\u00ba 100\/2007, para incorporar expressamente a novel diretriz da Corte Suprema ao ordenamento estadual, garantindo maior seguran\u00e7a jur\u00eddica, conformidade constitucional e efici\u00eancia na gest\u00e3o dos quadros da magistratura pernambucana.<\/p>\n<p>Anote-se, por derradeiro, que a proposi\u00e7\u00e3o em tela n\u00e3o implica repercuss\u00e3o financeira.<\/p>\n<p>A vista do exposto, esta Presid\u00eancia confia no acolhimento e apoio da presente proposi\u00e7\u00e3o.<\/article>\n<p><\/p>\n<p style='text-align: center'><a href='https:\/\/app.legislapp.com.br\/#\/busca?termo='><\/a><\/p>\n<p><\/p>\n<article>\u00a0\u00a0\u00a0\u00a0\u00a0Art. 1\u00ba Fica acrescido na Lei Complementar n\u00ba 100, de 21 de novembro de 2007 &#8211; C\u00f3digo de Organiza\u00e7\u00e3o Judici\u00e1ria do Estado de Pernambuco, o art. 119-A com a seguinte reda\u00e7\u00e3o:<\/p>\n<p>&#8220;Art. 119-A. A remo\u00e7\u00e3o preceder\u00e1 a qualquer outra forma de provimento.\u201d (AC)<\/p>\n<p>\u00a0\u00a0\u00a0\u00a0\u00a0Art. 2\u00ba Esta Lei Complementar entra em vigor na data de sua publica\u00e7\u00e3o.<\/article>\n<div style=\"text-align: center\">\n<div style=\"margin-bottom: 20px;\" class=\"et_pb_button_module_wrapper et_pb_button_5_tb_body_wrapper et_pb_button_alignment_center et_pb_module \">\n         <a class=\"et_pb_button et_pb_button_5_tb_body et_hover_enabled et_pb_bg_layout_dark\" style=\"width: 50%;background-color: black;\" href=\"https:\/\/app.legislapp.com.br\" target=\"_blank\" rel=\"noopener\">Visualizar completo na nossa plataforma (30 dias gr\u00e1tis)<\/a><\/p><\/div>\n<p>      <a href=\"https:\/\/play.google.com\/store\/apps\/details?id=br.com.legislapp\"><img decoding=\"async\" style=\"width: 15%; min-width: 130px;\" src=\"https:\/\/www.legislapp.com.br\/wp-content\/uploads\/google-play.png\"><\/a><br \/>\n      <a href=\"https:\/\/apps.apple.com\/us\/app\/legislapp\/id1568929859\"><img decoding=\"async\" style=\"width: 15%; min-width: 130px\" src=\"https:\/\/www.legislapp.com.br\/wp-content\/uploads\/apple-store.png\"><\/a>\n   <\/div>\n","protected":false},"excerpt":{"rendered":"<p>C\u00e2m. Legislativa de PE &#8211; Autoria de RICARDO PAES BARRETO Of\u00edcio n\u00ba 295\/2025 &#8211; GP Recife, 26 de maio de 2025. Excelent\u00edssimo Senhor Presidente, Submeto \u00e0 elevada delibera\u00e7\u00e3o deste augusto Poder Legislativo o presente projeto de lei ordin\u00e1ria, aprovado pelo Pleno deste Tribunal de Justi\u00e7a do Estado, altera a Lei Complementar n\u00ba 100, de 21 [&hellip;]<\/p>\n","protected":false},"author":1,"featured_media":0,"parent":0,"menu_order":0,"comment_status":"closed","ping_status":"closed","template":"page-template-blank.php","meta":{"_et_pb_use_builder":"","_et_pb_old_content":"","_et_gb_content_width":"1080","ngg_post_thumbnail":0,"footnotes":""},"class_list":["post-6174","page","type-page","status-publish","hentry"],"yoast_head":"<!-- This site is optimized with the Yoast SEO plugin v24.4 - https:\/\/yoast.com\/wordpress\/plugins\/seo\/ -->\n<title>PLC 2992\/2025 - RICARDO PAES BARRETO - Legislapp<\/title>\n<meta name=\"robots\" content=\"index, follow, max-snippet:-1, max-image-preview:large, max-video-preview:-1\" \/>\n<link rel=\"canonical\" href=\"https:\/\/www.legislapp.com.br\/index.php\/cam-legislativa-de-pe-plc-2992-2025\/\" \/>\n<meta property=\"og:locale\" content=\"pt_BR\" \/>\n<meta property=\"og:type\" content=\"article\" \/>\n<meta property=\"og:title\" content=\"PLC 2992\/2025 - RICARDO PAES BARRETO - Legislapp\" \/>\n<meta property=\"og:description\" content=\"C\u00e2m. Legislativa de PE &#8211; Autoria de RICARDO PAES BARRETO Of\u00edcio n\u00ba 295\/2025 &#8211; GP Recife, 26 de maio de 2025. Excelent\u00edssimo Senhor Presidente, Submeto \u00e0 elevada delibera\u00e7\u00e3o deste augusto Poder Legislativo o presente projeto de lei ordin\u00e1ria, aprovado pelo Pleno deste Tribunal de Justi\u00e7a do Estado, altera a Lei Complementar n\u00ba 100, de 21 [&hellip;]\" \/>\n<meta property=\"og:url\" content=\"https:\/\/www.legislapp.com.br\/index.php\/cam-legislativa-de-pe-plc-2992-2025\/\" \/>\n<meta property=\"og:site_name\" content=\"Legislapp\" \/>\n<meta property=\"article:publisher\" content=\"https:\/\/www.instagram.com\/legislapp\/\" \/>\n<meta property=\"og:image\" content=\"https:\/\/www.legislapp.com.br\/wp-content\/uploads\/google-play.png\" \/>\n<meta name=\"twitter:card\" content=\"summary_large_image\" \/>\n<meta name=\"twitter:label1\" content=\"Est. tempo de leitura\" \/>\n\t<meta name=\"twitter:data1\" content=\"3 minutos\" \/>\n<script type=\"application\/ld+json\" class=\"yoast-schema-graph\">{\"@context\":\"https:\/\/schema.org\",\"@graph\":[{\"@type\":\"WebPage\",\"@id\":\"https:\/\/www.legislapp.com.br\/index.php\/cam-legislativa-de-pe-plc-2992-2025\/\",\"url\":\"https:\/\/www.legislapp.com.br\/index.php\/cam-legislativa-de-pe-plc-2992-2025\/\",\"name\":\"PLC 2992\/2025 - RICARDO PAES BARRETO - Legislapp\",\"isPartOf\":{\"@id\":\"https:\/\/www.legislapp.com.br\/#website\"},\"primaryImageOfPage\":{\"@id\":\"https:\/\/www.legislapp.com.br\/index.php\/cam-legislativa-de-pe-plc-2992-2025\/#primaryimage\"},\"image\":{\"@id\":\"https:\/\/www.legislapp.com.br\/index.php\/cam-legislativa-de-pe-plc-2992-2025\/#primaryimage\"},\"thumbnailUrl\":\"https:\/\/www.legislapp.com.br\/wp-content\/uploads\/google-play.png\",\"datePublished\":\"2025-06-25T13:23:52+00:00\",\"breadcrumb\":{\"@id\":\"https:\/\/www.legislapp.com.br\/index.php\/cam-legislativa-de-pe-plc-2992-2025\/#breadcrumb\"},\"inLanguage\":\"pt-BR\",\"potentialAction\":[{\"@type\":\"ReadAction\",\"target\":[\"https:\/\/www.legislapp.com.br\/index.php\/cam-legislativa-de-pe-plc-2992-2025\/\"]}]},{\"@type\":\"ImageObject\",\"inLanguage\":\"pt-BR\",\"@id\":\"https:\/\/www.legislapp.com.br\/index.php\/cam-legislativa-de-pe-plc-2992-2025\/#primaryimage\",\"url\":\"https:\/\/www.legislapp.com.br\/wp-content\/uploads\/google-play.png\",\"contentUrl\":\"https:\/\/www.legislapp.com.br\/wp-content\/uploads\/google-play.png\",\"width\":564,\"height\":168},{\"@type\":\"BreadcrumbList\",\"@id\":\"https:\/\/www.legislapp.com.br\/index.php\/cam-legislativa-de-pe-plc-2992-2025\/#breadcrumb\",\"itemListElement\":[{\"@type\":\"ListItem\",\"position\":1,\"name\":\"In\u00edcio\",\"item\":\"https:\/\/www.legislapp.com.br\/\"},{\"@type\":\"ListItem\",\"position\":2,\"name\":\"PLC 2992\/2025 &#8211; RICARDO PAES BARRETO\"}]},{\"@type\":\"WebSite\",\"@id\":\"https:\/\/www.legislapp.com.br\/#website\",\"url\":\"https:\/\/www.legislapp.com.br\/\",\"name\":\"Legislapp\",\"description\":\"Intelig\u00eancia governamental em tempo real\",\"publisher\":{\"@id\":\"https:\/\/www.legislapp.com.br\/#organization\"},\"potentialAction\":[{\"@type\":\"SearchAction\",\"target\":{\"@type\":\"EntryPoint\",\"urlTemplate\":\"https:\/\/www.legislapp.com.br\/?s={search_term_string}\"},\"query-input\":{\"@type\":\"PropertyValueSpecification\",\"valueRequired\":true,\"valueName\":\"search_term_string\"}}],\"inLanguage\":\"pt-BR\"},{\"@type\":\"Organization\",\"@id\":\"https:\/\/www.legislapp.com.br\/#organization\",\"name\":\"Legislapp Monitoramento e Intelig\u00eancia Governamental\",\"url\":\"https:\/\/www.legislapp.com.br\/\",\"logo\":{\"@type\":\"ImageObject\",\"inLanguage\":\"pt-BR\",\"@id\":\"https:\/\/www.legislapp.com.br\/#\/schema\/logo\/image\/\",\"url\":\"https:\/\/www.legislapp.com.br\/wp-content\/uploads\/icon.png\",\"contentUrl\":\"https:\/\/www.legislapp.com.br\/wp-content\/uploads\/icon.png\",\"width\":1024,\"height\":1024,\"caption\":\"Legislapp Monitoramento e Intelig\u00eancia Governamental\"},\"image\":{\"@id\":\"https:\/\/www.legislapp.com.br\/#\/schema\/logo\/image\/\"},\"sameAs\":[\"https:\/\/www.instagram.com\/legislapp\/\"]}]}<\/script>\n<!-- \/ Yoast SEO plugin. -->","yoast_head_json":{"title":"PLC 2992\/2025 - RICARDO PAES BARRETO - Legislapp","robots":{"index":"index","follow":"follow","max-snippet":"max-snippet:-1","max-image-preview":"max-image-preview:large","max-video-preview":"max-video-preview:-1"},"canonical":"https:\/\/www.legislapp.com.br\/index.php\/cam-legislativa-de-pe-plc-2992-2025\/","og_locale":"pt_BR","og_type":"article","og_title":"PLC 2992\/2025 - RICARDO PAES BARRETO - Legislapp","og_description":"C\u00e2m. Legislativa de PE &#8211; Autoria de RICARDO PAES BARRETO Of\u00edcio n\u00ba 295\/2025 &#8211; GP Recife, 26 de maio de 2025. Excelent\u00edssimo Senhor Presidente, Submeto \u00e0 elevada delibera\u00e7\u00e3o deste augusto Poder Legislativo o presente projeto de lei ordin\u00e1ria, aprovado pelo Pleno deste Tribunal de Justi\u00e7a do Estado, altera a Lei Complementar n\u00ba 100, de 21 [&hellip;]","og_url":"https:\/\/www.legislapp.com.br\/index.php\/cam-legislativa-de-pe-plc-2992-2025\/","og_site_name":"Legislapp","article_publisher":"https:\/\/www.instagram.com\/legislapp\/","og_image":[{"url":"https:\/\/www.legislapp.com.br\/wp-content\/uploads\/google-play.png","type":"","width":"","height":""}],"twitter_card":"summary_large_image","twitter_misc":{"Est. tempo de leitura":"3 minutos"},"schema":{"@context":"https:\/\/schema.org","@graph":[{"@type":"WebPage","@id":"https:\/\/www.legislapp.com.br\/index.php\/cam-legislativa-de-pe-plc-2992-2025\/","url":"https:\/\/www.legislapp.com.br\/index.php\/cam-legislativa-de-pe-plc-2992-2025\/","name":"PLC 2992\/2025 - RICARDO PAES BARRETO - Legislapp","isPartOf":{"@id":"https:\/\/www.legislapp.com.br\/#website"},"primaryImageOfPage":{"@id":"https:\/\/www.legislapp.com.br\/index.php\/cam-legislativa-de-pe-plc-2992-2025\/#primaryimage"},"image":{"@id":"https:\/\/www.legislapp.com.br\/index.php\/cam-legislativa-de-pe-plc-2992-2025\/#primaryimage"},"thumbnailUrl":"https:\/\/www.legislapp.com.br\/wp-content\/uploads\/google-play.png","datePublished":"2025-06-25T13:23:52+00:00","breadcrumb":{"@id":"https:\/\/www.legislapp.com.br\/index.php\/cam-legislativa-de-pe-plc-2992-2025\/#breadcrumb"},"inLanguage":"pt-BR","potentialAction":[{"@type":"ReadAction","target":["https:\/\/www.legislapp.com.br\/index.php\/cam-legislativa-de-pe-plc-2992-2025\/"]}]},{"@type":"ImageObject","inLanguage":"pt-BR","@id":"https:\/\/www.legislapp.com.br\/index.php\/cam-legislativa-de-pe-plc-2992-2025\/#primaryimage","url":"https:\/\/www.legislapp.com.br\/wp-content\/uploads\/google-play.png","contentUrl":"https:\/\/www.legislapp.com.br\/wp-content\/uploads\/google-play.png","width":564,"height":168},{"@type":"BreadcrumbList","@id":"https:\/\/www.legislapp.com.br\/index.php\/cam-legislativa-de-pe-plc-2992-2025\/#breadcrumb","itemListElement":[{"@type":"ListItem","position":1,"name":"In\u00edcio","item":"https:\/\/www.legislapp.com.br\/"},{"@type":"ListItem","position":2,"name":"PLC 2992\/2025 &#8211; RICARDO PAES BARRETO"}]},{"@type":"WebSite","@id":"https:\/\/www.legislapp.com.br\/#website","url":"https:\/\/www.legislapp.com.br\/","name":"Legislapp","description":"Intelig\u00eancia governamental em tempo real","publisher":{"@id":"https:\/\/www.legislapp.com.br\/#organization"},"potentialAction":[{"@type":"SearchAction","target":{"@type":"EntryPoint","urlTemplate":"https:\/\/www.legislapp.com.br\/?s={search_term_string}"},"query-input":{"@type":"PropertyValueSpecification","valueRequired":true,"valueName":"search_term_string"}}],"inLanguage":"pt-BR"},{"@type":"Organization","@id":"https:\/\/www.legislapp.com.br\/#organization","name":"Legislapp Monitoramento e Intelig\u00eancia Governamental","url":"https:\/\/www.legislapp.com.br\/","logo":{"@type":"ImageObject","inLanguage":"pt-BR","@id":"https:\/\/www.legislapp.com.br\/#\/schema\/logo\/image\/","url":"https:\/\/www.legislapp.com.br\/wp-content\/uploads\/icon.png","contentUrl":"https:\/\/www.legislapp.com.br\/wp-content\/uploads\/icon.png","width":1024,"height":1024,"caption":"Legislapp Monitoramento e Intelig\u00eancia Governamental"},"image":{"@id":"https:\/\/www.legislapp.com.br\/#\/schema\/logo\/image\/"},"sameAs":["https:\/\/www.instagram.com\/legislapp\/"]}]}},"_links":{"self":[{"href":"https:\/\/www.legislapp.com.br\/index.php\/wp-json\/wp\/v2\/pages\/6174","targetHints":{"allow":["GET"]}}],"collection":[{"href":"https:\/\/www.legislapp.com.br\/index.php\/wp-json\/wp\/v2\/pages"}],"about":[{"href":"https:\/\/www.legislapp.com.br\/index.php\/wp-json\/wp\/v2\/types\/page"}],"author":[{"embeddable":true,"href":"https:\/\/www.legislapp.com.br\/index.php\/wp-json\/wp\/v2\/users\/1"}],"replies":[{"embeddable":true,"href":"https:\/\/www.legislapp.com.br\/index.php\/wp-json\/wp\/v2\/comments?post=6174"}],"version-history":[{"count":0,"href":"https:\/\/www.legislapp.com.br\/index.php\/wp-json\/wp\/v2\/pages\/6174\/revisions"}],"wp:attachment":[{"href":"https:\/\/www.legislapp.com.br\/index.php\/wp-json\/wp\/v2\/media?parent=6174"}],"curies":[{"name":"wp","href":"https:\/\/api.w.org\/{rel}","templated":true}]}}