{"id":6192,"date":"2025-06-25T10:24:47","date_gmt":"2025-06-25T13:24:47","guid":{"rendered":"https:\/\/www.legislapp.com.br\/index.php\/cam-legislativa-de-sc-pl-0298-2025\/"},"modified":"2025-06-25T10:24:47","modified_gmt":"2025-06-25T13:24:47","slug":"cam-legislativa-de-sc-pl-0298-2025","status":"publish","type":"page","link":"https:\/\/www.legislapp.com.br\/index.php\/cam-legislativa-de-sc-pl-0298-2025\/","title":{"rendered":"PL.\/0298\/2025 &#8211; Napole\u00e3o Bernardes"},"content":{"rendered":"<h1 style='text-align: center;'>C\u00e2m. Legislativa de SC &#8211; Autoria de Napole\u00e3o Bernardes<\/h3>\n<p><\/p>\n<article style='text-align: center'>Institui a Semana Estadual de Mobiliza\u00e7\u00e3o e Conscientiza\u00e7\u00e3o sobre as Brincadeiras Perigosas.<\/article>\n<p><\/p>\n<p style='text-align: center'><a href='https:\/\/app.legislapp.com.br\/#\/busca?termo='><\/a><\/p>\n<p><\/p>\n<article>\nPROJETO DE LEI <\/p>\n<p>Institui a Semana Estadual de Mobiliza\u00e7\u00e3o e<br \/>\nConscientiza\u00e7\u00e3o sobre as Brincadeiras Perigosas. <\/p>\n<p>Art. 1\u00ba Fica institu\u00edda, no \u00e2mbito do Estado de Santa Catarina, a<br \/>\nSemana Estadual de Mobiliza\u00e7\u00e3o e Conscientiza\u00e7\u00e3o sobre as Brincadeiras Perigosas. <\/p>\n<p>Par\u00e1grafo \u00danico A semana institu\u00edda ser\u00e1 anualmente celebrada<br \/>\nna primeira semana do m\u00eas de Junho.  <\/p>\n<p>Art. 2\u00ba A Semana Estadual de Mobiliza\u00e7\u00e3o e Conscientiza\u00e7\u00e3o<br \/>\nsobre as Brincadeiras Perigosas objetiva: <\/p>\n<p>I \u2013 alertar crian\u00e7as, adolescentes, fam\u00edlias, educadores e a<br \/>\nsociedade em geral sobre os riscos f\u00edsicos, psicol\u00f3gicos e sociais envolvidos em<br \/>\nbrincadeiras perigosas; <\/p>\n<p>II \u2013 promover a\u00e7\u00f5es educativas nas redes de ensino, com<br \/>\nmateriais informativos, palestras, rodas de conversa e atividades l\u00fadicas de preven\u00e7\u00e3o; <\/p>\n<p>III \u2013 estimular a cria\u00e7\u00e3o de protocolos escolares para identifica\u00e7\u00e3o<br \/>\ne enfrentamento dessas pr\u00e1ticas; <\/p>\n<p>IV \u2013 fomentar campanhas midi\u00e1ticas, inclusive digitais, voltadas \u00e0<br \/>\nconscientiza\u00e7\u00e3o sobre o tema; <\/p>\n<p>V \u2013 incentivar o protagonismo juvenil na constru\u00e7\u00e3o de uma<br \/>\ncultura de seguran\u00e7a e respeito \u00e0 vida. <\/p>\n<p>Art. 3\u00ba O Anexo \u00danico da Lei n. 18.531, de 2022, passa a vigorar<br \/>\ncom a altera\u00e7\u00e3o constante no Anexo I desta Lei. <\/p>\n<p>Art. 4\u00ba &#8211; Esta Lei entra em vigor na data de sua publica\u00e7\u00e3o.<br \/>\nSala das Sess\u00f5es,<br \/>\nNAPOLE\u00c3O Bernardes,<br \/>\nDeputado Estadual  <\/p>\n<p>ANEXO I<br \/>\n1<br \/>\n(Altera o Anexo \u00danico da Lei n. 18.531, de 2022 ) <\/p>\n<p>\u201cANEXO \u00daNICO<br \/>\nCALEND\u00c1RIO OFICIAL DO ESTADO DE SANTA CATARINA <\/p>\n<p>&#8230;&#8230;&#8230;&#8230;&#8230;&#8230;&#8230;&#8230;&#8230;&#8230;&#8230;&#8230;&#8230;&#8230;&#8230;&#8230;&#8230;&#8230;&#8230;&#8230;&#8230;&#8230;&#8230;&#8230;&#8230;&#8230;&#8230;&#8230;&#8230;&#8230;&#8230;&#8230;&#8230;&#8230;&#8230;&#8230;&#8230;&#8230;&#8230;&#8230;&#8230;&#8230;&#8230;&#8230;&#8230;&#8230;. <\/p>\n<p>JUNHO <\/p>\n<p>SEMANAS LEI ORIGINAL N.<br \/>\n&#8230;&#8230;&#8230;&#8230;&#8230;&#8230;&#8230;&#8230;&#8230;&#8230;&#8230;&#8230;&#8230;&#8230;. &#8230;&#8230;&#8230;&#8230;&#8230;&#8230;&#8230;&#8230;&#8230;&#8230;&#8230;&#8230;&#8230;&#8230;. &#8230;&#8230;&#8230;&#8230;&#8230;&#8230;&#8230;&#8230;&#8230;&#8230;&#8230;&#8230;&#8230;&#8230;.<br \/>\nPrimeira Semana Semana Estadual de<br \/>\nMobiliza\u00e7\u00e3o e<br \/>\nConscientiza\u00e7\u00e3o sobre as<br \/>\nBrincadeiras Perigosas <\/p>\n<p>A Semana Estadual de de<br \/>\nMobiliza\u00e7\u00e3o e<br \/>\nConscientiza\u00e7\u00e3o sobre as<br \/>\nBrincadeiras Perigosas,<br \/>\nobjetiva promover a<br \/>\nconscientiza\u00e7\u00e3o da<br \/>\nsociedade Catarinense<br \/>\nsobre a import\u00e2ncia do seu<br \/>\npapel na prote\u00e7\u00e3o integral<br \/>\nde crian\u00e7as e<br \/>\nadolescentes.<br \/>\n&#8230;&#8230;&#8230;&#8230;&#8230;&#8230;&#8230;&#8230;&#8230;&#8230;&#8230;&#8230;&#8230;&#8230;. &#8230;&#8230;&#8230;&#8230;&#8230;&#8230;&#8230;&#8230;&#8230;&#8230;&#8230;&#8230;&#8230;&#8230;. &#8230;&#8230;&#8230;&#8230;&#8230;&#8230;&#8230;&#8230;&#8230;&#8230;&#8230;&#8230;&#8230;&#8230;.<br \/>\n&#8230;&#8230;&#8230;&#8230;&#8230;&#8230;&#8230;&#8230;&#8230;&#8230;&#8230;&#8230;&#8230;&#8230;&#8230;&#8230;&#8230;&#8230;&#8230;&#8230;&#8230;&#8230;&#8230;&#8230;&#8230;&#8230;&#8230;&#8230;&#8230;&#8230;&#8230;&#8230;&#8230;&#8230;&#8230;&#8230;&#8230;&#8230;&#8230;&#8230;&#8230;&#8230;&#8230;\u201d (NR) <\/p>\n<p>1<br \/>\n ht t p: \/ \/ leis. alesc. sc. gov. br\/ ht ml\/ 2022\/ 18531_2022_lei. ht ml<br \/>\nJUSTIFICA\u00c7\u00c3O<br \/>\nNos \u00faltimos anos, o Estado de Santa Catarina tem acompanhado<br \/>\ncom crescente preocupa\u00e7\u00e3o o aumento de casos envolvendo crian\u00e7as e adolescentes em<br \/>\nsitua\u00e7\u00f5es de risco decorrentes das chamadas brincadeiras perigosas.<br \/>\nEm abril de 2025, Santa Catarina registrou mais uma perda<br \/>\ncausada pelos chamados desafios virais que circulam nas redes sociais. Uma menina de<br \/>\napenas 8 anos inalou desodorante em spray ao tentar cumprir um \u201cdesafio\u201d amplamente<br \/>\ndisseminado em plataformas digitais, e infelizmente veio a \u00f3bito, sendo encontrada sem<br \/>\nvida por sua av\u00f3.<br \/>\nEsse tr\u00e1gico caso, amplamente repercutido na m\u00eddia, inclusive em<br \/>\n2<br \/>\npublica\u00e7\u00e3o oficial nas minhas redes , alerta para o risco direto \u00e0 vida e \u00e0 integridade de<br \/>\nnossas crian\u00e7as e adolescentes.<br \/>\nEssas pr\u00e1ticas, muitas vezes vistas como inofensivas ou apenas<br \/>\ncomo forma de divers\u00e3o, podem ocasionar les\u00f5es graves, traumas psicol\u00f3gicos e, como<br \/>\nvisto, at\u00e9 a morte de jovens.<br \/>\nNos \u00faltimos anos, autoridades escolares, profissionais da sa\u00fade e<br \/>\nconselhos tutelares de diversas regi\u00f5es do estado t\u00eam relatado comportamentos de risco<br \/>\ninspirados por conte\u00fados virais que incentivam a ingest\u00e3o de subst\u00e2ncias qu\u00edmicas, o<br \/>\nsufocamento e a automutila\u00e7\u00e3o.<br \/>\nUm exemplo emblem\u00e1tico \u00e9 o jogo conhecido como \u201cBaleia Azul\u201d,<br \/>\nque consiste numa s\u00e9rie de 50 desafios que estimulam o isolamento, a mutila\u00e7\u00e3o e o<br \/>\nsuic\u00eddio entre os jovens, sendo os participantes geralmente \u201crecrutados\u201d por meio de redes<br \/>\nsociais, como o Facebook.<br \/>\nNesse contexto, a presente proposi\u00e7\u00e3o visa instituir a Semana<br \/>\nEstadual de Mobiliza\u00e7\u00e3o e Conscientiza\u00e7\u00e3o sobre as Brincadeiras Perigosas, a ser<br \/>\ncelebrada anualmente na primeira semana de junho, com o prop\u00f3sito de mobilizar<br \/>\ninstitui\u00e7\u00f5es p\u00fablicas e privadas, escolas, fam\u00edlias e comunidades em torno da prote\u00e7\u00e3o<br \/>\nintegral de crian\u00e7as e adolescentes.<br \/>\nOs principais objetivos da Semana s\u00e3o:<br \/>\n2<br \/>\n ht t ps: \/ \/ www. inst agram. com\/ p\/ DI d-B Q RxY Y c\/ ?igsh= Z 2locDA zZ X gwdnUz <\/p>\n<p>? Informar e conscientizar sobre os riscos das chamadas<br \/>\nbrincadeiras perigosas;<br \/>\n? Incentivar a atua\u00e7\u00e3o preventiva nas escolas e nas redes<br \/>\nfamiliares;<br \/>\n? Estimular o debate e o desenvolvimento de a\u00e7\u00f5es<br \/>\npedag\u00f3gicas e campanhas educativas;<br \/>\n? Promover a articula\u00e7\u00e3o entre as \u00e1reas da educa\u00e7\u00e3o, sa\u00fade,<br \/>\nseguran\u00e7a e assist\u00eancia social. <\/p>\n<p>Diante do exposto, pe\u00e7o o apoio dos nobres pares para a<br \/>\naprova\u00e7\u00e3o deste Projeto de Lei.<br \/>\nSala das Sess\u00f5es, <\/p>\n<p>NAPOLE\u00c3O Bernardes,<br \/>\nDeputado Estadual <\/p>\n<p>ANEXO II <\/p>\n<p>3<br \/>\nANEXO III <\/p>\n<p>3<br \/>\n ht t ps: \/ \/ cpp. org. br\/ baleia-azul-como-prot eger-os-jovens-dos-riscos\/ <\/p>\n<\/article>\n<div style=\"text-align: center\">\n<div style=\"margin-bottom: 20px;\" class=\"et_pb_button_module_wrapper et_pb_button_5_tb_body_wrapper et_pb_button_alignment_center et_pb_module \">\n         <a class=\"et_pb_button et_pb_button_5_tb_body et_hover_enabled et_pb_bg_layout_dark\" style=\"width: 50%;background-color: black;\" href=\"https:\/\/app.legislapp.com.br\" target=\"_blank\" rel=\"noopener\">Visualizar completo na nossa plataforma (30 dias gr\u00e1tis)<\/a><\/p><\/div>\n<p>      <a href=\"https:\/\/play.google.com\/store\/apps\/details?id=br.com.legislapp\"><img decoding=\"async\" style=\"width: 15%; min-width: 130px;\" src=\"https:\/\/www.legislapp.com.br\/wp-content\/uploads\/google-play.png\"><\/a><br \/>\n      <a href=\"https:\/\/apps.apple.com\/us\/app\/legislapp\/id1568929859\"><img decoding=\"async\" style=\"width: 15%; min-width: 130px\" src=\"https:\/\/www.legislapp.com.br\/wp-content\/uploads\/apple-store.png\"><\/a>\n   <\/div>\n","protected":false},"excerpt":{"rendered":"<p>C\u00e2m. Legislativa de SC &#8211; Autoria de Napole\u00e3o Bernardes Institui a Semana Estadual de Mobiliza\u00e7\u00e3o e Conscientiza\u00e7\u00e3o sobre as Brincadeiras Perigosas. PROJETO DE LEI Institui a Semana Estadual de Mobiliza\u00e7\u00e3o e Conscientiza\u00e7\u00e3o sobre as Brincadeiras Perigosas. Art. 1\u00ba Fica institu\u00edda, no \u00e2mbito do Estado de Santa Catarina, a Semana Estadual de Mobiliza\u00e7\u00e3o e Conscientiza\u00e7\u00e3o sobre [&hellip;]<\/p>\n","protected":false},"author":1,"featured_media":0,"parent":0,"menu_order":0,"comment_status":"closed","ping_status":"closed","template":"page-template-blank.php","meta":{"_et_pb_use_builder":"","_et_pb_old_content":"","_et_gb_content_width":"1080","ngg_post_thumbnail":0,"footnotes":""},"class_list":["post-6192","page","type-page","status-publish","hentry"],"yoast_head":"<!-- This site is optimized with the Yoast SEO plugin v24.4 - https:\/\/yoast.com\/wordpress\/plugins\/seo\/ -->\n<title>PL.\/0298\/2025 - Napole\u00e3o Bernardes - Legislapp<\/title>\n<meta name=\"robots\" content=\"index, follow, max-snippet:-1, max-image-preview:large, max-video-preview:-1\" \/>\n<link rel=\"canonical\" href=\"https:\/\/www.legislapp.com.br\/index.php\/cam-legislativa-de-sc-pl-0298-2025\/\" \/>\n<meta property=\"og:locale\" content=\"pt_BR\" \/>\n<meta property=\"og:type\" content=\"article\" \/>\n<meta property=\"og:title\" content=\"PL.\/0298\/2025 - Napole\u00e3o Bernardes - Legislapp\" \/>\n<meta property=\"og:description\" content=\"C\u00e2m. Legislativa de SC &#8211; Autoria de Napole\u00e3o Bernardes Institui a Semana Estadual de Mobiliza\u00e7\u00e3o e Conscientiza\u00e7\u00e3o sobre as Brincadeiras Perigosas. PROJETO DE LEI Institui a Semana Estadual de Mobiliza\u00e7\u00e3o e Conscientiza\u00e7\u00e3o sobre as Brincadeiras Perigosas. Art. 1\u00ba Fica institu\u00edda, no \u00e2mbito do Estado de Santa Catarina, a Semana Estadual de Mobiliza\u00e7\u00e3o e Conscientiza\u00e7\u00e3o sobre [&hellip;]\" \/>\n<meta property=\"og:url\" content=\"https:\/\/www.legislapp.com.br\/index.php\/cam-legislativa-de-sc-pl-0298-2025\/\" \/>\n<meta property=\"og:site_name\" content=\"Legislapp\" \/>\n<meta property=\"article:publisher\" content=\"https:\/\/www.instagram.com\/legislapp\/\" \/>\n<meta property=\"og:image\" content=\"https:\/\/www.legislapp.com.br\/wp-content\/uploads\/google-play.png\" \/>\n<meta name=\"twitter:card\" content=\"summary_large_image\" \/>\n<meta name=\"twitter:label1\" content=\"Est. tempo de leitura\" \/>\n\t<meta name=\"twitter:data1\" content=\"4 minutos\" \/>\n<script type=\"application\/ld+json\" class=\"yoast-schema-graph\">{\"@context\":\"https:\/\/schema.org\",\"@graph\":[{\"@type\":\"WebPage\",\"@id\":\"https:\/\/www.legislapp.com.br\/index.php\/cam-legislativa-de-sc-pl-0298-2025\/\",\"url\":\"https:\/\/www.legislapp.com.br\/index.php\/cam-legislativa-de-sc-pl-0298-2025\/\",\"name\":\"PL.\/0298\/2025 - Napole\u00e3o Bernardes - Legislapp\",\"isPartOf\":{\"@id\":\"https:\/\/www.legislapp.com.br\/#website\"},\"primaryImageOfPage\":{\"@id\":\"https:\/\/www.legislapp.com.br\/index.php\/cam-legislativa-de-sc-pl-0298-2025\/#primaryimage\"},\"image\":{\"@id\":\"https:\/\/www.legislapp.com.br\/index.php\/cam-legislativa-de-sc-pl-0298-2025\/#primaryimage\"},\"thumbnailUrl\":\"https:\/\/www.legislapp.com.br\/wp-content\/uploads\/google-play.png\",\"datePublished\":\"2025-06-25T13:24:47+00:00\",\"breadcrumb\":{\"@id\":\"https:\/\/www.legislapp.com.br\/index.php\/cam-legislativa-de-sc-pl-0298-2025\/#breadcrumb\"},\"inLanguage\":\"pt-BR\",\"potentialAction\":[{\"@type\":\"ReadAction\",\"target\":[\"https:\/\/www.legislapp.com.br\/index.php\/cam-legislativa-de-sc-pl-0298-2025\/\"]}]},{\"@type\":\"ImageObject\",\"inLanguage\":\"pt-BR\",\"@id\":\"https:\/\/www.legislapp.com.br\/index.php\/cam-legislativa-de-sc-pl-0298-2025\/#primaryimage\",\"url\":\"https:\/\/www.legislapp.com.br\/wp-content\/uploads\/google-play.png\",\"contentUrl\":\"https:\/\/www.legislapp.com.br\/wp-content\/uploads\/google-play.png\",\"width\":564,\"height\":168},{\"@type\":\"BreadcrumbList\",\"@id\":\"https:\/\/www.legislapp.com.br\/index.php\/cam-legislativa-de-sc-pl-0298-2025\/#breadcrumb\",\"itemListElement\":[{\"@type\":\"ListItem\",\"position\":1,\"name\":\"In\u00edcio\",\"item\":\"https:\/\/www.legislapp.com.br\/\"},{\"@type\":\"ListItem\",\"position\":2,\"name\":\"PL.\/0298\/2025 &#8211; Napole\u00e3o Bernardes\"}]},{\"@type\":\"WebSite\",\"@id\":\"https:\/\/www.legislapp.com.br\/#website\",\"url\":\"https:\/\/www.legislapp.com.br\/\",\"name\":\"Legislapp\",\"description\":\"Intelig\u00eancia governamental em tempo real\",\"publisher\":{\"@id\":\"https:\/\/www.legislapp.com.br\/#organization\"},\"potentialAction\":[{\"@type\":\"SearchAction\",\"target\":{\"@type\":\"EntryPoint\",\"urlTemplate\":\"https:\/\/www.legislapp.com.br\/?s={search_term_string}\"},\"query-input\":{\"@type\":\"PropertyValueSpecification\",\"valueRequired\":true,\"valueName\":\"search_term_string\"}}],\"inLanguage\":\"pt-BR\"},{\"@type\":\"Organization\",\"@id\":\"https:\/\/www.legislapp.com.br\/#organization\",\"name\":\"Legislapp Monitoramento e Intelig\u00eancia Governamental\",\"url\":\"https:\/\/www.legislapp.com.br\/\",\"logo\":{\"@type\":\"ImageObject\",\"inLanguage\":\"pt-BR\",\"@id\":\"https:\/\/www.legislapp.com.br\/#\/schema\/logo\/image\/\",\"url\":\"https:\/\/www.legislapp.com.br\/wp-content\/uploads\/icon.png\",\"contentUrl\":\"https:\/\/www.legislapp.com.br\/wp-content\/uploads\/icon.png\",\"width\":1024,\"height\":1024,\"caption\":\"Legislapp Monitoramento e Intelig\u00eancia Governamental\"},\"image\":{\"@id\":\"https:\/\/www.legislapp.com.br\/#\/schema\/logo\/image\/\"},\"sameAs\":[\"https:\/\/www.instagram.com\/legislapp\/\"]}]}<\/script>\n<!-- \/ Yoast SEO plugin. -->","yoast_head_json":{"title":"PL.\/0298\/2025 - Napole\u00e3o Bernardes - Legislapp","robots":{"index":"index","follow":"follow","max-snippet":"max-snippet:-1","max-image-preview":"max-image-preview:large","max-video-preview":"max-video-preview:-1"},"canonical":"https:\/\/www.legislapp.com.br\/index.php\/cam-legislativa-de-sc-pl-0298-2025\/","og_locale":"pt_BR","og_type":"article","og_title":"PL.\/0298\/2025 - Napole\u00e3o Bernardes - Legislapp","og_description":"C\u00e2m. Legislativa de SC &#8211; Autoria de Napole\u00e3o Bernardes Institui a Semana Estadual de Mobiliza\u00e7\u00e3o e Conscientiza\u00e7\u00e3o sobre as Brincadeiras Perigosas. PROJETO DE LEI Institui a Semana Estadual de Mobiliza\u00e7\u00e3o e Conscientiza\u00e7\u00e3o sobre as Brincadeiras Perigosas. Art. 1\u00ba Fica institu\u00edda, no \u00e2mbito do Estado de Santa Catarina, a Semana Estadual de Mobiliza\u00e7\u00e3o e Conscientiza\u00e7\u00e3o sobre [&hellip;]","og_url":"https:\/\/www.legislapp.com.br\/index.php\/cam-legislativa-de-sc-pl-0298-2025\/","og_site_name":"Legislapp","article_publisher":"https:\/\/www.instagram.com\/legislapp\/","og_image":[{"url":"https:\/\/www.legislapp.com.br\/wp-content\/uploads\/google-play.png","type":"","width":"","height":""}],"twitter_card":"summary_large_image","twitter_misc":{"Est. tempo de leitura":"4 minutos"},"schema":{"@context":"https:\/\/schema.org","@graph":[{"@type":"WebPage","@id":"https:\/\/www.legislapp.com.br\/index.php\/cam-legislativa-de-sc-pl-0298-2025\/","url":"https:\/\/www.legislapp.com.br\/index.php\/cam-legislativa-de-sc-pl-0298-2025\/","name":"PL.\/0298\/2025 - Napole\u00e3o Bernardes - Legislapp","isPartOf":{"@id":"https:\/\/www.legislapp.com.br\/#website"},"primaryImageOfPage":{"@id":"https:\/\/www.legislapp.com.br\/index.php\/cam-legislativa-de-sc-pl-0298-2025\/#primaryimage"},"image":{"@id":"https:\/\/www.legislapp.com.br\/index.php\/cam-legislativa-de-sc-pl-0298-2025\/#primaryimage"},"thumbnailUrl":"https:\/\/www.legislapp.com.br\/wp-content\/uploads\/google-play.png","datePublished":"2025-06-25T13:24:47+00:00","breadcrumb":{"@id":"https:\/\/www.legislapp.com.br\/index.php\/cam-legislativa-de-sc-pl-0298-2025\/#breadcrumb"},"inLanguage":"pt-BR","potentialAction":[{"@type":"ReadAction","target":["https:\/\/www.legislapp.com.br\/index.php\/cam-legislativa-de-sc-pl-0298-2025\/"]}]},{"@type":"ImageObject","inLanguage":"pt-BR","@id":"https:\/\/www.legislapp.com.br\/index.php\/cam-legislativa-de-sc-pl-0298-2025\/#primaryimage","url":"https:\/\/www.legislapp.com.br\/wp-content\/uploads\/google-play.png","contentUrl":"https:\/\/www.legislapp.com.br\/wp-content\/uploads\/google-play.png","width":564,"height":168},{"@type":"BreadcrumbList","@id":"https:\/\/www.legislapp.com.br\/index.php\/cam-legislativa-de-sc-pl-0298-2025\/#breadcrumb","itemListElement":[{"@type":"ListItem","position":1,"name":"In\u00edcio","item":"https:\/\/www.legislapp.com.br\/"},{"@type":"ListItem","position":2,"name":"PL.\/0298\/2025 &#8211; Napole\u00e3o Bernardes"}]},{"@type":"WebSite","@id":"https:\/\/www.legislapp.com.br\/#website","url":"https:\/\/www.legislapp.com.br\/","name":"Legislapp","description":"Intelig\u00eancia governamental em tempo real","publisher":{"@id":"https:\/\/www.legislapp.com.br\/#organization"},"potentialAction":[{"@type":"SearchAction","target":{"@type":"EntryPoint","urlTemplate":"https:\/\/www.legislapp.com.br\/?s={search_term_string}"},"query-input":{"@type":"PropertyValueSpecification","valueRequired":true,"valueName":"search_term_string"}}],"inLanguage":"pt-BR"},{"@type":"Organization","@id":"https:\/\/www.legislapp.com.br\/#organization","name":"Legislapp Monitoramento e Intelig\u00eancia Governamental","url":"https:\/\/www.legislapp.com.br\/","logo":{"@type":"ImageObject","inLanguage":"pt-BR","@id":"https:\/\/www.legislapp.com.br\/#\/schema\/logo\/image\/","url":"https:\/\/www.legislapp.com.br\/wp-content\/uploads\/icon.png","contentUrl":"https:\/\/www.legislapp.com.br\/wp-content\/uploads\/icon.png","width":1024,"height":1024,"caption":"Legislapp Monitoramento e Intelig\u00eancia Governamental"},"image":{"@id":"https:\/\/www.legislapp.com.br\/#\/schema\/logo\/image\/"},"sameAs":["https:\/\/www.instagram.com\/legislapp\/"]}]}},"_links":{"self":[{"href":"https:\/\/www.legislapp.com.br\/index.php\/wp-json\/wp\/v2\/pages\/6192","targetHints":{"allow":["GET"]}}],"collection":[{"href":"https:\/\/www.legislapp.com.br\/index.php\/wp-json\/wp\/v2\/pages"}],"about":[{"href":"https:\/\/www.legislapp.com.br\/index.php\/wp-json\/wp\/v2\/types\/page"}],"author":[{"embeddable":true,"href":"https:\/\/www.legislapp.com.br\/index.php\/wp-json\/wp\/v2\/users\/1"}],"replies":[{"embeddable":true,"href":"https:\/\/www.legislapp.com.br\/index.php\/wp-json\/wp\/v2\/comments?post=6192"}],"version-history":[{"count":0,"href":"https:\/\/www.legislapp.com.br\/index.php\/wp-json\/wp\/v2\/pages\/6192\/revisions"}],"wp:attachment":[{"href":"https:\/\/www.legislapp.com.br\/index.php\/wp-json\/wp\/v2\/media?parent=6192"}],"curies":[{"name":"wp","href":"https:\/\/api.w.org\/{rel}","templated":true}]}}