{"id":6235,"date":"2025-06-25T10:26:58","date_gmt":"2025-06-25T13:26:58","guid":{"rendered":"https:\/\/www.legislapp.com.br\/index.php\/cam-legislativa-de-pe-pl-3000-2025\/"},"modified":"2025-06-25T10:26:58","modified_gmt":"2025-06-25T13:26:58","slug":"cam-legislativa-de-pe-pl-3000-2025","status":"publish","type":"page","link":"https:\/\/www.legislapp.com.br\/index.php\/cam-legislativa-de-pe-pl-3000-2025\/","title":{"rendered":"PL 3000\/2025 &#8211; Gilmar Junior"},"content":{"rendered":"<h1 style='text-align: center;'>C\u00e2m. Legislativa de PE &#8211; Autoria de Gilmar Junior<br \/><img src='https:\/\/www.alepe.pe.gov.br\/\/wp-content\/uploads\/2023\/02\/GILMAR-JUNIOR-scaled-e1675859139299.jpg' alt='Gilmar Junior' \/><\/h3>\n<p><\/p>\n<article style='text-align: center'>A disfemia, ou gagueira, \u00e9 um dist\u00farbio caracterizado por dificuldades no fluxo da fala, como repeti\u00e7\u00f5es de sons, prolongamentos e bloqueios involunt\u00e1rios. Sua origem \u00e9 multifatorial, com forte base gen\u00e9tica, e pode surgir tanto na inf\u00e2ncia quanto ser adquirida por doen\u00e7as cerebrais.<\/p>\n<p>Existem tr\u00eas tipos de gagueira: neurog\u00eanica, psicog\u00eanica e idiop\u00e1tica (ou do desenvolvimento). A maior parte dos casos infantis (80%) \u00e9 do tipo idiop\u00e1tico, que aparece entre 18 meses e 7 anos. Se n\u00e3o tratada, a gagueira tende a piorar, afetando n\u00e3o s\u00f3 a fala, mas tamb\u00e9m a cogni\u00e7\u00e3o, as emo\u00e7\u00f5es e a vida social do indiv\u00edduo.<\/p>\n<p>A evolu\u00e7\u00e3o cl\u00ednica da disfemia pode ser ainda mais negativa se n\u00e3o for tratada no per\u00edodo pr\u00e9-escolar, podendo resultar em consequ\u00eancias significativas nas esferas cognitiva, emocional e social, impactando a qualidade de vida do falante.<\/p>\n<p>A presente proposta busca refor\u00e7ar o princ\u00edpio da isonomia, que preconiza tratar igualmente os iguais e desigualmente os desiguais, conforme suas necessidades. Isso implica a necessidade de um tratamento especial para aqueles que necessitam, o que se traduz na ideia de equidade \u2014 um conceito que precisa ser promovido em todos os n\u00edveis da sociedade. Para isso, uma pol\u00edtica p\u00fablica eficaz que atenda \u00e0s demandas dos pacientes \u00e9 essencial.<\/p>\n<p>O tratamento precoce da gagueira pode interromper sua progress\u00e3o e evitar danos em diversas \u00e1reas da vida da crian\u00e7a. Contudo, ainda h\u00e1 um grande desconhecimento na sociedade sobre o dist\u00farbio, o que torna urgente a implementa\u00e7\u00e3o de a\u00e7\u00f5es preventivas e educativas, especialmente nas escolas. Esses espa\u00e7os s\u00e3o fundamentais para a identifica\u00e7\u00e3o precoce dos casos e o est\u00edmulo ao desenvolvimento da linguagem.<\/p>\n<p>Portanto, essa medida visa incentivar a cria\u00e7\u00e3o de pol\u00edticas p\u00fablicas e uma linha de cuidado que combata estigmas e promova a conscientiza\u00e7\u00e3o sobre a gagueira, assegurando, assim, um tratamento equitativo para todos os indiv\u00edduos, em conson\u00e2ncia com o princ\u00edpio da isonomia.<\/p>\n<p>Diante do exposto, solicito a aprova\u00e7\u00e3o dos Nobres Pares para esta propositura.<\/article>\n<p><\/p>\n<p style='text-align: center'><a href='https:\/\/app.legislapp.com.br\/#\/busca?termo='><\/a><\/p>\n<p><\/p>\n<article>\u00a0\u00a0\u00a0\u00a0\u00a0Art. 1\u00ba Fica criada a Pol\u00edtica Estadual de Aten\u00e7\u00e3o \u00e0 Pessoa com Disfemia (gagueira) em Pernambuco.<\/p>\n<p>\u00a0\u00a0\u00a0\u00a0\u00a0Art. 2\u00ba Para os fins desta Lei, considera-se:<\/p>\n<p>\u00a0\u00a0\u00a0\u00a0\u00a0I &#8211;\u00a0disfemia ou gagueira: o dist\u00farbio do neurodesenvolvimento que se inicia na inf\u00e2ncia, de origem multifatorial, em que a pessoa apresenta interrup\u00e7\u00e3o no fluxo cont\u00ednuo da fala devido \u00e0 disflu\u00eancias involunt\u00e1rias e t\u00edpicas, como repeti\u00e7\u00f5es de sons e s\u00edlabas e prolongamentos e bloqueios, gerando impacto biopsicossocial na vida do paciente;<\/p>\n<p>\u00a0\u00a0\u00a0\u00a0\u00a0II &#8211;\u00a0pessoa com disfemia: paciente que possui diagn\u00f3stico de gagueira determinado por um fonoaudi\u00f3logo especialista em flu\u00eancia, baseado na avalia\u00e7\u00e3o quantitativa e qualitativa das disflu\u00eancias da fala, observados a multidimensionalidade da gagueira e os subtipos existentes;<\/p>\n<p>\u00a0\u00a0\u00a0\u00a0\u00a0III &#8211;\u00a0diagn\u00f3stico precoce: a identifica\u00e7\u00e3o de altera\u00e7\u00f5es na flu\u00eancia o mais cedo poss\u00edvel em crian\u00e7as em fase do desenvolvimento da linguagem oral;<\/p>\n<p>\u00a0\u00a0\u00a0\u00a0\u00a0IV &#8211;\u00a0atendimento multidisciplinar: o atendimento realizado por profissionais de diferentes \u00e1reas, com experi\u00eancias complementares, que atuam de forma independente.<\/p>\n<p>\u00a0\u00a0\u00a0\u00a0\u00a0Art. 3\u00ba As diretrizes para a Pol\u00edtica Estadual de Aten\u00e7\u00e3o \u00e0 Pessoa com Disfemia que trata esta Lei observar\u00e1 os seguintes princ\u00edpios:<\/p>\n<p>\u00a0\u00a0\u00a0\u00a0\u00a0I &#8211;\u00a0respeito \u00e0 dignidade do paciente;<\/p>\n<p>\u00a0\u00a0\u00a0\u00a0\u00a0II &#8211;\u00a0garantia de igualdade de oportunidades entre paciente e os demais indiv\u00edduos;<\/p>\n<p>\u00a0\u00a0\u00a0\u00a0\u00a0III &#8211;\u00a0prote\u00e7\u00e3o contra qualquer forma de discrimina\u00e7\u00e3o e de tratamento desumano ou degradante em virtude da disfemia ou gagueira;<\/p>\n<p>\u00a0\u00a0\u00a0\u00a0\u00a0IV &#8211;\u00a0garantia da integralidade da aten\u00e7\u00e3o \u00e0 sa\u00fade da pessoa com disfemia ou gagueira;<\/p>\n<p>\u00a0\u00a0\u00a0\u00a0\u00a0V &#8211;\u00a0garantia da efetiva\u00e7\u00e3o dos direitos da pessoa com disfemia ou gagueira.\u00a0<\/p>\n<p>\u00a0\u00a0\u00a0\u00a0\u00a0Art. 4\u00ba Ser\u00e3o observadas as seguintes diretrizes na elabora\u00e7\u00e3o da Pol\u00edtica Estadual de Aten\u00e7\u00e3o \u00e0 Pessoa com Disfemia (gagueira):<\/p>\n<p>\u00a0\u00a0\u00a0\u00a0\u00a0I &#8211;\u00a0orienta\u00e7\u00e3o das pessoas que atuam na administra\u00e7\u00e3o p\u00fablica estadual para o correto e acolhedor atendimento \u00e0 pessoa com disfemia ou gagueira;<\/p>\n<p>\u00a0\u00a0\u00a0\u00a0\u00a0II &#8211;\u00a0combate \u00e0 discrimina\u00e7\u00e3o e \u00e0 estigmatiza\u00e7\u00e3o da pessoa com disfemia ou gagueira;<\/p>\n<p>\u00a0\u00a0\u00a0\u00a0\u00a0III &#8211;\u00a0respeito \u00e0 diversidade da forma de comunica\u00e7\u00e3o do paciente;<\/p>\n<p>\u00a0\u00a0\u00a0\u00a0\u00a0IV &#8211;\u00a0incentivo ao diagn\u00f3stico precoce da enfermidade e ao adequado encaminhamento do paciente na rede p\u00fablica de sa\u00fade.<\/p>\n<p>\u00a0\u00a0\u00a0\u00a0\u00a0Art. 5\u00ba A Pol\u00edtica Estadual de Aten\u00e7\u00e3o \u00e0 Pessoa com Disfemia (gagueira), ter\u00e1 como objetivos:<\/p>\n<p>\u00a0\u00a0\u00a0\u00a0\u00a0I &#8211;\u00a0divulgar informa\u00e7\u00f5es e realizar campanhas, inclusive na comunidade escolar, sobre a disfemia\/gagueira, suas causas, seus poss\u00edveis tratamentos e a import\u00e2ncia do diagn\u00f3stico precoce;<\/p>\n<p>\u00a0\u00a0\u00a0\u00a0\u00a0II &#8211;\u00a0promover a sensibiliza\u00e7\u00e3o da sociedade sobre os impactos na qualidade de vida da pessoa com disfemia ou gagueira e sobre a import\u00e2ncia de se combater todo e qualquer tipo de discrimina\u00e7\u00e3o e estigmatiza\u00e7\u00e3o.<\/p>\n<p>\u00a0\u00a0\u00a0\u00a0\u00a0III &#8211;\u00a0promover o acesso \u00e0 aten\u00e7\u00e3o integral \u00e0 sa\u00fade e o atendimento multidisciplinar do paciente.<\/p>\n<p>\u00a0\u00a0\u00a0\u00a0\u00a0Art. 6\u00ba Esta Lei entra em vigor na data de sua publica\u00e7\u00e3o<\/article>\n<div style=\"text-align: center\">\n<div style=\"margin-bottom: 20px;\" class=\"et_pb_button_module_wrapper et_pb_button_5_tb_body_wrapper et_pb_button_alignment_center et_pb_module \">\n         <a class=\"et_pb_button et_pb_button_5_tb_body et_hover_enabled et_pb_bg_layout_dark\" style=\"width: 50%;background-color: black;\" href=\"https:\/\/app.legislapp.com.br\" target=\"_blank\" rel=\"noopener\">Visualizar completo na nossa plataforma (30 dias gr\u00e1tis)<\/a><\/p><\/div>\n<p>      <a href=\"https:\/\/play.google.com\/store\/apps\/details?id=br.com.legislapp\"><img decoding=\"async\" style=\"width: 15%; min-width: 130px;\" src=\"https:\/\/www.legislapp.com.br\/wp-content\/uploads\/google-play.png\"><\/a><br \/>\n      <a href=\"https:\/\/apps.apple.com\/us\/app\/legislapp\/id1568929859\"><img decoding=\"async\" style=\"width: 15%; min-width: 130px\" src=\"https:\/\/www.legislapp.com.br\/wp-content\/uploads\/apple-store.png\"><\/a>\n   <\/div>\n","protected":false},"excerpt":{"rendered":"<p>C\u00e2m. Legislativa de PE &#8211; Autoria de Gilmar Junior A disfemia, ou gagueira, \u00e9 um dist\u00farbio caracterizado por dificuldades no fluxo da fala, como repeti\u00e7\u00f5es de sons, prolongamentos e bloqueios involunt\u00e1rios. Sua origem \u00e9 multifatorial, com forte base gen\u00e9tica, e pode surgir tanto na inf\u00e2ncia quanto ser adquirida por doen\u00e7as cerebrais. Existem tr\u00eas tipos de [&hellip;]<\/p>\n","protected":false},"author":1,"featured_media":0,"parent":0,"menu_order":0,"comment_status":"closed","ping_status":"closed","template":"page-template-blank.php","meta":{"_et_pb_use_builder":"","_et_pb_old_content":"","_et_gb_content_width":"1080","ngg_post_thumbnail":0,"footnotes":""},"class_list":["post-6235","page","type-page","status-publish","hentry"],"yoast_head":"<!-- This site is optimized with the Yoast SEO plugin v24.4 - https:\/\/yoast.com\/wordpress\/plugins\/seo\/ -->\n<title>PL 3000\/2025 - Gilmar Junior - Legislapp<\/title>\n<meta name=\"robots\" content=\"index, follow, max-snippet:-1, max-image-preview:large, max-video-preview:-1\" \/>\n<link rel=\"canonical\" href=\"https:\/\/www.legislapp.com.br\/index.php\/cam-legislativa-de-pe-pl-3000-2025\/\" \/>\n<meta property=\"og:locale\" content=\"pt_BR\" \/>\n<meta property=\"og:type\" content=\"article\" \/>\n<meta property=\"og:title\" content=\"PL 3000\/2025 - Gilmar Junior - Legislapp\" \/>\n<meta property=\"og:description\" content=\"C\u00e2m. Legislativa de PE &#8211; Autoria de Gilmar Junior A disfemia, ou gagueira, \u00e9 um dist\u00farbio caracterizado por dificuldades no fluxo da fala, como repeti\u00e7\u00f5es de sons, prolongamentos e bloqueios involunt\u00e1rios. Sua origem \u00e9 multifatorial, com forte base gen\u00e9tica, e pode surgir tanto na inf\u00e2ncia quanto ser adquirida por doen\u00e7as cerebrais. Existem tr\u00eas tipos de [&hellip;]\" \/>\n<meta property=\"og:url\" content=\"https:\/\/www.legislapp.com.br\/index.php\/cam-legislativa-de-pe-pl-3000-2025\/\" \/>\n<meta property=\"og:site_name\" content=\"Legislapp\" \/>\n<meta property=\"article:publisher\" content=\"https:\/\/www.instagram.com\/legislapp\/\" \/>\n<meta property=\"og:image\" content=\"https:\/\/www.alepe.pe.gov.br\/\/wp-content\/uploads\/2023\/02\/GILMAR-JUNIOR-scaled-e1675859139299.jpg\" \/>\n<meta name=\"twitter:card\" content=\"summary_large_image\" \/>\n<meta name=\"twitter:label1\" content=\"Est. tempo de leitura\" \/>\n\t<meta name=\"twitter:data1\" content=\"4 minutos\" \/>\n<script type=\"application\/ld+json\" class=\"yoast-schema-graph\">{\"@context\":\"https:\/\/schema.org\",\"@graph\":[{\"@type\":\"WebPage\",\"@id\":\"https:\/\/www.legislapp.com.br\/index.php\/cam-legislativa-de-pe-pl-3000-2025\/\",\"url\":\"https:\/\/www.legislapp.com.br\/index.php\/cam-legislativa-de-pe-pl-3000-2025\/\",\"name\":\"PL 3000\/2025 - Gilmar Junior - Legislapp\",\"isPartOf\":{\"@id\":\"https:\/\/www.legislapp.com.br\/#website\"},\"primaryImageOfPage\":{\"@id\":\"https:\/\/www.legislapp.com.br\/index.php\/cam-legislativa-de-pe-pl-3000-2025\/#primaryimage\"},\"image\":{\"@id\":\"https:\/\/www.legislapp.com.br\/index.php\/cam-legislativa-de-pe-pl-3000-2025\/#primaryimage\"},\"thumbnailUrl\":\"https:\/\/www.alepe.pe.gov.br\/\/wp-content\/uploads\/2023\/02\/GILMAR-JUNIOR-scaled-e1675859139299.jpg\",\"datePublished\":\"2025-06-25T13:26:58+00:00\",\"breadcrumb\":{\"@id\":\"https:\/\/www.legislapp.com.br\/index.php\/cam-legislativa-de-pe-pl-3000-2025\/#breadcrumb\"},\"inLanguage\":\"pt-BR\",\"potentialAction\":[{\"@type\":\"ReadAction\",\"target\":[\"https:\/\/www.legislapp.com.br\/index.php\/cam-legislativa-de-pe-pl-3000-2025\/\"]}]},{\"@type\":\"ImageObject\",\"inLanguage\":\"pt-BR\",\"@id\":\"https:\/\/www.legislapp.com.br\/index.php\/cam-legislativa-de-pe-pl-3000-2025\/#primaryimage\",\"url\":\"https:\/\/www.alepe.pe.gov.br\/\/wp-content\/uploads\/2023\/02\/GILMAR-JUNIOR-scaled-e1675859139299.jpg\",\"contentUrl\":\"https:\/\/www.alepe.pe.gov.br\/\/wp-content\/uploads\/2023\/02\/GILMAR-JUNIOR-scaled-e1675859139299.jpg\"},{\"@type\":\"BreadcrumbList\",\"@id\":\"https:\/\/www.legislapp.com.br\/index.php\/cam-legislativa-de-pe-pl-3000-2025\/#breadcrumb\",\"itemListElement\":[{\"@type\":\"ListItem\",\"position\":1,\"name\":\"In\u00edcio\",\"item\":\"https:\/\/www.legislapp.com.br\/\"},{\"@type\":\"ListItem\",\"position\":2,\"name\":\"PL 3000\/2025 &#8211; Gilmar Junior\"}]},{\"@type\":\"WebSite\",\"@id\":\"https:\/\/www.legislapp.com.br\/#website\",\"url\":\"https:\/\/www.legislapp.com.br\/\",\"name\":\"Legislapp\",\"description\":\"Intelig\u00eancia governamental em tempo real\",\"publisher\":{\"@id\":\"https:\/\/www.legislapp.com.br\/#organization\"},\"potentialAction\":[{\"@type\":\"SearchAction\",\"target\":{\"@type\":\"EntryPoint\",\"urlTemplate\":\"https:\/\/www.legislapp.com.br\/?s={search_term_string}\"},\"query-input\":{\"@type\":\"PropertyValueSpecification\",\"valueRequired\":true,\"valueName\":\"search_term_string\"}}],\"inLanguage\":\"pt-BR\"},{\"@type\":\"Organization\",\"@id\":\"https:\/\/www.legislapp.com.br\/#organization\",\"name\":\"Legislapp Monitoramento e Intelig\u00eancia Governamental\",\"url\":\"https:\/\/www.legislapp.com.br\/\",\"logo\":{\"@type\":\"ImageObject\",\"inLanguage\":\"pt-BR\",\"@id\":\"https:\/\/www.legislapp.com.br\/#\/schema\/logo\/image\/\",\"url\":\"https:\/\/www.legislapp.com.br\/wp-content\/uploads\/icon.png\",\"contentUrl\":\"https:\/\/www.legislapp.com.br\/wp-content\/uploads\/icon.png\",\"width\":1024,\"height\":1024,\"caption\":\"Legislapp Monitoramento e Intelig\u00eancia Governamental\"},\"image\":{\"@id\":\"https:\/\/www.legislapp.com.br\/#\/schema\/logo\/image\/\"},\"sameAs\":[\"https:\/\/www.instagram.com\/legislapp\/\"]}]}<\/script>\n<!-- \/ Yoast SEO plugin. -->","yoast_head_json":{"title":"PL 3000\/2025 - Gilmar Junior - Legislapp","robots":{"index":"index","follow":"follow","max-snippet":"max-snippet:-1","max-image-preview":"max-image-preview:large","max-video-preview":"max-video-preview:-1"},"canonical":"https:\/\/www.legislapp.com.br\/index.php\/cam-legislativa-de-pe-pl-3000-2025\/","og_locale":"pt_BR","og_type":"article","og_title":"PL 3000\/2025 - Gilmar Junior - Legislapp","og_description":"C\u00e2m. Legislativa de PE &#8211; Autoria de Gilmar Junior A disfemia, ou gagueira, \u00e9 um dist\u00farbio caracterizado por dificuldades no fluxo da fala, como repeti\u00e7\u00f5es de sons, prolongamentos e bloqueios involunt\u00e1rios. Sua origem \u00e9 multifatorial, com forte base gen\u00e9tica, e pode surgir tanto na inf\u00e2ncia quanto ser adquirida por doen\u00e7as cerebrais. Existem tr\u00eas tipos de [&hellip;]","og_url":"https:\/\/www.legislapp.com.br\/index.php\/cam-legislativa-de-pe-pl-3000-2025\/","og_site_name":"Legislapp","article_publisher":"https:\/\/www.instagram.com\/legislapp\/","og_image":[{"url":"https:\/\/www.alepe.pe.gov.br\/\/wp-content\/uploads\/2023\/02\/GILMAR-JUNIOR-scaled-e1675859139299.jpg","type":"","width":"","height":""}],"twitter_card":"summary_large_image","twitter_misc":{"Est. tempo de leitura":"4 minutos"},"schema":{"@context":"https:\/\/schema.org","@graph":[{"@type":"WebPage","@id":"https:\/\/www.legislapp.com.br\/index.php\/cam-legislativa-de-pe-pl-3000-2025\/","url":"https:\/\/www.legislapp.com.br\/index.php\/cam-legislativa-de-pe-pl-3000-2025\/","name":"PL 3000\/2025 - Gilmar Junior - Legislapp","isPartOf":{"@id":"https:\/\/www.legislapp.com.br\/#website"},"primaryImageOfPage":{"@id":"https:\/\/www.legislapp.com.br\/index.php\/cam-legislativa-de-pe-pl-3000-2025\/#primaryimage"},"image":{"@id":"https:\/\/www.legislapp.com.br\/index.php\/cam-legislativa-de-pe-pl-3000-2025\/#primaryimage"},"thumbnailUrl":"https:\/\/www.alepe.pe.gov.br\/\/wp-content\/uploads\/2023\/02\/GILMAR-JUNIOR-scaled-e1675859139299.jpg","datePublished":"2025-06-25T13:26:58+00:00","breadcrumb":{"@id":"https:\/\/www.legislapp.com.br\/index.php\/cam-legislativa-de-pe-pl-3000-2025\/#breadcrumb"},"inLanguage":"pt-BR","potentialAction":[{"@type":"ReadAction","target":["https:\/\/www.legislapp.com.br\/index.php\/cam-legislativa-de-pe-pl-3000-2025\/"]}]},{"@type":"ImageObject","inLanguage":"pt-BR","@id":"https:\/\/www.legislapp.com.br\/index.php\/cam-legislativa-de-pe-pl-3000-2025\/#primaryimage","url":"https:\/\/www.alepe.pe.gov.br\/\/wp-content\/uploads\/2023\/02\/GILMAR-JUNIOR-scaled-e1675859139299.jpg","contentUrl":"https:\/\/www.alepe.pe.gov.br\/\/wp-content\/uploads\/2023\/02\/GILMAR-JUNIOR-scaled-e1675859139299.jpg"},{"@type":"BreadcrumbList","@id":"https:\/\/www.legislapp.com.br\/index.php\/cam-legislativa-de-pe-pl-3000-2025\/#breadcrumb","itemListElement":[{"@type":"ListItem","position":1,"name":"In\u00edcio","item":"https:\/\/www.legislapp.com.br\/"},{"@type":"ListItem","position":2,"name":"PL 3000\/2025 &#8211; Gilmar Junior"}]},{"@type":"WebSite","@id":"https:\/\/www.legislapp.com.br\/#website","url":"https:\/\/www.legislapp.com.br\/","name":"Legislapp","description":"Intelig\u00eancia governamental em tempo real","publisher":{"@id":"https:\/\/www.legislapp.com.br\/#organization"},"potentialAction":[{"@type":"SearchAction","target":{"@type":"EntryPoint","urlTemplate":"https:\/\/www.legislapp.com.br\/?s={search_term_string}"},"query-input":{"@type":"PropertyValueSpecification","valueRequired":true,"valueName":"search_term_string"}}],"inLanguage":"pt-BR"},{"@type":"Organization","@id":"https:\/\/www.legislapp.com.br\/#organization","name":"Legislapp Monitoramento e Intelig\u00eancia Governamental","url":"https:\/\/www.legislapp.com.br\/","logo":{"@type":"ImageObject","inLanguage":"pt-BR","@id":"https:\/\/www.legislapp.com.br\/#\/schema\/logo\/image\/","url":"https:\/\/www.legislapp.com.br\/wp-content\/uploads\/icon.png","contentUrl":"https:\/\/www.legislapp.com.br\/wp-content\/uploads\/icon.png","width":1024,"height":1024,"caption":"Legislapp Monitoramento e Intelig\u00eancia Governamental"},"image":{"@id":"https:\/\/www.legislapp.com.br\/#\/schema\/logo\/image\/"},"sameAs":["https:\/\/www.instagram.com\/legislapp\/"]}]}},"_links":{"self":[{"href":"https:\/\/www.legislapp.com.br\/index.php\/wp-json\/wp\/v2\/pages\/6235","targetHints":{"allow":["GET"]}}],"collection":[{"href":"https:\/\/www.legislapp.com.br\/index.php\/wp-json\/wp\/v2\/pages"}],"about":[{"href":"https:\/\/www.legislapp.com.br\/index.php\/wp-json\/wp\/v2\/types\/page"}],"author":[{"embeddable":true,"href":"https:\/\/www.legislapp.com.br\/index.php\/wp-json\/wp\/v2\/users\/1"}],"replies":[{"embeddable":true,"href":"https:\/\/www.legislapp.com.br\/index.php\/wp-json\/wp\/v2\/comments?post=6235"}],"version-history":[{"count":0,"href":"https:\/\/www.legislapp.com.br\/index.php\/wp-json\/wp\/v2\/pages\/6235\/revisions"}],"wp:attachment":[{"href":"https:\/\/www.legislapp.com.br\/index.php\/wp-json\/wp\/v2\/media?parent=6235"}],"curies":[{"name":"wp","href":"https:\/\/api.w.org\/{rel}","templated":true}]}}